74.7.242.58 - - [02/Jul/2026:12:30:35 -0400] "GET /wp-includes/cache.php HTTP/1.1" 500 0 "https://jarangomd.com/wp-includes/" "Mozilla/5.0 AppleWebKit/537.36 (KHTML, like Gecko; compatible; GPTBot/1.4; +https://openai.com/gptbot)"
74.7.242.58 - - [02/Jul/2026:12:31:00 -0400] "GET /wp-includes/ms-blogs.php HTTP/1.1" 200 6 "https://jarangomd.com/wp-includes/" "Mozilla/5.0 AppleWebKit/537.36 (KHTML, like Gecko; compatible; GPTBot/1.4; +https://openai.com/gptbot)"
43.157.191.20 - - [02/Jul/2026:12:31:15 -0400] "GET /wp-content/ HTTP/1.1" 403 1242 "-" "Mozilla/5.0 (iPhone; CPU iPhone OS 13_2_3 like Mac OS X) AppleWebKit/605.1.15 (KHTML, like Gecko) Version/13.0.3 Mobile/15E148 Safari/604.1"
74.7.242.58 - - [02/Jul/2026:12:32:02 -0400] "GET /wp-includes/block-supports/error_log HTTP/1.1" 403 1242 "https://jarangomd.com/wp-includes/block-supports/" "Mozilla/5.0 AppleWebKit/537.36 (KHTML, like Gecko; compatible; GPTBot/1.4; +https://openai.com/gptbot)"
74.7.242.58 - - [02/Jul/2026:12:32:59 -0400] "GET /wp-includes/block-patterns/error_log HTTP/1.1" 403 1242 "https://jarangomd.com/wp-includes/block-patterns/" "Mozilla/5.0 AppleWebKit/537.36 (KHTML, like Gecko; compatible; GPTBot/1.4; +https://openai.com/gptbot)"
74.7.242.58 - - [02/Jul/2026:12:33:57 -0400] "GET /wp-includes/sodium_compat/lib/php72compat.php HTTP/1.1" 200 0 "https://jarangomd.com/wp-includes/sodium_compat/lib/" "Mozilla/5.0 AppleWebKit/537.36 (KHTML, like Gecko; compatible; GPTBot/1.4; +https://openai.com/gptbot)"
74.7.242.58 - - [02/Jul/2026:12:36:29 -0400] "GET /old/wp-admin/images/wordpress-logo.svg?ver=20131107 HTTP/1.1" 200 759 "https://jarangomd.com/old/wp-links-opml.php" "Mozilla/5.0 AppleWebKit/537.36 (KHTML, like Gecko; compatible; GPTBot/1.4; +https://openai.com/gptbot)"
74.7.242.58 - - [02/Jul/2026:12:37:48 -0400] "GET /wp-includes/style-engine/class-wp-style-engine-processor.php HTTP/1.1" 200 0 "https://jarangomd.com/wp-includes/style-engine/" "Mozilla/5.0 AppleWebKit/537.36 (KHTML, like Gecko; compatible; GPTBot/1.4; +https://openai.com/gptbot)"
74.7.242.58 - - [02/Jul/2026:12:38:20 -0400] "GET /wp-includes/sodium_compat/lib/php72compat_const.php HTTP/1.1" 200 0 "https://jarangomd.com/wp-includes/sodium_compat/lib/" "Mozilla/5.0 AppleWebKit/537.36 (KHTML, like Gecko; compatible; GPTBot/1.4; +https://openai.com/gptbot)"
74.7.242.58 - - [02/Jul/2026:12:38:52 -0400] "GET /wp-includes/sodium_compat/lib/constants.php HTTP/1.1" 200 0 "https://jarangomd.com/wp-includes/sodium_compat/lib/" "Mozilla/5.0 AppleWebKit/537.36 (KHTML, like Gecko; compatible; GPTBot/1.4; +https://openai.com/gptbot)"
74.7.242.58 - - [02/Jul/2026:12:40:06 -0400] "GET /wp-includes/sodium_compat/lib/stream-xchacha20.php HTTP/1.1" 200 0 "https://jarangomd.com/wp-includes/sodium_compat/lib/" "Mozilla/5.0 AppleWebKit/537.36 (KHTML, like Gecko; compatible; GPTBot/1.4; +https://openai.com/gptbot)"
74.7.242.58 - - [02/Jul/2026:12:40:45 -0400] "GET /wp-includes/sodium_compat/lib/error_log HTTP/1.1" 403 1242 "https://jarangomd.com/wp-includes/sodium_compat/lib/" "Mozilla/5.0 AppleWebKit/537.36 (KHTML, like Gecko; compatible; GPTBot/1.4; +https://openai.com/gptbot)"
74.7.242.58 - - [02/Jul/2026:12:41:35 -0400] "GET /wp-includes/block-bindings/error_log HTTP/1.1" 403 1242 "https://jarangomd.com/wp-includes/block-bindings/" "Mozilla/5.0 AppleWebKit/537.36 (KHTML, like Gecko; compatible; GPTBot/1.4; +https://openai.com/gptbot)"
74.7.242.58 - - [02/Jul/2026:12:37:11 -0400] "GET /wp-includes/style-engine/class-wp-style-engine.php HTTP/1.1" 200 0 "https://jarangomd.com/wp-includes/style-engine/" "Mozilla/5.0 AppleWebKit/537.36 (KHTML, like Gecko; compatible; GPTBot/1.4; +https://openai.com/gptbot)"
216.244.66.233 - - [02/Jul/2026:12:37:35 -0400] "GET /team/dr-jorge-j-arango/ HTTP/1.1" 404 1251 "-" "Mozilla/5.0 (compatible; DotBot/1.2; +https://opensiteexplorer.org/dotbot; help@moz.com)"
74.7.242.58 - - [02/Jul/2026:12:39:19 -0400] "GET /wp-includes/sodium_compat/lib/namespaced.php HTTP/1.1" 200 0 "https://jarangomd.com/wp-includes/sodium_compat/lib/" "Mozilla/5.0 AppleWebKit/537.36 (KHTML, like Gecko; compatible; GPTBot/1.4; +https://openai.com/gptbot)"
74.7.242.58 - - [02/Jul/2026:12:39:43 -0400] "GET /wp-includes/sodium_compat/lib/sodium_compat.php HTTP/1.1" 200 0 "https://jarangomd.com/wp-includes/sodium_compat/lib/" "Mozilla/5.0 AppleWebKit/537.36 (KHTML, like Gecko; compatible; GPTBot/1.4; +https://openai.com/gptbot)"
74.7.242.58 - - [02/Jul/2026:12:40:26 -0400] "GET /wp-includes/sodium_compat/namespaced/error_log HTTP/1.1" 403 1242 "https://jarangomd.com/wp-includes/sodium_compat/namespaced/" "Mozilla/5.0 AppleWebKit/537.36 (KHTML, like Gecko; compatible; GPTBot/1.4; +https://openai.com/gptbot)"
74.7.242.58 - - [02/Jul/2026:12:41:02 -0400] "GET /wp-includes/sodium_compat/lib/ristretto255.php HTTP/1.1" 200 0 "https://jarangomd.com/wp-includes/sodium_compat/lib/" "Mozilla/5.0 AppleWebKit/537.36 (KHTML, like Gecko; compatible; GPTBot/1.4; +https://openai.com/gptbot)"
74.7.242.58 - - [02/Jul/2026:12:41:19 -0400] "GET /wp-includes/sodium_compat/namespaced/File.php HTTP/1.1" 500 0 "https://jarangomd.com/wp-includes/sodium_compat/namespaced/" "Mozilla/5.0 AppleWebKit/537.36 (KHTML, like Gecko; compatible; GPTBot/1.4; +https://openai.com/gptbot)"
74.7.242.58 - - [02/Jul/2026:12:43:54 -0400] "GET /old/wp-config-sample.php HTTP/1.1" 500 905 "https://jarangomd.com/old/" "Mozilla/5.0 AppleWebKit/537.36 (KHTML, like Gecko; compatible; GPTBot/1.4; +https://openai.com/gptbot)"
15.235.98.172 - - [02/Jul/2026:12:44:42 -0400] "GET /wp-sitemap.xml HTTP/1.1" 404 1251 "-" "Mozilla/5.0 (compatible; AhrefsBot/7.0; +http://ahrefs.com/robot/)"
198.54.125.222 - - [02/Jul/2026:12:45:10 -0400] "POST /wp-cron.php?doing_wp_cron=1783010710.6393940448760986328125 HTTP/1.1" 200 0 "-" "WordPress/6.9.4; https://jarangomd.com"
43.157.82.252 - - [02/Jul/2026:12:45:10 -0400] "GET /wp-activate.php HTTP/1.1" 302 0 "-" "Mozilla/5.0 (iPhone; CPU iPhone OS 13_2_3 like Mac OS X) AppleWebKit/605.1.15 (KHTML, like Gecko) Version/13.0.3 Mobile/15E148 Safari/604.1"
43.157.82.252 - - [02/Jul/2026:12:45:14 -0400] "GET /wp-login.php?action=register HTTP/1.1" 302 0 "https://jarangomd.com/wp-activate.php" "Mozilla/5.0 (iPhone; CPU iPhone OS 13_2_3 like Mac OS X) AppleWebKit/605.1.15 (KHTML, like Gecko) Version/13.0.3 Mobile/15E148 Safari/604.1"
74.7.242.58 - - [02/Jul/2026:12:46:30 -0400] "GET /wp-includes/ms-load.php HTTP/1.1" 200 0 "https://jarangomd.com/wp-includes/" "Mozilla/5.0 AppleWebKit/537.36 (KHTML, like Gecko; compatible; GPTBot/1.4; +https://openai.com/gptbot)"
74.7.242.58 - - [02/Jul/2026:12:47:23 -0400] "GET /wp-includes/ms-network.php HTTP/1.1" 200 0 "https://jarangomd.com/wp-includes/" "Mozilla/5.0 AppleWebKit/537.36 (KHTML, like Gecko; compatible; GPTBot/1.4; +https://openai.com/gptbot)"
74.7.242.58 - - [02/Jul/2026:12:48:07 -0400] "GET /wp-includes/theme-compat/ HTTP/1.1" 200 1313 "https://jarangomd.com/wp-includes/" "Mozilla/5.0 AppleWebKit/537.36 (KHTML, like Gecko; compatible; GPTBot/1.4; +https://openai.com/gptbot)"
74.7.242.58 - - [02/Jul/2026:12:49:27 -0400] "GET /wp-includes/class.wp-scripts.php HTTP/1.1" 500 0 "https://jarangomd.com/wp-includes/" "Mozilla/5.0 AppleWebKit/537.36 (KHTML, like Gecko; compatible; GPTBot/1.4; +https://openai.com/gptbot)"
40.115.140.72 - - [02/Jul/2026:12:49:53 -0400] "GET /wk/index.php HTTP/1.1" 404 1251 "-" "Mozilla/5.0 (Windows NT 10.0; Win64; x64) AppleWebKit/537.36 (KHTML, like Gecko) Chrome/120.0.0.0 Safari/537.36"
40.115.140.72 - - [02/Jul/2026:12:49:54 -0400] "GET /inputs.php HTTP/1.1" 404 1251 "-" "Mozilla/5.0 (Windows NT 10.0; Win64; x64) AppleWebKit/537.36 (KHTML, like Gecko) Chrome/120.0.0.0 Safari/537.36"
40.115.140.72 - - [02/Jul/2026:12:49:54 -0400] "GET /ioxi-o.php HTTP/1.1" 404 1251 "-" "Mozilla/5.0 (Windows NT 10.0; Win64; x64) AppleWebKit/537.36 (KHTML, like Gecko) Chrome/120.0.0.0 Safari/537.36"
40.115.140.72 - - [02/Jul/2026:12:49:55 -0400] "GET /function/function.php HTTP/1.1" 404 1251 "-" "Mozilla/5.0 (Windows NT 10.0; Win64; x64) AppleWebKit/537.36 (KHTML, like Gecko) Chrome/120.0.0.0 Safari/537.36"
40.115.140.72 - - [02/Jul/2026:12:49:55 -0400] "GET /wp-content/uploads/index.php HTTP/1.1" 404 1251 "-" "Mozilla/5.0 (Windows NT 10.0; Win64; x64) AppleWebKit/537.36 (KHTML, like Gecko) Chrome/120.0.0.0 Safari/537.36"
40.115.140.72 - - [02/Jul/2026:12:49:55 -0400] "GET /an.php HTTP/1.1" 404 1251 "-" "Mozilla/5.0 (Windows NT 10.0; Win64; x64) AppleWebKit/537.36 (KHTML, like Gecko) Chrome/120.0.0.0 Safari/537.36"
40.115.140.72 - - [02/Jul/2026:12:49:55 -0400] "GET /index/function.php HTTP/1.1" 404 1251 "-" "Mozilla/5.0 (Windows NT 10.0; Win64; x64) AppleWebKit/537.36 (KHTML, like Gecko) Chrome/120.0.0.0 Safari/537.36"
40.115.140.72 - - [02/Jul/2026:12:49:56 -0400] "GET /ws.php HTTP/1.1" 404 1251 "-" "Mozilla/5.0 (Windows NT 10.0; Win64; x64) AppleWebKit/537.36 (KHTML, like Gecko) Chrome/120.0.0.0 Safari/537.36"
40.115.140.72 - - [02/Jul/2026:12:49:56 -0400] "GET /404.php HTTP/1.1" 404 1251 "-" "Mozilla/5.0 (Windows NT 10.0; Win64; x64) AppleWebKit/537.36 (KHTML, like Gecko) Chrome/120.0.0.0 Safari/537.36"
40.115.140.72 - - [02/Jul/2026:12:49:57 -0400] "GET /wp-conf.php HTTP/1.1" 404 1251 "-" "Mozilla/5.0 (Windows NT 10.0; Win64; x64) AppleWebKit/537.36 (KHTML, like Gecko) Chrome/120.0.0.0 Safari/537.36"
74.7.242.58 - - [02/Jul/2026:12:42:25 -0400] "GET /wp-includes/nav-menu.php HTTP/1.1" 200 0 "https://jarangomd.com/wp-includes/" "Mozilla/5.0 AppleWebKit/537.36 (KHTML, like Gecko; compatible; GPTBot/1.4; +https://openai.com/gptbot)"
74.7.242.58 - - [02/Jul/2026:12:43:11 -0400] "GET /wp-includes/rest-api.php HTTP/1.1" 200 0 "https://jarangomd.com/wp-includes/" "Mozilla/5.0 AppleWebKit/537.36 (KHTML, like Gecko; compatible; GPTBot/1.4; +https://openai.com/gptbot)"
74.7.242.58 - - [02/Jul/2026:12:44:32 -0400] "GET /wp-includes/ms-files.php HTTP/1.1" 200 32 "https://jarangomd.com/wp-includes/" "Mozilla/5.0 AppleWebKit/537.36 (KHTML, like Gecko; compatible; GPTBot/1.4; +https://openai.com/gptbot)"
198.54.125.222 - - [02/Jul/2026:12:45:14 -0400] "POST /wp-cron.php?doing_wp_cron=1783010714.3485391139984130859375 HTTP/1.1" 200 0 "-" "WordPress/6.9.4; https://jarangomd.com"
43.157.82.252 - - [02/Jul/2026:12:45:18 -0400] "GET /wp-login.php?registration=disabled HTTP/1.1" 200 2121 "https://jarangomd.com/wp-login.php?action=register" "Mozilla/5.0 (iPhone; CPU iPhone OS 13_2_3 like Mac OS X) AppleWebKit/605.1.15 (KHTML, like Gecko) Version/13.0.3 Mobile/15E148 Safari/604.1"
74.7.242.58 - - [02/Jul/2026:12:45:34 -0400] "GET /wp-includes/ms-site.php HTTP/1.1" 200 0 "https://jarangomd.com/wp-includes/" "Mozilla/5.0 AppleWebKit/537.36 (KHTML, like Gecko; compatible; GPTBot/1.4; +https://openai.com/gptbot)"
74.7.242.58 - - [02/Jul/2026:12:48:50 -0400] "GET /wp-includes/sitemaps/ HTTP/1.1" 200 1135 "https://jarangomd.com/wp-includes/" "Mozilla/5.0 AppleWebKit/537.36 (KHTML, like Gecko; compatible; GPTBot/1.4; +https://openai.com/gptbot)"
40.115.140.72 - - [02/Jul/2026:12:49:55 -0400] "GET /rip.php HTTP/1.1" 404 1251 "-" "Mozilla/5.0 (Windows NT 10.0; Win64; x64) AppleWebKit/537.36 (KHTML, like Gecko) Chrome/120.0.0.0 Safari/537.36"
40.115.140.72 - - [02/Jul/2026:12:49:55 -0400] "GET /admin.php HTTP/1.1" 404 0 "-" "Mozilla/5.0 (Windows NT 10.0; Win64; x64) AppleWebKit/537.36 (KHTML, like Gecko) Chrome/120.0.0.0 Safari/537.36"
40.115.140.72 - - [02/Jul/2026:12:49:55 -0400] "GET /cache.php HTTP/1.1" 404 1251 "-" "Mozilla/5.0 (Windows NT 10.0; Win64; x64) AppleWebKit/537.36 (KHTML, like Gecko) Chrome/120.0.0.0 Safari/537.36"
40.115.140.72 - - [02/Jul/2026:12:49:55 -0400] "GET /themes.php HTTP/1.1" 404 1251 "-" "Mozilla/5.0 (Windows NT 10.0; Win64; x64) AppleWebKit/537.36 (KHTML, like Gecko) Chrome/120.0.0.0 Safari/537.36"
40.115.140.72 - - [02/Jul/2026:12:49:56 -0400] "GET /randkeyword.PhP7 HTTP/1.1" 404 1251 "-" "Mozilla/5.0 (Windows NT 10.0; Win64; x64) AppleWebKit/537.36 (KHTML, like Gecko) Chrome/120.0.0.0 Safari/537.36"
40.115.140.72 - - [02/Jul/2026:12:49:56 -0400] "GET /wp-admin/user/index.php HTTP/1.1" 302 0 "-" "Mozilla/5.0 (Windows NT 10.0; Win64; x64) AppleWebKit/537.36 (KHTML, like Gecko) Chrome/120.0.0.0 Safari/537.36"
40.115.140.72 - - [02/Jul/2026:12:49:58 -0400] "GET /abc.php HTTP/1.1" 404 1251 "-" "Mozilla/5.0 (Windows NT 10.0; Win64; x64) AppleWebKit/537.36 (KHTML, like Gecko) Chrome/120.0.0.0 Safari/537.36"
40.115.140.72 - - [02/Jul/2026:12:49:58 -0400] "GET /about.php HTTP/1.1" 404 1251 "-" "Mozilla/5.0 (Windows NT 10.0; Win64; x64) AppleWebKit/537.36 (KHTML, like Gecko) Chrome/120.0.0.0 Safari/537.36"
40.115.140.72 - - [02/Jul/2026:12:49:58 -0400] "GET /file.php HTTP/1.1" 404 1251 "-" "Mozilla/5.0 (Windows NT 10.0; Win64; x64) AppleWebKit/537.36 (KHTML, like Gecko) Chrome/120.0.0.0 Safari/537.36"
40.115.140.72 - - [02/Jul/2026:12:49:58 -0400] "GET /adminfuns.php HTTP/1.1" 404 1251 "-" "Mozilla/5.0 (Windows NT 10.0; Win64; x64) AppleWebKit/537.36 (KHTML, like Gecko) Chrome/120.0.0.0 Safari/537.36"
40.115.140.72 - - [02/Jul/2026:12:49:59 -0400] "GET /wp-good.php HTTP/1.1" 404 1251 "-" "Mozilla/5.0 (Windows NT 10.0; Win64; x64) AppleWebKit/537.36 (KHTML, like Gecko) Chrome/120.0.0.0 Safari/537.36"
40.115.140.72 - - [02/Jul/2026:12:49:59 -0400] "GET /xmlrpc.php HTTP/1.1" 405 46 "-" "Mozilla/5.0 (Windows NT 10.0; Win64; x64) AppleWebKit/537.36 (KHTML, like Gecko) Chrome/120.0.0.0 Safari/537.36"
40.115.140.72 - - [02/Jul/2026:12:49:57 -0400] "GET /wp-content/themes/hideo/network.php HTTP/1.1" 404 1251 "-" "Mozilla/5.0 (Windows NT 10.0; Win64; x64) AppleWebKit/537.36 (KHTML, like Gecko) Chrome/120.0.0.0 Safari/537.36"
40.115.140.72 - - [02/Jul/2026:12:49:57 -0400] "GET /wp-login.php HTTP/1.1" 200 1809 "-" "Mozilla/5.0 (Windows NT 10.0; Win64; x64) AppleWebKit/537.36 (KHTML, like Gecko) Chrome/120.0.0.0 Safari/537.36"
40.115.140.72 - - [02/Jul/2026:12:49:58 -0400] "GET /abcd.php HTTP/1.1" 404 1251 "-" "Mozilla/5.0 (Windows NT 10.0; Win64; x64) AppleWebKit/537.36 (KHTML, like Gecko) Chrome/120.0.0.0 Safari/537.36"
40.115.140.72 - - [02/Jul/2026:12:49:58 -0400] "GET /as.php HTTP/1.1" 404 1251 "-" "Mozilla/5.0 (Windows NT 10.0; Win64; x64) AppleWebKit/537.36 (KHTML, like Gecko) Chrome/120.0.0.0 Safari/537.36"
40.115.140.72 - - [02/Jul/2026:12:49:58 -0400] "GET /wp-trackback.php HTTP/1.1" 404 91 "-" "Mozilla/5.0 (Windows NT 10.0; Win64; x64) AppleWebKit/537.36 (KHTML, like Gecko) Chrome/120.0.0.0 Safari/537.36"
40.115.140.72 - - [02/Jul/2026:12:49:59 -0400] "GET /sf.php HTTP/1.1" 404 1251 "-" "Mozilla/5.0 (Windows NT 10.0; Win64; x64) AppleWebKit/537.36 (KHTML, like Gecko) Chrome/120.0.0.0 Safari/537.36"
40.115.140.72 - - [02/Jul/2026:12:49:59 -0400] "GET /kbfr.php HTTP/1.1" 404 1251 "-" "Mozilla/5.0 (Windows NT 10.0; Win64; x64) AppleWebKit/537.36 (KHTML, like Gecko) Chrome/120.0.0.0 Safari/537.36"
74.7.242.58 - - [02/Jul/2026:12:49:59 -0400] "GET /wp-includes/class-wp-scripts.php HTTP/1.1" 500 0 "https://jarangomd.com/wp-includes/" "Mozilla/5.0 AppleWebKit/537.36 (KHTML, like Gecko; compatible; GPTBot/1.4; +https://openai.com/gptbot)"
40.115.140.72 - - [02/Jul/2026:12:49:59 -0400] "GET /autoload_classmap.php HTTP/1.1" 404 1251 "-" "Mozilla/5.0 (Windows NT 10.0; Win64; x64) AppleWebKit/537.36 (KHTML, like Gecko) Chrome/120.0.0.0 Safari/537.36"
40.115.140.72 - - [02/Jul/2026:12:50:00 -0400] "GET /classwithtostring.php HTTP/1.1" 404 1251 "-" "Mozilla/5.0 (Windows NT 10.0; Win64; x64) AppleWebKit/537.36 (KHTML, like Gecko) Chrome/120.0.0.0 Safari/537.36"
40.115.140.72 - - [02/Jul/2026:12:50:00 -0400] "GET /defaults.php HTTP/1.1" 404 1251 "-" "Mozilla/5.0 (Windows NT 10.0; Win64; x64) AppleWebKit/537.36 (KHTML, like Gecko) Chrome/120.0.0.0 Safari/537.36"
40.115.140.72 - - [02/Jul/2026:12:50:00 -0400] "GET /wp-includes/ HTTP/1.1" 200 9660 "-" "Mozilla/5.0 (Windows NT 10.0; Win64; x64) AppleWebKit/537.36 (KHTML, like Gecko) Chrome/120.0.0.0 Safari/537.36"
40.115.140.72 - - [02/Jul/2026:12:50:00 -0400] "GET /.well-known/ HTTP/1.1" 404 1251 "-" "Mozilla/5.0 (Windows NT 10.0; Win64; x64) AppleWebKit/537.36 (KHTML, like Gecko) Chrome/120.0.0.0 Safari/537.36"
40.115.140.72 - - [02/Jul/2026:12:50:00 -0400] "GET /uploads/ HTTP/1.1" 404 1251 "-" "Mozilla/5.0 (Windows NT 10.0; Win64; x64) AppleWebKit/537.36 (KHTML, like Gecko) Chrome/120.0.0.0 Safari/537.36"
40.115.140.72 - - [02/Jul/2026:12:50:01 -0400] "GET /wp-admin/images/ HTTP/1.1" 200 2848 "-" "Mozilla/5.0 (Windows NT 10.0; Win64; x64) AppleWebKit/537.36 (KHTML, like Gecko) Chrome/120.0.0.0 Safari/537.36"
40.115.140.72 - - [02/Jul/2026:12:50:01 -0400] "GET /wp-content/admin.php HTTP/1.1" 404 1251 "-" "Mozilla/5.0 (Windows NT 10.0; Win64; x64) AppleWebKit/537.36 (KHTML, like Gecko) Chrome/120.0.0.0 Safari/537.36"
40.115.140.72 - - [02/Jul/2026:12:50:01 -0400] "GET /wp-content/themes/index.php HTTP/1.1" 403 1242 "-" "Mozilla/5.0 (Windows NT 10.0; Win64; x64) AppleWebKit/537.36 (KHTML, like Gecko) Chrome/120.0.0.0 Safari/537.36"
40.115.140.72 - - [02/Jul/2026:12:50:02 -0400] "GET /wp-includes/images/ HTTP/1.1" 200 1662 "-" "Mozilla/5.0 (Windows NT 10.0; Win64; x64) AppleWebKit/537.36 (KHTML, like Gecko) Chrome/120.0.0.0 Safari/537.36"
74.7.242.58 - - [02/Jul/2026:12:51:01 -0400] "GET /wp-includes/error_log HTTP/1.1" 403 1242 "https://jarangomd.com/wp-includes/" "Mozilla/5.0 AppleWebKit/537.36 (KHTML, like Gecko; compatible; GPTBot/1.4; +https://openai.com/gptbot)"
40.115.140.72 - - [02/Jul/2026:12:49:59 -0400] "GET /goods.php HTTP/1.1" 404 1251 "-" "Mozilla/5.0 (Windows NT 10.0; Win64; x64) AppleWebKit/537.36 (KHTML, like Gecko) Chrome/120.0.0.0 Safari/537.36"
40.115.140.72 - - [02/Jul/2026:12:49:59 -0400] "GET /class-t.api.php HTTP/1.1" 404 1251 "-" "Mozilla/5.0 (Windows NT 10.0; Win64; x64) AppleWebKit/537.36 (KHTML, like Gecko) Chrome/120.0.0.0 Safari/537.36"
40.115.140.72 - - [02/Jul/2026:12:50:00 -0400] "GET /chosen.php?p= HTTP/1.1" 404 1251 "-" "Mozilla/5.0 (Windows NT 10.0; Win64; x64) AppleWebKit/537.36 (KHTML, like Gecko) Chrome/120.0.0.0 Safari/537.36"
40.115.140.72 - - [02/Jul/2026:12:50:00 -0400] "GET /info.php HTTP/1.1" 404 1251 "-" "Mozilla/5.0 (Windows NT 10.0; Win64; x64) AppleWebKit/537.36 (KHTML, like Gecko) Chrome/120.0.0.0 Safari/537.36"
40.115.140.72 - - [02/Jul/2026:12:50:00 -0400] "GET /cgi-bin/ HTTP/1.1" 404 1251 "-" "Mozilla/5.0 (Windows NT 10.0; Win64; x64) AppleWebKit/537.36 (KHTML, like Gecko) Chrome/120.0.0.0 Safari/537.36"
40.115.140.72 - - [02/Jul/2026:12:50:01 -0400] "GET /wp-includes/Requests/src/Response/about.php HTTP/1.1" 404 1251 "-" "Mozilla/5.0 (Windows NT 10.0; Win64; x64) AppleWebKit/537.36 (KHTML, like Gecko) Chrome/120.0.0.0 Safari/537.36"
40.115.140.72 - - [02/Jul/2026:12:50:01 -0400] "GET /wp-includes/html-api/ HTTP/1.1" 200 1495 "-" "Mozilla/5.0 (Windows NT 10.0; Win64; x64) AppleWebKit/537.36 (KHTML, like Gecko) Chrome/120.0.0.0 Safari/537.36"
40.115.140.72 - - [02/Jul/2026:12:50:01 -0400] "GET /wp-admin/css/colors/ectoplasm/ HTTP/1.1" 200 725 "-" "Mozilla/5.0 (Windows NT 10.0; Win64; x64) AppleWebKit/537.36 (KHTML, like Gecko) Chrome/120.0.0.0 Safari/537.36"
40.115.140.72 - - [02/Jul/2026:12:50:01 -0400] "GET /wp-content/uploads/ HTTP/1.1" 403 1242 "-" "Mozilla/5.0 (Windows NT 10.0; Win64; x64) AppleWebKit/537.36 (KHTML, like Gecko) Chrome/120.0.0.0 Safari/537.36"
40.115.140.72 - - [02/Jul/2026:12:50:01 -0400] "GET /wp-content/themes/admin.php HTTP/1.1" 404 1251 "-" "Mozilla/5.0 (Windows NT 10.0; Win64; x64) AppleWebKit/537.36 (KHTML, like Gecko) Chrome/120.0.0.0 Safari/537.36"
40.115.140.72 - - [02/Jul/2026:12:50:02 -0400] "GET /wp-content/plugins/index.php HTTP/1.1" 403 1242 "-" "Mozilla/5.0 (Windows NT 10.0; Win64; x64) AppleWebKit/537.36 (KHTML, like Gecko) Chrome/120.0.0.0 Safari/537.36"
40.115.140.72 - - [02/Jul/2026:12:50:02 -0400] "GET /wp-includes/PHPMailer/ HTTP/1.1" 200 1185 "-" "Mozilla/5.0 (Windows NT 10.0; Win64; x64) AppleWebKit/537.36 (KHTML, like Gecko) Chrome/120.0.0.0 Safari/537.36"
40.115.140.72 - - [02/Jul/2026:12:50:02 -0400] "GET /wp-content/plugins/WordPressCore/ HTTP/1.1" 404 1251 "-" "Mozilla/5.0 (Windows NT 10.0; Win64; x64) AppleWebKit/537.36 (KHTML, like Gecko) Chrome/120.0.0.0 Safari/537.36"
74.7.242.58 - - [02/Jul/2026:12:53:08 -0400] "GET /wp-includes/ms-settings.php HTTP/1.1" 200 6 "https://jarangomd.com/wp-includes/" "Mozilla/5.0 AppleWebKit/537.36 (KHTML, like Gecko; compatible; GPTBot/1.4; +https://openai.com/gptbot)"
208.80.166.27 - - [02/Jul/2026:12:55:04 -0400] "GET /_autoindex/assets/icons/folder-fill.svg HTTP/1.1" 200 333 "https://jarangomd.com/" "Mozilla/5.0 (Windows NT 10.0; Win64; x64) AppleWebKit/537.36 (KHTML, like Gecko) Chrome/141.0.0.0 Safari/537.36"
208.80.166.27 - - [02/Jul/2026:12:55:04 -0400] "GET /_autoindex/assets/icons/file-text.svg HTTP/1.1" 200 394 "https://jarangomd.com/" "Mozilla/5.0 (Windows NT 10.0; Win64; x64) AppleWebKit/537.36 (KHTML, like Gecko) Chrome/141.0.0.0 Safari/537.36"
208.80.166.27 - - [02/Jul/2026:12:55:04 -0400] "GET /favicon.ico HTTP/1.1" 404 1251 "https://jarangomd.com/" "Mozilla/5.0 (Windows NT 10.0; Win64; x64) AppleWebKit/537.36 (KHTML, like Gecko) Chrome/141.0.0.0 Safari/537.36"
49.51.204.74 - - [02/Jul/2026:12:56:05 -0400] "GET /k2.php HTTP/1.1" 200 170 "-" "Mozilla/5.0 (iPhone; CPU iPhone OS 13_2_3 like Mac OS X) AppleWebKit/605.1.15 (KHTML, like Gecko) Version/13.0.3 Mobile/15E148 Safari/604.1"
74.7.242.58 - - [02/Jul/2026:12:52:05 -0400] "GET /wp-includes/class-smtp.php HTTP/1.1" 500 0 "https://jarangomd.com/wp-includes/" "Mozilla/5.0 AppleWebKit/537.36 (KHTML, like Gecko; compatible; GPTBot/1.4; +https://openai.com/gptbot)"
74.7.242.58 - - [02/Jul/2026:12:54:09 -0400] "GET /wp-includes/widgets/ HTTP/1.1" 200 1547 "https://jarangomd.com/wp-includes/" "Mozilla/5.0 AppleWebKit/537.36 (KHTML, like Gecko; compatible; GPTBot/1.4; +https://openai.com/gptbot)"
64.233.172.67 - - [02/Jul/2026:12:54:48 -0400] "GET /.well-known/traffic-advice HTTP/1.1" 404 1251 "-" "Chrome Privacy Preserving Prefetch Proxy"
193.186.4.227 - - [02/Jul/2026:12:54:48 -0400] "GET /contact/ HTTP/1.1" 404 1251 "https://www.google.com/" "Mozilla/5.0 (Windows NT 10.0; Win64; x64) AppleWebKit/537.36 (KHTML, like Gecko) Chrome/141.0.0.0 Safari/537.36"
208.80.166.27 - - [02/Jul/2026:12:55:03 -0400] "GET / HTTP/1.1" 200 1802 "https://www.google.com/" "Mozilla/5.0 (Windows NT 10.0; Win64; x64) AppleWebKit/537.36 (KHTML, like Gecko) Chrome/141.0.0.0 Safari/537.36"
208.80.166.27 - - [02/Jul/2026:12:55:04 -0400] "GET /_autoindex/assets/css/autoindex.css HTTP/1.1" 200 1170 "https://jarangomd.com/" "Mozilla/5.0 (Windows NT 10.0; Win64; x64) AppleWebKit/537.36 (KHTML, like Gecko) Chrome/141.0.0.0 Safari/537.36"
208.80.166.27 - - [02/Jul/2026:12:55:04 -0400] "GET /_autoindex/assets/js/tablesort.number.js HTTP/1.1" 200 322 "https://jarangomd.com/" "Mozilla/5.0 (Windows NT 10.0; Win64; x64) AppleWebKit/537.36 (KHTML, like Gecko) Chrome/141.0.0.0 Safari/537.36"
208.80.166.27 - - [02/Jul/2026:12:55:04 -0400] "GET /_autoindex/assets/icons/file.svg HTTP/1.1" 200 354 "https://jarangomd.com/" "Mozilla/5.0 (Windows NT 10.0; Win64; x64) AppleWebKit/537.36 (KHTML, like Gecko) Chrome/141.0.0.0 Safari/537.36"
208.80.166.27 - - [02/Jul/2026:12:55:04 -0400] "GET /_autoindex/assets/js/tablesort.js HTTP/1.1" 200 2137 "https://jarangomd.com/" "Mozilla/5.0 (Windows NT 10.0; Win64; x64) AppleWebKit/537.36 (KHTML, like Gecko) Chrome/141.0.0.0 Safari/537.36"
74.7.242.58 - - [02/Jul/2026:12:55:05 -0400] "GET /wp-includes/rest-api/class-wp-rest-response.php HTTP/1.1" 500 0 "https://jarangomd.com/wp-includes/rest-api/" "Mozilla/5.0 AppleWebKit/537.36 (KHTML, like Gecko; compatible; GPTBot/1.4; +https://openai.com/gptbot)"
74.7.242.58 - - [02/Jul/2026:12:55:56 -0400] "GET /wp-includes/atomlib.php HTTP/1.1" 200 0 "https://jarangomd.com/wp-includes/" "Mozilla/5.0 AppleWebKit/537.36 (KHTML, like Gecko; compatible; GPTBot/1.4; +https://openai.com/gptbot)"
74.7.242.58 - - [02/Jul/2026:12:56:59 -0400] "GET /wp-includes/sodium_compat/namespaced/Crypto.php HTTP/1.1" 500 0 "https://jarangomd.com/wp-includes/sodium_compat/namespaced/" "Mozilla/5.0 AppleWebKit/537.36 (KHTML, like Gecko; compatible; GPTBot/1.4; +https://openai.com/gptbot)"
74.7.242.58 - - [02/Jul/2026:12:57:53 -0400] "GET /wp-includes/theme-compat/embed-content.php HTTP/1.1" 500 10 "https://jarangomd.com/wp-includes/theme-compat/" "Mozilla/5.0 AppleWebKit/537.36 (KHTML, like Gecko; compatible; GPTBot/1.4; +https://openai.com/gptbot)"
74.7.242.58 - - [02/Jul/2026:13:00:54 -0400] "GET /wp-includes/sitemaps/class-wp-sitemaps-renderer.php HTTP/1.1" 200 0 "https://jarangomd.com/wp-includes/sitemaps/" "Mozilla/5.0 AppleWebKit/537.36 (KHTML, like Gecko; compatible; GPTBot/1.4; +https://openai.com/gptbot)"
74.7.242.58 - - [02/Jul/2026:13:02:31 -0400] "GET /wp-includes/theme-compat/header-embed.php HTTP/1.1" 500 26 "https://jarangomd.com/wp-includes/theme-compat/" "Mozilla/5.0 AppleWebKit/537.36 (KHTML, like Gecko; compatible; GPTBot/1.4; +https://openai.com/gptbot)"
74.7.242.58 - - [02/Jul/2026:13:03:35 -0400] "GET /wp-includes/sitemaps/class-wp-sitemaps-registry.php HTTP/1.1" 200 0 "https://jarangomd.com/wp-includes/sitemaps/" "Mozilla/5.0 AppleWebKit/537.36 (KHTML, like Gecko; compatible; GPTBot/1.4; +https://openai.com/gptbot)"
74.7.242.58 - - [02/Jul/2026:13:04:41 -0400] "GET /wp-includes/widgets/class-wp-widget-search.php HTTP/1.1" 500 0 "https://jarangomd.com/wp-includes/widgets/" "Mozilla/5.0 AppleWebKit/537.36 (KHTML, like Gecko; compatible; GPTBot/1.4; +https://openai.com/gptbot)"
162.62.231.139 - - [02/Jul/2026:13:07:08 -0400] "GET /admin.php HTTP/1.1" 404 0 "-" "Mozilla/5.0 (iPhone; CPU iPhone OS 13_2_3 like Mac OS X) AppleWebKit/605.1.15 (KHTML, like Gecko) Version/13.0.3 Mobile/15E148 Safari/604.1"
74.7.242.58 - - [02/Jul/2026:12:58:56 -0400] "GET /wp-includes/sitemaps/class-wp-sitemaps.php HTTP/1.1" 200 0 "https://jarangomd.com/wp-includes/sitemaps/" "Mozilla/5.0 AppleWebKit/537.36 (KHTML, like Gecko; compatible; GPTBot/1.4; +https://openai.com/gptbot)"
74.7.242.58 - - [02/Jul/2026:13:00:00 -0400] "GET /wp-includes/sitemaps/class-wp-sitemaps-stylesheet.php HTTP/1.1" 200 0 "https://jarangomd.com/wp-includes/sitemaps/" "Mozilla/5.0 AppleWebKit/537.36 (KHTML, like Gecko; compatible; GPTBot/1.4; +https://openai.com/gptbot)"
74.7.242.58 - - [02/Jul/2026:13:01:43 -0400] "GET /wp-includes/theme-compat/footer-embed.php HTTP/1.1" 500 0 "https://jarangomd.com/wp-includes/theme-compat/" "Mozilla/5.0 AppleWebKit/537.36 (KHTML, like Gecko; compatible; GPTBot/1.4; +https://openai.com/gptbot)"
74.7.242.58 - - [02/Jul/2026:13:05:37 -0400] "GET /wp-includes/widgets/class-wp-widget-pages.php HTTP/1.1" 500 0 "https://jarangomd.com/wp-includes/widgets/" "Mozilla/5.0 AppleWebKit/537.36 (KHTML, like Gecko; compatible; GPTBot/1.4; +https://openai.com/gptbot)"
74.7.242.58 - - [02/Jul/2026:13:06:40 -0400] "GET /wp-includes/widgets/class-wp-widget-media.php HTTP/1.1" 500 0 "https://jarangomd.com/wp-includes/widgets/" "Mozilla/5.0 AppleWebKit/537.36 (KHTML, like Gecko; compatible; GPTBot/1.4; +https://openai.com/gptbot)"
74.7.242.58 - - [02/Jul/2026:13:07:45 -0400] "GET /wp-includes/widgets/class-wp-widget-links.php HTTP/1.1" 500 0 "https://jarangomd.com/wp-includes/widgets/" "Mozilla/5.0 AppleWebKit/537.36 (KHTML, like Gecko; compatible; GPTBot/1.4; +https://openai.com/gptbot)"
74.7.242.58 - - [02/Jul/2026:13:08:46 -0400] "GET /wp-includes/widgets/class-wp-widget-block.php HTTP/1.1" 500 0 "https://jarangomd.com/wp-includes/widgets/" "Mozilla/5.0 AppleWebKit/537.36 (KHTML, like Gecko; compatible; GPTBot/1.4; +https://openai.com/gptbot)"
74.7.242.58 - - [02/Jul/2026:13:09:47 -0400] "GET /wp-includes/widgets/class-wp-widget-rss.php HTTP/1.1" 500 0 "https://jarangomd.com/wp-includes/widgets/" "Mozilla/5.0 AppleWebKit/537.36 (KHTML, like Gecko; compatible; GPTBot/1.4; +https://openai.com/gptbot)"
37.35.64.130 - - [02/Jul/2026:13:11:17 -0400] "GET /wp-json/wp/v2/users HTTP/1.1" 404 1251 "-" "Mozilla/4.0 (compatible; Win32; WinHttp.WinHttpRequest.5)"
172.59.40.229 - - [02/Jul/2026:13:11:41 -0400] "GET /_autoindex/assets/icons/folder-fill.svg HTTP/1.1" 200 411 "-" "GoogleMessages/20.2 facebookexternalhit/1.1 Facebot Twitterbot/1.0"
172.59.40.229 - - [02/Jul/2026:13:11:41 -0400] "GET /_autoindex/assets/icons/file-text.svg HTTP/1.1" 200 469 "-" "GoogleMessages/20.2 facebookexternalhit/1.1 Facebot Twitterbot/1.0"
172.59.40.229 - - [02/Jul/2026:13:11:41 -0400] "GET /_autoindex/assets/icons/file-text.svg HTTP/1.1" 200 469 "-" "GoogleMessages/20.2 facebookexternalhit/1.1 Facebot Twitterbot/1.0"
172.59.40.229 - - [02/Jul/2026:13:11:41 -0400] "GET /favicon.ico HTTP/1.1" 404 1251 "-" "GoogleMessages/20.2 facebookexternalhit/1.1 Facebot Twitterbot/1.0"
74.7.242.58 - - [02/Jul/2026:13:11:50 -0400] "GET /wp-includes/widgets/class-wp-widget-meta.php HTTP/1.1" 500 0 "https://jarangomd.com/wp-includes/widgets/" "Mozilla/5.0 AppleWebKit/537.36 (KHTML, like Gecko; compatible; GPTBot/1.4; +https://openai.com/gptbot)"
37.35.64.130 - - [02/Jul/2026:13:12:05 -0400] "POST /xmlrpc.php HTTP/1.1" 200 403 "-" "Mozilla/5.0 (Windows NT 6.2; arm64) AppleWebKit/537.36 (KHTML, like Gecko) Chrome/107.0.0.0 Safari/537.36"
74.7.242.58 - - [02/Jul/2026:13:12:51 -0400] "GET /wp-includes/widgets/class-wp-widget-media-image.php HTTP/1.1" 500 0 "https://jarangomd.com/wp-includes/widgets/" "Mozilla/5.0 AppleWebKit/537.36 (KHTML, like Gecko; compatible; GPTBot/1.4; +https://openai.com/gptbot)"
37.35.64.130 - - [02/Jul/2026:13:13:12 -0400] "POST /xmlrpc.php HTTP/1.1" 200 403 "-" "Mozilla/5.0 (Linux; Android 10; x64) AppleWebKit/537.36 (KHTML, like Gecko) Chrome/109.0.0.0 Safari/537.36"
37.35.64.130 - - [02/Jul/2026:13:13:36 -0400] "POST /xmlrpc.php HTTP/1.1" 200 403 "-" "Mozilla/5.0 (Windows NT 6.2; x86) AppleWebKit/537.36 (KHTML, like Gecko) Edge/100.0.0.0 Safari/537.36"
124.156.204.51 - - [02/Jul/2026:13:14:00 -0400] "GET /wp-config-sample.php HTTP/1.1" 500 1074 "-" "Mozilla/5.0 (iPhone; CPU iPhone OS 13_2_3 like Mac OS X) AppleWebKit/605.1.15 (KHTML, like Gecko) Version/13.0.3 Mobile/15E148 Safari/604.1"
37.35.64.130 - - [02/Jul/2026:13:14:00 -0400] "POST /xmlrpc.php HTTP/1.1" 200 403 "-" "Mozilla/5.0 (X11; Ubuntu; Linux x86_64; x86) AppleWebKit/537.36 (KHTML, like Gecko) Firefox/73.0.0.0 Safari/537.36"
110.249.202.167 - - [02/Jul/2026:13:14:40 -0400] "GET /_autoindex/assets/js/tablesort.js HTTP/1.1" 200 2137 "https://jarangomd.com/" "Mozilla/5.0 (Linux; Android 5.0) AppleWebKit/537.36 (KHTML, like Gecko) Mobile Safari/537.36 (compatible; Bytespider; https://zhanzhang.toutiao.com/)"
37.35.64.130 - - [02/Jul/2026:13:14:44 -0400] "POST /xmlrpc.php HTTP/1.1" 200 403 "-" "Mozilla/5.0 (Linux; Android 10; arm64) AppleWebKit/537.36 (KHTML, like Gecko) Safari/12.0.0.0 Safari/537.36"
37.35.64.130 - - [02/Jul/2026:13:15:32 -0400] "POST /xmlrpc.php HTTP/1.1" 200 403 "-" "Mozilla/5.0 (Macintosh; Intel Mac OS X 10_15_7; x86) AppleWebKit/537.36 (KHTML, like Gecko) Opera/70.0.0.0 Safari/537.36"
74.7.242.58 - - [02/Jul/2026:13:16:03 -0400] "GET /wp-includes/widgets/?ND HTTP/1.1" 200 1541 "https://jarangomd.com/wp-includes/widgets/" "Mozilla/5.0 AppleWebKit/537.36 (KHTML, like Gecko; compatible; GPTBot/1.4; +https://openai.com/gptbot)"
37.35.64.130 - - [02/Jul/2026:13:16:34 -0400] "POST /xmlrpc.php HTTP/1.1" 200 403 "-" "Mozilla/5.0 (X11; Ubuntu; Linux x86_64; arm64) AppleWebKit/537.36 (KHTML, like Gecko) Firefox/87.0.0.0 Safari/537.36"
198.54.125.222 - - [02/Jul/2026:13:09:17 -0400] "POST /wp-cron.php?doing_wp_cron=1783012157.6621289253234863281250 HTTP/1.1" 200 0 "-" "WordPress/6.9.4; https://jarangomd.com"
37.35.64.130 - - [02/Jul/2026:13:09:16 -0400] "POST /xmlrpc.php HTTP/1.1" 200 403 "-" "Mozilla/5.0 (Windows NT 6.2; x86) AppleWebKit/537.36 (KHTML, like Gecko) Firefox/99.0.0.0 Safari/537.36"
74.7.242.58 - - [02/Jul/2026:13:10:48 -0400] "GET /wp-includes/widgets/class-wp-widget-text.php HTTP/1.1" 500 0 "https://jarangomd.com/wp-includes/widgets/" "Mozilla/5.0 AppleWebKit/537.36 (KHTML, like Gecko; compatible; GPTBot/1.4; +https://openai.com/gptbot)"
172.59.40.229 - - [02/Jul/2026:13:11:41 -0400] "GET / HTTP/1.1" 200 2138 "-" "GoogleMessages/20.2 facebookexternalhit/1.1 Facebot Twitterbot/1.0"
172.59.40.229 - - [02/Jul/2026:13:11:41 -0400] "GET /_autoindex/assets/icons/file-text.svg HTTP/1.1" 200 469 "-" "GoogleMessages/20.2 facebookexternalhit/1.1 Facebot Twitterbot/1.0"
172.59.40.229 - - [02/Jul/2026:13:11:41 -0400] "GET /_autoindex/assets/icons/file-text.svg HTTP/1.1" 200 469 "-" "GoogleMessages/20.2 facebookexternalhit/1.1 Facebot Twitterbot/1.0"
172.59.40.229 - - [02/Jul/2026:13:11:42 -0400] "GET /favicon.ico HTTP/1.1" 404 1251 "-" "Dalvik/2.1.0 (Linux; U; Android 16; moto g - 2025 Build/W1VKS36H.9-12-10-5)"
37.35.64.130 - - [02/Jul/2026:13:11:45 -0400] "POST /xmlrpc.php HTTP/1.1" 200 403 "-" "Mozilla/5.0 (Windows NT 6.2; x86) AppleWebKit/537.36 (KHTML, like Gecko) Firefox/99.0.0.0 Safari/537.36"
37.35.64.130 - - [02/Jul/2026:13:12:28 -0400] "POST /xmlrpc.php HTTP/1.1" 200 403 "-" "Mozilla/5.0 (Macintosh; Intel Mac OS X 10_15_7; x64) AppleWebKit/537.36 (KHTML, like Gecko) Chrome/90.0.0.0 Safari/537.36"
37.35.64.130 - - [02/Jul/2026:13:12:48 -0400] "POST /xmlrpc.php HTTP/1.1" 200 403 "-" "Mozilla/5.0 (Macintosh; Intel Mac OS X 10_15_7; x64) AppleWebKit/537.36 (KHTML, like Gecko) Chrome/106.0.0.0 Safari/537.36"
74.7.242.58 - - [02/Jul/2026:13:13:53 -0400] "GET /wp-includes/widgets/class-wp-widget-recent-posts.php HTTP/1.1" 500 0 "https://jarangomd.com/wp-includes/widgets/" "Mozilla/5.0 AppleWebKit/537.36 (KHTML, like Gecko; compatible; GPTBot/1.4; +https://openai.com/gptbot)"
37.35.64.130 - - [02/Jul/2026:13:14:20 -0400] "POST /xmlrpc.php HTTP/1.1" 200 403 "-" "Mozilla/5.0 (X11; Ubuntu; Linux x86_64; x64) AppleWebKit/537.36 (KHTML, like Gecko) Firefox/76.0.0.0 Safari/537.36"
110.249.202.167 - - [02/Jul/2026:13:14:39 -0400] "GET / HTTP/1.1" 200 1804 "-" "Mozilla/5.0 (Linux; Android 5.0) AppleWebKit/537.36 (KHTML, like Gecko) Mobile Safari/537.36 (compatible; Bytespider; https://zhanzhang.toutiao.com/)"
74.7.242.58 - - [02/Jul/2026:13:14:59 -0400] "GET /wp-includes/sitemaps/class-wp-sitemaps-provider.php HTTP/1.1" 200 0 "https://jarangomd.com/wp-includes/sitemaps/" "Mozilla/5.0 AppleWebKit/537.36 (KHTML, like Gecko; compatible; GPTBot/1.4; +https://openai.com/gptbot)"
198.54.125.222 - - [02/Jul/2026:13:15:09 -0400] "POST /wp-cron.php?doing_wp_cron=1783012509.0606019496917724609375 HTTP/1.1" 200 0 "-" "WordPress/6.9.4; https://jarangomd.com"
37.35.64.130 - - [02/Jul/2026:13:15:08 -0400] "POST /xmlrpc.php HTTP/1.1" 200 403 "-" "Mozilla/5.0 (Macintosh; Intel Mac OS X 10_15_7; x64) AppleWebKit/537.36 (KHTML, like Gecko) Firefox/89.0.0.0 Safari/537.36"
198.54.125.222 - - [02/Jul/2026:13:15:32 -0400] "POST /wp-cron.php?doing_wp_cron=1783012532.9102220535278320312500 HTTP/1.1" 200 0 "-" "WordPress/6.9.4; https://jarangomd.com"
37.35.64.130 - - [02/Jul/2026:13:15:52 -0400] "POST /xmlrpc.php HTTP/1.1" 200 403 "-" "Mozilla/5.0 (Windows NT 6.2; x64) AppleWebKit/537.36 (KHTML, like Gecko) Chrome/91.0.0.0 Safari/537.36"
37.35.64.130 - - [02/Jul/2026:13:16:16 -0400] "POST /xmlrpc.php HTTP/1.1" 200 403 "-" "Mozilla/5.0 (Windows NT 10.0; x86) AppleWebKit/537.36 (KHTML, like Gecko) Chrome/94.0.0.0 Safari/537.36"
37.35.64.130 - - [02/Jul/2026:13:16:51 -0400] "POST /xmlrpc.php HTTP/1.1" 200 403 "-" "Mozilla/5.0 (Macintosh; Intel Mac OS X 10_15_7; arm64) AppleWebKit/537.36 (KHTML, like Gecko) Chrome/87.0.0.0 Safari/537.36"
37.35.64.130 - - [02/Jul/2026:13:17:28 -0400] "POST /xmlrpc.php HTTP/1.1" 200 403 "-" "Mozilla/5.0 (Macintosh; Intel Mac OS X 10_15_7; x86) AppleWebKit/537.36 (KHTML, like Gecko) Firefox/92.0.0.0 Safari/537.36"
74.7.242.58 - - [02/Jul/2026:13:16:59 -0400] "GET /wp-includes/widgets/?SA HTTP/1.1" 200 1563 "https://jarangomd.com/wp-includes/widgets/" "Mozilla/5.0 AppleWebKit/537.36 (KHTML, like Gecko; compatible; GPTBot/1.4; +https://openai.com/gptbot)"
37.35.64.130 - - [02/Jul/2026:13:17:10 -0400] "POST /xmlrpc.php HTTP/1.1" 200 403 "-" "Mozilla/5.0 (Linux; Android 10; arm64) AppleWebKit/537.36 (KHTML, like Gecko) Firefox/84.0.0.0 Safari/537.36"
37.35.64.130 - - [02/Jul/2026:13:18:06 -0400] "POST /xmlrpc.php HTTP/1.1" 200 403 "-" "Mozilla/5.0 (Windows NT 6.3; arm64) AppleWebKit/537.36 (KHTML, like Gecko) Safari/14.0.0.0 Safari/537.36"
37.35.64.130 - - [02/Jul/2026:13:18:23 -0400] "POST /xmlrpc.php HTTP/1.1" 200 403 "-" "Mozilla/5.0 (Windows NT 6.3; x86) AppleWebKit/537.36 (KHTML, like Gecko) Opera/73.0.0.0 Safari/537.36"
74.7.242.58 - - [02/Jul/2026:13:18:37 -0400] "GET /wp-includes/widgets/class-wp-widget-media-audio.php HTTP/1.1" 500 0 "https://jarangomd.com/wp-includes/widgets/" "Mozilla/5.0 AppleWebKit/537.36 (KHTML, like Gecko; compatible; GPTBot/1.4; +https://openai.com/gptbot)"
37.35.64.130 - - [02/Jul/2026:13:18:40 -0400] "POST /xmlrpc.php HTTP/1.1" 200 403 "-" "Mozilla/5.0 (Macintosh; Intel Mac OS X 10_15_7; x64) AppleWebKit/537.36 (KHTML, like Gecko) Opera/63.0.0.0 Safari/537.36"
37.35.64.130 - - [02/Jul/2026:13:18:57 -0400] "POST /xmlrpc.php HTTP/1.1" 200 403 "-" "Mozilla/5.0 (X11; Ubuntu; Linux x86_64; x64) AppleWebKit/537.36 (KHTML, like Gecko) Firefox/73.0.0.0 Safari/537.36"
37.35.64.130 - - [02/Jul/2026:13:19:14 -0400] "POST /xmlrpc.php HTTP/1.1" 200 403 "-" "Mozilla/5.0 (X11; Ubuntu; Linux x86_64; x64) AppleWebKit/537.36 (KHTML, like Gecko) Opera/78.0.0.0 Safari/537.36"
74.7.242.58 - - [02/Jul/2026:13:19:20 -0400] "GET /wp-includes/widgets/class-wp-widget-calendar.php HTTP/1.1" 500 0 "https://jarangomd.com/wp-includes/widgets/" "Mozilla/5.0 AppleWebKit/537.36 (KHTML, like Gecko; compatible; GPTBot/1.4; +https://openai.com/gptbot)"
37.35.64.130 - - [02/Jul/2026:13:19:30 -0400] "POST /xmlrpc.php HTTP/1.1" 200 403 "-" "Mozilla/5.0 (Linux; Android 10; arm64) AppleWebKit/537.36 (KHTML, like Gecko) Firefox/94.0.0.0 Safari/537.36"
37.35.64.130 - - [02/Jul/2026:13:20:05 -0400] "POST /xmlrpc.php HTTP/1.1" 200 403 "-" "Mozilla/5.0 (Windows NT 6.2; arm64) AppleWebKit/537.36 (KHTML, like Gecko) Chrome/111.0.0.0 Safari/537.36"
37.35.64.130 - - [02/Jul/2026:13:20:24 -0400] "POST /xmlrpc.php HTTP/1.1" 200 403 "-" "Mozilla/5.0 (Windows NT 10.0; arm64) AppleWebKit/537.36 (KHTML, like Gecko) Firefox/90.0.0.0 Safari/537.36"
37.35.64.130 - - [02/Jul/2026:13:20:59 -0400] "POST /xmlrpc.php HTTP/1.1" 200 403 "-" "Mozilla/5.0 (Windows NT 6.2; x86) AppleWebKit/537.36 (KHTML, like Gecko) Opera/78.0.0.0 Safari/537.36"
37.35.64.130 - - [02/Jul/2026:13:21:16 -0400] "POST /xmlrpc.php HTTP/1.1" 200 403 "-" "Mozilla/5.0 (Linux; Android 10; x86) AppleWebKit/537.36 (KHTML, like Gecko) Safari/12.0.0.0 Safari/537.36"
74.7.242.58 - - [02/Jul/2026:13:21:28 -0400] "GET /wp-includes/widgets/class-wp-widget-categories.php HTTP/1.1" 500 0 "https://jarangomd.com/wp-includes/widgets/" "Mozilla/5.0 AppleWebKit/537.36 (KHTML, like Gecko; compatible; GPTBot/1.4; +https://openai.com/gptbot)"
74.7.242.58 - - [02/Jul/2026:13:22:29 -0400] "GET /wp-includes/widgets/class-wp-widget-custom-html.php HTTP/1.1" 500 0 "https://jarangomd.com/wp-includes/widgets/" "Mozilla/5.0 AppleWebKit/537.36 (KHTML, like Gecko; compatible; GPTBot/1.4; +https://openai.com/gptbot)"
37.35.64.130 - - [02/Jul/2026:13:22:57 -0400] "POST /xmlrpc.php HTTP/1.1" 200 403 "-" "Mozilla/5.0 (Windows NT 6.2; x64) AppleWebKit/537.36 (KHTML, like Gecko) Safari/15.0.0.0 Safari/537.36"
37.35.64.130 - - [02/Jul/2026:13:23:16 -0400] "POST /xmlrpc.php HTTP/1.1" 200 403 "-" "Mozilla/5.0 (Windows NT 6.3; x86) AppleWebKit/537.36 (KHTML, like Gecko) Chrome/107.0.0.0 Safari/537.36"
37.35.64.130 - - [02/Jul/2026:13:23:37 -0400] "POST /xmlrpc.php HTTP/1.1" 200 403 "-" "Mozilla/5.0 (Windows NT 6.3; x64) AppleWebKit/537.36 (KHTML, like Gecko) Safari/15.0.0.0 Safari/537.36"
37.35.64.130 - - [02/Jul/2026:13:24:14 -0400] "POST /xmlrpc.php HTTP/1.1" 200 403 "-" "Mozilla/5.0 (Windows NT 6.2; x86) AppleWebKit/537.36 (KHTML, like Gecko) Firefox/93.0.0.0 Safari/537.36"
37.35.64.130 - - [02/Jul/2026:13:24:47 -0400] "POST /xmlrpc.php HTTP/1.1" 200 403 "-" "Mozilla/5.0 (X11; Ubuntu; Linux x86_64; x86) AppleWebKit/537.36 (KHTML, like Gecko) Chrome/112.0.0.0 Safari/537.36"
37.35.64.130 - - [02/Jul/2026:13:26:12 -0400] "POST /xmlrpc.php HTTP/1.1" 200 403 "-" "Mozilla/5.0 (X11; Ubuntu; Linux x86_64; arm64) AppleWebKit/537.36 (KHTML, like Gecko) Edge/93.0.0.0 Safari/537.36"
37.35.64.130 - - [02/Jul/2026:13:26:27 -0400] "POST /xmlrpc.php HTTP/1.1" 200 403 "-" "Mozilla/5.0 (Macintosh; Intel Mac OS X 10_15_7; x86) AppleWebKit/537.36 (KHTML, like Gecko) Safari/13.0.0.0 Safari/537.36"
37.35.64.130 - - [02/Jul/2026:13:26:41 -0400] "POST /xmlrpc.php HTTP/1.1" 200 403 "-" "Mozilla/5.0 (X11; Ubuntu; Linux x86_64; x64) AppleWebKit/537.36 (KHTML, like Gecko) Firefox/99.0.0.0 Safari/537.36"
74.7.242.58 - - [02/Jul/2026:13:26:44 -0400] "GET /wp-includes/widgets/?NA HTTP/1.1" 200 1546 "https://jarangomd.com/wp-includes/widgets/?ND" "Mozilla/5.0 AppleWebKit/537.36 (KHTML, like Gecko; compatible; GPTBot/1.4; +https://openai.com/gptbot)"
37.35.64.130 - - [02/Jul/2026:13:25:57 -0400] "POST /xmlrpc.php HTTP/1.1" 200 403 "-" "Mozilla/5.0 (Windows NT 6.2; x86) AppleWebKit/537.36 (KHTML, like Gecko) Edge/82.0.0.0 Safari/537.36"
37.35.64.130 - - [02/Jul/2026:13:17:45 -0400] "POST /xmlrpc.php HTTP/1.1" 200 403 "-" "Mozilla/5.0 (Windows NT 10.0; x86) AppleWebKit/537.36 (KHTML, like Gecko) Edge/87.0.0.0 Safari/537.36"
74.7.242.58 - - [02/Jul/2026:13:17:51 -0400] "GET /wp-includes/widgets/?MA HTTP/1.1" 200 1538 "https://jarangomd.com/wp-includes/widgets/" "Mozilla/5.0 AppleWebKit/537.36 (KHTML, like Gecko; compatible; GPTBot/1.4; +https://openai.com/gptbot)"
187.188.255.46 - - [02/Jul/2026:13:17:54 -0400] "GET / HTTP/1.1" 200 1801 "-" "Mozilla/5.0 (Macintosh; Intel Mac OS X 10_15_7) AppleWebKit/537.36 (KHTML, like Gecko) Chrome/146.0.0.0 Safari/537.36"
173.239.214.134 - - [02/Jul/2026:13:19:50 -0400] "GET / HTTP/1.1" 200 1802 "-" "Mozilla/5.0 (Windows NT 10.0; Win64; x64) AppleWebKit/537.36 (KHTML, like Gecko) Chrome/120.0.0.0 Safari/537.36"
74.7.242.58 - - [02/Jul/2026:13:20:26 -0400] "GET /wp-includes/widgets/class-wp-widget-archives.php HTTP/1.1" 500 0 "https://jarangomd.com/wp-includes/widgets/" "Mozilla/5.0 AppleWebKit/537.36 (KHTML, like Gecko; compatible; GPTBot/1.4; +https://openai.com/gptbot)"
37.35.64.130 - - [02/Jul/2026:13:20:41 -0400] "POST /xmlrpc.php HTTP/1.1" 200 403 "-" "Mozilla/5.0 (Windows NT 10.0; arm64) AppleWebKit/537.36 (KHTML, like Gecko) Chrome/87.0.0.0 Safari/537.36"
37.35.64.130 - - [02/Jul/2026:13:21:37 -0400] "POST /xmlrpc.php HTTP/1.1" 200 403 "-" "Mozilla/5.0 (X11; Ubuntu; Linux x86_64; x86) AppleWebKit/537.36 (KHTML, like Gecko) Safari/10.0.0.0 Safari/537.36"
37.35.64.130 - - [02/Jul/2026:13:21:57 -0400] "POST /xmlrpc.php HTTP/1.1" 200 403 "-" "Mozilla/5.0 (Windows NT 6.2; arm64) AppleWebKit/537.36 (KHTML, like Gecko) Safari/13.0.0.0 Safari/537.36"
37.35.64.130 - - [02/Jul/2026:13:22:16 -0400] "POST /xmlrpc.php HTTP/1.1" 200 403 "-" "Mozilla/5.0 (Windows NT 6.3; arm64) AppleWebKit/537.36 (KHTML, like Gecko) Edge/93.0.0.0 Safari/537.36"
37.35.64.130 - - [02/Jul/2026:13:22:37 -0400] "POST /xmlrpc.php HTTP/1.1" 200 403 "-" "Mozilla/5.0 (Windows NT 6.3; x86) AppleWebKit/537.36 (KHTML, like Gecko) Chrome/81.0.0.0 Safari/537.36"
74.7.242.58 - - [02/Jul/2026:13:23:33 -0400] "GET /wp-includes/widgets/class-wp-nav-menu-widget.php HTTP/1.1" 500 0 "https://jarangomd.com/wp-includes/widgets/" "Mozilla/5.0 AppleWebKit/537.36 (KHTML, like Gecko; compatible; GPTBot/1.4; +https://openai.com/gptbot)"
37.35.64.130 - - [02/Jul/2026:13:23:57 -0400] "POST /xmlrpc.php HTTP/1.1" 200 403 "-" "Mozilla/5.0 (Windows NT 6.3; x64) AppleWebKit/537.36 (KHTML, like Gecko) Safari/13.0.0.0 Safari/537.36"
37.35.64.130 - - [02/Jul/2026:13:24:31 -0400] "POST /xmlrpc.php HTTP/1.1" 200 403 "-" "Mozilla/5.0 (X11; Ubuntu; Linux x86_64; x64) AppleWebKit/537.36 (KHTML, like Gecko) Edge/99.0.0.0 Safari/537.36"
74.7.242.58 - - [02/Jul/2026:13:24:39 -0400] "GET /wp-includes/theme-compat/embed-404.php HTTP/1.1" 500 43 "https://jarangomd.com/wp-includes/theme-compat/" "Mozilla/5.0 AppleWebKit/537.36 (KHTML, like Gecko; compatible; GPTBot/1.4; +https://openai.com/gptbot)"
37.35.64.130 - - [02/Jul/2026:13:25:05 -0400] "POST /xmlrpc.php HTTP/1.1" 200 403 "-" "Mozilla/5.0 (X11; Ubuntu; Linux x86_64; x86) AppleWebKit/537.36 (KHTML, like Gecko) Chrome/104.0.0.0 Safari/537.36"
37.35.64.130 - - [02/Jul/2026:13:25:40 -0400] "POST /xmlrpc.php HTTP/1.1" 200 403 "-" "Mozilla/5.0 (Windows NT 10.0; arm64) AppleWebKit/537.36 (KHTML, like Gecko) Opera/61.0.0.0 Safari/537.36"
37.35.64.130 - - [02/Jul/2026:13:25:22 -0400] "POST /xmlrpc.php HTTP/1.1" 200 403 "-" "Mozilla/5.0 (Windows NT 6.2; arm64) AppleWebKit/537.36 (KHTML, like Gecko) Firefox/92.0.0.0 Safari/537.36"
74.7.242.58 - - [02/Jul/2026:13:25:40 -0400] "GET /wp-includes/theme-compat/embed.php HTTP/1.1" 500 0 "https://jarangomd.com/wp-includes/theme-compat/" "Mozilla/5.0 AppleWebKit/537.36 (KHTML, like Gecko; compatible; GPTBot/1.4; +https://openai.com/gptbot)"
37.35.64.130 - - [02/Jul/2026:13:26:58 -0400] "POST /xmlrpc.php HTTP/1.1" 200 403 "-" "Mozilla/5.0 (Windows NT 10.0; arm64) AppleWebKit/537.36 (KHTML, like Gecko) Chrome/96.0.0.0 Safari/537.36"
37.35.64.130 - - [02/Jul/2026:13:27:27 -0400] "POST /xmlrpc.php HTTP/1.1" 200 403 "-" "Mozilla/5.0 (Linux; Android 10; arm64) AppleWebKit/537.36 (KHTML, like Gecko) Chrome/101.0.0.0 Safari/537.36"
74.7.242.58 - - [02/Jul/2026:13:27:46 -0400] "GET /wp-includes/widgets/?SD HTTP/1.1" 200 1546 "https://jarangomd.com/wp-includes/widgets/?SA" "Mozilla/5.0 AppleWebKit/537.36 (KHTML, like Gecko; compatible; GPTBot/1.4; +https://openai.com/gptbot)"
49.51.233.95 - - [02/Jul/2026:13:28:03 -0400] "GET /readme.html HTTP/1.1" 200 3202 "-" "Mozilla/5.0 (iPhone; CPU iPhone OS 13_2_3 like Mac OS X) AppleWebKit/605.1.15 (KHTML, like Gecko) Version/13.0.3 Mobile/15E148 Safari/604.1"
37.35.64.130 - - [02/Jul/2026:13:28:25 -0400] "POST /xmlrpc.php HTTP/1.1" 200 403 "-" "Mozilla/5.0 (Linux; Android 10; arm64) AppleWebKit/537.36 (KHTML, like Gecko) Safari/13.0.0.0 Safari/537.36"
37.35.64.130 - - [02/Jul/2026:13:28:40 -0400] "POST /xmlrpc.php HTTP/1.1" 200 403 "-" "Mozilla/5.0 (Windows NT 6.2; x86) AppleWebKit/537.36 (KHTML, like Gecko) Safari/10.0.0.0 Safari/537.36"
74.7.242.58 - - [02/Jul/2026:13:28:41 -0400] "GET /wp-includes/widgets/?MD HTTP/1.1" 200 1540 "https://jarangomd.com/wp-includes/widgets/?MA" "Mozilla/5.0 AppleWebKit/537.36 (KHTML, like Gecko; compatible; GPTBot/1.4; +https://openai.com/gptbot)"
37.35.64.130 - - [02/Jul/2026:13:28:54 -0400] "POST /xmlrpc.php HTTP/1.1" 200 403 "-" "Mozilla/5.0 (Macintosh; Intel Mac OS X 10_15_7; x64) AppleWebKit/537.36 (KHTML, like Gecko) Firefox/78.0.0.0 Safari/537.36"
37.35.64.130 - - [02/Jul/2026:13:29:08 -0400] "POST /xmlrpc.php HTTP/1.1" 200 403 "-" "Mozilla/5.0 (X11; Ubuntu; Linux x86_64; x64) AppleWebKit/537.36 (KHTML, like Gecko) Safari/13.0.0.0 Safari/537.36"
37.35.64.130 - - [02/Jul/2026:13:29:22 -0400] "POST /xmlrpc.php HTTP/1.1" 200 403 "-" "Mozilla/5.0 (Linux; Android 10; x86) AppleWebKit/537.36 (KHTML, like Gecko) Opera/72.0.0.0 Safari/537.36"
37.35.64.130 - - [02/Jul/2026:13:29:51 -0400] "POST /xmlrpc.php HTTP/1.1" 200 403 "-" "Mozilla/5.0 (Linux; Android 10; x64) AppleWebKit/537.36 (KHTML, like Gecko) Opera/65.0.0.0 Safari/537.36"
37.35.64.130 - - [02/Jul/2026:13:30:08 -0400] "POST /xmlrpc.php HTTP/1.1" 200 403 "-" "Mozilla/5.0 (X11; Ubuntu; Linux x86_64; x64) AppleWebKit/537.36 (KHTML, like Gecko) Firefox/80.0.0.0 Safari/537.36"
37.35.64.130 - - [02/Jul/2026:13:30:22 -0400] "POST /xmlrpc.php HTTP/1.1" 200 403 "-" "Mozilla/5.0 (X11; Ubuntu; Linux x86_64; x86) AppleWebKit/537.36 (KHTML, like Gecko) Firefox/93.0.0.0 Safari/537.36"
37.35.64.130 - - [02/Jul/2026:13:30:37 -0400] "POST /xmlrpc.php HTTP/1.1" 200 403 "-" "Mozilla/5.0 (Windows NT 10.0; arm64) AppleWebKit/537.36 (KHTML, like Gecko) Edge/96.0.0.0 Safari/537.36"
4.193.152.113 - - [02/Jul/2026:13:30:38 -0400] "GET /inputs.php HTTP/1.1" 404 1251 "-" "Mozilla/5.0 (Windows NT 10.0; Win64; x64) AppleWebKit/537.36 (KHTML, like Gecko) Chrome/120.0.0.0 Safari/537.36"
4.193.152.113 - - [02/Jul/2026:13:30:38 -0400] "GET /ioxi-o.php HTTP/1.1" 404 1251 "-" "Mozilla/5.0 (Windows NT 10.0; Win64; x64) AppleWebKit/537.36 (KHTML, like Gecko) Chrome/120.0.0.0 Safari/537.36"
4.193.152.113 - - [02/Jul/2026:13:30:38 -0400] "GET /function/function.php HTTP/1.1" 404 1251 "-" "Mozilla/5.0 (Windows NT 10.0; Win64; x64) AppleWebKit/537.36 (KHTML, like Gecko) Chrome/120.0.0.0 Safari/537.36"
4.193.152.113 - - [02/Jul/2026:13:30:39 -0400] "GET /wp-content/uploads/index.php HTTP/1.1" 404 1251 "-" "Mozilla/5.0 (Windows NT 10.0; Win64; x64) AppleWebKit/537.36 (KHTML, like Gecko) Chrome/120.0.0.0 Safari/537.36"
4.193.152.113 - - [02/Jul/2026:13:30:39 -0400] "GET /cache.php HTTP/1.1" 404 1251 "-" "Mozilla/5.0 (Windows NT 10.0; Win64; x64) AppleWebKit/537.36 (KHTML, like Gecko) Chrome/120.0.0.0 Safari/537.36"
37.35.64.130 - - [02/Jul/2026:13:27:12 -0400] "POST /xmlrpc.php HTTP/1.1" 200 403 "-" "Mozilla/5.0 (Windows NT 6.2; arm64) AppleWebKit/537.36 (KHTML, like Gecko) Chrome/98.0.0.0 Safari/537.36"
37.35.64.130 - - [02/Jul/2026:13:27:41 -0400] "POST /xmlrpc.php HTTP/1.1" 200 403 "-" "Mozilla/5.0 (Windows NT 6.3; arm64) AppleWebKit/537.36 (KHTML, like Gecko) Safari/12.0.0.0 Safari/537.36"
37.35.64.130 - - [02/Jul/2026:13:27:56 -0400] "POST /xmlrpc.php HTTP/1.1" 200 403 "-" "Mozilla/5.0 (X11; Ubuntu; Linux x86_64; x86) AppleWebKit/537.36 (KHTML, like Gecko) Safari/12.0.0.0 Safari/537.36"
37.35.64.130 - - [02/Jul/2026:13:28:10 -0400] "POST /xmlrpc.php HTTP/1.1" 200 403 "-" "Mozilla/5.0 (Windows NT 10.0; x86) AppleWebKit/537.36 (KHTML, like Gecko) Safari/15.0.0.0 Safari/537.36"
74.7.242.58 - - [02/Jul/2026:13:29:32 -0400] "GET /wp-includes/sitemaps/class-wp-sitemaps-index.php HTTP/1.1" 200 0 "https://jarangomd.com/wp-includes/sitemaps/" "Mozilla/5.0 AppleWebKit/537.36 (KHTML, like Gecko; compatible; GPTBot/1.4; +https://openai.com/gptbot)"
