74.7.242.58 - - [02/Jul/2026:19:11:11 -0400] "GET /wp-includes/js/jquery/ui/effect-explode.js HTTP/1.1" 200 1174 "https://jarangomd.com/wp-includes/js/jquery/ui/" "Mozilla/5.0 AppleWebKit/537.36 (KHTML, like Gecko; compatible; GPTBot/1.4; +https://openai.com/gptbot)"
74.7.242.58 - - [02/Jul/2026:19:11:12 -0400] "GET /wp-includes/js/jquery/ui/effect-pulsate.js HTTP/1.1" 200 671 "https://jarangomd.com/wp-includes/js/jquery/ui/" "Mozilla/5.0 AppleWebKit/537.36 (KHTML, like Gecko; compatible; GPTBot/1.4; +https://openai.com/gptbot)"
74.7.242.58 - - [02/Jul/2026:19:11:12 -0400] "GET /wp-includes/js/jquery/ui/draggable.min.js HTTP/1.1" 200 4691 "https://jarangomd.com/wp-includes/js/jquery/ui/" "Mozilla/5.0 AppleWebKit/537.36 (KHTML, like Gecko; compatible; GPTBot/1.4; +https://openai.com/gptbot)"
74.7.242.58 - - [02/Jul/2026:19:11:14 -0400] "GET /wp-includes/js/jquery/ui/droppable.min.js HTTP/1.1" 200 1913 "https://jarangomd.com/wp-includes/js/jquery/ui/" "Mozilla/5.0 AppleWebKit/537.36 (KHTML, like Gecko; compatible; GPTBot/1.4; +https://openai.com/gptbot)"
74.7.242.58 - - [02/Jul/2026:19:11:14 -0400] "GET /mac.php?pikachu=Ly91c3IvbGliNjQvbGRiL21vZHVsZXM HTTP/1.1" 200 3643 "https://jarangomd.com/mac.php?pikachu=Ly91c3IvbGliNjQvbGRi" "Mozilla/5.0 AppleWebKit/537.36 (KHTML, like Gecko; compatible; GPTBot/1.4; +https://openai.com/gptbot)"
74.7.242.58 - - [02/Jul/2026:19:11:15 -0400] "GET /wp-includes/js/jquery/ui/resizable.min.js HTTP/1.1" 200 5162 "https://jarangomd.com/wp-includes/js/jquery/ui/" "Mozilla/5.0 AppleWebKit/537.36 (KHTML, like Gecko; compatible; GPTBot/1.4; +https://openai.com/gptbot)"
74.7.242.58 - - [02/Jul/2026:19:11:16 -0400] "GET /mac.php?pikachu=Ly91c3IvbG9jYWwvbHN3cy9hZGQtb25z HTTP/1.1" 200 4163 "https://jarangomd.com/mac.php?pikachu=Ly91c3IvbG9jYWwvbHN3cw" "Mozilla/5.0 AppleWebKit/537.36 (KHTML, like Gecko; compatible; GPTBot/1.4; +https://openai.com/gptbot)"
74.7.242.58 - - [02/Jul/2026:19:11:16 -0400] "GET /mac.php?pikachu=Ly91c3Ivc2hhcmUvbG9jYWxlL2VzX05J HTTP/1.1" 200 3681 "https://jarangomd.com/mac.php?pikachu=Ly91c3Ivc2hhcmUvbG9jYWxl" "Mozilla/5.0 AppleWebKit/537.36 (KHTML, like Gecko; compatible; GPTBot/1.4; +https://openai.com/gptbot)"
195.229.76.26 - - [02/Jul/2026:19:11:16 -0400] "POST /xmlrpc.php HTTP/1.1" 200 403 "-" "Jetpack by WordPress.com (Jetpack 12.5; WordPress 6.4)"
74.7.242.58 - - [02/Jul/2026:19:11:17 -0400] "GET /mac.php?pikachu=Ly91c3Ivc2hhcmUvbG9jYWxlL25sX0JF HTTP/1.1" 200 3732 "https://jarangomd.com/mac.php?pikachu=Ly91c3Ivc2hhcmUvbG9jYWxl" "Mozilla/5.0 AppleWebKit/537.36 (KHTML, like Gecko; compatible; GPTBot/1.4; +https://openai.com/gptbot)"
74.7.242.58 - - [02/Jul/2026:19:11:18 -0400] "GET /wp-includes/rest-api/endpoints/class-wp-rest-font-collections-controller.php HTTP/1.1" 500 0 "https://jarangomd.com/wp-includes/rest-api/endpoints/" "Mozilla/5.0 AppleWebKit/537.36 (KHTML, like Gecko; compatible; GPTBot/1.4; +https://openai.com/gptbot)"
74.7.242.58 - - [02/Jul/2026:19:11:18 -0400] "GET /mac.php?pikachu=Ly9ldGMvZGVmYXVsdA HTTP/1.1" 200 3805 "https://jarangomd.com/mac.php?pikachu=Ly9ldGM" "Mozilla/5.0 AppleWebKit/537.36 (KHTML, like Gecko; compatible; GPTBot/1.4; +https://openai.com/gptbot)"
74.7.242.58 - - [02/Jul/2026:19:11:10 -0400] "GET /wp-includes/IXR/error_log HTTP/1.1" 403 1242 "https://jarangomd.com/wp-includes/IXR/" "Mozilla/5.0 AppleWebKit/537.36 (KHTML, like Gecko; compatible; GPTBot/1.4; +https://openai.com/gptbot)"
74.7.242.58 - - [02/Jul/2026:19:11:11 -0400] "GET /wp-includes/js/jquery/ui/effect-bounce.js HTTP/1.1" 200 1035 "https://jarangomd.com/wp-includes/js/jquery/ui/" "Mozilla/5.0 AppleWebKit/537.36 (KHTML, like Gecko; compatible; GPTBot/1.4; +https://openai.com/gptbot)"
74.7.242.58 - - [02/Jul/2026:19:11:13 -0400] "GET /wp-includes/js/jquery/ui/datepicker.min.js HTTP/1.1" 200 10506 "https://jarangomd.com/wp-includes/js/jquery/ui/" "Mozilla/5.0 AppleWebKit/537.36 (KHTML, like Gecko; compatible; GPTBot/1.4; +https://openai.com/gptbot)"
74.7.242.58 - - [02/Jul/2026:19:11:13 -0400] "GET /wp-includes/js/jquery/ui/accordion.min.js HTTP/1.1" 200 2669 "https://jarangomd.com/wp-includes/js/jquery/ui/" "Mozilla/5.0 AppleWebKit/537.36 (KHTML, like Gecko; compatible; GPTBot/1.4; +https://openai.com/gptbot)"
74.7.242.58 - - [02/Jul/2026:19:11:15 -0400] "GET /wp-includes/js/jquery/ui/selectable.min.js HTTP/1.1" 200 1317 "https://jarangomd.com/wp-includes/js/jquery/ui/" "Mozilla/5.0 AppleWebKit/537.36 (KHTML, like Gecko; compatible; GPTBot/1.4; +https://openai.com/gptbot)"
74.7.242.58 - - [02/Jul/2026:19:11:17 -0400] "GET /mac.php?pikachu=Ly9ldGMvY2wuc2VsZWN0b3IuY29uZi5k HTTP/1.1" 200 4179 "https://jarangomd.com/mac.php?pikachu=Ly9ldGM" "Mozilla/5.0 AppleWebKit/537.36 (KHTML, like Gecko; compatible; GPTBot/1.4; +https://openai.com/gptbot)"
74.7.242.58 - - [02/Jul/2026:19:11:27 -0400] "GET /wp-includes/images/spinner-2x.gif HTTP/1.1" 200 7536 "https://jarangomd.com/wp-includes/images/" "Mozilla/5.0 AppleWebKit/537.36 (KHTML, like Gecko; compatible; GPTBot/1.4; +https://openai.com/gptbot)"
195.229.76.26 - - [02/Jul/2026:19:11:27 -0400] "POST /xmlrpc.php HTTP/1.1" 200 403 "-" "WordPress.com; https://wordpress.com"
74.7.242.58 - - [02/Jul/2026:19:11:28 -0400] "GET /wp-includes/js/dist/script-modules/a11y/index.min.js HTTP/1.1" 200 391 "https://jarangomd.com/wp-includes/js/dist/script-modules/a11y/" "Mozilla/5.0 AppleWebKit/537.36 (KHTML, like Gecko; compatible; GPTBot/1.4; +https://openai.com/gptbot)"
74.7.242.58 - - [02/Jul/2026:19:11:30 -0400] "GET /wp-includes/Text/Diff/Renderer.php HTTP/1.1" 200 0 "https://jarangomd.com/wp-includes/Text/Diff/" "Mozilla/5.0 AppleWebKit/537.36 (KHTML, like Gecko; compatible; GPTBot/1.4; +https://openai.com/gptbot)"
74.7.242.58 - - [02/Jul/2026:19:11:30 -0400] "GET /wp-includes/js/tinymce/plugins/wpgallery/ HTTP/1.1" 200 675 "https://jarangomd.com/wp-includes/js/tinymce/plugins/" "Mozilla/5.0 AppleWebKit/537.36 (KHTML, like Gecko; compatible; GPTBot/1.4; +https://openai.com/gptbot)"
74.7.242.58 - - [02/Jul/2026:19:11:31 -0400] "GET /wp-includes/js/tinymce/utils/editable_selects.js HTTP/1.1" 200 693 "https://jarangomd.com/wp-includes/js/tinymce/utils/" "Mozilla/5.0 AppleWebKit/537.36 (KHTML, like Gecko; compatible; GPTBot/1.4; +https://openai.com/gptbot)"
74.7.242.58 - - [02/Jul/2026:19:11:33 -0400] "GET /mac.php?pikachu=Ly9ldGMvcHJvZmlsZS5k HTTP/1.1" 200 5131 "https://jarangomd.com/mac.php?pikachu=Ly9ldGM" "Mozilla/5.0 AppleWebKit/537.36 (KHTML, like Gecko; compatible; GPTBot/1.4; +https://openai.com/gptbot)"
74.7.242.58 - - [02/Jul/2026:19:11:34 -0400] "GET /wp-includes/js/dist/script-modules/interactivity/ HTTP/1.1" 200 721 "https://jarangomd.com/wp-includes/js/dist/script-modules/" "Mozilla/5.0 AppleWebKit/537.36 (KHTML, like Gecko; compatible; GPTBot/1.4; +https://openai.com/gptbot)"
74.7.242.58 - - [02/Jul/2026:19:11:35 -0400] "GET /wp-includes/js/tw-sack.min.js HTTP/1.1" 200 1055 "https://jarangomd.com/wp-includes/js/" "Mozilla/5.0 AppleWebKit/537.36 (KHTML, like Gecko; compatible; GPTBot/1.4; +https://openai.com/gptbot)"
74.7.242.58 - - [02/Jul/2026:19:11:20 -0400] "GET /wp-includes/Text/Diff/ HTTP/1.1" 200 700 "https://jarangomd.com/wp-includes/Text/" "Mozilla/5.0 AppleWebKit/537.36 (KHTML, like Gecko; compatible; GPTBot/1.4; +https://openai.com/gptbot)"
74.7.242.58 - - [02/Jul/2026:19:11:21 -0400] "GET /wp-includes/js/tinymce/skins/ HTTP/1.1" 200 640 "https://jarangomd.com/wp-includes/js/tinymce/" "Mozilla/5.0 AppleWebKit/537.36 (KHTML, like Gecko; compatible; GPTBot/1.4; +https://openai.com/gptbot)"
74.7.242.58 - - [02/Jul/2026:19:11:23 -0400] "GET /wp-includes/js/tinymce/utils/ HTTP/1.1" 200 772 "https://jarangomd.com/wp-includes/js/tinymce/" "Mozilla/5.0 AppleWebKit/537.36 (KHTML, like Gecko; compatible; GPTBot/1.4; +https://openai.com/gptbot)"
74.7.242.58 - - [02/Jul/2026:19:11:24 -0400] "GET /wp-includes/js/dist/views.min.js HTTP/1.1" 200 1161 "https://jarangomd.com/wp-includes/js/dist/" "Mozilla/5.0 AppleWebKit/537.36 (KHTML, like Gecko; compatible; GPTBot/1.4; +https://openai.com/gptbot)"
74.7.242.58 - - [02/Jul/2026:19:11:25 -0400] "GET /wp-includes/js/jquery/ui/effect-transfer.min.js HTTP/1.1" 200 256 "https://jarangomd.com/wp-includes/js/jquery/ui/" "Mozilla/5.0 AppleWebKit/537.36 (KHTML, like Gecko; compatible; GPTBot/1.4; +https://openai.com/gptbot)"
74.7.242.58 - - [02/Jul/2026:19:11:26 -0400] "GET /wp-includes/images/wpspin-2x.gif HTTP/1.1" 200 8875 "https://jarangomd.com/wp-includes/images/" "Mozilla/5.0 AppleWebKit/537.36 (KHTML, like Gecko; compatible; GPTBot/1.4; +https://openai.com/gptbot)"
74.7.242.58 - - [02/Jul/2026:19:11:27 -0400] "GET /wp-includes/images/wpicons-2x.png HTTP/1.1" 200 14931 "https://jarangomd.com/wp-includes/images/" "Mozilla/5.0 AppleWebKit/537.36 (KHTML, like Gecko; compatible; GPTBot/1.4; +https://openai.com/gptbot)"
74.7.242.58 - - [02/Jul/2026:19:11:29 -0400] "GET /wp-includes/js/jquery/ui/selectmenu.min.js HTTP/1.1" 200 2853 "https://jarangomd.com/wp-includes/js/jquery/ui/" "Mozilla/5.0 AppleWebKit/537.36 (KHTML, like Gecko; compatible; GPTBot/1.4; +https://openai.com/gptbot)"
74.7.242.58 - - [02/Jul/2026:19:11:29 -0400] "GET /wp-includes/js/tinymce/plugins/wpdialogs/ HTTP/1.1" 200 680 "https://jarangomd.com/wp-includes/js/tinymce/plugins/" "Mozilla/5.0 AppleWebKit/537.36 (KHTML, like Gecko; compatible; GPTBot/1.4; +https://openai.com/gptbot)"
74.7.242.58 - - [02/Jul/2026:19:11:31 -0400] "GET /wp-includes/js/tinymce/utils/form_utils.js HTTP/1.1" 200 1895 "https://jarangomd.com/wp-includes/js/tinymce/utils/" "Mozilla/5.0 AppleWebKit/537.36 (KHTML, like Gecko; compatible; GPTBot/1.4; +https://openai.com/gptbot)"
74.7.242.58 - - [02/Jul/2026:19:11:32 -0400] "GET /wp-includes/js/tinymce/plugins/textcolor/ HTTP/1.1" 200 659 "https://jarangomd.com/wp-includes/js/tinymce/plugins/" "Mozilla/5.0 AppleWebKit/537.36 (KHTML, like Gecko; compatible; GPTBot/1.4; +https://openai.com/gptbot)"
74.7.242.58 - - [02/Jul/2026:19:11:32 -0400] "GET /mac.php?pikachu=Ly9vcHQvcnVzdGJvbGl0 HTTP/1.1" 200 3783 "https://jarangomd.com/mac.php?pikachu=Ly9vcHQ" "Mozilla/5.0 AppleWebKit/537.36 (KHTML, like Gecko; compatible; GPTBot/1.4; +https://openai.com/gptbot)"
74.7.242.58 - - [02/Jul/2026:19:11:33 -0400] "GET /wp-includes/fonts/dashicons.woff2 HTTP/1.1" 200 26132 "https://jarangomd.com/wp-includes/fonts/" "Mozilla/5.0 AppleWebKit/537.36 (KHTML, like Gecko; compatible; GPTBot/1.4; +https://openai.com/gptbot)"
74.7.242.58 - - [02/Jul/2026:19:11:35 -0400] "GET /mac.php?pikachu=Ly9ldGMvb3BlbmxkYXA HTTP/1.1" 200 3742 "https://jarangomd.com/mac.php?pikachu=Ly9ldGM" "Mozilla/5.0 AppleWebKit/537.36 (KHTML, like Gecko; compatible; GPTBot/1.4; +https://openai.com/gptbot)"
74.7.242.58 - - [02/Jul/2026:19:11:37 -0400] "GET /wp-includes/js/wp-sanitize.min.js HTTP/1.1" 200 240 "https://jarangomd.com/wp-includes/js/" "Mozilla/5.0 AppleWebKit/537.36 (KHTML, like Gecko; compatible; GPTBot/1.4; +https://openai.com/gptbot)"
195.229.76.26 - - [02/Jul/2026:19:11:38 -0400] "POST /xmlrpc.php HTTP/1.1" 200 403 "-" "Jetpack by WordPress.com"
74.7.242.58 - - [02/Jul/2026:19:11:35 -0400] "GET /wp-includes/SimplePie/library/ HTTP/1.1" 200 735 "https://jarangomd.com/wp-includes/SimplePie/" "Mozilla/5.0 AppleWebKit/537.36 (KHTML, like Gecko; compatible; GPTBot/1.4; +https://openai.com/gptbot)"
74.7.242.58 - - [02/Jul/2026:19:11:36 -0400] "GET /wp-includes/js/plupload/'+n+' HTTP/1.1" 404 1251 "https://jarangomd.com/wp-includes/js/plupload/moxie.min.js" "Mozilla/5.0 AppleWebKit/537.36 (KHTML, like Gecko; compatible; GPTBot/1.4; +https://openai.com/gptbot)"
74.7.242.58 - - [02/Jul/2026:19:11:37 -0400] "GET /wp-includes/js/tinymce/utils/validate.js HTTP/1.1" 200 1771 "https://jarangomd.com/wp-includes/js/tinymce/utils/" "Mozilla/5.0 AppleWebKit/537.36 (KHTML, like Gecko; compatible; GPTBot/1.4; +https://openai.com/gptbot)"
74.7.242.58 - - [02/Jul/2026:19:11:39 -0400] "GET /mac.php?pikachu=Ly9saWI2NC9wZXJsNS9saW51eA HTTP/1.1" 200 3786 "https://jarangomd.com/mac.php?pikachu=Ly9saWI2NC9wZXJsNQ" "Mozilla/5.0 AppleWebKit/537.36 (KHTML, like Gecko; compatible; GPTBot/1.4; +https://openai.com/gptbot)"
74.7.242.58 - - [02/Jul/2026:19:11:40 -0400] "GET /mac.php?pikachu=Ly9ldGMvb3BlbmxkYXAvY2VydHM HTTP/1.1" 200 3545 "https://jarangomd.com/mac.php?pikachu=Ly9ldGMvb3BlbmxkYXA" "Mozilla/5.0 AppleWebKit/537.36 (KHTML, like Gecko; compatible; GPTBot/1.4; +https://openai.com/gptbot)"
74.7.242.58 - - [02/Jul/2026:19:11:41 -0400] "GET /wp-includes/js/jquery/ui/datepicker.js HTTP/1.1" 200 19783 "https://jarangomd.com/wp-includes/js/jquery/ui/" "Mozilla/5.0 AppleWebKit/537.36 (KHTML, like Gecko; compatible; GPTBot/1.4; +https://openai.com/gptbot)"
74.7.242.58 - - [02/Jul/2026:19:11:42 -0400] "GET /wp-includes/SimplePie/library/error_log HTTP/1.1" 403 1242 "https://jarangomd.com/wp-includes/SimplePie/library/" "Mozilla/5.0 AppleWebKit/537.36 (KHTML, like Gecko; compatible; GPTBot/1.4; +https://openai.com/gptbot)"
74.7.242.58 - - [02/Jul/2026:19:11:45 -0400] "GET /wp-includes/js/tinymce/utils/mctabs.js HTTP/1.1" 200 1346 "https://jarangomd.com/wp-includes/js/tinymce/utils/" "Mozilla/5.0 AppleWebKit/537.36 (KHTML, like Gecko; compatible; GPTBot/1.4; +https://openai.com/gptbot)"
74.7.242.58 - - [02/Jul/2026:19:11:48 -0400] "GET /mac.php?pikachu=Ly9vcHQvYWx0L2xpYmhlaWYvc2hhcmU HTTP/1.1" 200 3781 "https://jarangomd.com/mac.php?pikachu=Ly9vcHQvYWx0L2xpYmhlaWY" "Mozilla/5.0 AppleWebKit/537.36 (KHTML, like Gecko; compatible; GPTBot/1.4; +https://openai.com/gptbot)"
195.229.76.26 - - [02/Jul/2026:19:11:48 -0400] "POST /xmlrpc.php HTTP/1.1" 200 403 "-" "Jetpack by WordPress.com (Jetpack 12.5; WordPress 6.2)"
74.7.242.58 - - [02/Jul/2026:19:11:50 -0400] "GET /mac.php?pikachu=Ly9wcm9jLzQxMTMzODI HTTP/1.1" 200 5546 "https://jarangomd.com/mac.php?pikachu=Ly9wcm9j" "Mozilla/5.0 AppleWebKit/537.36 (KHTML, like Gecko; compatible; GPTBot/1.4; +https://openai.com/gptbot)"
74.7.242.58 - - [02/Jul/2026:19:11:51 -0400] "GET /mac.php?pikachu=Ly9ldGMvc2VjdXJpdHk HTTP/1.1" 200 4492 "https://jarangomd.com/mac.php?pikachu=Ly9ldGM" "Mozilla/5.0 AppleWebKit/537.36 (KHTML, like Gecko; compatible; GPTBot/1.4; +https://openai.com/gptbot)"
74.7.242.58 - - [02/Jul/2026:19:11:52 -0400] "GET /wp-includes/js/dist/script-modules/block-library/image/ HTTP/1.1" 200 672 "https://jarangomd.com/wp-includes/js/dist/script-modules/block-library/" "Mozilla/5.0 AppleWebKit/537.36 (KHTML, like Gecko; compatible; GPTBot/1.4; +https://openai.com/gptbot)"
74.7.242.58 - - [02/Jul/2026:19:11:53 -0400] "GET /wp-includes/js/dist/script-modules/block-library/form/ HTTP/1.1" 200 687 "https://jarangomd.com/wp-includes/js/dist/script-modules/block-library/" "Mozilla/5.0 AppleWebKit/537.36 (KHTML, like Gecko; compatible; GPTBot/1.4; +https://openai.com/gptbot)"
74.7.242.58 - - [02/Jul/2026:19:11:56 -0400] "GET /mac.php?pikachu=Ly92YXIvc29mdGFjdWxvdXMvZWxnZzQ HTTP/1.1" 200 4796 "https://jarangomd.com/mac.php?pikachu=Ly92YXIvc29mdGFjdWxvdXM" "Mozilla/5.0 AppleWebKit/537.36 (KHTML, like Gecko; compatible; GPTBot/1.4; +https://openai.com/gptbot)"
74.7.242.58 - - [02/Jul/2026:19:11:38 -0400] "GET /wp-includes/js/jquery/ui/controlgroup.js HTTP/1.1" 200 2527 "https://jarangomd.com/wp-includes/js/jquery/ui/" "Mozilla/5.0 AppleWebKit/537.36 (KHTML, like Gecko; compatible; GPTBot/1.4; +https://openai.com/gptbot)"
74.7.242.58 - - [02/Jul/2026:19:11:38 -0400] "GET /wp-includes/js/jquery/ui/autocomplete.js HTTP/1.1" 200 5171 "https://jarangomd.com/wp-includes/js/jquery/ui/" "Mozilla/5.0 AppleWebKit/537.36 (KHTML, like Gecko; compatible; GPTBot/1.4; +https://openai.com/gptbot)"
74.7.242.58 - - [02/Jul/2026:19:11:39 -0400] "GET /wp-includes/js/tinymce/plugins/tabfocus/ HTTP/1.1" 200 657 "https://jarangomd.com/wp-includes/js/tinymce/plugins/" "Mozilla/5.0 AppleWebKit/537.36 (KHTML, like Gecko; compatible; GPTBot/1.4; +https://openai.com/gptbot)"
74.7.242.58 - - [02/Jul/2026:19:11:40 -0400] "GET /wp-includes/js/dist/script-modules/interactivity/debug.min.js HTTP/1.1" 200 18108 "https://jarangomd.com/wp-includes/js/dist/script-modules/interactivity/" "Mozilla/5.0 AppleWebKit/537.36 (KHTML, like Gecko; compatible; GPTBot/1.4; +https://openai.com/gptbot)"
74.7.242.58 - - [02/Jul/2026:19:11:41 -0400] "GET /wp-includes/SimplePie/library/SimplePie.php HTTP/1.1" 500 0 "https://jarangomd.com/wp-includes/SimplePie/library/" "Mozilla/5.0 AppleWebKit/537.36 (KHTML, like Gecko; compatible; GPTBot/1.4; +https://openai.com/gptbot)"
74.7.242.58 - - [02/Jul/2026:19:11:43 -0400] "GET /wp-includes/js/jquery/ui/selectable.js HTTP/1.1" 200 1909 "https://jarangomd.com/wp-includes/js/jquery/ui/" "Mozilla/5.0 AppleWebKit/537.36 (KHTML, like Gecko; compatible; GPTBot/1.4; +https://openai.com/gptbot)"
74.7.242.58 - - [02/Jul/2026:19:11:46 -0400] "GET /wp-includes/js/tinymce/plugins/wordpress/ HTTP/1.1" 200 663 "https://jarangomd.com/wp-includes/js/tinymce/plugins/" "Mozilla/5.0 AppleWebKit/537.36 (KHTML, like Gecko; compatible; GPTBot/1.4; +https://openai.com/gptbot)"
74.7.242.58 - - [02/Jul/2026:19:11:49 -0400] "GET /mac.php?pikachu=Ly91c3Ivc2hhcmUvbWFuL21hbjc HTTP/1.1" 200 20719 "https://jarangomd.com/mac.php?pikachu=Ly91c3Ivc2hhcmUvbWFu" "Mozilla/5.0 AppleWebKit/537.36 (KHTML, like Gecko; compatible; GPTBot/1.4; +https://openai.com/gptbot)"
74.7.242.58 - - [02/Jul/2026:19:11:52 -0400] "GET /wp-includes/js/dist/script-modules/block-library/query/ HTTP/1.1" 200 690 "https://jarangomd.com/wp-includes/js/dist/script-modules/block-library/" "Mozilla/5.0 AppleWebKit/537.36 (KHTML, like Gecko; compatible; GPTBot/1.4; +https://openai.com/gptbot)"
74.7.242.58 - - [02/Jul/2026:19:11:54 -0400] "GET /wp-includes/js/dist/script-modules/block-library/file/ HTTP/1.1" 200 672 "https://jarangomd.com/wp-includes/js/dist/script-modules/block-library/" "Mozilla/5.0 AppleWebKit/537.36 (KHTML, like Gecko; compatible; GPTBot/1.4; +https://openai.com/gptbot)"
74.7.242.58 - - [02/Jul/2026:19:11:54 -0400] "GET /mac.php?pikachu=Ly9vcHQvYWx0L2xpYndlYnAvc2hhcmU HTTP/1.1" 200 3691 "https://jarangomd.com/mac.php?pikachu=Ly9vcHQvYWx0L2xpYndlYnA" "Mozilla/5.0 AppleWebKit/537.36 (KHTML, like Gecko; compatible; GPTBot/1.4; +https://openai.com/gptbot)"
74.7.242.58 - - [02/Jul/2026:19:11:55 -0400] "GET /mac.php?pikachu=Ly92YXIvc29mdGFjdWxvdXMvcGhwanM HTTP/1.1" 200 4133 "https://jarangomd.com/mac.php?pikachu=Ly92YXIvc29mdGFjdWxvdXM" "Mozilla/5.0 AppleWebKit/537.36 (KHTML, like Gecko; compatible; GPTBot/1.4; +https://openai.com/gptbot)"
74.7.242.58 - - [02/Jul/2026:19:11:55 -0400] "GET /mac.php?pikachu=Ly9saWIvZmlybXdhcmUvaW14L3NkbWE HTTP/1.1" 200 3733 "https://jarangomd.com/mac.php?pikachu=Ly9saWIvZmlybXdhcmUvaW14" "Mozilla/5.0 AppleWebKit/537.36 (KHTML, like Gecko; compatible; GPTBot/1.4; +https://openai.com/gptbot)"
74.7.242.58 - - [02/Jul/2026:19:11:58 -0400] "GET /mac.php?pikachu=Ly9wcm9jLzQxMTMzODIvdGFzaw HTTP/1.1" 200 3629 "https://jarangomd.com/mac.php?pikachu=Ly9wcm9jLzQxMTMzODI" "Mozilla/5.0 AppleWebKit/537.36 (KHTML, like Gecko; compatible; GPTBot/1.4; +https://openai.com/gptbot)"
74.7.242.58 - - [02/Jul/2026:19:11:56 -0400] "GET /mac.php?pikachu=Ly9saWIvdHVuZWQvcmVjb21tZW5kLmQ HTTP/1.1" 200 3692 "https://jarangomd.com/mac.php?pikachu=Ly9saWIvdHVuZWQ" "Mozilla/5.0 AppleWebKit/537.36 (KHTML, like Gecko; compatible; GPTBot/1.4; +https://openai.com/gptbot)"
74.7.242.58 - - [02/Jul/2026:19:11:57 -0400] "GET /mac.php?pikachu=Ly9wcm9jLzQxMTMzODIvZmRpbmZv HTTP/1.1" 200 3788 "https://jarangomd.com/mac.php?pikachu=Ly9wcm9jLzQxMTMzODI" "Mozilla/5.0 AppleWebKit/537.36 (KHTML, like Gecko; compatible; GPTBot/1.4; +https://openai.com/gptbot)"
74.7.242.58 - - [02/Jul/2026:19:11:57 -0400] "GET /mac.php?pikachu=Ly9wcm9jLzQxMTMzODIvbWFwX2ZpbGVz HTTP/1.1" 200 21852 "https://jarangomd.com/mac.php?pikachu=Ly9wcm9jLzQxMTMzODI" "Mozilla/5.0 AppleWebKit/537.36 (KHTML, like Gecko; compatible; GPTBot/1.4; +https://openai.com/gptbot)"
74.7.242.58 - - [02/Jul/2026:19:11:58 -0400] "GET /mac.php?pikachu=Ly9wcm9jLzQxMTMzODIvY3dk HTTP/1.1" 200 4192 "https://jarangomd.com/mac.php?pikachu=Ly9wcm9jLzQxMTMzODI" "Mozilla/5.0 AppleWebKit/537.36 (KHTML, like Gecko; compatible; GPTBot/1.4; +https://openai.com/gptbot)"
195.229.76.26 - - [02/Jul/2026:19:11:59 -0400] "POST /xmlrpc.php HTTP/1.1" 200 403 "-" "Jetpack by WordPress.com"
74.7.242.58 - - [02/Jul/2026:19:12:00 -0400] "GET /mac.php?pikachu=Ly9wcm9jLzQxMTMzODIvZmQ HTTP/1.1" 200 3829 "https://jarangomd.com/mac.php?pikachu=Ly9wcm9jLzQxMTMzODI" "Mozilla/5.0 AppleWebKit/537.36 (KHTML, like Gecko; compatible; GPTBot/1.4; +https://openai.com/gptbot)"
74.7.242.58 - - [02/Jul/2026:19:12:01 -0400] "GET /mac.php?pikachu=Ly9wcm9jLzQxMTMzODIvbnM HTTP/1.1" 200 3974 "https://jarangomd.com/mac.php?pikachu=Ly9wcm9jLzQxMTMzODI" "Mozilla/5.0 AppleWebKit/537.36 (KHTML, like Gecko; compatible; GPTBot/1.4; +https://openai.com/gptbot)"
74.7.242.58 - - [02/Jul/2026:19:12:02 -0400] "GET /mac.php?pikachu=Ly9wcm9jLzQxMTMzODIvcm9vdA HTTP/1.1" 200 4247 "https://jarangomd.com/mac.php?pikachu=Ly9wcm9jLzQxMTMzODI" "Mozilla/5.0 AppleWebKit/537.36 (KHTML, like Gecko; compatible; GPTBot/1.4; +https://openai.com/gptbot)"
74.7.242.58 - - [02/Jul/2026:19:12:03 -0400] "GET /mac.php?pikachu=Ly92YXIvc29mdGFjdWxvdXMvZnJvbnQ HTTP/1.1" 200 4782 "https://jarangomd.com/mac.php?pikachu=Ly92YXIvc29mdGFjdWxvdXM" "Mozilla/5.0 AppleWebKit/537.36 (KHTML, like Gecko; compatible; GPTBot/1.4; +https://openai.com/gptbot)"
74.7.242.58 - - [02/Jul/2026:19:12:03 -0400] "GET /mac.php?pikachu=Ly9vcHQvYWx0L2xpYnJhcW0vbGliNjQ HTTP/1.1" 200 3734 "https://jarangomd.com/mac.php?pikachu=Ly9vcHQvYWx0L2xpYnJhcW0" "Mozilla/5.0 AppleWebKit/537.36 (KHTML, like Gecko; compatible; GPTBot/1.4; +https://openai.com/gptbot)"
74.7.242.58 - - [02/Jul/2026:19:12:06 -0400] "GET /mac.php?pikachu=Ly9wcm9jLzQxMTMzODIvbmV0L3JwYw HTTP/1.1" 200 3551 "https://jarangomd.com/mac.php?pikachu=Ly9wcm9jLzQxMTMzODIvbmV0" "Mozilla/5.0 AppleWebKit/537.36 (KHTML, like Gecko; compatible; GPTBot/1.4; +https://openai.com/gptbot)"
74.7.242.58 - - [02/Jul/2026:19:12:06 -0400] "GET /mac.php?pikachu=Ly9wcm9jLzIzODc2OC9tYXBfZmlsZXM HTTP/1.1" 200 21946 "https://jarangomd.com/mac.php?pikachu=Ly9wcm9jLzIzODc2OA" "Mozilla/5.0 AppleWebKit/537.36 (KHTML, like Gecko; compatible; GPTBot/1.4; +https://openai.com/gptbot)"
74.7.242.58 - - [02/Jul/2026:19:12:08 -0400] "GET /mac.php?pikachu=Ly9wcm9jLzQxMTMzODIvcm9vdC9saWI HTTP/1.1" 200 5380 "https://jarangomd.com/mac.php?pikachu=Ly9wcm9jLzQxMTMzODIvcm9vdA" "Mozilla/5.0 AppleWebKit/537.36 (KHTML, like Gecko; compatible; GPTBot/1.4; +https://openai.com/gptbot)"
74.7.242.58 - - [02/Jul/2026:19:12:10 -0400] "GET /mac.php?pikachu=Ly9wcm9jLzQxMTMzODIvcm9vdC92YXI HTTP/1.1" 200 4144 "https://jarangomd.com/mac.php?pikachu=Ly9wcm9jLzQxMTMzODIvcm9vdA" "Mozilla/5.0 AppleWebKit/537.36 (KHTML, like Gecko; compatible; GPTBot/1.4; +https://openai.com/gptbot)"
74.7.242.58 - - [02/Jul/2026:19:12:10 -0400] "GET /mac.php?pikachu=Ly9wcm9jLzQxMTMzODIvcm9vdC90bXA HTTP/1.1" 200 4491 "https://jarangomd.com/mac.php?pikachu=Ly9wcm9jLzQxMTMzODIvcm9vdA" "Mozilla/5.0 AppleWebKit/537.36 (KHTML, like Gecko; compatible; GPTBot/1.4; +https://openai.com/gptbot)"
74.7.242.58 - - [02/Jul/2026:19:11:59 -0400] "GET /wp-includes/js/dist/script-modules/block-library/form/view.min.js HTTP/1.1" 200 421 "https://jarangomd.com/wp-includes/js/dist/script-modules/block-library/form/" "Mozilla/5.0 AppleWebKit/537.36 (KHTML, like Gecko; compatible; GPTBot/1.4; +https://openai.com/gptbot)"
74.7.242.58 - - [02/Jul/2026:19:11:59 -0400] "GET /mac.php?pikachu=Ly9wcm9jLzQxMTMzODIvbmV0 HTTP/1.1" 200 5514 "https://jarangomd.com/mac.php?pikachu=Ly9wcm9jLzQxMTMzODI" "Mozilla/5.0 AppleWebKit/537.36 (KHTML, like Gecko; compatible; GPTBot/1.4; +https://openai.com/gptbot)"
74.7.242.58 - - [02/Jul/2026:19:12:01 -0400] "GET /mac.php?pikachu=Ly9wcm9jLzQxMTMzODIvYXR0cg HTTP/1.1" 200 3887 "https://jarangomd.com/mac.php?pikachu=Ly9wcm9jLzQxMTMzODI" "Mozilla/5.0 AppleWebKit/537.36 (KHTML, like Gecko; compatible; GPTBot/1.4; +https://openai.com/gptbot)"
74.7.242.58 - - [02/Jul/2026:19:12:02 -0400] "GET /mac.php?pikachu=Ly92YXIvc29mdGFjdWxvdXMvZWxnZzM HTTP/1.1" 200 4789 "https://jarangomd.com/mac.php?pikachu=Ly92YXIvc29mdGFjdWxvdXM" "Mozilla/5.0 AppleWebKit/537.36 (KHTML, like Gecko; compatible; GPTBot/1.4; +https://openai.com/gptbot)"
74.7.242.58 - - [02/Jul/2026:19:12:04 -0400] "GET /mac.php?pikachu=Ly9vcHQvYWx0L2xpYmdlb3MvbGliNjQ HTTP/1.1" 200 3797 "https://jarangomd.com/mac.php?pikachu=Ly9vcHQvYWx0L2xpYmdlb3M" "Mozilla/5.0 AppleWebKit/537.36 (KHTML, like Gecko; compatible; GPTBot/1.4; +https://openai.com/gptbot)"
74.7.242.58 - - [02/Jul/2026:19:12:04 -0400] "GET /mac.php?pikachu=Ly92YXIvc29mdGFjdWxvdXMvaHRtbHk HTTP/1.1" 200 4657 "https://jarangomd.com/mac.php?pikachu=Ly92YXIvc29mdGFjdWxvdXM" "Mozilla/5.0 AppleWebKit/537.36 (KHTML, like Gecko; compatible; GPTBot/1.4; +https://openai.com/gptbot)"
74.7.242.58 - - [02/Jul/2026:19:12:05 -0400] "GET /mac.php?pikachu=Ly92YXIvc29mdGFjdWxvdXMvYWdvcmE HTTP/1.1" 200 4686 "https://jarangomd.com/mac.php?pikachu=Ly92YXIvc29mdGFjdWxvdXM" "Mozilla/5.0 AppleWebKit/537.36 (KHTML, like Gecko; compatible; GPTBot/1.4; +https://openai.com/gptbot)"
74.7.242.58 - - [02/Jul/2026:19:12:05 -0400] "GET /mac.php?pikachu=Ly9wcm9jLzQxMTMzODIvbmV0L3N0YXQ HTTP/1.1" 200 3557 "https://jarangomd.com/mac.php?pikachu=Ly9wcm9jLzQxMTMzODIvbmV0" "Mozilla/5.0 AppleWebKit/537.36 (KHTML, like Gecko; compatible; GPTBot/1.4; +https://openai.com/gptbot)"
74.7.242.58 - - [02/Jul/2026:19:12:07 -0400] "GET /mac.php?pikachu=Ly92YXIvc29mdGFjdWxvdXMvbGlicmU HTTP/1.1" 200 4346 "https://jarangomd.com/mac.php?pikachu=Ly92YXIvc29mdGFjdWxvdXM" "Mozilla/5.0 AppleWebKit/537.36 (KHTML, like Gecko; compatible; GPTBot/1.4; +https://openai.com/gptbot)"
74.7.242.58 - - [02/Jul/2026:19:12:08 -0400] "GET /mac.php?pikachu=Ly9wcm9jLzQxMTMzODIvcm9vdC9ldGM HTTP/1.1" 200 7037 "https://jarangomd.com/mac.php?pikachu=Ly9wcm9jLzQxMTMzODIvcm9vdA" "Mozilla/5.0 AppleWebKit/537.36 (KHTML, like Gecko; compatible; GPTBot/1.4; +https://openai.com/gptbot)"
74.7.242.58 - - [02/Jul/2026:19:12:09 -0400] "GET /mac.php?pikachu=Ly9wcm9jLzQxMTMzODIvcm9vdC9vcHQ HTTP/1.1" 200 4475 "https://jarangomd.com/mac.php?pikachu=Ly9wcm9jLzQxMTMzODIvcm9vdA" "Mozilla/5.0 AppleWebKit/537.36 (KHTML, like Gecko; compatible; GPTBot/1.4; +https://openai.com/gptbot)"
74.7.242.58 - - [02/Jul/2026:19:12:09 -0400] "GET /mac.php?pikachu=Ly9wcm9jLzQxMTMzODIvcm9vdC9kZXY HTTP/1.1" 200 4181 "https://jarangomd.com/mac.php?pikachu=Ly9wcm9jLzQxMTMzODIvcm9vdA" "Mozilla/5.0 AppleWebKit/537.36 (KHTML, like Gecko; compatible; GPTBot/1.4; +https://openai.com/gptbot)"
195.229.76.26 - - [02/Jul/2026:19:12:10 -0400] "POST /xmlrpc.php HTTP/1.1" 200 403 "-" "Jetpack by WordPress.com"
74.7.242.58 - - [02/Jul/2026:19:12:15 -0400] "GET /mac.php?pikachu=Ly92YXIvc29mdGFjdWxvdXMvbXlmYXE HTTP/1.1" 200 4539 "https://jarangomd.com/mac.php?pikachu=Ly92YXIvc29mdGFjdWxvdXM" "Mozilla/5.0 AppleWebKit/537.36 (KHTML, like Gecko; compatible; GPTBot/1.4; +https://openai.com/gptbot)"
74.7.242.58 - - [02/Jul/2026:19:12:11 -0400] "GET /mac.php?pikachu=Ly9wcm9jLzQxMTMzODIvcm9vdC9ydW4 HTTP/1.1" 200 4265 "https://jarangomd.com/mac.php?pikachu=Ly9wcm9jLzQxMTMzODIvcm9vdA" "Mozilla/5.0 AppleWebKit/537.36 (KHTML, like Gecko; compatible; GPTBot/1.4; +https://openai.com/gptbot)"
74.7.242.58 - - [02/Jul/2026:19:12:11 -0400] "GET /mac.php?pikachu=Ly9wcm9jLzQxMTMzODIvcm9vdC9iaW4 HTTP/1.1" 200 22943 "https://jarangomd.com/mac.php?pikachu=Ly9wcm9jLzQxMTMzODIvcm9vdA" "Mozilla/5.0 AppleWebKit/537.36 (KHTML, like Gecko; compatible; GPTBot/1.4; +https://openai.com/gptbot)"
74.7.242.58 - - [02/Jul/2026:19:12:12 -0400] "GET /mac.php?pikachu=Ly9wcm9jLzQxMTMzODIvcm9vdC9ob21lNA HTTP/1.1" 200 3569 "https://jarangomd.com/mac.php?pikachu=Ly9wcm9jLzQxMTMzODIvcm9vdA" "Mozilla/5.0 AppleWebKit/537.36 (KHTML, like Gecko; compatible; GPTBot/1.4; +https://openai.com/gptbot)"
74.7.242.58 - - [02/Jul/2026:19:12:12 -0400] "GET /mac.php?pikachu=Ly9wcm9jLzQxMTMzODIvcm9vdC9ob21lNg HTTP/1.1" 200 3569 "https://jarangomd.com/mac.php?pikachu=Ly9wcm9jLzQxMTMzODIvcm9vdA" "Mozilla/5.0 AppleWebKit/537.36 (KHTML, like Gecko; compatible; GPTBot/1.4; +https://openai.com/gptbot)"
74.7.242.58 - - [02/Jul/2026:19:12:13 -0400] "GET /mac.php?pikachu=Ly9wcm9jLzQxMTMzODIvcm9vdC91c3I HTTP/1.1" 200 4143 "https://jarangomd.com/mac.php?pikachu=Ly9wcm9jLzQxMTMzODIvcm9vdA" "Mozilla/5.0 AppleWebKit/537.36 (KHTML, like Gecko; compatible; GPTBot/1.4; +https://openai.com/gptbot)"
74.7.242.58 - - [02/Jul/2026:19:12:13 -0400] "GET /mac.php?pikachu=Ly9wcm9jLzQxMTMzODIvcm9vdC9zYmlu HTTP/1.1" 200 6003 "https://jarangomd.com/mac.php?pikachu=Ly9wcm9jLzQxMTMzODIvcm9vdA" "Mozilla/5.0 AppleWebKit/537.36 (KHTML, like Gecko; compatible; GPTBot/1.4; +https://openai.com/gptbot)"
74.7.242.58 - - [02/Jul/2026:19:12:14 -0400] "GET /mac.php?pikachu=Ly9wcm9jLzQxMTMzODIvcm9vdC9ob21lMg HTTP/1.1" 200 3569 "https://jarangomd.com/mac.php?pikachu=Ly9wcm9jLzQxMTMzODIvcm9vdA" "Mozilla/5.0 AppleWebKit/537.36 (KHTML, like Gecko; compatible; GPTBot/1.4; +https://openai.com/gptbot)"
74.7.242.58 - - [02/Jul/2026:19:12:14 -0400] "GET /mac.php?pikachu=Ly9wcm9jLzQxMTMzODIvcm9vdC9vcHQvaGNfcGhw HTTP/1.1" 200 3687 "https://jarangomd.com/mac.php?pikachu=Ly9wcm9jLzQxMTMzODIvcm9vdC9vcHQ" "Mozilla/5.0 AppleWebKit/537.36 (KHTML, like Gecko; compatible; GPTBot/1.4; +https://openai.com/gptbot)"
74.7.242.58 - - [02/Jul/2026:19:12:15 -0400] "GET /mac.php?pikachu=Ly92YXIvc29mdGFjdWxvdXMvZWxnZzI HTTP/1.1" 200 4600 "https://jarangomd.com/mac.php?pikachu=Ly92YXIvc29mdGFjdWxvdXM" "Mozilla/5.0 AppleWebKit/537.36 (KHTML, like Gecko; compatible; GPTBot/1.4; +https://openai.com/gptbot)"
74.7.242.58 - - [02/Jul/2026:19:12:17 -0400] "GET /mac.php?pikachu=Ly9wcm9jLzIyNjY0MS9tYXBfZmlsZXM HTTP/1.1" 200 5299 "https://jarangomd.com/mac.php?pikachu=Ly9wcm9jLzIyNjY0MQ" "Mozilla/5.0 AppleWebKit/537.36 (KHTML, like Gecko; compatible; GPTBot/1.4; +https://openai.com/gptbot)"
216.73.217.71 - - [02/Jul/2026:19:12:18 -0400] "GET /wp-includes/css/customize-preview.css HTTP/1.1" 200 959 "-" "Mozilla/5.0 AppleWebKit/537.36 (KHTML, like Gecko; compatible; ClaudeBot/1.0; +claudebot@anthropic.com)"
74.7.242.58 - - [02/Jul/2026:19:12:19 -0400] "GET /mac.php?pikachu=Ly9wcm9jLzQxMTMzODIvcm9vdC91c3IvYmlu HTTP/1.1" 200 23124 "https://jarangomd.com/mac.php?pikachu=Ly9wcm9jLzQxMTMzODIvcm9vdC91c3I" "Mozilla/5.0 AppleWebKit/537.36 (KHTML, like Gecko; compatible; GPTBot/1.4; +https://openai.com/gptbot)"
74.7.242.58 - - [02/Jul/2026:19:12:20 -0400] "GET /mac.php?pikachu=Ly9wcm9jLzIzODc2OC9uZXQvbmZzZnM HTTP/1.1" 200 3551 "https://jarangomd.com/mac.php?pikachu=Ly9wcm9jLzIzODc2OC9uZXQ" "Mozilla/5.0 AppleWebKit/537.36 (KHTML, like Gecko; compatible; GPTBot/1.4; +https://openai.com/gptbot)"
195.229.76.26 - - [02/Jul/2026:19:12:20 -0400] "POST /xmlrpc.php HTTP/1.1" 200 403 "-" "Jetpack by WordPress.com (Jetpack 12.0; WordPress 6.1)"
195.229.76.26 - - [02/Jul/2026:19:12:41 -0400] "POST /xmlrpc.php HTTP/1.1" 200 403 "-" "WordPress.com; https://wordpress.com"
195.229.76.26 - - [02/Jul/2026:19:12:51 -0400] "POST /xmlrpc.php HTTP/1.1" 200 403 "-" "Jetpack by WordPress.com"
216.73.217.71 - - [02/Jul/2026:19:12:58 -0400] "GET /wp-includes/html-api/class-wp-html-attribute-token.php HTTP/1.1" 200 0 "-" "Mozilla/5.0 AppleWebKit/537.36 (KHTML, like Gecko; compatible; ClaudeBot/1.0; +claudebot@anthropic.com)"
74.7.242.58 - - [02/Jul/2026:19:13:12 -0400] "GET /mac.php?pikachu=Ly9saWIvTmV0d29ya01hbmFnZXI HTTP/1.1" 200 3804 "https://jarangomd.com/mac.php?pikachu=Ly9saWI" "Mozilla/5.0 AppleWebKit/537.36 (KHTML, like Gecko; compatible; GPTBot/1.4; +https://openai.com/gptbot)"
216.73.217.71 - - [02/Jul/2026:19:13:13 -0400] "GET /wp-includes/css/wp-pointer-rtl.min.css HTTP/1.1" 200 813 "-" "Mozilla/5.0 AppleWebKit/537.36 (KHTML, like Gecko; compatible; ClaudeBot/1.0; +claudebot@anthropic.com)"
216.73.217.71 - - [02/Jul/2026:19:13:13 -0400] "GET /wp-includes/css/dist/ HTTP/1.1" 200 1181 "-" "Mozilla/5.0 AppleWebKit/537.36 (KHTML, like Gecko; compatible; ClaudeBot/1.0; +claudebot@anthropic.com)"
74.7.242.58 - - [02/Jul/2026:19:13:18 -0400] "GET /mac.php?pikachu=Ly91c3IvaW5jbHVkZS9mc3RybQ HTTP/1.1" 200 4041 "https://jarangomd.com/mac.php?pikachu=Ly91c3IvaW5jbHVkZQ" "Mozilla/5.0 AppleWebKit/537.36 (KHTML, like Gecko; compatible; GPTBot/1.4; +https://openai.com/gptbot)"
216.73.217.71 - - [02/Jul/2026:19:13:23 -0400] "GET /wp-includes/css/admin-bar.min.css HTTP/1.1" 200 3663 "-" "Mozilla/5.0 AppleWebKit/537.36 (KHTML, like Gecko; compatible; ClaudeBot/1.0; +claudebot@anthropic.com)"
216.73.217.71 - - [02/Jul/2026:19:13:23 -0400] "GET /wp-includes/html-api/class-wp-html-active-formatting-elements.php HTTP/1.1" 200 0 "-" "Mozilla/5.0 AppleWebKit/537.36 (KHTML, like Gecko; compatible; ClaudeBot/1.0; +claudebot@anthropic.com)"
74.7.242.58 - - [02/Jul/2026:19:13:29 -0400] "GET /mac.php?pikachu=Ly91c3Ivc2hhcmUvdGNsOC84LjQ HTTP/1.1" 200 3778 "https://jarangomd.com/mac.php?pikachu=Ly91c3Ivc2hhcmUvdGNsOA" "Mozilla/5.0 AppleWebKit/537.36 (KHTML, like Gecko; compatible; GPTBot/1.4; +https://openai.com/gptbot)"
195.229.76.26 - - [02/Jul/2026:19:13:33 -0400] "POST /xmlrpc.php HTTP/1.1" 200 403 "-" "Jetpack/13.0; WordPress/6.1; http://site27520609.com"
74.7.242.58 - - [02/Jul/2026:19:13:39 -0400] "GET /mac.php?pikachu=Ly9wcm9jLzI3MzA4MS9mZGluZm8 HTTP/1.1" 200 5325 "https://jarangomd.com/mac.php?pikachu=Ly9wcm9jLzI3MzA4MQ" "Mozilla/5.0 AppleWebKit/537.36 (KHTML, like Gecko; compatible; GPTBot/1.4; +https://openai.com/gptbot)"
74.7.242.58 - - [02/Jul/2026:19:13:43 -0400] "GET /mac.php?pikachu=Ly9vcHQvYWx0L3J1YnkxOS9iaW4 HTTP/1.1" 200 3979 "https://jarangomd.com/mac.php?pikachu=Ly9vcHQvYWx0L3J1YnkxOQ" "Mozilla/5.0 AppleWebKit/537.36 (KHTML, like Gecko; compatible; GPTBot/1.4; +https://openai.com/gptbot)"
74.7.242.58 - - [02/Jul/2026:19:13:50 -0400] "GET /mac.php?pikachu=Ly9wcm9jL3N5cy9uZXQvaXB2NC9jb25m HTTP/1.1" 200 3829 "https://jarangomd.com/mac.php?pikachu=Ly9wcm9jL3N5cy9uZXQvaXB2NA" "Mozilla/5.0 AppleWebKit/537.36 (KHTML, like Gecko; compatible; GPTBot/1.4; +https://openai.com/gptbot)"
74.7.242.58 - - [02/Jul/2026:19:13:53 -0400] "GET /mac.php?pikachu=Ly9wcm9jL2ZzL2V4dDQvc2RhNQ HTTP/1.1" 200 3776 "https://jarangomd.com/mac.php?pikachu=Ly9wcm9jL2ZzL2V4dDQ" "Mozilla/5.0 AppleWebKit/537.36 (KHTML, like Gecko; compatible; GPTBot/1.4; +https://openai.com/gptbot)"
74.7.242.58 - - [02/Jul/2026:19:13:58 -0400] "GET /mac.php?pikachu=Ly9vcHQvYWx0L3BocDU0L2V0Yw HTTP/1.1" 200 4533 "https://jarangomd.com/mac.php?pikachu=Ly9vcHQvYWx0L3BocDU0" "Mozilla/5.0 AppleWebKit/537.36 (KHTML, like Gecko; compatible; GPTBot/1.4; +https://openai.com/gptbot)"
216.73.217.71 - - [02/Jul/2026:19:14:00 -0400] "GET /wp-includes/css/wp-empty-template-alert.css HTTP/1.1" 200 192 "-" "Mozilla/5.0 AppleWebKit/537.36 (KHTML, like Gecko; compatible; ClaudeBot/1.0; +claudebot@anthropic.com)"
74.7.242.58 - - [02/Jul/2026:19:12:36 -0400] "GET /mac.php?pikachu=Ly9saWI2NC9xdDUvaW1wb3J0cw HTTP/1.1" 200 3538 "https://jarangomd.com/mac.php?pikachu=Ly9saWI2NC9xdDU" "Mozilla/5.0 AppleWebKit/537.36 (KHTML, like Gecko; compatible; GPTBot/1.4; +https://openai.com/gptbot)"
74.7.242.58 - - [02/Jul/2026:19:12:47 -0400] "GET /mac.php?pikachu=Ly9wcm9jL3N5cy9uZXQvaXB2NA HTTP/1.1" 200 8531 "https://jarangomd.com/mac.php?pikachu=Ly9wcm9jL3N5cy9uZXQ" "Mozilla/5.0 AppleWebKit/537.36 (KHTML, like Gecko; compatible; GPTBot/1.4; +https://openai.com/gptbot)"
74.7.242.58 - - [02/Jul/2026:19:12:56 -0400] "GET /mac.php?pikachu=Ly91c3IvaW5jbHVkZS92aWRlbw HTTP/1.1" 200 3811 "https://jarangomd.com/mac.php?pikachu=Ly91c3IvaW5jbHVkZQ" "Mozilla/5.0 AppleWebKit/537.36 (KHTML, like Gecko; compatible; GPTBot/1.4; +https://openai.com/gptbot)"
216.73.217.71 - - [02/Jul/2026:19:12:58 -0400] "GET /wp-includes/css/editor-rtl.css HTTP/1.1" 200 6504 "-" "Mozilla/5.0 AppleWebKit/537.36 (KHTML, like Gecko; compatible; ClaudeBot/1.0; +claudebot@anthropic.com)"
195.229.76.26 - - [02/Jul/2026:19:13:02 -0400] "POST /xmlrpc.php HTTP/1.1" 200 403 "-" "Jetpack by WordPress.com (Jetpack 12.5; WordPress 6.4)"
74.7.242.58 - - [02/Jul/2026:19:13:04 -0400] "GET /mac.php?pikachu=Ly9vcHQvYWx0L3J1YnkzNC9iaW4 HTTP/1.1" 200 4088 "https://jarangomd.com/mac.php?pikachu=Ly9vcHQvYWx0L3J1YnkzNA" "Mozilla/5.0 AppleWebKit/537.36 (KHTML, like Gecko; compatible; GPTBot/1.4; +https://openai.com/gptbot)"
195.229.76.26 - - [02/Jul/2026:19:13:12 -0400] "POST /xmlrpc.php HTTP/1.1" 200 403 "-" "Jetpack/13.0; WordPress/6.1; http://site64528333.com"
195.229.76.26 - - [02/Jul/2026:19:13:23 -0400] "POST /xmlrpc.php HTTP/1.1" 200 403 "-" "Jetpack/12.0; WordPress/6.4; http://site78524857.com"
74.7.242.58 - - [02/Jul/2026:19:13:24 -0400] "GET /mac.php?pikachu=Ly91c3IvaW5jbHVkZS9nc3NhcGk HTTP/1.1" 200 3898 "https://jarangomd.com/mac.php?pikachu=Ly91c3IvaW5jbHVkZQ" "Mozilla/5.0 AppleWebKit/537.36 (KHTML, like Gecko; compatible; GPTBot/1.4; +https://openai.com/gptbot)"
74.7.242.58 - - [02/Jul/2026:19:13:35 -0400] "GET /mac.php?pikachu=Ly9wcm9jL3NlbGYvY3dkL29sZA HTTP/1.1" 200 4919 "https://jarangomd.com/mac.php?pikachu=Ly9wcm9jL3NlbGYvY3dk" "Mozilla/5.0 AppleWebKit/537.36 (KHTML, like Gecko; compatible; GPTBot/1.4; +https://openai.com/gptbot)"
216.73.217.71 - - [02/Jul/2026:19:13:43 -0400] "GET /wp-includes/html-api/class-wp-html-text-replacement.php HTTP/1.1" 200 0 "-" "Mozilla/5.0 AppleWebKit/537.36 (KHTML, like Gecko; compatible; ClaudeBot/1.0; +claudebot@anthropic.com)"
216.73.217.71 - - [02/Jul/2026:19:13:43 -0400] "GET /wp-includes/css/admin-bar-rtl.css HTTP/1.1" 200 4642 "-" "Mozilla/5.0 AppleWebKit/537.36 (KHTML, like Gecko; compatible; ClaudeBot/1.0; +claudebot@anthropic.com)"
195.229.76.26 - - [02/Jul/2026:19:13:44 -0400] "POST /xmlrpc.php HTTP/1.1" 200 403 "-" "Jetpack by WordPress.com (Jetpack 12.1; WordPress 6.2)"
74.7.242.58 - - [02/Jul/2026:19:13:46 -0400] "GET /mac.php?pikachu=Ly9wcm9jL2ZzL2V4dDQvc2RhNw HTTP/1.1" 200 3776 "https://jarangomd.com/mac.php?pikachu=Ly9wcm9jL2ZzL2V4dDQ" "Mozilla/5.0 AppleWebKit/537.36 (KHTML, like Gecko; compatible; GPTBot/1.4; +https://openai.com/gptbot)"
195.229.76.26 - - [02/Jul/2026:19:13:54 -0400] "POST /xmlrpc.php HTTP/1.1" 200 403 "-" "WordPress.com; https://wordpress.com"
74.7.242.58 - - [02/Jul/2026:19:13:55 -0400] "GET /mac.php?pikachu=Ly9vcHQvYWx0L3J1YnkyMy9iaW4 HTTP/1.1" 200 3987 "https://jarangomd.com/mac.php?pikachu=Ly9vcHQvYWx0L3J1YnkyMw" "Mozilla/5.0 AppleWebKit/537.36 (KHTML, like Gecko; compatible; GPTBot/1.4; +https://openai.com/gptbot)"
74.7.242.58 - - [02/Jul/2026:19:14:00 -0400] "GET /mac.php?pikachu=Ly9vcHQvYWx0L3BocDU1L2V0Yw HTTP/1.1" 200 4498 "https://jarangomd.com/mac.php?pikachu=Ly9vcHQvYWx0L3BocDU1" "Mozilla/5.0 AppleWebKit/537.36 (KHTML, like Gecko; compatible; GPTBot/1.4; +https://openai.com/gptbot)"
74.7.242.58 - - [02/Jul/2026:19:14:02 -0400] "GET /mac.php?pikachu=Ly9vcHQvYWx0L3J1YnkyNy9iaW4 HTTP/1.1" 200 4048 "https://jarangomd.com/mac.php?pikachu=Ly9vcHQvYWx0L3J1YnkyNw" "Mozilla/5.0 AppleWebKit/537.36 (KHTML, like Gecko; compatible; GPTBot/1.4; +https://openai.com/gptbot)"
74.7.242.58 - - [02/Jul/2026:19:14:05 -0400] "GET /mac.php?pikachu=Ly9vcHQvYWx0L3J1YnkyNS9iaW4 HTTP/1.1" 200 3945 "https://jarangomd.com/mac.php?pikachu=Ly9vcHQvYWx0L3J1YnkyNQ" "Mozilla/5.0 AppleWebKit/537.36 (KHTML, like Gecko; compatible; GPTBot/1.4; +https://openai.com/gptbot)"
74.7.242.58 - - [02/Jul/2026:19:14:06 -0400] "GET /mac.php?pikachu=Ly9saWI2NC9zc3NkL21vZHVsZXM HTTP/1.1" 200 3825 "https://jarangomd.com/mac.php?pikachu=Ly9saWI2NC9zc3Nk" "Mozilla/5.0 AppleWebKit/537.36 (KHTML, like Gecko; compatible; GPTBot/1.4; +https://openai.com/gptbot)"
74.7.242.58 - - [02/Jul/2026:19:14:09 -0400] "GET /mac.php?pikachu=Ly9wcm9jL2lycS8xMi9pODA0Mg HTTP/1.1" 200 3540 "https://jarangomd.com/mac.php?pikachu=Ly9wcm9jL2lycS8xMg" "Mozilla/5.0 AppleWebKit/537.36 (KHTML, like Gecko; compatible; GPTBot/1.4; +https://openai.com/gptbot)"
74.7.242.58 - - [02/Jul/2026:19:14:11 -0400] "GET /mac.php?pikachu=Ly9vcHQvYWx0L3BocDc0L2V0Yw HTTP/1.1" 200 4627 "https://jarangomd.com/mac.php?pikachu=Ly9vcHQvYWx0L3BocDc0" "Mozilla/5.0 AppleWebKit/537.36 (KHTML, like Gecko; compatible; GPTBot/1.4; +https://openai.com/gptbot)"
74.7.242.58 - - [02/Jul/2026:19:14:11 -0400] "GET /mac.php?pikachu=Ly9vcHQvYWx0L3J1Ynk0MC9saWI HTTP/1.1" 200 3628 "https://jarangomd.com/mac.php?pikachu=Ly9vcHQvYWx0L3J1Ynk0MA" "Mozilla/5.0 AppleWebKit/537.36 (KHTML, like Gecko; compatible; GPTBot/1.4; +https://openai.com/gptbot)"
74.7.242.58 - - [02/Jul/2026:19:14:12 -0400] "GET /mac.php?pikachu=Ly9wcm9jL2ZzL2V4dDQvc2RhMg HTTP/1.1" 200 3774 "https://jarangomd.com/mac.php?pikachu=Ly9wcm9jL2ZzL2V4dDQ" "Mozilla/5.0 AppleWebKit/537.36 (KHTML, like Gecko; compatible; GPTBot/1.4; +https://openai.com/gptbot)"
74.7.242.58 - - [02/Jul/2026:19:14:13 -0400] "GET /mac.php?pikachu=Ly91c3IvbG9jYWwvbHN3cy9saWI HTTP/1.1" 200 3539 "https://jarangomd.com/mac.php?pikachu=Ly91c3IvbG9jYWwvbHN3cw" "Mozilla/5.0 AppleWebKit/537.36 (KHTML, like Gecko; compatible; GPTBot/1.4; +https://openai.com/gptbot)"
74.7.242.58 - - [02/Jul/2026:19:14:14 -0400] "GET /mac.php?pikachu=Ly9saWI2NC9sdWEvNS4zL21pbWU HTTP/1.1" 200 3668 "https://jarangomd.com/mac.php?pikachu=Ly9saWI2NC9sdWEvNS4z" "Mozilla/5.0 AppleWebKit/537.36 (KHTML, like Gecko; compatible; GPTBot/1.4; +https://openai.com/gptbot)"
74.7.242.58 - - [02/Jul/2026:19:14:15 -0400] "GET /mac.php?pikachu=Ly9vcHQvYWx0L2xpYmljdS91c3I HTTP/1.1" 200 3759 "https://jarangomd.com/mac.php?pikachu=Ly9vcHQvYWx0L2xpYmljdQ" "Mozilla/5.0 AppleWebKit/537.36 (KHTML, like Gecko; compatible; GPTBot/1.4; +https://openai.com/gptbot)"
74.7.242.58 - - [02/Jul/2026:19:14:16 -0400] "GET /mac.php?pikachu=Ly91c3IvbGliL3N5c3VzZXJzLmQ HTTP/1.1" 200 3899 "https://jarangomd.com/mac.php?pikachu=Ly91c3IvbGli" "Mozilla/5.0 AppleWebKit/537.36 (KHTML, like Gecko; compatible; GPTBot/1.4; +https://openai.com/gptbot)"
74.7.242.58 - - [02/Jul/2026:19:14:16 -0400] "GET /mac.php?pikachu=Ly9saWI2NC9ydWJ5L2RpZ2VzdA HTTP/1.1" 200 3843 "https://jarangomd.com/mac.php?pikachu=Ly9saWI2NC9ydWJ5" "Mozilla/5.0 AppleWebKit/537.36 (KHTML, like Gecko; compatible; GPTBot/1.4; +https://openai.com/gptbot)"
74.7.242.58 - - [02/Jul/2026:19:14:17 -0400] "GET /mac.php?pikachu=Ly91c3IvbGliL2RlYnVnLy5kd3o HTTP/1.1" 200 3530 "https://jarangomd.com/mac.php?pikachu=Ly91c3IvbGliL2RlYnVn" "Mozilla/5.0 AppleWebKit/537.36 (KHTML, like Gecko; compatible; GPTBot/1.4; +https://openai.com/gptbot)"
74.7.242.58 - - [02/Jul/2026:19:14:17 -0400] "GET /mac.php?pikachu=Ly91c3IvbGliL2RlYnVnL3NiaW4 HTTP/1.1" 200 3533 "https://jarangomd.com/mac.php?pikachu=Ly91c3IvbGliL2RlYnVn" "Mozilla/5.0 AppleWebKit/537.36 (KHTML, like Gecko; compatible; GPTBot/1.4; +https://openai.com/gptbot)"
216.73.217.71 - - [02/Jul/2026:19:14:00 -0400] "GET /wp-includes/css/media-views.css HTTP/1.1" 200 10085 "-" "Mozilla/5.0 AppleWebKit/537.36 (KHTML, like Gecko; compatible; ClaudeBot/1.0; +claudebot@anthropic.com)"
74.7.242.58 - - [02/Jul/2026:19:14:03 -0400] "GET /mac.php?pikachu=Ly91c3IvbGliL21vZHByb2JlLmQ HTTP/1.1" 200 3819 "https://jarangomd.com/mac.php?pikachu=Ly91c3IvbGli" "Mozilla/5.0 AppleWebKit/537.36 (KHTML, like Gecko; compatible; GPTBot/1.4; +https://openai.com/gptbot)"
195.229.76.26 - - [02/Jul/2026:19:14:05 -0400] "POST /xmlrpc.php HTTP/1.1" 200 403 "-" "Jetpack by WordPress.com (Jetpack 13.0; WordPress 6.2)"
74.7.242.58 - - [02/Jul/2026:19:14:08 -0400] "GET /mac.php?pikachu=Ly9saWI2NC9ycG0tcGx1Z2lucw HTTP/1.1" 200 3732 "https://jarangomd.com/mac.php?pikachu=Ly9saWI2NA" "Mozilla/5.0 AppleWebKit/537.36 (KHTML, like Gecko; compatible; GPTBot/1.4; +https://openai.com/gptbot)"
74.7.242.58 - - [02/Jul/2026:19:14:10 -0400] "GET /mac.php?pikachu=Ly91c3IvbGliNjQvcGx5bW91dGg HTTP/1.1" 200 3833 "https://jarangomd.com/mac.php?pikachu=Ly91c3IvbGliNjQ" "Mozilla/5.0 AppleWebKit/537.36 (KHTML, like Gecko; compatible; GPTBot/1.4; +https://openai.com/gptbot)"
74.7.242.58 - - [02/Jul/2026:19:14:13 -0400] "GET /mac.php?pikachu=Ly91c3Ivc2hhcmUvdGNsOC84LjU HTTP/1.1" 200 3749 "https://jarangomd.com/mac.php?pikachu=Ly91c3Ivc2hhcmUvdGNsOA" "Mozilla/5.0 AppleWebKit/537.36 (KHTML, like Gecko; compatible; GPTBot/1.4; +https://openai.com/gptbot)"
74.7.242.58 - - [02/Jul/2026:19:14:15 -0400] "GET /mac.php?pikachu=Ly9vcHQvYWx0L3J1YnkzMS9iaW4 HTTP/1.1" 200 3984 "https://jarangomd.com/mac.php?pikachu=Ly9vcHQvYWx0L3J1YnkzMQ" "Mozilla/5.0 AppleWebKit/537.36 (KHTML, like Gecko; compatible; GPTBot/1.4; +https://openai.com/gptbot)"
195.229.76.26 - - [02/Jul/2026:19:14:15 -0400] "POST /xmlrpc.php HTTP/1.1" 200 403 "-" "Jetpack by WordPress.com"
74.7.242.58 - - [02/Jul/2026:19:14:18 -0400] "GET /mac.php?pikachu=Ly9saWI2NC9hc3BlbGwtMC42MA HTTP/1.1" 200 6114 "https://jarangomd.com/mac.php?pikachu=Ly9saWI2NA" "Mozilla/5.0 AppleWebKit/537.36 (KHTML, like Gecko; compatible; GPTBot/1.4; +https://openai.com/gptbot)"
74.7.242.58 - - [02/Jul/2026:19:14:18 -0400] "GET /mac.php?pikachu=Ly91c3Ivc2hhcmUvdGNsOC84LjY HTTP/1.1" 200 3691 "https://jarangomd.com/mac.php?pikachu=Ly91c3Ivc2hhcmUvdGNsOA" "Mozilla/5.0 AppleWebKit/537.36 (KHTML, like Gecko; compatible; GPTBot/1.4; +https://openai.com/gptbot)"
74.7.242.58 - - [02/Jul/2026:19:14:19 -0400] "GET /mac.php?pikachu=Ly9wcm9jL2ZzL2V4dDQvc2RhMw HTTP/1.1" 200 3774 "https://jarangomd.com/mac.php?pikachu=Ly9wcm9jL2ZzL2V4dDQ" "Mozilla/5.0 AppleWebKit/537.36 (KHTML, like Gecko; compatible; GPTBot/1.4; +https://openai.com/gptbot)"
74.7.242.58 - - [02/Jul/2026:19:14:20 -0400] "GET /mac.php?pikachu=Ly91c3IvaW5jbHVkZS9zb3VuZA HTTP/1.1" 200 4483 "https://jarangomd.com/mac.php?pikachu=Ly91c3IvaW5jbHVkZQ" "Mozilla/5.0 AppleWebKit/537.36 (KHTML, like Gecko; compatible; GPTBot/1.4; +https://openai.com/gptbot)"
74.7.242.58 - - [02/Jul/2026:19:14:22 -0400] "GET /mac.php?pikachu=Ly9vcHQvYWx0L3J1YnkyMS9iaW4 HTTP/1.1" 200 3975 "https://jarangomd.com/mac.php?pikachu=Ly9vcHQvYWx0L3J1YnkyMQ" "Mozilla/5.0 AppleWebKit/537.36 (KHTML, like Gecko; compatible; GPTBot/1.4; +https://openai.com/gptbot)"
74.7.242.58 - - [02/Jul/2026:19:14:22 -0400] "GET /mac.php?pikachu=Ly9vcHQvYWx0L3BocDg0L2V0Yw HTTP/1.1" 200 4534 "https://jarangomd.com/mac.php?pikachu=Ly9vcHQvYWx0L3BocDg0" "Mozilla/5.0 AppleWebKit/537.36 (KHTML, like Gecko; compatible; GPTBot/1.4; +https://openai.com/gptbot)"
74.7.242.58 - - [02/Jul/2026:19:14:23 -0400] "GET /mac.php?pikachu=Ly91c3IvaW5jbHVkZS9uZXRhc2g HTTP/1.1" 200 3668 "https://jarangomd.com/mac.php?pikachu=Ly91c3IvaW5jbHVkZQ" "Mozilla/5.0 AppleWebKit/537.36 (KHTML, like Gecko; compatible; GPTBot/1.4; +https://openai.com/gptbot)"
74.7.242.58 - - [02/Jul/2026:19:14:25 -0400] "GET /mac.php?pikachu=Ly9wcm9jL3N5cy9uZXQvaXB2Ni9pY21w HTTP/1.1" 200 3679 "https://jarangomd.com/mac.php?pikachu=Ly9wcm9jL3N5cy9uZXQvaXB2Ng" "Mozilla/5.0 AppleWebKit/537.36 (KHTML, like Gecko; compatible; GPTBot/1.4; +https://openai.com/gptbot)"
74.7.242.58 - - [02/Jul/2026:19:14:19 -0400] "GET /mac.php?pikachu=Ly9wcm9jL3N5cy9uZXQvaXB2Ng HTTP/1.1" 200 5060 "https://jarangomd.com/mac.php?pikachu=Ly9wcm9jL3N5cy9uZXQ" "Mozilla/5.0 AppleWebKit/537.36 (KHTML, like Gecko; compatible; GPTBot/1.4; +https://openai.com/gptbot)"
74.7.242.58 - - [02/Jul/2026:19:14:20 -0400] "GET /mac.php?pikachu=Ly9vcHQvYWx0L3J1YnkzMi9iaW4 HTTP/1.1" 200 4038 "https://jarangomd.com/mac.php?pikachu=Ly9vcHQvYWx0L3J1YnkzMg" "Mozilla/5.0 AppleWebKit/537.36 (KHTML, like Gecko; compatible; GPTBot/1.4; +https://openai.com/gptbot)"
74.7.242.58 - - [02/Jul/2026:19:14:21 -0400] "GET /mac.php?pikachu=Ly9vcHQvYWx0L3J1Ynk0MC9ldGM HTTP/1.1" 200 3682 "https://jarangomd.com/mac.php?pikachu=Ly9vcHQvYWx0L3J1Ynk0MA" "Mozilla/5.0 AppleWebKit/537.36 (KHTML, like Gecko; compatible; GPTBot/1.4; +https://openai.com/gptbot)"
74.7.242.58 - - [02/Jul/2026:19:14:21 -0400] "GET /mac.php?pikachu=Ly9vcHQvYWx0L3J1YnkxOC9iaW4 HTTP/1.1" 200 3957 "https://jarangomd.com/mac.php?pikachu=Ly9vcHQvYWx0L3J1YnkxOA" "Mozilla/5.0 AppleWebKit/537.36 (KHTML, like Gecko; compatible; GPTBot/1.4; +https://openai.com/gptbot)"
74.7.242.58 - - [02/Jul/2026:19:14:23 -0400] "GET /mac.php?pikachu=Ly9wcm9jL3N5cy9uZXQvdW5peA HTTP/1.1" 200 3715 "https://jarangomd.com/mac.php?pikachu=Ly9wcm9jL3N5cy9uZXQ" "Mozilla/5.0 AppleWebKit/537.36 (KHTML, like Gecko; compatible; GPTBot/1.4; +https://openai.com/gptbot)"
74.7.242.58 - - [02/Jul/2026:19:14:24 -0400] "GET /mac.php?pikachu=Ly9wcm9jL2ZzL2V4dDQvc2RhMQ HTTP/1.1" 200 3775 "https://jarangomd.com/mac.php?pikachu=Ly9wcm9jL2ZzL2V4dDQ" "Mozilla/5.0 AppleWebKit/537.36 (KHTML, like Gecko; compatible; GPTBot/1.4; +https://openai.com/gptbot)"
74.7.242.58 - - [02/Jul/2026:19:14:24 -0400] "GET /mac.php?pikachu=Ly9wcm9jL3N5cy9uZXQvaXB2Ni9jb25m HTTP/1.1" 200 3830 "https://jarangomd.com/mac.php?pikachu=Ly9wcm9jL3N5cy9uZXQvaXB2Ng" "Mozilla/5.0 AppleWebKit/537.36 (KHTML, like Gecko; compatible; GPTBot/1.4; +https://openai.com/gptbot)"
74.7.242.58 - - [02/Jul/2026:19:14:25 -0400] "GET /mac.php?pikachu=Ly91c3IvaW5jbHVkZS9zb3VuZC9zb2Y HTTP/1.1" 200 3797 "https://jarangomd.com/mac.php?pikachu=Ly91c3IvaW5jbHVkZS9zb3VuZA" "Mozilla/5.0 AppleWebKit/537.36 (KHTML, like Gecko; compatible; GPTBot/1.4; +https://openai.com/gptbot)"
74.7.242.58 - - [02/Jul/2026:19:14:27 -0400] "GET /mac.php?pikachu=Ly9wcm9jL25ldC9uZXRmaWx0ZXI HTTP/1.1" 200 3536 "https://jarangomd.com/mac.php?pikachu=Ly9wcm9jL25ldA" "Mozilla/5.0 AppleWebKit/537.36 (KHTML, like Gecko; compatible; GPTBot/1.4; +https://openai.com/gptbot)"
74.7.242.58 - - [02/Jul/2026:19:14:28 -0400] "GET /mac.php?pikachu=Ly9vcHQvYWx0L3J1YnkyMi9iaW4 HTTP/1.1" 200 3985 "https://jarangomd.com/mac.php?pikachu=Ly9vcHQvYWx0L3J1YnkyMg" "Mozilla/5.0 AppleWebKit/537.36 (KHTML, like Gecko; compatible; GPTBot/1.4; +https://openai.com/gptbot)"
74.7.242.58 - - [02/Jul/2026:19:14:28 -0400] "GET /mac.php?pikachu=Ly9vcHQvYWx0L3BocDU2L2V0Yw HTTP/1.1" 200 4492 "https://jarangomd.com/mac.php?pikachu=Ly9vcHQvYWx0L3BocDU2" "Mozilla/5.0 AppleWebKit/537.36 (KHTML, like Gecko; compatible; GPTBot/1.4; +https://openai.com/gptbot)"
74.7.242.58 - - [02/Jul/2026:19:14:29 -0400] "GET /mac.php?pikachu=Ly9vcHQvYWx0L3J1YnkyNC9iaW4 HTTP/1.1" 200 3944 "https://jarangomd.com/mac.php?pikachu=Ly9vcHQvYWx0L3J1YnkyNA" "Mozilla/5.0 AppleWebKit/537.36 (KHTML, like Gecko; compatible; GPTBot/1.4; +https://openai.com/gptbot)"
