74.7.242.58 - - [02/Jul/2026:11:34:21 -0400] "GET /wp-includes/block-editor.php HTTP/1.1" 200 0 "https://jarangomd.com/wp-includes/" "Mozilla/5.0 AppleWebKit/537.36 (KHTML, like Gecko; compatible; GPTBot/1.4; +https://openai.com/gptbot)"
74.7.242.58 - - [02/Jul/2026:11:34:25 -0400] "GET /wp-includes/images/crystal/audio.png HTTP/1.1" 200 2184 "https://jarangomd.com/wp-includes/images/crystal/" "Mozilla/5.0 AppleWebKit/537.36 (KHTML, like Gecko; compatible; GPTBot/1.4; +https://openai.com/gptbot)"
74.7.242.58 - - [02/Jul/2026:11:34:38 -0400] "GET /wp-includes/class-snoopy.php HTTP/1.1" 500 0 "https://jarangomd.com/wp-includes/" "Mozilla/5.0 AppleWebKit/537.36 (KHTML, like Gecko; compatible; GPTBot/1.4; +https://openai.com/gptbot)"
74.7.242.58 - - [02/Jul/2026:11:34:42 -0400] "GET /wp-includes/class-wp-block-list.php HTTP/1.1" 200 0 "https://jarangomd.com/wp-includes/" "Mozilla/5.0 AppleWebKit/537.36 (KHTML, like Gecko; compatible; GPTBot/1.4; +https://openai.com/gptbot)"
74.7.242.58 - - [02/Jul/2026:11:35:26 -0400] "GET /wp-includes/wp-db.php HTTP/1.1" 200 0 "https://jarangomd.com/wp-includes/" "Mozilla/5.0 AppleWebKit/537.36 (KHTML, like Gecko; compatible; GPTBot/1.4; +https://openai.com/gptbot)"
74.7.242.58 - - [02/Jul/2026:11:35:39 -0400] "GET /wp-includes/taxonomy.php HTTP/1.1" 200 0 "https://jarangomd.com/wp-includes/" "Mozilla/5.0 AppleWebKit/537.36 (KHTML, like Gecko; compatible; GPTBot/1.4; +https://openai.com/gptbot)"
74.7.242.58 - - [02/Jul/2026:11:35:44 -0400] "GET /wp-includes/revision.php HTTP/1.1" 200 0 "https://jarangomd.com/wp-includes/" "Mozilla/5.0 AppleWebKit/537.36 (KHTML, like Gecko; compatible; GPTBot/1.4; +https://openai.com/gptbot)"
74.7.242.58 - - [02/Jul/2026:11:35:49 -0400] "GET /wp-includes/template.php HTTP/1.1" 200 0 "https://jarangomd.com/wp-includes/" "Mozilla/5.0 AppleWebKit/537.36 (KHTML, like Gecko; compatible; GPTBot/1.4; +https://openai.com/gptbot)"
74.7.242.58 - - [02/Jul/2026:11:35:56 -0400] "GET /wp-includes/php-compat/readonly.php HTTP/1.1" 200 0 "https://jarangomd.com/wp-includes/php-compat/" "Mozilla/5.0 AppleWebKit/537.36 (KHTML, like Gecko; compatible; GPTBot/1.4; +https://openai.com/gptbot)"
74.7.242.58 - - [02/Jul/2026:11:36:00 -0400] "GET /wp-includes/class-http.php HTTP/1.1" 500 0 "https://jarangomd.com/wp-includes/" "Mozilla/5.0 AppleWebKit/537.36 (KHTML, like Gecko; compatible; GPTBot/1.4; +https://openai.com/gptbot)"
74.7.242.58 - - [02/Jul/2026:11:36:03 -0400] "GET /wp-includes/class-wpdb.php HTTP/1.1" 200 0 "https://jarangomd.com/wp-includes/" "Mozilla/5.0 AppleWebKit/537.36 (KHTML, like Gecko; compatible; GPTBot/1.4; +https://openai.com/gptbot)"
74.7.242.58 - - [02/Jul/2026:11:36:28 -0400] "GET /wp-includes/assets/script-loader-react-refresh-runtime.min.php HTTP/1.1" 200 0 "https://jarangomd.com/wp-includes/assets/" "Mozilla/5.0 AppleWebKit/537.36 (KHTML, like Gecko; compatible; GPTBot/1.4; +https://openai.com/gptbot)"
74.7.242.58 - - [02/Jul/2026:11:34:12 -0400] "GET /wp-admin/images/spinner.gif HTTP/1.1" 200 3656 "https://jarangomd.com/wp-admin/css/install.css?ver=20100228" "Mozilla/5.0 AppleWebKit/537.36 (KHTML, like Gecko; compatible; GPTBot/1.4; +https://openai.com/gptbot)"
74.7.242.58 - - [02/Jul/2026:11:34:17 -0400] "GET /wp-includes/html-api/class-wp-html-attribute-token.php HTTP/1.1" 200 0 "https://jarangomd.com/wp-includes/html-api/" "Mozilla/5.0 AppleWebKit/537.36 (KHTML, like Gecko; compatible; GPTBot/1.4; +https://openai.com/gptbot)"
74.7.242.58 - - [02/Jul/2026:11:34:23 -0400] "GET /wp-includes/class-oembed.php HTTP/1.1" 500 0 "https://jarangomd.com/wp-includes/" "Mozilla/5.0 AppleWebKit/537.36 (KHTML, like Gecko; compatible; GPTBot/1.4; +https://openai.com/gptbot)"
74.7.242.58 - - [02/Jul/2026:11:34:30 -0400] "GET /wp-includes/style-engine.php HTTP/1.1" 200 0 "https://jarangomd.com/wp-includes/" "Mozilla/5.0 AppleWebKit/537.36 (KHTML, like Gecko; compatible; GPTBot/1.4; +https://openai.com/gptbot)"
74.7.242.58 - - [02/Jul/2026:11:34:34 -0400] "GET /wp-includes/cache-compat.php HTTP/1.1" 200 0 "https://jarangomd.com/wp-includes/" "Mozilla/5.0 AppleWebKit/537.36 (KHTML, like Gecko; compatible; GPTBot/1.4; +https://openai.com/gptbot)"
74.7.242.58 - - [02/Jul/2026:11:34:53 -0400] "GET /wp-includes/PHPMailer/OAuthTokenProvider.php HTTP/1.1" 200 0 "https://jarangomd.com/wp-includes/PHPMailer/" "Mozilla/5.0 AppleWebKit/537.36 (KHTML, like Gecko; compatible; GPTBot/1.4; +https://openai.com/gptbot)"
74.7.242.58 - - [02/Jul/2026:11:35:03 -0400] "GET /wp-includes/blocks/ HTTP/1.1" 200 6 "https://jarangomd.com/wp-includes/" "Mozilla/5.0 AppleWebKit/537.36 (KHTML, like Gecko; compatible; GPTBot/1.4; +https://openai.com/gptbot)"
74.7.242.58 - - [02/Jul/2026:11:35:11 -0400] "GET /wp-includes/assets/ HTTP/1.1" 200 1143 "https://jarangomd.com/wp-includes/" "Mozilla/5.0 AppleWebKit/537.36 (KHTML, like Gecko; compatible; GPTBot/1.4; +https://openai.com/gptbot)"
74.7.242.58 - - [02/Jul/2026:11:35:19 -0400] "GET /wp-includes/fonts/ HTTP/1.1" 200 1243 "https://jarangomd.com/wp-includes/" "Mozilla/5.0 AppleWebKit/537.36 (KHTML, like Gecko; compatible; GPTBot/1.4; +https://openai.com/gptbot)"
74.7.242.58 - - [02/Jul/2026:11:35:33 -0400] "GET /wp-includes/bookmark.php HTTP/1.1" 200 0 "https://jarangomd.com/wp-includes/" "Mozilla/5.0 AppleWebKit/537.36 (KHTML, like Gecko; compatible; GPTBot/1.4; +https://openai.com/gptbot)"
74.7.242.58 - - [02/Jul/2026:11:35:53 -0400] "GET /wp-includes/sitemaps.php HTTP/1.1" 200 0 "https://jarangomd.com/wp-includes/" "Mozilla/5.0 AppleWebKit/537.36 (KHTML, like Gecko; compatible; GPTBot/1.4; +https://openai.com/gptbot)"
74.7.242.58 - - [02/Jul/2026:11:36:12 -0400] "GET /wp-includes/assets/script-loader-react-refresh-entry.php HTTP/1.1" 200 0 "https://jarangomd.com/wp-includes/assets/" "Mozilla/5.0 AppleWebKit/537.36 (KHTML, like Gecko; compatible; GPTBot/1.4; +https://openai.com/gptbot)"
74.7.242.58 - - [02/Jul/2026:11:36:20 -0400] "GET /wp-includes/assets/script-loader-react-refresh-entry.min.php HTTP/1.1" 200 0 "https://jarangomd.com/wp-includes/assets/" "Mozilla/5.0 AppleWebKit/537.36 (KHTML, like Gecko; compatible; GPTBot/1.4; +https://openai.com/gptbot)"
74.7.242.58 - - [02/Jul/2026:11:36:35 -0400] "GET /wp-includes/assets/script-loader-react-refresh-runtime.php HTTP/1.1" 200 0 "https://jarangomd.com/wp-includes/assets/" "Mozilla/5.0 AppleWebKit/537.36 (KHTML, like Gecko; compatible; GPTBot/1.4; +https://openai.com/gptbot)"
74.7.242.58 - - [02/Jul/2026:11:36:59 -0400] "GET /wp-includes/assets/script-loader-packages.php HTTP/1.1" 200 0 "https://jarangomd.com/wp-includes/assets/" "Mozilla/5.0 AppleWebKit/537.36 (KHTML, like Gecko; compatible; GPTBot/1.4; +https://openai.com/gptbot)"
74.7.242.58 - - [02/Jul/2026:11:37:03 -0400] "GET /wp-includes/assets/script-modules-packages.php HTTP/1.1" 200 0 "https://jarangomd.com/wp-includes/assets/" "Mozilla/5.0 AppleWebKit/537.36 (KHTML, like Gecko; compatible; GPTBot/1.4; +https://openai.com/gptbot)"
74.7.242.58 - - [02/Jul/2026:11:36:41 -0400] "GET /wp-includes/assets/script-loader-packages.min.php HTTP/1.1" 200 0 "https://jarangomd.com/wp-includes/assets/" "Mozilla/5.0 AppleWebKit/537.36 (KHTML, like Gecko; compatible; GPTBot/1.4; +https://openai.com/gptbot)"
74.7.242.58 - - [02/Jul/2026:11:36:46 -0400] "GET /wp-includes/assets/script-modules-packages.min.php HTTP/1.1" 200 0 "https://jarangomd.com/wp-includes/assets/" "Mozilla/5.0 AppleWebKit/537.36 (KHTML, like Gecko; compatible; GPTBot/1.4; +https://openai.com/gptbot)"
74.7.242.58 - - [02/Jul/2026:11:36:51 -0400] "GET /wp-includes/fonts/class-wp-font-collection.php HTTP/1.1" 200 0 "https://jarangomd.com/wp-includes/fonts/" "Mozilla/5.0 AppleWebKit/537.36 (KHTML, like Gecko; compatible; GPTBot/1.4; +https://openai.com/gptbot)"
74.7.242.58 - - [02/Jul/2026:11:36:55 -0400] "GET /wp-includes/fonts/class-wp-font-face.php HTTP/1.1" 200 0 "https://jarangomd.com/wp-includes/fonts/" "Mozilla/5.0 AppleWebKit/537.36 (KHTML, like Gecko; compatible; GPTBot/1.4; +https://openai.com/gptbot)"
74.7.242.58 - - [02/Jul/2026:11:37:06 -0400] "GET /wp-includes/assets/?MA HTTP/1.1" 200 1161 "https://jarangomd.com/wp-includes/assets/" "Mozilla/5.0 AppleWebKit/537.36 (KHTML, like Gecko; compatible; GPTBot/1.4; +https://openai.com/gptbot)"
74.7.242.58 - - [02/Jul/2026:11:37:15 -0400] "GET /wp-includes/fonts/class-wp-font-library.php HTTP/1.1" 200 0 "https://jarangomd.com/wp-includes/fonts/" "Mozilla/5.0 AppleWebKit/537.36 (KHTML, like Gecko; compatible; GPTBot/1.4; +https://openai.com/gptbot)"
74.7.242.58 - - [02/Jul/2026:11:37:16 -0400] "GET /wp-includes/fonts/class-wp-font-utils.php HTTP/1.1" 200 0 "https://jarangomd.com/wp-includes/fonts/" "Mozilla/5.0 AppleWebKit/537.36 (KHTML, like Gecko; compatible; GPTBot/1.4; +https://openai.com/gptbot)"
74.7.242.58 - - [02/Jul/2026:11:37:18 -0400] "GET /wp-includes/fonts/?ND HTTP/1.1" 200 1234 "https://jarangomd.com/wp-includes/fonts/" "Mozilla/5.0 AppleWebKit/537.36 (KHTML, like Gecko; compatible; GPTBot/1.4; +https://openai.com/gptbot)"
74.7.242.58 - - [02/Jul/2026:11:37:20 -0400] "GET /wp-includes/fonts/?SA HTTP/1.1" 200 1243 "https://jarangomd.com/wp-includes/fonts/" "Mozilla/5.0 AppleWebKit/537.36 (KHTML, like Gecko; compatible; GPTBot/1.4; +https://openai.com/gptbot)"
74.7.242.58 - - [02/Jul/2026:11:37:22 -0400] "GET /wp-includes/fonts/?MA HTTP/1.1" 200 1227 "https://jarangomd.com/wp-includes/fonts/" "Mozilla/5.0 AppleWebKit/537.36 (KHTML, like Gecko; compatible; GPTBot/1.4; +https://openai.com/gptbot)"
74.7.242.58 - - [02/Jul/2026:11:37:23 -0400] "GET /wp-includes/fonts/class-wp-font-face-resolver.php HTTP/1.1" 200 0 "https://jarangomd.com/wp-includes/fonts/" "Mozilla/5.0 AppleWebKit/537.36 (KHTML, like Gecko; compatible; GPTBot/1.4; +https://openai.com/gptbot)"
74.7.242.58 - - [02/Jul/2026:11:37:26 -0400] "GET /wp-includes/assets/?NA HTTP/1.1" 200 1143 "https://jarangomd.com/wp-includes/assets/?MA" "Mozilla/5.0 AppleWebKit/537.36 (KHTML, like Gecko; compatible; GPTBot/1.4; +https://openai.com/gptbot)"
74.7.242.58 - - [02/Jul/2026:11:37:27 -0400] "GET /wp-includes/assets/?SD HTTP/1.1" 200 1154 "https://jarangomd.com/wp-includes/assets/?SA" "Mozilla/5.0 AppleWebKit/537.36 (KHTML, like Gecko; compatible; GPTBot/1.4; +https://openai.com/gptbot)"
74.7.242.58 - - [02/Jul/2026:11:37:28 -0400] "GET /wp-includes/assets/?MD HTTP/1.1" 200 1157 "https://jarangomd.com/wp-includes/assets/?MA" "Mozilla/5.0 AppleWebKit/537.36 (KHTML, like Gecko; compatible; GPTBot/1.4; +https://openai.com/gptbot)"
74.7.242.58 - - [02/Jul/2026:11:37:45 -0400] "GET /wp-login.php?action=register HTTP/1.1" 403 0 "https://jarangomd.com/old/wp-activate.php" "Mozilla/5.0 AppleWebKit/537.36 (KHTML, like Gecko; compatible; GPTBot/1.4; +https://openai.com/gptbot)"
74.7.242.58 - - [02/Jul/2026:11:37:45 -0400] "GET /wp-includes/rss.php HTTP/1.1" 500 0 "https://jarangomd.com/wp-includes/" "Mozilla/5.0 AppleWebKit/537.36 (KHTML, like Gecko; compatible; GPTBot/1.4; +https://openai.com/gptbot)"
74.7.242.58 - - [02/Jul/2026:11:37:09 -0400] "GET /wp-includes/assets/?SA HTTP/1.1" 200 1154 "https://jarangomd.com/wp-includes/assets/" "Mozilla/5.0 AppleWebKit/537.36 (KHTML, like Gecko; compatible; GPTBot/1.4; +https://openai.com/gptbot)"
74.7.242.58 - - [02/Jul/2026:11:37:12 -0400] "GET /wp-includes/assets/?ND HTTP/1.1" 200 1157 "https://jarangomd.com/wp-includes/assets/" "Mozilla/5.0 AppleWebKit/537.36 (KHTML, like Gecko; compatible; GPTBot/1.4; +https://openai.com/gptbot)"
74.7.242.58 - - [02/Jul/2026:11:37:24 -0400] "GET /wp-includes/wp-diff.php HTTP/1.1" 200 6 "https://jarangomd.com/wp-includes/" "Mozilla/5.0 AppleWebKit/537.36 (KHTML, like Gecko; compatible; GPTBot/1.4; +https://openai.com/gptbot)"
74.7.242.58 - - [02/Jul/2026:11:37:25 -0400] "GET /wp-includes/block-patterns/ HTTP/1.1" 200 1149 "https://jarangomd.com/wp-includes/" "Mozilla/5.0 AppleWebKit/537.36 (KHTML, like Gecko; compatible; GPTBot/1.4; +https://openai.com/gptbot)"
74.7.242.58 - - [02/Jul/2026:11:37:29 -0400] "GET /old/wp-activate.php HTTP/1.1" 302 0 "https://jarangomd.com/old/" "Mozilla/5.0 AppleWebKit/537.36 (KHTML, like Gecko; compatible; GPTBot/1.4; +https://openai.com/gptbot)"
74.7.242.58 - - [02/Jul/2026:11:37:45 -0400] "GET /wp-includes/fonts/?NA HTTP/1.1" 200 1243 "https://jarangomd.com/wp-includes/fonts/?ND" "Mozilla/5.0 AppleWebKit/537.36 (KHTML, like Gecko; compatible; GPTBot/1.4; +https://openai.com/gptbot)"
74.7.242.58 - - [02/Jul/2026:11:39:52 -0400] "GET /wp-includes/block-patterns/query-offset-posts.php HTTP/1.1" 500 0 "https://jarangomd.com/wp-includes/block-patterns/" "Mozilla/5.0 AppleWebKit/537.36 (KHTML, like Gecko; compatible; GPTBot/1.4; +https://openai.com/gptbot)"
43.155.162.41 - - [02/Jul/2026:11:42:11 -0400] "GET / HTTP/1.1" 200 2127 "http://jarangomd.com" "Mozilla/5.0 (iPhone; CPU iPhone OS 13_2_3 like Mac OS X) AppleWebKit/605.1.15 (KHTML, like Gecko) Version/13.0.3 Mobile/15E148 Safari/604.1"
43.153.123.4 - - [02/Jul/2026:11:43:56 -0400] "GET /old/readme.html HTTP/1.1" 200 3202 "-" "Mozilla/5.0 (iPhone; CPU iPhone OS 13_2_3 like Mac OS X) AppleWebKit/605.1.15 (KHTML, like Gecko) Version/13.0.3 Mobile/15E148 Safari/604.1"
74.7.242.58 - - [02/Jul/2026:11:45:02 -0400] "GET /wp-includes/sodium_compat/ HTTP/1.1" 200 1155 "https://jarangomd.com/wp-includes/" "Mozilla/5.0 AppleWebKit/537.36 (KHTML, like Gecko; compatible; GPTBot/1.4; +https://openai.com/gptbot)"
74.7.242.58 - - [02/Jul/2026:11:45:56 -0400] "GET /wp-includes/abilities-api/class-wp-ability.php HTTP/1.1" 200 0 "https://jarangomd.com/wp-includes/abilities-api/" "Mozilla/5.0 AppleWebKit/537.36 (KHTML, like Gecko; compatible; GPTBot/1.4; +https://openai.com/gptbot)"
74.7.242.58 - - [02/Jul/2026:11:46:42 -0400] "GET /wp-includes/abilities-api/class-wp-abilities-registry.php HTTP/1.1" 200 0 "https://jarangomd.com/wp-includes/abilities-api/" "Mozilla/5.0 AppleWebKit/537.36 (KHTML, like Gecko; compatible; GPTBot/1.4; +https://openai.com/gptbot)"
74.7.242.58 - - [02/Jul/2026:11:47:24 -0400] "GET /wp-includes/abilities-api/class-wp-ability-categories-registry.php HTTP/1.1" 200 0 "https://jarangomd.com/wp-includes/abilities-api/" "Mozilla/5.0 AppleWebKit/537.36 (KHTML, like Gecko; compatible; GPTBot/1.4; +https://openai.com/gptbot)"
20.121.223.49 - - [02/Jul/2026:11:47:48 -0400] "GET /llms.txt HTTP/1.1" 404 1251 "-" "Mozilla/5.0 (Macintosh; Intel Mac OS X 10_15_7) AppleWebKit/537.36 (KHTML, like Gecko) Chrome/124.0.0.0 Safari/537.36"
20.121.223.49 - - [02/Jul/2026:11:47:48 -0400] "GET /robots.txt HTTP/1.1" 200 67 "-" "Mozilla/5.0 (Macintosh; Intel Mac OS X 10_15_7) AppleWebKit/537.36 (KHTML, like Gecko) Chrome/124.0.0.0 Safari/537.36"
20.121.223.49 - - [02/Jul/2026:11:47:48 -0400] "GET / HTTP/1.1" 200 1806 "-" "Mozilla/5.0 (Macintosh; Intel Mac OS X 10_15_7) AppleWebKit/537.36 (KHTML, like Gecko) Chrome/124.0.0.0 Safari/537.36"
74.7.242.58 - - [02/Jul/2026:11:48:01 -0400] "GET /wp-includes/block-bindings/ HTTP/1.1" 200 791 "https://jarangomd.com/wp-includes/" "Mozilla/5.0 AppleWebKit/537.36 (KHTML, like Gecko; compatible; GPTBot/1.4; +https://openai.com/gptbot)"
74.7.242.58 - - [02/Jul/2026:11:37:47 -0400] "GET /wp-includes/fonts/?SD HTTP/1.1" 200 1231 "https://jarangomd.com/wp-includes/fonts/?SA" "Mozilla/5.0 AppleWebKit/537.36 (KHTML, like Gecko; compatible; GPTBot/1.4; +https://openai.com/gptbot)"
74.7.242.58 - - [02/Jul/2026:11:37:49 -0400] "GET /wp-includes/fonts/?MD HTTP/1.1" 200 1231 "https://jarangomd.com/wp-includes/fonts/?MA" "Mozilla/5.0 AppleWebKit/537.36 (KHTML, like Gecko; compatible; GPTBot/1.4; +https://openai.com/gptbot)"
74.7.242.58 - - [02/Jul/2026:11:37:51 -0400] "GET /old/wp-settings.php HTTP/1.1" 500 0 "https://jarangomd.com/old/" "Mozilla/5.0 AppleWebKit/537.36 (KHTML, like Gecko; compatible; GPTBot/1.4; +https://openai.com/gptbot)"
74.7.242.58 - - [02/Jul/2026:11:37:52 -0400] "GET /wp-includes/abilities-api/ HTTP/1.1" 200 786 "https://jarangomd.com/wp-includes/" "Mozilla/5.0 AppleWebKit/537.36 (KHTML, like Gecko; compatible; GPTBot/1.4; +https://openai.com/gptbot)"
74.7.242.58 - - [02/Jul/2026:11:37:57 -0400] "GET /wp-includes/block-patterns/query-large-title-posts.php HTTP/1.1" 500 0 "https://jarangomd.com/wp-includes/block-patterns/" "Mozilla/5.0 AppleWebKit/537.36 (KHTML, like Gecko; compatible; GPTBot/1.4; +https://openai.com/gptbot)"
74.7.242.58 - - [02/Jul/2026:11:38:01 -0400] "GET /wp-includes/block-patterns/query-standard-posts.php HTTP/1.1" 500 0 "https://jarangomd.com/wp-includes/block-patterns/" "Mozilla/5.0 AppleWebKit/537.36 (KHTML, like Gecko; compatible; GPTBot/1.4; +https://openai.com/gptbot)"
74.7.242.58 - - [02/Jul/2026:11:38:13 -0400] "GET /wp-includes/block-patterns/query-small-posts.php HTTP/1.1" 500 0 "https://jarangomd.com/wp-includes/block-patterns/" "Mozilla/5.0 AppleWebKit/537.36 (KHTML, like Gecko; compatible; GPTBot/1.4; +https://openai.com/gptbot)"
74.7.242.58 - - [02/Jul/2026:11:38:48 -0400] "GET /wp-includes/block-patterns/query-medium-posts.php HTTP/1.1" 500 0 "https://jarangomd.com/wp-includes/block-patterns/" "Mozilla/5.0 AppleWebKit/537.36 (KHTML, like Gecko; compatible; GPTBot/1.4; +https://openai.com/gptbot)"
216.244.66.233 - - [02/Jul/2026:11:38:58 -0400] "GET /robots.txt HTTP/1.1" 200 67 "-" "Mozilla/5.0 (compatible; DotBot/1.2; +https://opensiteexplorer.org/dotbot; help@moz.com)"
74.7.242.58 - - [02/Jul/2026:11:40:57 -0400] "GET /wp-includes/block-patterns/social-links-shared-background-color.php HTTP/1.1" 500 0 "https://jarangomd.com/wp-includes/block-patterns/" "Mozilla/5.0 AppleWebKit/537.36 (KHTML, like Gecko; compatible; GPTBot/1.4; +https://openai.com/gptbot)"
74.7.242.58 - - [02/Jul/2026:11:42:00 -0400] "GET /wp-includes/block-patterns/query-grid-posts.php HTTP/1.1" 500 0 "https://jarangomd.com/wp-includes/block-patterns/" "Mozilla/5.0 AppleWebKit/537.36 (KHTML, like Gecko; compatible; GPTBot/1.4; +https://openai.com/gptbot)"
74.7.242.58 - - [02/Jul/2026:11:43:04 -0400] "GET /wp-includes/deprecated.php HTTP/1.1" 200 0 "https://jarangomd.com/wp-includes/" "Mozilla/5.0 AppleWebKit/537.36 (KHTML, like Gecko; compatible; GPTBot/1.4; +https://openai.com/gptbot)"
74.7.242.58 - - [02/Jul/2026:11:44:07 -0400] "GET /wp-includes/block-supports/ HTTP/1.1" 200 1588 "https://jarangomd.com/wp-includes/" "Mozilla/5.0 AppleWebKit/537.36 (KHTML, like Gecko; compatible; GPTBot/1.4; +https://openai.com/gptbot)"
20.121.223.49 - - [02/Jul/2026:11:47:48 -0400] "GET /sitemap.xml HTTP/1.1" 404 1251 "-" "Mozilla/5.0 (Macintosh; Intel Mac OS X 10_15_7) AppleWebKit/537.36 (KHTML, like Gecko) Chrome/124.0.0.0 Safari/537.36"
74.7.242.58 - - [02/Jul/2026:11:49:04 -0400] "GET /wp-includes/functions.php HTTP/1.1" 200 6 "https://jarangomd.com/wp-includes/" "Mozilla/5.0 AppleWebKit/537.36 (KHTML, like Gecko; compatible; GPTBot/1.4; +https://openai.com/gptbot)"
74.7.242.58 - - [02/Jul/2026:11:49:56 -0400] "GET /wp-includes/pluggable.php HTTP/1.1" 200 0 "https://jarangomd.com/wp-includes/" "Mozilla/5.0 AppleWebKit/537.36 (KHTML, like Gecko; compatible; GPTBot/1.4; +https://openai.com/gptbot)"
74.7.242.58 - - [02/Jul/2026:11:50:17 -0400] "GET /wp-includes/formatting.php HTTP/1.1" 200 0 "https://jarangomd.com/wp-includes/" "Mozilla/5.0 AppleWebKit/537.36 (KHTML, like Gecko; compatible; GPTBot/1.4; +https://openai.com/gptbot)"
74.7.242.58 - - [02/Jul/2026:11:48:34 -0400] "GET /wp-includes/abilities.php HTTP/1.1" 200 0 "https://jarangomd.com/wp-includes/" "Mozilla/5.0 AppleWebKit/537.36 (KHTML, like Gecko; compatible; GPTBot/1.4; +https://openai.com/gptbot)"
74.7.242.58 - - [02/Jul/2026:11:49:31 -0400] "GET /wp-includes/canonical.php HTTP/1.1" 200 0 "https://jarangomd.com/wp-includes/" "Mozilla/5.0 AppleWebKit/537.36 (KHTML, like Gecko; compatible; GPTBot/1.4; +https://openai.com/gptbot)"
66.249.74.75 - - [02/Jul/2026:11:49:49 -0400] "GET /?ja=1069710002572 HTTP/1.1" 200 1806 "-" "Mozilla/5.0 (Linux; Android 6.0.1; Nexus 5X Build/MMB29P) AppleWebKit/537.36 (KHTML, like Gecko) Chrome/150.0.7871.46 Mobile Safari/537.36 (compatible; Googlebot/2.1; +http://www.google.com/bot.html)"
49.51.233.46 - - [02/Jul/2026:11:51:05 -0400] "GET /mac.php?pikachu=L2hvbWUvYXRvbXlsdmIvamFyYW5nb21kLmNvbS93cC1hZG1pbi9qcy93aWRnZXRz HTTP/1.1" 200 5029 "-" "Mozilla/5.0 (iPhone; CPU iPhone OS 13_2_3 like Mac OS X) AppleWebKit/605.1.15 (KHTML, like Gecko) Version/13.0.3 Mobile/15E148 Safari/604.1"
74.7.242.58 - - [02/Jul/2026:11:50:37 -0400] "GET /wp-includes/block-supports/block-style-variations.php HTTP/1.1" 500 0 "https://jarangomd.com/wp-includes/block-supports/" "Mozilla/5.0 AppleWebKit/537.36 (KHTML, like Gecko; compatible; GPTBot/1.4; +https://openai.com/gptbot)"
74.7.242.58 - - [02/Jul/2026:11:50:56 -0400] "GET /wp-includes/block-supports/generated-classname.php HTTP/1.1" 500 0 "https://jarangomd.com/wp-includes/block-supports/" "Mozilla/5.0 AppleWebKit/537.36 (KHTML, like Gecko; compatible; GPTBot/1.4; +https://openai.com/gptbot)"
66.249.74.77 - - [02/Jul/2026:11:51:27 -0400] "GET /_autoindex/assets/icons/folder-fill.svg HTTP/1.1" 200 333 "https://jarangomd.com/?ja=1069710002572" "Mozilla/5.0 (Linux; Android 6.0.1; Nexus 5X Build/MMB29P) AppleWebKit/537.36 (KHTML, like Gecko) Chrome/150.0.7871.46 Mobile Safari/537.36 (compatible; Googlebot/2.1; +http://www.google.com/bot.html)"
66.249.74.75 - - [02/Jul/2026:11:51:28 -0400] "GET /_autoindex/assets/js/tablesort.js HTTP/1.1" 200 2137 "https://jarangomd.com/?ja=1069710002572" "Mozilla/5.0 (Linux; Android 6.0.1; Nexus 5X Build/MMB29P) AppleWebKit/537.36 (KHTML, like Gecko) Chrome/150.0.7871.46 Mobile Safari/537.36 (compatible; Googlebot/2.1; +http://www.google.com/bot.html)"
66.249.74.76 - - [02/Jul/2026:11:51:28 -0400] "GET /_autoindex/assets/js/tablesort.number.js HTTP/1.1" 200 322 "https://jarangomd.com/?ja=1069710002572" "Mozilla/5.0 (Linux; Android 6.0.1; Nexus 5X Build/MMB29P) AppleWebKit/537.36 (KHTML, like Gecko) Chrome/150.0.7871.46 Mobile Safari/537.36 (compatible; Googlebot/2.1; +http://www.google.com/bot.html)"
66.249.74.76 - - [02/Jul/2026:11:51:34 -0400] "GET /_autoindex/assets/icons/file.svg HTTP/1.1" 200 354 "https://jarangomd.com/?ja=1069710002572" "Mozilla/5.0 (Linux; Android 6.0.1; Nexus 5X Build/MMB29P) AppleWebKit/537.36 (KHTML, like Gecko) Chrome/150.0.7871.46 Mobile Safari/537.36 (compatible; Googlebot/2.1; +http://www.google.com/bot.html)"
74.7.242.58 - - [02/Jul/2026:11:52:56 -0400] "GET /wp-includes/block-supports/block-visibility.php HTTP/1.1" 500 0 "https://jarangomd.com/wp-includes/block-supports/" "Mozilla/5.0 AppleWebKit/537.36 (KHTML, like Gecko; compatible; GPTBot/1.4; +https://openai.com/gptbot)"
74.7.242.58 - - [02/Jul/2026:11:55:05 -0400] "GET /wp-includes/block-bindings/post-data.php HTTP/1.1" 500 0 "https://jarangomd.com/wp-includes/block-bindings/" "Mozilla/5.0 AppleWebKit/537.36 (KHTML, like Gecko; compatible; GPTBot/1.4; +https://openai.com/gptbot)"
195.176.3.23 - - [02/Jul/2026:11:55:15 -0400] "GET /?MA HTTP/1.1" 200 8418 "https://jarangomd.com/?MA" "Mozilla/5.0 (Linux; Android 8.1.0; ZTE BLADE V9 Build/OPM1.171019.026; wv) AppleWebKit/537.36 (KHTML, like Gecko) Version/4.0 Chrome/67.0.3396.87 Mobile Safari/537.36"
185.220.100.255 - - [02/Jul/2026:11:55:38 -0400] "GET /?SA HTTP/1.1" 200 8418 "https://jarangomd.com/?SA" "Mozilla/5.0 (Linux; Android 8.1.0; ZTE BLADE V9 Build/OPM1.171019.026; wv) AppleWebKit/537.36 (KHTML, like Gecko) Version/4.0 Chrome/67.0.3396.87 Mobile Safari/537.36"
185.220.100.255 - - [02/Jul/2026:11:55:41 -0400] "GET /admin.php HTTP/1.1" 404 0 "https://jarangomd.com/admin.php" "Mozilla/5.0 (Linux; Android 8.1.0; ZTE BLADE V9 Build/OPM1.171019.026; wv) AppleWebKit/537.36 (KHTML, like Gecko) Version/4.0 Chrome/67.0.3396.87 Mobile Safari/537.36"
185.220.100.255 - - [02/Jul/2026:11:55:45 -0400] "GET /k HTTP/1.1" 200 2826 "https://jarangomd.com/k" "Mozilla/5.0 (Linux; Android 8.1.0; ZTE BLADE V9 Build/OPM1.171019.026; wv) AppleWebKit/537.36 (KHTML, like Gecko) Version/4.0 Chrome/67.0.3396.87 Mobile Safari/537.36"
185.220.100.255 - - [02/Jul/2026:11:55:46 -0400] "GET /k2.php HTTP/1.1" 200 241 "https://jarangomd.com/k2.php" "Mozilla/5.0 (Linux; Android 8.1.0; ZTE BLADE V9 Build/OPM1.171019.026; wv) AppleWebKit/537.36 (KHTML, like Gecko) Version/4.0 Chrome/67.0.3396.87 Mobile Safari/537.36"
104.244.73.193 - - [02/Jul/2026:11:55:49 -0400] "GET /mac.php HTTP/1.1" 200 45581 "https://jarangomd.com/mac.php" "Mozilla/5.0 (Linux; Android 8.1.0; ZTE BLADE V9 Build/OPM1.171019.026; wv) AppleWebKit/537.36 (KHTML, like Gecko) Version/4.0 Chrome/67.0.3396.87 Mobile Safari/537.36"
104.244.73.193 - - [02/Jul/2026:11:55:50 -0400] "GET /old HTTP/1.1" 301 795 "https://jarangomd.com/old" "Mozilla/5.0 (Linux; Android 8.1.0; ZTE BLADE V9 Build/OPM1.171019.026; wv) AppleWebKit/537.36 (KHTML, like Gecko) Version/4.0 Chrome/67.0.3396.87 Mobile Safari/537.36"
66.249.74.75 - - [02/Jul/2026:11:51:42 -0400] "GET /_autoindex/assets/icons/folder-fill.svg HTTP/1.1" 200 333 "https://jarangomd.com/?ja=1069710002572" "Mozilla/5.0 (Linux; Android 6.0.1; Nexus 5X Build/MMB29P) AppleWebKit/537.36 (KHTML, like Gecko) Chrome/150.0.7871.46 Mobile Safari/537.36 (compatible; Googlebot/2.1; +http://www.google.com/bot.html)"
74.7.242.58 - - [02/Jul/2026:11:51:51 -0400] "GET /wp-includes/block-supports/custom-classname.php HTTP/1.1" 500 0 "https://jarangomd.com/wp-includes/block-supports/" "Mozilla/5.0 AppleWebKit/537.36 (KHTML, like Gecko; compatible; GPTBot/1.4; +https://openai.com/gptbot)"
66.249.74.75 - - [02/Jul/2026:11:51:59 -0400] "GET /_autoindex/assets/css/autoindex.css HTTP/1.1" 200 1170 "https://jarangomd.com/?ja=1069710002572" "Mozilla/5.0 (Linux; Android 6.0.1; Nexus 5X Build/MMB29P) AppleWebKit/537.36 (KHTML, like Gecko) Chrome/150.0.7871.46 Mobile Safari/537.36 (compatible; Googlebot/2.1; +http://www.google.com/bot.html)"
66.249.74.76 - - [02/Jul/2026:11:52:07 -0400] "GET /_autoindex/assets/icons/file-text.svg HTTP/1.1" 200 394 "https://jarangomd.com/?ja=1069710002572" "Mozilla/5.0 (Linux; Android 6.0.1; Nexus 5X Build/MMB29P) AppleWebKit/537.36 (KHTML, like Gecko) Chrome/150.0.7871.46 Mobile Safari/537.36 (compatible; Googlebot/2.1; +http://www.google.com/bot.html)"
74.7.242.58 - - [02/Jul/2026:11:54:01 -0400] "GET /wp-includes/sodium_compat/composer.json HTTP/1.1" 403 1242 "https://jarangomd.com/wp-includes/sodium_compat/" "Mozilla/5.0 AppleWebKit/537.36 (KHTML, like Gecko; compatible; GPTBot/1.4; +https://openai.com/gptbot)"
195.176.3.23 - - [02/Jul/2026:11:55:10 -0400] "GET / HTTP/1.1" 200 8418 "jarangomd.com" "Mozilla/5.0 (Linux; Android 8.1.0; ZTE BLADE V9 Build/OPM1.171019.026; wv) AppleWebKit/537.36 (KHTML, like Gecko) Version/4.0 Chrome/67.0.3396.87 Mobile Safari/537.36"
185.220.100.255 - - [02/Jul/2026:11:55:39 -0400] "GET /_ HTTP/1.1" 200 3640 "https://jarangomd.com/_" "Mozilla/5.0 (Linux; Android 8.1.0; ZTE BLADE V9 Build/OPM1.171019.026; wv) AppleWebKit/537.36 (KHTML, like Gecko) Version/4.0 Chrome/67.0.3396.87 Mobile Safari/537.36"
185.220.100.255 - - [02/Jul/2026:11:55:43 -0400] "GET /error_log HTTP/1.1" 403 1242 "https://jarangomd.com/error_log" "Mozilla/5.0 (Linux; Android 8.1.0; ZTE BLADE V9 Build/OPM1.171019.026; wv) AppleWebKit/537.36 (KHTML, like Gecko) Version/4.0 Chrome/67.0.3396.87 Mobile Safari/537.36"
104.244.73.193 - - [02/Jul/2026:11:55:56 -0400] "GET /wp-login.php?registration=disabled HTTP/1.1" 200 6331 "https://jarangomd.com/wp-activate.php" "Mozilla/5.0 (Linux; Android 8.1.0; ZTE BLADE V9 Build/OPM1.171019.026; wv) AppleWebKit/537.36 (KHTML, like Gecko) Version/4.0 Chrome/67.0.3396.87 Mobile Safari/537.36"
104.244.73.193 - - [02/Jul/2026:11:55:58 -0400] "GET /wp-admin/ HTTP/1.1" 302 0 "https://jarangomd.com/wp-admin" "Mozilla/5.0 (Linux; Android 8.1.0; ZTE BLADE V9 Build/OPM1.171019.026; wv) AppleWebKit/537.36 (KHTML, like Gecko) Version/4.0 Chrome/67.0.3396.87 Mobile Safari/537.36"
104.244.73.193 - - [02/Jul/2026:11:56:03 -0400] "GET /wp-blog-header.php HTTP/1.1" 404 0 "https://jarangomd.com/wp-blog-header.php" "Mozilla/5.0 (Linux; Android 8.1.0; ZTE BLADE V9 Build/OPM1.171019.026; wv) AppleWebKit/537.36 (KHTML, like Gecko) Version/4.0 Chrome/67.0.3396.87 Mobile Safari/537.36"
104.244.73.193 - - [02/Jul/2026:11:56:04 -0400] "GET /wp-comments-post.php HTTP/1.1" 405 0 "https://jarangomd.com/wp-comments-post.php" "Mozilla/5.0 (Linux; Android 8.1.0; ZTE BLADE V9 Build/OPM1.171019.026; wv) AppleWebKit/537.36 (KHTML, like Gecko) Version/4.0 Chrome/67.0.3396.87 Mobile Safari/537.36"
104.244.73.193 - - [02/Jul/2026:11:56:06 -0400] "GET /wp-config-sample.php HTTP/1.1" 500 2431 "https://jarangomd.com/wp-config-sample.php" "Mozilla/5.0 (Linux; Android 8.1.0; ZTE BLADE V9 Build/OPM1.171019.026; wv) AppleWebKit/537.36 (KHTML, like Gecko) Version/4.0 Chrome/67.0.3396.87 Mobile Safari/537.36"
104.244.73.193 - - [02/Jul/2026:11:55:51 -0400] "GET /old/ HTTP/1.1" 200 7105 "https://jarangomd.com/old" "Mozilla/5.0 (Linux; Android 8.1.0; ZTE BLADE V9 Build/OPM1.171019.026; wv) AppleWebKit/537.36 (KHTML, like Gecko) Version/4.0 Chrome/67.0.3396.87 Mobile Safari/537.36"
216.244.66.233 - - [02/Jul/2026:11:55:52 -0400] "GET /wp-content/uploads/2019/07/diploma_06.jpg HTTP/1.1" 200 53423 "-" "Mozilla/5.0 (compatible; DotBot/1.2; +https://opensiteexplorer.org/dotbot; help@moz.com)"
104.244.73.193 - - [02/Jul/2026:11:55:52 -0400] "GET /readme.html HTTP/1.1" 200 7425 "https://jarangomd.com/readme.html" "Mozilla/5.0 (Linux; Android 8.1.0; ZTE BLADE V9 Build/OPM1.171019.026; wv) AppleWebKit/537.36 (KHTML, like Gecko) Version/4.0 Chrome/67.0.3396.87 Mobile Safari/537.36"
198.54.125.222 - - [02/Jul/2026:11:55:54 -0400] "POST /wp-cron.php?doing_wp_cron=1783007754.6343009471893310546875 HTTP/1.1" 200 0 "-" "WordPress/6.9.4; https://jarangomd.com"
104.244.73.193 - - [02/Jul/2026:11:55:54 -0400] "GET /wp-activate.php HTTP/1.1" 302 0 "https://jarangomd.com/wp-activate.php" "Mozilla/5.0 (Linux; Android 8.1.0; ZTE BLADE V9 Build/OPM1.171019.026; wv) AppleWebKit/537.36 (KHTML, like Gecko) Version/4.0 Chrome/67.0.3396.87 Mobile Safari/537.36"
198.54.125.222 - - [02/Jul/2026:11:55:55 -0400] "POST /wp-cron.php?doing_wp_cron=1783007755.5534119606018066406250 HTTP/1.1" 200 0 "-" "WordPress/6.9.4; https://jarangomd.com"
104.244.73.193 - - [02/Jul/2026:11:55:55 -0400] "GET /wp-login.php?action=register HTTP/1.1" 302 0 "https://jarangomd.com/wp-activate.php" "Mozilla/5.0 (Linux; Android 8.1.0; ZTE BLADE V9 Build/OPM1.171019.026; wv) AppleWebKit/537.36 (KHTML, like Gecko) Version/4.0 Chrome/67.0.3396.87 Mobile Safari/537.36"
104.244.73.193 - - [02/Jul/2026:11:55:58 -0400] "GET /wp-admin HTTP/1.1" 301 795 "https://jarangomd.com/wp-admin" "Mozilla/5.0 (Linux; Android 8.1.0; ZTE BLADE V9 Build/OPM1.171019.026; wv) AppleWebKit/537.36 (KHTML, like Gecko) Version/4.0 Chrome/67.0.3396.87 Mobile Safari/537.36"
104.244.73.193 - - [02/Jul/2026:11:55:59 -0400] "GET /wp-login.php?redirect_to=https%3A%2F%2Fjarangomd.com%2Fwp-admin%2F&reauth=1 HTTP/1.1" 200 6139 "https://jarangomd.com/wp-admin" "Mozilla/5.0 (Linux; Android 8.1.0; ZTE BLADE V9 Build/OPM1.171019.026; wv) AppleWebKit/537.36 (KHTML, like Gecko) Version/4.0 Chrome/67.0.3396.87 Mobile Safari/537.36"
192.42.116.113 - - [02/Jul/2026:11:56:10 -0400] "GET /wp-cron.php HTTP/1.1" 200 0 "https://jarangomd.com/wp-cron.php" "Mozilla/5.0 (Linux; Android 8.1.0; ZTE BLADE V9 Build/OPM1.171019.026; wv) AppleWebKit/537.36 (KHTML, like Gecko) Version/4.0 Chrome/67.0.3396.87 Mobile Safari/537.36"
192.42.116.113 - - [02/Jul/2026:11:56:12 -0400] "GET /wp-includes/ HTTP/1.1" 200 78787 "https://jarangomd.com/wp-includes" "Mozilla/5.0 (Linux; Android 8.1.0; ZTE BLADE V9 Build/OPM1.171019.026; wv) AppleWebKit/537.36 (KHTML, like Gecko) Version/4.0 Chrome/67.0.3396.87 Mobile Safari/537.36"
45.84.107.174 - - [02/Jul/2026:11:56:17 -0400] "GET /wp-links-opml.php HTTP/1.1" 200 234 "https://jarangomd.com/wp-links-opml.php" "Mozilla/5.0 (Linux; Android 8.1.0; ZTE BLADE V9 Build/OPM1.171019.026; wv) AppleWebKit/537.36 (KHTML, like Gecko) Version/4.0 Chrome/67.0.3396.87 Mobile Safari/537.36"
45.84.107.174 - - [02/Jul/2026:11:56:18 -0400] "GET /wp-load.php HTTP/1.1" 200 0 "https://jarangomd.com/wp-load.php" "Mozilla/5.0 (Linux; Android 8.1.0; ZTE BLADE V9 Build/OPM1.171019.026; wv) AppleWebKit/537.36 (KHTML, like Gecko) Version/4.0 Chrome/67.0.3396.87 Mobile Safari/537.36"
45.84.107.174 - - [02/Jul/2026:11:56:23 -0400] "GET /wp-signup.php HTTP/1.1" 302 0 "https://jarangomd.com/wp-signup.php" "Mozilla/5.0 (Linux; Android 8.1.0; ZTE BLADE V9 Build/OPM1.171019.026; wv) AppleWebKit/537.36 (KHTML, like Gecko) Version/4.0 Chrome/67.0.3396.87 Mobile Safari/537.36"
192.42.116.113 - - [02/Jul/2026:11:56:07 -0400] "GET /wp-config.php HTTP/1.1" 403 1242 "https://jarangomd.com/wp-config.php" "Mozilla/5.0 (Linux; Android 8.1.0; ZTE BLADE V9 Build/OPM1.171019.026; wv) AppleWebKit/537.36 (KHTML, like Gecko) Version/4.0 Chrome/67.0.3396.87 Mobile Safari/537.36"
192.42.116.113 - - [02/Jul/2026:11:56:08 -0400] "GET /wp-content HTTP/1.1" 301 795 "https://jarangomd.com/wp-content" "Mozilla/5.0 (Linux; Android 8.1.0; ZTE BLADE V9 Build/OPM1.171019.026; wv) AppleWebKit/537.36 (KHTML, like Gecko) Version/4.0 Chrome/67.0.3396.87 Mobile Safari/537.36"
192.42.116.113 - - [02/Jul/2026:11:56:09 -0400] "GET /wp-content/ HTTP/1.1" 403 1242 "https://jarangomd.com/wp-content" "Mozilla/5.0 (Linux; Android 8.1.0; ZTE BLADE V9 Build/OPM1.171019.026; wv) AppleWebKit/537.36 (KHTML, like Gecko) Version/4.0 Chrome/67.0.3396.87 Mobile Safari/537.36"
74.7.242.58 - - [02/Jul/2026:11:56:10 -0400] "GET /wp-includes/block-bindings/post-meta.php HTTP/1.1" 500 0 "https://jarangomd.com/wp-includes/block-bindings/" "Mozilla/5.0 AppleWebKit/537.36 (KHTML, like Gecko; compatible; GPTBot/1.4; +https://openai.com/gptbot)"
192.42.116.113 - - [02/Jul/2026:11:56:12 -0400] "GET /wp-includes HTTP/1.1" 301 795 "https://jarangomd.com/wp-includes" "Mozilla/5.0 (Linux; Android 8.1.0; ZTE BLADE V9 Build/OPM1.171019.026; wv) AppleWebKit/537.36 (KHTML, like Gecko) Version/4.0 Chrome/67.0.3396.87 Mobile Safari/537.36"
45.84.107.174 - - [02/Jul/2026:11:56:19 -0400] "GET /wp-login.php HTTP/1.1" 200 6139 "https://jarangomd.com/wp-login.php" "Mozilla/5.0 (Linux; Android 8.1.0; ZTE BLADE V9 Build/OPM1.171019.026; wv) AppleWebKit/537.36 (KHTML, like Gecko) Version/4.0 Chrome/67.0.3396.87 Mobile Safari/537.36"
45.84.107.174 - - [02/Jul/2026:11:56:21 -0400] "GET /wp-mail.php HTTP/1.1" 403 2520 "https://jarangomd.com/wp-mail.php" "Mozilla/5.0 (Linux; Android 8.1.0; ZTE BLADE V9 Build/OPM1.171019.026; wv) AppleWebKit/537.36 (KHTML, like Gecko) Version/4.0 Chrome/67.0.3396.87 Mobile Safari/537.36"
45.84.107.174 - - [02/Jul/2026:11:56:22 -0400] "GET /wp-settings.php HTTP/1.1" 500 0 "https://jarangomd.com/wp-settings.php" "Mozilla/5.0 (Linux; Android 8.1.0; ZTE BLADE V9 Build/OPM1.171019.026; wv) AppleWebKit/537.36 (KHTML, like Gecko) Version/4.0 Chrome/67.0.3396.87 Mobile Safari/537.36"
45.84.107.174 - - [02/Jul/2026:11:56:27 -0400] "GET /xmlrpc.php HTTP/1.1" 405 42 "https://jarangomd.com/xmlrpc.php" "Mozilla/5.0 (Linux; Android 8.1.0; ZTE BLADE V9 Build/OPM1.171019.026; wv) AppleWebKit/537.36 (KHTML, like Gecko) Version/4.0 Chrome/67.0.3396.87 Mobile Safari/537.36"
74.7.242.58 - - [02/Jul/2026:12:00:26 -0400] "GET /wp-includes/block-bindings/term-data.php HTTP/1.1" 500 0 "https://jarangomd.com/wp-includes/block-bindings/" "Mozilla/5.0 AppleWebKit/537.36 (KHTML, like Gecko; compatible; GPTBot/1.4; +https://openai.com/gptbot)"
74.7.242.58 - - [02/Jul/2026:12:02:32 -0400] "GET /wp-includes/block-supports/dimensions.php HTTP/1.1" 500 0 "https://jarangomd.com/wp-includes/block-supports/" "Mozilla/5.0 AppleWebKit/537.36 (KHTML, like Gecko; compatible; GPTBot/1.4; +https://openai.com/gptbot)"
43.166.253.94 - - [02/Jul/2026:12:03:59 -0400] "GET /mac.php?pikachu=L2hvbWUvYXRvbXlsdmIvamFyYW5nb21kLmNvbS9vbGQvd3AtY29udGVudC91cGxvYWRz HTTP/1.1" 200 4287 "-" "Mozilla/5.0 (iPhone; CPU iPhone OS 13_2_3 like Mac OS X) AppleWebKit/605.1.15 (KHTML, like Gecko) Version/13.0.3 Mobile/15E148 Safari/604.1"
74.7.242.58 - - [02/Jul/2026:12:05:37 -0400] "GET /old/wp-admin/js/language-chooser.min.js?ver=6.9.4 HTTP/1.1" 200 212 "https://jarangomd.com/old/wp-links-opml.php" "Mozilla/5.0 AppleWebKit/537.36 (KHTML, like Gecko; compatible; GPTBot/1.4; +https://openai.com/gptbot)"
74.7.242.58 - - [02/Jul/2026:12:06:28 -0400] "GET /old/wp-includes/js/jquery/jquery.min.js?ver=3.7.1 HTTP/1.1" 200 29744 "https://jarangomd.com/old/wp-links-opml.php" "Mozilla/5.0 AppleWebKit/537.36 (KHTML, like Gecko; compatible; GPTBot/1.4; +https://openai.com/gptbot)"
74.7.242.58 - - [02/Jul/2026:12:07:16 -0400] "GET /old/wp-admin/css/forms.min.css?ver=6.9.4 HTTP/1.1" 200 6327 "https://jarangomd.com/old/wp-links-opml.php" "Mozilla/5.0 AppleWebKit/537.36 (KHTML, like Gecko; compatible; GPTBot/1.4; +https://openai.com/gptbot)"
45.84.107.174 - - [02/Jul/2026:11:56:24 -0400] "GET /wp-login.php?action=register HTTP/1.1" 302 0 "https://jarangomd.com/wp-signup.php" "Mozilla/5.0 (Linux; Android 8.1.0; ZTE BLADE V9 Build/OPM1.171019.026; wv) AppleWebKit/537.36 (KHTML, like Gecko) Version/4.0 Chrome/67.0.3396.87 Mobile Safari/537.36"
45.84.107.174 - - [02/Jul/2026:11:56:24 -0400] "GET /wp-login.php?registration=disabled HTTP/1.1" 200 6331 "https://jarangomd.com/wp-signup.php" "Mozilla/5.0 (Linux; Android 8.1.0; ZTE BLADE V9 Build/OPM1.171019.026; wv) AppleWebKit/537.36 (KHTML, like Gecko) Version/4.0 Chrome/67.0.3396.87 Mobile Safari/537.36"
45.84.107.174 - - [02/Jul/2026:11:56:25 -0400] "GET /wp-trackback.php HTTP/1.1" 404 135 "https://jarangomd.com/wp-trackback.php" "Mozilla/5.0 (Linux; Android 8.1.0; ZTE BLADE V9 Build/OPM1.171019.026; wv) AppleWebKit/537.36 (KHTML, like Gecko) Version/4.0 Chrome/67.0.3396.87 Mobile Safari/537.36"
74.7.242.58 - - [02/Jul/2026:11:57:13 -0400] "GET /wp-includes/block-supports/background.php HTTP/1.1" 500 0 "https://jarangomd.com/wp-includes/block-supports/" "Mozilla/5.0 AppleWebKit/537.36 (KHTML, like Gecko; compatible; GPTBot/1.4; +https://openai.com/gptbot)"
74.7.242.58 - - [02/Jul/2026:11:58:18 -0400] "GET /wp-includes/block-bindings/pattern-overrides.php HTTP/1.1" 500 0 "https://jarangomd.com/wp-includes/block-bindings/" "Mozilla/5.0 AppleWebKit/537.36 (KHTML, like Gecko; compatible; GPTBot/1.4; +https://openai.com/gptbot)"
74.7.242.58 - - [02/Jul/2026:11:59:20 -0400] "GET /wp-includes/block-supports/aria-label.php HTTP/1.1" 500 0 "https://jarangomd.com/wp-includes/block-supports/" "Mozilla/5.0 AppleWebKit/537.36 (KHTML, like Gecko; compatible; GPTBot/1.4; +https://openai.com/gptbot)"
74.7.242.58 - - [02/Jul/2026:12:01:27 -0400] "GET /wp-includes/block-supports/typography.php HTTP/1.1" 500 0 "https://jarangomd.com/wp-includes/block-supports/" "Mozilla/5.0 AppleWebKit/537.36 (KHTML, like Gecko; compatible; GPTBot/1.4; +https://openai.com/gptbot)"
119.131.146.115 - - [02/Jul/2026:12:03:19 -0400] "GET / HTTP/1.0" 200 8418 "https://jarangomd.com/" "Mozilla/5.0 (Windows NT 6.3; WOW64) AppleWebKit/537.36 (KHTML, like Gecko) Chrome/103.0.5060.114 Safari/537.36"
74.7.242.58 - - [02/Jul/2026:12:03:36 -0400] "GET /old/wp-includes/css/dashicons.min.css?ver=6.9.4 HTTP/1.1" 200 35101 "https://jarangomd.com/old/wp-links-opml.php" "Mozilla/5.0 AppleWebKit/537.36 (KHTML, like Gecko; compatible; GPTBot/1.4; +https://openai.com/gptbot)"
74.7.242.58 - - [02/Jul/2026:12:04:40 -0400] "GET /old/wp-includes/js/jquery/jquery-migrate.min.js?ver=3.4.1 HTTP/1.1" 200 4678 "https://jarangomd.com/old/wp-links-opml.php" "Mozilla/5.0 AppleWebKit/537.36 (KHTML, like Gecko; compatible; GPTBot/1.4; +https://openai.com/gptbot)"
74.7.242.58 - - [02/Jul/2026:12:07:56 -0400] "GET /old/wp-includes/css/buttons.min.css?ver=6.9.4 HTTP/1.1" 200 1275 "https://jarangomd.com/old/wp-links-opml.php" "Mozilla/5.0 AppleWebKit/537.36 (KHTML, like Gecko; compatible; GPTBot/1.4; +https://openai.com/gptbot)"
35.146.218.22 - - [02/Jul/2026:12:08:13 -0400] "GET / HTTP/1.1" 200 1801 "-" "Mozilla/5.0 (iPhone; CPU iPhone OS 18_7 like Mac OS X) AppleWebKit/605.1.15 (KHTML, like Gecko) Version/26.5 Mobile/15E148 Safari/604.1"
35.146.218.22 - - [02/Jul/2026:12:08:13 -0400] "GET /_autoindex/assets/js/tablesort.number.js HTTP/1.1" 200 322 "https://jarangomd.com/" "Mozilla/5.0 (iPhone; CPU iPhone OS 18_7 like Mac OS X) AppleWebKit/605.1.15 (KHTML, like Gecko) Version/26.5 Mobile/15E148 Safari/604.1"
35.146.218.22 - - [02/Jul/2026:12:08:14 -0400] "GET /_autoindex/assets/icons/file-text.svg HTTP/1.1" 200 394 "https://jarangomd.com/" "Mozilla/5.0 (iPhone; CPU iPhone OS 18_7 like Mac OS X) AppleWebKit/605.1.15 (KHTML, like Gecko) Version/26.5 Mobile/15E148 Safari/604.1"
35.146.218.22 - - [02/Jul/2026:12:08:13 -0400] "GET /_autoindex/assets/js/tablesort.js HTTP/1.1" 200 2137 "https://jarangomd.com/" "Mozilla/5.0 (iPhone; CPU iPhone OS 18_7 like Mac OS X) AppleWebKit/605.1.15 (KHTML, like Gecko) Version/26.5 Mobile/15E148 Safari/604.1"
35.146.218.22 - - [02/Jul/2026:12:08:13 -0400] "GET /_autoindex/assets/css/autoindex.css HTTP/1.1" 200 1170 "https://jarangomd.com/" "Mozilla/5.0 (iPhone; CPU iPhone OS 18_7 like Mac OS X) AppleWebKit/605.1.15 (KHTML, like Gecko) Version/26.5 Mobile/15E148 Safari/604.1"
35.146.218.22 - - [02/Jul/2026:12:08:14 -0400] "GET /_autoindex/assets/icons/folder-fill.svg HTTP/1.1" 200 333 "https://jarangomd.com/" "Mozilla/5.0 (iPhone; CPU iPhone OS 18_7 like Mac OS X) AppleWebKit/605.1.15 (KHTML, like Gecko) Version/26.5 Mobile/15E148 Safari/604.1"
35.146.218.22 - - [02/Jul/2026:12:08:14 -0400] "GET /_autoindex/assets/icons/file.svg HTTP/1.1" 200 354 "https://jarangomd.com/" "Mozilla/5.0 (iPhone; CPU iPhone OS 18_7 like Mac OS X) AppleWebKit/605.1.15 (KHTML, like Gecko) Version/26.5 Mobile/15E148 Safari/604.1"
74.7.242.58 - - [02/Jul/2026:12:08:34 -0400] "GET /old/wp-admin/css/l10n.min.css?ver=6.9.4 HTTP/1.1" 200 675 "https://jarangomd.com/old/wp-links-opml.php" "Mozilla/5.0 AppleWebKit/537.36 (KHTML, like Gecko; compatible; GPTBot/1.4; +https://openai.com/gptbot)"
74.7.242.58 - - [02/Jul/2026:12:09:08 -0400] "GET /old/wp-admin/css/install.min.css?ver=6.9.4 HTTP/1.1" 200 1590 "https://jarangomd.com/old/wp-links-opml.php" "Mozilla/5.0 AppleWebKit/537.36 (KHTML, like Gecko; compatible; GPTBot/1.4; +https://openai.com/gptbot)"
74.7.242.58 - - [02/Jul/2026:12:10:06 -0400] "GET /wp-includes/block-supports/border.php HTTP/1.1" 500 0 "https://jarangomd.com/wp-includes/block-supports/" "Mozilla/5.0 AppleWebKit/537.36 (KHTML, like Gecko; compatible; GPTBot/1.4; +https://openai.com/gptbot)"
74.7.242.58 - - [02/Jul/2026:12:09:38 -0400] "GET /wp-includes/sodium_compat/autoload-php7.php HTTP/1.1" 200 0 "https://jarangomd.com/wp-includes/sodium_compat/" "Mozilla/5.0 AppleWebKit/537.36 (KHTML, like Gecko; compatible; GPTBot/1.4; +https://openai.com/gptbot)"
74.7.242.58 - - [02/Jul/2026:12:10:30 -0400] "GET /wp-includes/block-supports/settings.php HTTP/1.1" 500 0 "https://jarangomd.com/wp-includes/block-supports/" "Mozilla/5.0 AppleWebKit/537.36 (KHTML, like Gecko; compatible; GPTBot/1.4; +https://openai.com/gptbot)"
74.7.242.58 - - [02/Jul/2026:12:11:36 -0400] "GET /wp-includes/block-supports/elements.php HTTP/1.1" 500 0 "https://jarangomd.com/wp-includes/block-supports/" "Mozilla/5.0 AppleWebKit/537.36 (KHTML, like Gecko; compatible; GPTBot/1.4; +https://openai.com/gptbot)"
74.7.242.58 - - [02/Jul/2026:12:14:45 -0400] "GET /wp-includes/sodium_compat/autoload.php HTTP/1.1" 200 0 "https://jarangomd.com/wp-includes/sodium_compat/" "Mozilla/5.0 AppleWebKit/537.36 (KHTML, like Gecko; compatible; GPTBot/1.4; +https://openai.com/gptbot)"
74.7.242.58 - - [02/Jul/2026:12:15:50 -0400] "GET /wp-includes/block-supports/spacing.php HTTP/1.1" 500 0 "https://jarangomd.com/wp-includes/block-supports/" "Mozilla/5.0 AppleWebKit/537.36 (KHTML, like Gecko; compatible; GPTBot/1.4; +https://openai.com/gptbot)"
74.7.242.58 - - [02/Jul/2026:12:16:49 -0400] "GET /wp-includes/block-supports/shadow.php HTTP/1.1" 500 0 "https://jarangomd.com/wp-includes/block-supports/" "Mozilla/5.0 AppleWebKit/537.36 (KHTML, like Gecko; compatible; GPTBot/1.4; +https://openai.com/gptbot)"
74.7.242.58 - - [02/Jul/2026:12:17:51 -0400] "GET /wp-includes/block-supports/layout.php HTTP/1.1" 500 0 "https://jarangomd.com/wp-includes/block-supports/" "Mozilla/5.0 AppleWebKit/537.36 (KHTML, like Gecko; compatible; GPTBot/1.4; +https://openai.com/gptbot)"
74.7.242.58 - - [02/Jul/2026:12:18:56 -0400] "GET /old/wp-admin/images/loading.gif HTTP/1.1" 200 1368 "https://jarangomd.com/old/wp-admin/css/forms.min.css?ver=6.9.4" "Mozilla/5.0 AppleWebKit/537.36 (KHTML, like Gecko; compatible; GPTBot/1.4; +https://openai.com/gptbot)"
74.7.242.58 - - [02/Jul/2026:12:19:56 -0400] "GET /old/wp-admin/images/spinner.gif HTTP/1.1" 200 3656 "https://jarangomd.com/old/wp-admin/css/install.min.css?ver=6.9.4" "Mozilla/5.0 AppleWebKit/537.36 (KHTML, like Gecko; compatible; GPTBot/1.4; +https://openai.com/gptbot)"
43.165.7.135 - - [02/Jul/2026:12:21:50 -0400] "GET / HTTP/1.1" 200 2136 "http://www.jarangomd.com" "Mozilla/5.0 (iPhone; CPU iPhone OS 13_2_3 like Mac OS X) AppleWebKit/605.1.15 (KHTML, like Gecko) Version/13.0.3 Mobile/15E148 Safari/604.1"
43.130.16.212 - - [02/Jul/2026:12:25:02 -0400] "GET /license.txt HTTP/1.1" 200 7990 "-" "Mozilla/5.0 (iPhone; CPU iPhone OS 13_2_3 like Mac OS X) AppleWebKit/605.1.15 (KHTML, like Gecko) Version/13.0.3 Mobile/15E148 Safari/604.1"
74.7.242.58 - - [02/Jul/2026:12:12:41 -0400] "GET /wp-includes/block-supports/position.php HTTP/1.1" 500 0 "https://jarangomd.com/wp-includes/block-supports/" "Mozilla/5.0 AppleWebKit/537.36 (KHTML, like Gecko; compatible; GPTBot/1.4; +https://openai.com/gptbot)"
74.7.242.58 - - [02/Jul/2026:12:13:42 -0400] "GET /wp-includes/block-supports/duotone.php HTTP/1.1" 500 0 "https://jarangomd.com/wp-includes/block-supports/" "Mozilla/5.0 AppleWebKit/537.36 (KHTML, like Gecko; compatible; GPTBot/1.4; +https://openai.com/gptbot)"
43.135.145.73 - - [02/Jul/2026:12:14:03 -0400] "GET /mac.php?pikachu=L2hvbWUvYXRvbXlsdmIvamFyYW5nb21kLmNvbS9vbGQvd3AtY29udGVudC91cGdyYWRl HTTP/1.1" 200 4279 "-" "Mozilla/5.0 (iPhone; CPU iPhone OS 13_2_3 like Mac OS X) AppleWebKit/605.1.15 (KHTML, like Gecko) Version/13.0.3 Mobile/15E148 Safari/604.1"
74.7.242.58 - - [02/Jul/2026:12:20:55 -0400] "GET /old/wp-admin/images/spinner-2x.gif HTTP/1.1" 200 7536 "https://jarangomd.com/old/wp-admin/css/install.min.css?ver=6.9.4" "Mozilla/5.0 AppleWebKit/537.36 (KHTML, like Gecko; compatible; GPTBot/1.4; +https://openai.com/gptbot)"
74.7.242.58 - - [02/Jul/2026:12:21:47 -0400] "GET /wp-includes/block-supports/colors.php HTTP/1.1" 500 0 "https://jarangomd.com/wp-includes/block-supports/" "Mozilla/5.0 AppleWebKit/537.36 (KHTML, like Gecko; compatible; GPTBot/1.4; +https://openai.com/gptbot)"
74.7.242.58 - - [02/Jul/2026:12:22:34 -0400] "GET /wp-includes/block-supports/utils.php HTTP/1.1" 200 0 "https://jarangomd.com/wp-includes/block-supports/" "Mozilla/5.0 AppleWebKit/537.36 (KHTML, like Gecko; compatible; GPTBot/1.4; +https://openai.com/gptbot)"
74.7.242.58 - - [02/Jul/2026:12:23:37 -0400] "GET /wp-includes/block-supports/align.php HTTP/1.1" 500 0 "https://jarangomd.com/wp-includes/block-supports/" "Mozilla/5.0 AppleWebKit/537.36 (KHTML, like Gecko; compatible; GPTBot/1.4; +https://openai.com/gptbot)"
74.7.242.58 - - [02/Jul/2026:12:24:32 -0400] "GET /wp-includes/html-api/class-wp-html-text-replacement.php HTTP/1.1" 200 0 "https://jarangomd.com/wp-includes/html-api/" "Mozilla/5.0 AppleWebKit/537.36 (KHTML, like Gecko; compatible; GPTBot/1.4; +https://openai.com/gptbot)"
216.244.66.233 - - [02/Jul/2026:12:26:23 -0400] "GET /robots.txt HTTP/1.1" 200 67 "-" "Mozilla/5.0 (compatible; DotBot/1.2; +https://opensiteexplorer.org/dotbot; help@moz.com)"
74.7.242.58 - - [02/Jul/2026:12:28:53 -0400] "GET /wp-includes/kses.php HTTP/1.1" 200 0 "https://jarangomd.com/wp-includes/" "Mozilla/5.0 AppleWebKit/537.36 (KHTML, like Gecko; compatible; GPTBot/1.4; +https://openai.com/gptbot)"
74.7.242.58 - - [02/Jul/2026:12:29:29 -0400] "GET /wp-includes/http.php HTTP/1.1" 200 0 "https://jarangomd.com/wp-includes/" "Mozilla/5.0 AppleWebKit/537.36 (KHTML, like Gecko; compatible; GPTBot/1.4; +https://openai.com/gptbot)"
74.7.242.58 - - [02/Jul/2026:12:34:52 -0400] "GET /wp-includes/sodium_compat/lib/php84compat.php HTTP/1.1" 200 0 "https://jarangomd.com/wp-includes/sodium_compat/lib/" "Mozilla/5.0 AppleWebKit/537.36 (KHTML, like Gecko; compatible; GPTBot/1.4; +https://openai.com/gptbot)"
74.7.242.58 - - [02/Jul/2026:12:35:43 -0400] "GET /wp-includes/sodium_compat/lib/php84compat_const.php HTTP/1.1" 200 0 "https://jarangomd.com/wp-includes/sodium_compat/lib/" "Mozilla/5.0 AppleWebKit/537.36 (KHTML, like Gecko; compatible; GPTBot/1.4; +https://openai.com/gptbot)"
74.7.242.58 - - [02/Jul/2026:12:25:38 -0400] "GET /wp-includes/sodium_compat/lib/ HTTP/1.1" 200 1233 "https://jarangomd.com/wp-includes/sodium_compat/" "Mozilla/5.0 AppleWebKit/537.36 (KHTML, like Gecko; compatible; GPTBot/1.4; +https://openai.com/gptbot)"
74.7.242.58 - - [02/Jul/2026:12:26:35 -0400] "GET /wp-includes/class-wp-block-type.php HTTP/1.1" 200 0 "https://jarangomd.com/wp-includes/" "Mozilla/5.0 AppleWebKit/537.36 (KHTML, like Gecko; compatible; GPTBot/1.4; +https://openai.com/gptbot)"
74.7.242.58 - - [02/Jul/2026:12:27:26 -0400] "GET /wp-includes/sodium_compat/namespaced/ HTTP/1.1" 200 775 "https://jarangomd.com/wp-includes/sodium_compat/" "Mozilla/5.0 AppleWebKit/537.36 (KHTML, like Gecko; compatible; GPTBot/1.4; +https://openai.com/gptbot)"
74.7.242.58 - - [02/Jul/2026:12:28:13 -0400] "GET /wp-includes/style-engine/ HTTP/1.1" 200 773 "https://jarangomd.com/wp-includes/" "Mozilla/5.0 AppleWebKit/537.36 (KHTML, like Gecko; compatible; GPTBot/1.4; +https://openai.com/gptbot)"
74.7.242.58 - - [02/Jul/2026:12:30:04 -0400] "GET /wp-includes/theme.php HTTP/1.1" 200 0 "https://jarangomd.com/wp-includes/" "Mozilla/5.0 AppleWebKit/537.36 (KHTML, like Gecko; compatible; GPTBot/1.4; +https://openai.com/gptbot)"
