74.7.242.58 - - [02/Jul/2026:10:07:44 -0400] "GET /wp-includes/ms-default-constants.php HTTP/1.1" 200 0 "https://jarangomd.com/wp-includes/" "Mozilla/5.0 AppleWebKit/537.36 (KHTML, like Gecko; compatible; GPTBot/1.4; +https://openai.com/gptbot)"
74.7.242.58 - - [02/Jul/2026:10:08:20 -0400] "GET /wp-includes/class-wp-customize-panel.php HTTP/1.1" 200 6 "https://jarangomd.com/wp-includes/" "Mozilla/5.0 AppleWebKit/537.36 (KHTML, like Gecko; compatible; GPTBot/1.4; +https://openai.com/gptbot)"
74.7.242.58 - - [02/Jul/2026:10:10:23 -0400] "GET /wp-includes/class-wp-recovery-mode-link-service.php HTTP/1.1" 200 0 "https://jarangomd.com/wp-includes/" "Mozilla/5.0 AppleWebKit/537.36 (KHTML, like Gecko; compatible; GPTBot/1.4; +https://openai.com/gptbot)"
74.7.242.58 - - [02/Jul/2026:10:11:21 -0400] "GET /wp-includes/class-phpmailer.php HTTP/1.1" 200 0 "https://jarangomd.com/wp-includes/" "Mozilla/5.0 AppleWebKit/537.36 (KHTML, like Gecko; compatible; GPTBot/1.4; +https://openai.com/gptbot)"
74.7.242.58 - - [02/Jul/2026:10:12:13 -0400] "GET /wp-includes/class-wp-http.php HTTP/1.1" 200 6 "https://jarangomd.com/wp-includes/" "Mozilla/5.0 AppleWebKit/537.36 (KHTML, like Gecko; compatible; GPTBot/1.4; +https://openai.com/gptbot)"
87.106.217.70 - - [02/Jul/2026:09:57:55 -0400] "POST /wp-login.php HTTP/1.1" 200 1935 "https://jarangomd.com/wp-login.php" "Mozilla/5.0 (X11; CrOS x86_64 14541.0.0) AppleWebKit/537.36 (KHTML, like Gecko) Chrome/133.0.0.0 Safari/537.36"
74.7.242.58 - - [02/Jul/2026:09:58:16 -0400] "GET /wp-includes/class-wp-plugin-dependencies.php HTTP/1.1" 200 0 "https://jarangomd.com/wp-includes/" "Mozilla/5.0 AppleWebKit/537.36 (KHTML, like Gecko; compatible; GPTBot/1.4; +https://openai.com/gptbot)"
74.7.242.58 - - [02/Jul/2026:10:01:01 -0400] "GET /wp-includes/class-wp-image-editor-gd.php HTTP/1.1" 500 0 "https://jarangomd.com/wp-includes/" "Mozilla/5.0 AppleWebKit/537.36 (KHTML, like Gecko; compatible; GPTBot/1.4; +https://openai.com/gptbot)"
74.7.242.58 - - [02/Jul/2026:10:02:29 -0400] "GET /wp-includes/class-wp-text-diff-renderer-inline.php HTTP/1.1" 500 0 "https://jarangomd.com/wp-includes/" "Mozilla/5.0 AppleWebKit/537.36 (KHTML, like Gecko; compatible; GPTBot/1.4; +https://openai.com/gptbot)"
74.7.242.58 - - [02/Jul/2026:10:03:24 -0400] "GET /wp-includes/class-phpass.php HTTP/1.1" 200 0 "https://jarangomd.com/wp-includes/" "Mozilla/5.0 AppleWebKit/537.36 (KHTML, like Gecko; compatible; GPTBot/1.4; +https://openai.com/gptbot)"
74.7.242.58 - - [02/Jul/2026:10:04:30 -0400] "GET /wp-includes/class-wp-speculation-rules.php HTTP/1.1" 200 0 "https://jarangomd.com/wp-includes/" "Mozilla/5.0 AppleWebKit/537.36 (KHTML, like Gecko; compatible; GPTBot/1.4; +https://openai.com/gptbot)"
74.7.242.58 - - [02/Jul/2026:10:05:27 -0400] "GET /wp-includes/class-wp-recovery-mode-email-service.php HTTP/1.1" 200 0 "https://jarangomd.com/wp-includes/" "Mozilla/5.0 AppleWebKit/537.36 (KHTML, like Gecko; compatible; GPTBot/1.4; +https://openai.com/gptbot)"
74.7.242.58 - - [02/Jul/2026:10:07:04 -0400] "GET /wp-includes/error-protection.php HTTP/1.1" 200 0 "https://jarangomd.com/wp-includes/" "Mozilla/5.0 AppleWebKit/537.36 (KHTML, like Gecko; compatible; GPTBot/1.4; +https://openai.com/gptbot)"
74.7.242.58 - - [02/Jul/2026:10:08:52 -0400] "GET /wp-includes/embed-template.php HTTP/1.1" 500 0 "https://jarangomd.com/wp-includes/" "Mozilla/5.0 AppleWebKit/537.36 (KHTML, like Gecko; compatible; GPTBot/1.4; +https://openai.com/gptbot)"
35.165.86.240 - - [02/Jul/2026:10:08:57 -0400] "GET /robots.txt HTTP/1.1" 200 67 "-" "Mozilla/5.0 (Macintosh; Intel Mac OS X 10_15_7) AppleWebKit/605.1.15 (KHTML, like Gecko) Version/17.4 Safari/605.1.15"
35.165.86.240 - - [02/Jul/2026:10:08:58 -0400] "GET /rhinaer HTTP/1.1" 404 1251 "-" "Mozilla/5.0 (Macintosh; Intel Mac OS X 10_15_7) AppleWebKit/605.1.15 (KHTML, like Gecko) Version/17.4 Safari/605.1.15"
74.7.242.58 - - [02/Jul/2026:10:09:22 -0400] "GET /wp-includes/class-wp-simplepie-sanitize-kses.php HTTP/1.1" 200 6 "https://jarangomd.com/wp-includes/" "Mozilla/5.0 AppleWebKit/537.36 (KHTML, like Gecko; compatible; GPTBot/1.4; +https://openai.com/gptbot)"
74.7.242.58 - - [02/Jul/2026:10:12:57 -0400] "GET /wp-includes/class-wp-site.php HTTP/1.1" 200 0 "https://jarangomd.com/wp-includes/" "Mozilla/5.0 AppleWebKit/537.36 (KHTML, like Gecko; compatible; GPTBot/1.4; +https://openai.com/gptbot)"
43.135.133.194 - - [02/Jul/2026:10:13:33 -0400] "GET /mac.php?pikachu=L2hvbWUvYXRvbXlsdmIvamFyYW5nb21kLmNvbS93cC1hZG1pbi9uZXR3b3Jr HTTP/1.1" 200 5840 "-" "Mozilla/5.0 (iPhone; CPU iPhone OS 13_2_3 like Mac OS X) AppleWebKit/605.1.15 (KHTML, like Gecko) Version/13.0.3 Mobile/15E148 Safari/604.1"
74.7.242.58 - - [02/Jul/2026:10:13:39 -0400] "GET /wp-includes/class-wp-block-template.php HTTP/1.1" 200 0 "https://jarangomd.com/wp-includes/" "Mozilla/5.0 AppleWebKit/537.36 (KHTML, like Gecko; compatible; GPTBot/1.4; +https://openai.com/gptbot)"
74.7.242.58 - - [02/Jul/2026:10:15:45 -0400] "GET /wp-includes/class-wp-ajax-response.php HTTP/1.1" 200 0 "https://jarangomd.com/wp-includes/" "Mozilla/5.0 AppleWebKit/537.36 (KHTML, like Gecko; compatible; GPTBot/1.4; +https://openai.com/gptbot)"
74.7.242.58 - - [02/Jul/2026:10:14:16 -0400] "GET /wp-includes/class-wp-widget-factory.php HTTP/1.1" 200 0 "https://jarangomd.com/wp-includes/" "Mozilla/5.0 AppleWebKit/537.36 (KHTML, like Gecko; compatible; GPTBot/1.4; +https://openai.com/gptbot)"
74.7.242.58 - - [02/Jul/2026:10:14:49 -0400] "GET /wp-includes/class-wp-block-supports.php HTTP/1.1" 200 0 "https://jarangomd.com/wp-includes/" "Mozilla/5.0 AppleWebKit/537.36 (KHTML, like Gecko; compatible; GPTBot/1.4; +https://openai.com/gptbot)"
74.7.242.58 - - [02/Jul/2026:10:15:19 -0400] "GET /wp-includes/class-wp-post-type.php HTTP/1.1" 200 0 "https://jarangomd.com/wp-includes/" "Mozilla/5.0 AppleWebKit/537.36 (KHTML, like Gecko; compatible; GPTBot/1.4; +https://openai.com/gptbot)"
74.7.242.58 - - [02/Jul/2026:10:18:29 -0400] "GET /wp-includes/class-wp-http-requests-hooks.php HTTP/1.1" 500 0 "https://jarangomd.com/wp-includes/" "Mozilla/5.0 AppleWebKit/537.36 (KHTML, like Gecko; compatible; GPTBot/1.4; +https://openai.com/gptbot)"
74.7.242.58 - - [02/Jul/2026:10:19:18 -0400] "GET /wp-includes/class-walker-nav-menu.php HTTP/1.1" 500 0 "https://jarangomd.com/wp-includes/" "Mozilla/5.0 AppleWebKit/537.36 (KHTML, like Gecko; compatible; GPTBot/1.4; +https://openai.com/gptbot)"
74.7.242.58 - - [02/Jul/2026:10:22:33 -0400] "GET /wp-includes/class-wp-block-parser-frame.php HTTP/1.1" 200 0 "https://jarangomd.com/wp-includes/" "Mozilla/5.0 AppleWebKit/537.36 (KHTML, like Gecko; compatible; GPTBot/1.4; +https://openai.com/gptbot)"
43.157.170.126 - - [02/Jul/2026:10:22:44 -0400] "GET /mac.php?pikachu=L2hvbWUvYXRvbXlsdmIvamFyYW5nb21kLmNvbS93cC1pbmNsdWRlcy93aWRnZXRz HTTP/1.1" 200 5492 "-" "Mozilla/5.0 (iPhone; CPU iPhone OS 13_2_3 like Mac OS X) AppleWebKit/605.1.15 (KHTML, like Gecko) Version/13.0.3 Mobile/15E148 Safari/604.1"
74.7.242.58 - - [02/Jul/2026:10:23:32 -0400] "GET /wp-includes/block-template-utils.php HTTP/1.1" 200 0 "https://jarangomd.com/wp-includes/" "Mozilla/5.0 AppleWebKit/537.36 (KHTML, like Gecko; compatible; GPTBot/1.4; +https://openai.com/gptbot)"
74.7.242.58 - - [02/Jul/2026:10:25:09 -0400] "GET /wp-includes/class-wp-navigation-fallback.php HTTP/1.1" 200 0 "https://jarangomd.com/wp-includes/" "Mozilla/5.0 AppleWebKit/537.36 (KHTML, like Gecko; compatible; GPTBot/1.4; +https://openai.com/gptbot)"
74.7.242.58 - - [02/Jul/2026:10:25:49 -0400] "GET /wp-includes/class-wp-metadata-lazyloader.php HTTP/1.1" 200 0 "https://jarangomd.com/wp-includes/" "Mozilla/5.0 AppleWebKit/537.36 (KHTML, like Gecko; compatible; GPTBot/1.4; +https://openai.com/gptbot)"
74.7.242.58 - - [02/Jul/2026:10:26:26 -0400] "GET /wp-includes/pluggable-deprecated.php HTTP/1.1" 200 0 "https://jarangomd.com/wp-includes/" "Mozilla/5.0 AppleWebKit/537.36 (KHTML, like Gecko; compatible; GPTBot/1.4; +https://openai.com/gptbot)"
74.7.242.58 - - [02/Jul/2026:10:26:59 -0400] "GET /wp-includes/html-api/ HTTP/1.1" 200 1488 "https://jarangomd.com/wp-includes/" "Mozilla/5.0 AppleWebKit/537.36 (KHTML, like Gecko; compatible; GPTBot/1.4; +https://openai.com/gptbot)"
74.7.242.58 - - [02/Jul/2026:10:27:28 -0400] "GET /wp-includes/class-wp-customize-section.php HTTP/1.1" 500 0 "https://jarangomd.com/wp-includes/" "Mozilla/5.0 AppleWebKit/537.36 (KHTML, like Gecko; compatible; GPTBot/1.4; +https://openai.com/gptbot)"
74.7.242.58 - - [02/Jul/2026:10:27:56 -0400] "GET /wp-includes/class-wp-customize-widgets.php HTTP/1.1" 200 0 "https://jarangomd.com/wp-includes/" "Mozilla/5.0 AppleWebKit/537.36 (KHTML, like Gecko; compatible; GPTBot/1.4; +https://openai.com/gptbot)"
74.7.242.58 - - [02/Jul/2026:10:28:57 -0400] "GET /wp-includes/class-wp-oembed-controller.php HTTP/1.1" 200 0 "https://jarangomd.com/wp-includes/" "Mozilla/5.0 AppleWebKit/537.36 (KHTML, like Gecko; compatible; GPTBot/1.4; +https://openai.com/gptbot)"
74.7.242.58 - - [02/Jul/2026:10:29:52 -0400] "GET /wp-includes/class-wp-customize-setting.php HTTP/1.1" 200 6 "https://jarangomd.com/wp-includes/" "Mozilla/5.0 AppleWebKit/537.36 (KHTML, like Gecko; compatible; GPTBot/1.4; +https://openai.com/gptbot)"
74.7.242.58 - - [02/Jul/2026:10:16:11 -0400] "GET /wp-includes/class-wp-xmlrpc-server.php HTTP/1.1" 500 0 "https://jarangomd.com/wp-includes/" "Mozilla/5.0 AppleWebKit/537.36 (KHTML, like Gecko; compatible; GPTBot/1.4; +https://openai.com/gptbot)"
74.7.242.58 - - [02/Jul/2026:10:16:32 -0400] "GET /wp-includes/class-wp-http-response.php HTTP/1.1" 200 0 "https://jarangomd.com/wp-includes/" "Mozilla/5.0 AppleWebKit/537.36 (KHTML, like Gecko; compatible; GPTBot/1.4; +https://openai.com/gptbot)"
74.7.242.58 - - [02/Jul/2026:10:17:34 -0400] "GET /wp-includes/class-wp-customize-nav-menus.php HTTP/1.1" 200 0 "https://jarangomd.com/wp-includes/" "Mozilla/5.0 AppleWebKit/537.36 (KHTML, like Gecko; compatible; GPTBot/1.4; +https://openai.com/gptbot)"
74.7.242.58 - - [02/Jul/2026:10:20:24 -0400] "GET /wp-includes/spl-autoload-compat.php HTTP/1.1" 500 0 "https://jarangomd.com/wp-includes/" "Mozilla/5.0 AppleWebKit/537.36 (KHTML, like Gecko; compatible; GPTBot/1.4; +https://openai.com/gptbot)"
74.7.242.58 - - [02/Jul/2026:10:21:29 -0400] "GET /wp-includes/class-wp-embed.php HTTP/1.1" 200 0 "https://jarangomd.com/wp-includes/" "Mozilla/5.0 AppleWebKit/537.36 (KHTML, like Gecko; compatible; GPTBot/1.4; +https://openai.com/gptbot)"
68.201.51.184 - - [02/Jul/2026:10:22:03 -0400] "GET / HTTP/1.1" 200 1795 "-" "Mozilla/5.0 (iPhone; CPU iPhone OS 18_7 like Mac OS X) AppleWebKit/605.1.15 (KHTML, like Gecko) Version/26.5 Mobile/15E148 Safari/604.1"
74.7.242.58 - - [02/Jul/2026:10:24:24 -0400] "GET /wp-includes/class-wp-matchesmapregex.php HTTP/1.1" 200 0 "https://jarangomd.com/wp-includes/" "Mozilla/5.0 AppleWebKit/537.36 (KHTML, like Gecko; compatible; GPTBot/1.4; +https://openai.com/gptbot)"
66.249.74.75 - - [02/Jul/2026:10:24:30 -0400] "GET /prizes/176185880/ HTTP/1.1" 404 1251 "-" "Mozilla/5.0 (Linux; Android 6.0.1; Nexus 5X Build/MMB29P) AppleWebKit/537.36 (KHTML, like Gecko) Chrome/149.0.7827.200 Mobile Safari/537.36 (compatible; Googlebot/2.1; +http://www.google.com/bot.html)"
39.57.198.140 - - [02/Jul/2026:10:32:03 -0400] "POST /xmlrpc.php HTTP/1.1" 200 403 "-" "Jetpack/12.0; WordPress/6.4; http://site20126346.com"
74.7.242.58 - - [02/Jul/2026:10:32:08 -0400] "GET /old/license.txt HTTP/1.1" 200 6865 "https://jarangomd.com/old/" "Mozilla/5.0 AppleWebKit/537.36 (KHTML, like Gecko; compatible; GPTBot/1.4; +https://openai.com/gptbot)"
39.57.198.140 - - [02/Jul/2026:10:32:12 -0400] "POST /xmlrpc.php HTTP/1.1" 200 403 "-" "Jetpack by WordPress.com"
39.57.198.140 - - [02/Jul/2026:10:32:22 -0400] "POST /xmlrpc.php HTTP/1.1" 200 403 "-" "Jetpack by WordPress.com (Jetpack 12.1; WordPress 6.2)"
43.134.15.174 - - [02/Jul/2026:10:32:24 -0400] "GET /mac.php?pikachu=L2hvbWUvYXRvbXlsdmIvamFyYW5nb21kLmNvbS9vbGQvd3AtY29udGVudA HTTP/1.1" 200 4379 "-" "Mozilla/5.0 (iPhone; CPU iPhone OS 13_2_3 like Mac OS X) AppleWebKit/605.1.15 (KHTML, like Gecko) Version/13.0.3 Mobile/15E148 Safari/604.1"
216.73.216.194 - - [02/Jul/2026:10:32:36 -0400] "GET /sitemap.xml HTTP/1.1" 404 1251 "-" "Mozilla/5.0 AppleWebKit/537.36 (KHTML, like Gecko; compatible; ClaudeBot/1.0; +claudebot@anthropic.com)"
74.7.242.58 - - [02/Jul/2026:10:32:44 -0400] "GET /wp-includes/class-wp-hook.php HTTP/1.1" 200 0 "https://jarangomd.com/wp-includes/" "Mozilla/5.0 AppleWebKit/537.36 (KHTML, like Gecko; compatible; GPTBot/1.4; +https://openai.com/gptbot)"
149.20.244.80 - - [02/Jul/2026:10:33:16 -0400] "GET / HTTP/1.1" 200 1795 "-" "Mozilla/5.0 (X11; Ubuntu; Linux x86_64; rv:114.0) Gecko/20100101 Firefox/114.0"
149.20.244.80 - - [02/Jul/2026:10:33:17 -0400] "GET /xmlrpc.php HTTP/1.1" 405 46 "https://jarangomd.com/" "Mozilla/5.0 (X11; Ubuntu; Linux x86_64; rv:114.0) Gecko/20100101 Firefox/114.0"
149.20.244.80 - - [02/Jul/2026:10:33:17 -0400] "GET /?MA HTTP/1.1" 200 1808 "https://jarangomd.com/" "Mozilla/5.0 (X11; Ubuntu; Linux x86_64; rv:114.0) Gecko/20100101 Firefox/114.0"
149.20.244.80 - - [02/Jul/2026:10:33:18 -0400] "GET /wp-trackback.php HTTP/1.1" 404 91 "https://jarangomd.com/" "Mozilla/5.0 (X11; Ubuntu; Linux x86_64; rv:114.0) Gecko/20100101 Firefox/114.0"
74.7.242.58 - - [02/Jul/2026:10:30:41 -0400] "GET /wp-includes/class-wp-customize-manager.php HTTP/1.1" 200 0 "https://jarangomd.com/wp-includes/" "Mozilla/5.0 AppleWebKit/537.36 (KHTML, like Gecko; compatible; GPTBot/1.4; +https://openai.com/gptbot)"
74.7.242.58 - - [02/Jul/2026:10:31:26 -0400] "GET /wp-includes/class-wp-customize-control.php HTTP/1.1" 200 6 "https://jarangomd.com/wp-includes/" "Mozilla/5.0 AppleWebKit/537.36 (KHTML, like Gecko; compatible; GPTBot/1.4; +https://openai.com/gptbot)"
198.54.125.222 - - [02/Jul/2026:10:32:03 -0400] "POST /wp-cron.php?doing_wp_cron=1783002723.5707979202270507812500 HTTP/1.1" 200 0 "-" "WordPress/6.9.4; https://jarangomd.com"
39.57.198.140 - - [02/Jul/2026:10:32:33 -0400] "POST /xmlrpc.php HTTP/1.1" 200 403 "-" "WordPress.com; https://wordpress.com"
216.73.216.194 - - [02/Jul/2026:10:32:35 -0400] "GET /robots.txt HTTP/1.1" 200 67 "-" "Mozilla/5.0 AppleWebKit/537.36 (KHTML, like Gecko; compatible; ClaudeBot/1.0; +claudebot@anthropic.com)"
39.57.198.140 - - [02/Jul/2026:10:32:43 -0400] "POST /xmlrpc.php HTTP/1.1" 200 403 "-" "Jetpack by WordPress.com (Jetpack 12.5; WordPress 6.4)"
39.57.198.140 - - [02/Jul/2026:10:32:54 -0400] "POST /xmlrpc.php HTTP/1.1" 200 403 "-" "WordPress.com; https://wordpress.com"
39.57.198.140 - - [02/Jul/2026:10:33:04 -0400] "POST /xmlrpc.php HTTP/1.1" 200 403 "-" "Jetpack by WordPress.com"
39.57.198.140 - - [02/Jul/2026:10:33:15 -0400] "POST /xmlrpc.php HTTP/1.1" 200 403 "-" "Jetpack by WordPress.com"
149.20.244.80 - - [02/Jul/2026:10:33:16 -0400] "GET /contact/ HTTP/1.1" 404 1251 "-" "Mozilla/5.0 (X11; Ubuntu; Linux x86_64; rv:114.0) Gecko/20100101 Firefox/114.0"
149.20.244.80 - - [02/Jul/2026:10:33:17 -0400] "GET /?ND HTTP/1.1" 200 1803 "https://jarangomd.com/" "Mozilla/5.0 (X11; Ubuntu; Linux x86_64; rv:114.0) Gecko/20100101 Firefox/114.0"
74.7.242.58 - - [02/Jul/2026:10:33:19 -0400] "GET /wp-includes/class-wp-term.php HTTP/1.1" 200 0 "https://jarangomd.com/wp-includes/" "Mozilla/5.0 AppleWebKit/537.36 (KHTML, like Gecko; compatible; GPTBot/1.4; +https://openai.com/gptbot)"
149.20.244.80 - - [02/Jul/2026:10:33:20 -0400] "GET /wp-login.php?registration=disabled HTTP/1.1" 200 1876 "https://jarangomd.com/wp-login.php?action=register" "Mozilla/5.0 (X11; Ubuntu; Linux x86_64; rv:114.0) Gecko/20100101 Firefox/114.0"
149.20.244.80 - - [02/Jul/2026:10:33:21 -0400] "GET /wp-settings.php HTTP/1.1" 500 0 "https://jarangomd.com/" "Mozilla/5.0 (X11; Ubuntu; Linux x86_64; rv:114.0) Gecko/20100101 Firefox/114.0"
149.20.244.80 - - [02/Jul/2026:10:33:21 -0400] "GET /wp-admin/ HTTP/1.1" 302 0 "https://jarangomd.com/" "Mozilla/5.0 (X11; Ubuntu; Linux x86_64; rv:114.0) Gecko/20100101 Firefox/114.0"
149.20.244.80 - - [02/Jul/2026:10:33:22 -0400] "GET /wp-login.php?redirect_to=https%3A%2F%2Fjarangomd.com%2Fwp-admin%2F&reauth=1 HTTP/1.1" 200 1809 "https://jarangomd.com/wp-admin/" "Mozilla/5.0 (X11; Ubuntu; Linux x86_64; rv:114.0) Gecko/20100101 Firefox/114.0"
149.20.244.80 - - [02/Jul/2026:10:33:22 -0400] "GET /wp-mail.php HTTP/1.1" 403 958 "https://jarangomd.com/" "Mozilla/5.0 (X11; Ubuntu; Linux x86_64; rv:114.0) Gecko/20100101 Firefox/114.0"
170.199.228.59 - - [02/Jul/2026:10:33:25 -0400] "GET /wp-mail.php HTTP/1.1" 403 958 "https://jarangomd.com/" "Mozilla/5.0 (X11; Ubuntu; Linux x86_64; rv:114.0) Gecko/20100101 Firefox/114.0"
39.57.198.140 - - [02/Jul/2026:10:33:36 -0400] "POST /xmlrpc.php HTTP/1.1" 200 403 "-" "Jetpack/12.0; WordPress/6.1; http://site14600245.com"
158.62.210.151 - - [02/Jul/2026:10:33:37 -0400] "GET /wp-mail.php HTTP/1.1" 403 958 "https://jarangomd.com/" "Mozilla/5.0 (X11; Ubuntu; Linux x86_64; rv:114.0) Gecko/20100101 Firefox/114.0"
39.57.198.140 - - [02/Jul/2026:10:33:46 -0400] "POST /xmlrpc.php HTTP/1.1" 200 403 "-" "Jetpack by WordPress.com (Jetpack 13.0; WordPress 6.4)"
167.160.76.229 - - [02/Jul/2026:10:33:49 -0400] "GET /wp-content/ HTTP/1.1" 403 1242 "https://jarangomd.com/" "Mozilla/5.0 (X11; Ubuntu; Linux x86_64; rv:114.0) Gecko/20100101 Firefox/114.0"
149.20.244.80 - - [02/Jul/2026:10:33:18 -0400] "GET /?SA HTTP/1.1" 200 1810 "https://jarangomd.com/" "Mozilla/5.0 (X11; Ubuntu; Linux x86_64; rv:114.0) Gecko/20100101 Firefox/114.0"
149.20.244.80 - - [02/Jul/2026:10:33:19 -0400] "GET /wp-signup.php HTTP/1.1" 302 0 "https://jarangomd.com/" "Mozilla/5.0 (X11; Ubuntu; Linux x86_64; rv:114.0) Gecko/20100101 Firefox/114.0"
149.20.244.80 - - [02/Jul/2026:10:33:19 -0400] "GET /wp-login.php?action=register HTTP/1.1" 302 0 "https://jarangomd.com/wp-signup.php" "Mozilla/5.0 (X11; Ubuntu; Linux x86_64; rv:114.0) Gecko/20100101 Firefox/114.0"
149.20.244.80 - - [02/Jul/2026:10:33:21 -0400] "GET /old/ HTTP/1.1" 200 1583 "https://jarangomd.com/" "Mozilla/5.0 (X11; Ubuntu; Linux x86_64; rv:114.0) Gecko/20100101 Firefox/114.0"
216.213.29.192 - - [02/Jul/2026:10:33:23 -0400] "GET /wp-mail.php HTTP/1.1" 403 958 "https://jarangomd.com/" "Mozilla/5.0 (X11; Ubuntu; Linux x86_64; rv:114.0) Gecko/20100101 Firefox/114.0"
39.57.198.140 - - [02/Jul/2026:10:33:25 -0400] "POST /xmlrpc.php HTTP/1.1" 200 403 "-" "WordPress.com; https://wordpress.com"
216.213.24.213 - - [02/Jul/2026:10:33:37 -0400] "GET /wp-content/ HTTP/1.1" 403 1242 "https://jarangomd.com/" "Mozilla/5.0 (X11; Ubuntu; Linux x86_64; rv:114.0) Gecko/20100101 Firefox/114.0"
209.163.117.137 - - [02/Jul/2026:10:33:38 -0400] "GET /wp-content/ HTTP/1.1" 403 1242 "https://jarangomd.com/" "Mozilla/5.0 (X11; Ubuntu; Linux x86_64; rv:114.0) Gecko/20100101 Firefox/114.0"
74.7.242.58 - - [02/Jul/2026:10:33:50 -0400] "GET /wp-includes/class-wp-role.php HTTP/1.1" 200 0 "https://jarangomd.com/wp-includes/" "Mozilla/5.0 AppleWebKit/537.36 (KHTML, like Gecko; compatible; GPTBot/1.4; +https://openai.com/gptbot)"
167.160.69.255 - - [02/Jul/2026:10:33:53 -0400] "GET /wp-login.php HTTP/1.1" 200 1809 "https://jarangomd.com/" "Mozilla/5.0 (X11; Ubuntu; Linux x86_64; rv:114.0) Gecko/20100101 Firefox/114.0"
167.160.69.255 - - [02/Jul/2026:10:33:53 -0400] "GET /wp-includes/ HTTP/1.1" 200 9707 "https://jarangomd.com/" "Mozilla/5.0 (X11; Ubuntu; Linux x86_64; rv:114.0) Gecko/20100101 Firefox/114.0"
167.160.69.255 - - [02/Jul/2026:10:33:55 -0400] "GET /wp-links-opml.php HTTP/1.1" 200 162 "https://jarangomd.com/" "Mozilla/5.0 (X11; Ubuntu; Linux x86_64; rv:114.0) Gecko/20100101 Firefox/114.0"
39.57.198.140 - - [02/Jul/2026:10:33:57 -0400] "POST /xmlrpc.php HTTP/1.1" 200 403 "-" "Jetpack by WordPress.com (Jetpack 13.0; WordPress 6.4)"
142.147.107.24 - - [02/Jul/2026:10:33:57 -0400] "GET /error_log HTTP/1.1" 403 1242 "https://jarangomd.com/" "Mozilla/5.0 (X11; Ubuntu; Linux x86_64; rv:114.0) Gecko/20100101 Firefox/114.0"
39.57.198.140 - - [02/Jul/2026:10:34:18 -0400] "POST /xmlrpc.php HTTP/1.1" 200 403 "-" "Jetpack/12.1; WordPress/6.2; http://site80119282.com"
39.57.198.140 - - [02/Jul/2026:10:34:39 -0400] "POST /xmlrpc.php HTTP/1.1" 200 403 "-" "WordPress.com; https://wordpress.com"
74.7.242.58 - - [02/Jul/2026:10:34:39 -0400] "GET /wp-includes/html-api/html5-named-character-references.php HTTP/1.1" 500 0 "https://jarangomd.com/wp-includes/html-api/" "Mozilla/5.0 AppleWebKit/537.36 (KHTML, like Gecko; compatible; GPTBot/1.4; +https://openai.com/gptbot)"
209.163.119.231 - - [02/Jul/2026:10:34:46 -0400] "GET /wp-comments-post.php HTTP/1.1" 405 0 "https://jarangomd.com/" "Mozilla/5.0 (X11; Ubuntu; Linux x86_64; rv:114.0) Gecko/20100101 Firefox/114.0"
209.163.119.231 - - [02/Jul/2026:10:34:47 -0400] "GET /license.txt HTTP/1.1" 200 6865 "https://jarangomd.com/" "Mozilla/5.0 (X11; Ubuntu; Linux x86_64; rv:114.0) Gecko/20100101 Firefox/114.0"
209.163.119.231 - - [02/Jul/2026:10:34:48 -0400] "GET /wp-blog-header.php HTTP/1.1" 404 0 "https://jarangomd.com/" "Mozilla/5.0 (X11; Ubuntu; Linux x86_64; rv:114.0) Gecko/20100101 Firefox/114.0"
209.163.119.231 - - [02/Jul/2026:10:34:48 -0400] "GET /mac.php HTTP/1.1" 200 5288 "https://jarangomd.com/" "Mozilla/5.0 (X11; Ubuntu; Linux x86_64; rv:114.0) Gecko/20100101 Firefox/114.0"
39.57.198.140 - - [02/Jul/2026:10:34:49 -0400] "POST /xmlrpc.php HTTP/1.1" 200 403 "-" "Jetpack by WordPress.com (Jetpack 12.5; WordPress 6.2)"
138.229.103.195 - - [02/Jul/2026:10:33:52 -0400] "GET /wp-content/ HTTP/1.1" 403 1242 "https://jarangomd.com/" "Mozilla/5.0 (X11; Ubuntu; Linux x86_64; rv:114.0) Gecko/20100101 Firefox/114.0"
167.160.69.255 - - [02/Jul/2026:10:33:54 -0400] "GET /wp-load.php HTTP/1.1" 200 0 "https://jarangomd.com/" "Mozilla/5.0 (X11; Ubuntu; Linux x86_64; rv:114.0) Gecko/20100101 Firefox/114.0"
167.160.69.255 - - [02/Jul/2026:10:33:55 -0400] "GET /_ HTTP/1.1" 200 3640 "https://jarangomd.com/" "Mozilla/5.0 (X11; Ubuntu; Linux x86_64; rv:114.0) Gecko/20100101 Firefox/114.0"
167.160.69.255 - - [02/Jul/2026:10:33:56 -0400] "GET /admin.php HTTP/1.1" 404 0 "https://jarangomd.com/" "Mozilla/5.0 (X11; Ubuntu; Linux x86_64; rv:114.0) Gecko/20100101 Firefox/114.0"
167.160.69.255 - - [02/Jul/2026:10:33:56 -0400] "GET /wp-cron.php HTTP/1.1" 200 0 "https://jarangomd.com/" "Mozilla/5.0 (X11; Ubuntu; Linux x86_64; rv:114.0) Gecko/20100101 Firefox/114.0"
167.160.69.255 - - [02/Jul/2026:10:33:57 -0400] "GET /error_log HTTP/1.1" 403 1242 "https://jarangomd.com/" "Mozilla/5.0 (X11; Ubuntu; Linux x86_64; rv:114.0) Gecko/20100101 Firefox/114.0"
158.62.210.151 - - [02/Jul/2026:10:33:58 -0400] "GET /error_log HTTP/1.1" 403 1242 "https://jarangomd.com/" "Mozilla/5.0 (X11; Ubuntu; Linux x86_64; rv:114.0) Gecko/20100101 Firefox/114.0"
138.229.96.0 - - [02/Jul/2026:10:33:58 -0400] "GET /error_log HTTP/1.1" 403 1242 "https://jarangomd.com/" "Mozilla/5.0 (X11; Ubuntu; Linux x86_64; rv:114.0) Gecko/20100101 Firefox/114.0"
216.213.29.192 - - [02/Jul/2026:10:33:59 -0400] "GET /wp-config.php HTTP/1.1" 403 1242 "https://jarangomd.com/" "Mozilla/5.0 (X11; Ubuntu; Linux x86_64; rv:114.0) Gecko/20100101 Firefox/114.0"
39.57.198.140 - - [02/Jul/2026:10:34:07 -0400] "POST /xmlrpc.php HTTP/1.1" 200 403 "-" "Jetpack/12.0; WordPress/6.3; http://site64502347.com"
158.62.210.151 - - [02/Jul/2026:10:34:08 -0400] "GET /wp-config.php HTTP/1.1" 403 1242 "https://jarangomd.com/" "Mozilla/5.0 (X11; Ubuntu; Linux x86_64; rv:114.0) Gecko/20100101 Firefox/114.0"
74.7.242.58 - - [02/Jul/2026:10:34:16 -0400] "GET /wp-includes/html-api/class-wp-html-active-formatting-elements.php HTTP/1.1" 200 0 "https://jarangomd.com/wp-includes/html-api/" "Mozilla/5.0 AppleWebKit/537.36 (KHTML, like Gecko; compatible; GPTBot/1.4; +https://openai.com/gptbot)"
39.57.198.140 - - [02/Jul/2026:10:34:28 -0400] "POST /xmlrpc.php HTTP/1.1" 200 403 "-" "Jetpack/12.0; WordPress/6.2; http://site51872554.com"
139.180.225.204 - - [02/Jul/2026:10:34:42 -0400] "GET /wp-config.php HTTP/1.1" 403 1242 "https://jarangomd.com/" "Mozilla/5.0 (X11; Ubuntu; Linux x86_64; rv:114.0) Gecko/20100101 Firefox/114.0"
216.213.29.192 - - [02/Jul/2026:10:34:43 -0400] "GET /wp-config.php HTTP/1.1" 403 1242 "https://jarangomd.com/" "Mozilla/5.0 (X11; Ubuntu; Linux x86_64; rv:114.0) Gecko/20100101 Firefox/114.0"
209.163.119.231 - - [02/Jul/2026:10:34:44 -0400] "GET /k HTTP/1.1" 200 2826 "https://jarangomd.com/" "Mozilla/5.0 (X11; Ubuntu; Linux x86_64; rv:114.0) Gecko/20100101 Firefox/114.0"
209.163.119.231 - - [02/Jul/2026:10:34:45 -0400] "GET /wp-config-sample.php HTTP/1.1" 500 905 "https://jarangomd.com/" "Mozilla/5.0 (X11; Ubuntu; Linux x86_64; rv:114.0) Gecko/20100101 Firefox/114.0"
209.163.119.231 - - [02/Jul/2026:10:34:46 -0400] "GET /k2.php HTTP/1.1" 200 124 "https://jarangomd.com/" "Mozilla/5.0 (X11; Ubuntu; Linux x86_64; rv:114.0) Gecko/20100101 Firefox/114.0"
209.163.119.231 - - [02/Jul/2026:10:34:49 -0400] "GET /wp-activate.php HTTP/1.1" 302 0 "https://jarangomd.com/" "Mozilla/5.0 (X11; Ubuntu; Linux x86_64; rv:114.0) Gecko/20100101 Firefox/114.0"
209.163.119.231 - - [02/Jul/2026:10:34:51 -0400] "GET /wp-login.php?registration=disabled HTTP/1.1" 200 1876 "https://jarangomd.com/wp-login.php?action=register" "Mozilla/5.0 (X11; Ubuntu; Linux x86_64; rv:114.0) Gecko/20100101 Firefox/114.0"
209.163.119.231 - - [02/Jul/2026:10:34:55 -0400] "GET /robots.txt HTTP/1.1" 200 67 "https://jarangomd.com/" "Mozilla/5.0 (X11; Ubuntu; Linux x86_64; rv:114.0) Gecko/20100101 Firefox/114.0"
209.163.119.231 - - [02/Jul/2026:10:34:50 -0400] "GET /wp-login.php?action=register HTTP/1.1" 302 0 "https://jarangomd.com/wp-activate.php" "Mozilla/5.0 (X11; Ubuntu; Linux x86_64; rv:114.0) Gecko/20100101 Firefox/114.0"
209.163.119.231 - - [02/Jul/2026:10:34:53 -0400] "GET /pmw.txt HTTP/1.1" 200 1 "https://jarangomd.com/" "Mozilla/5.0 (X11; Ubuntu; Linux x86_64; rv:114.0) Gecko/20100101 Firefox/114.0"
209.163.119.231 - - [02/Jul/2026:10:34:56 -0400] "GET /readme.html HTTP/1.1" 200 2667 "https://jarangomd.com/" "Mozilla/5.0 (X11; Ubuntu; Linux x86_64; rv:114.0) Gecko/20100101 Firefox/114.0"
39.57.198.140 - - [02/Jul/2026:10:35:00 -0400] "POST /xmlrpc.php HTTP/1.1" 200 403 "-" "WordPress.com; https://wordpress.com"
74.7.242.58 - - [02/Jul/2026:10:35:01 -0400] "GET /old/wp-content/ HTTP/1.1" 200 641 "https://jarangomd.com/old/" "Mozilla/5.0 AppleWebKit/537.36 (KHTML, like Gecko; compatible; GPTBot/1.4; +https://openai.com/gptbot)"
39.57.198.140 - - [02/Jul/2026:10:35:31 -0400] "POST /xmlrpc.php HTTP/1.1" 200 403 "-" "WordPress.com; https://wordpress.com"
39.57.198.140 - - [02/Jul/2026:10:35:52 -0400] "POST /xmlrpc.php HTTP/1.1" 200 403 "-" "WordPress.com; https://wordpress.com"
74.7.242.58 - - [02/Jul/2026:10:36:05 -0400] "GET /wp-includes/class-wp-block-bindings-registry.php HTTP/1.1" 200 0 "https://jarangomd.com/wp-includes/" "Mozilla/5.0 AppleWebKit/537.36 (KHTML, like Gecko; compatible; GPTBot/1.4; +https://openai.com/gptbot)"
39.57.198.140 - - [02/Jul/2026:10:36:55 -0400] "POST /xmlrpc.php HTTP/1.1" 200 403 "-" "Jetpack by WordPress.com"
39.57.198.140 - - [02/Jul/2026:10:37:06 -0400] "POST /xmlrpc.php HTTP/1.1" 200 403 "-" "Jetpack by WordPress.com (Jetpack 13.0; WordPress 6.3)"
39.57.198.140 - - [02/Jul/2026:10:37:16 -0400] "POST /xmlrpc.php HTTP/1.1" 200 403 "-" "Jetpack/12.0; WordPress/6.1; http://site85453779.com"
39.57.198.140 - - [02/Jul/2026:10:37:37 -0400] "POST /xmlrpc.php HTTP/1.1" 200 403 "-" "Jetpack by WordPress.com (Jetpack 12.1; WordPress 6.1)"
74.7.242.58 - - [02/Jul/2026:10:37:53 -0400] "GET /wp-includes/class-walker-page-dropdown.php HTTP/1.1" 500 0 "https://jarangomd.com/wp-includes/" "Mozilla/5.0 AppleWebKit/537.36 (KHTML, like Gecko; compatible; GPTBot/1.4; +https://openai.com/gptbot)"
39.57.198.140 - - [02/Jul/2026:10:37:58 -0400] "POST /xmlrpc.php HTTP/1.1" 200 403 "-" "Jetpack/12.5; WordPress/6.2; http://site67200304.com"
40.77.167.132 - - [02/Jul/2026:10:38:06 -0400] "GET /shop/pg/1recruit/ HTTP/1.1" 404 1251 "-" "Mozilla/5.0 AppleWebKit/537.36 (KHTML, like Gecko; compatible; bingbot/2.0; +http://www.bing.com/bingbot.htm) Chrome/116.0.1938.76 Safari/537.36"
39.57.198.140 - - [02/Jul/2026:10:38:08 -0400] "POST /xmlrpc.php HTTP/1.1" 200 403 "-" "WordPress.com; https://wordpress.com"
39.57.198.140 - - [02/Jul/2026:10:38:29 -0400] "POST /xmlrpc.php HTTP/1.1" 200 403 "-" "Jetpack/13.0; WordPress/6.1; http://site15094481.com"
39.57.198.140 - - [02/Jul/2026:10:38:40 -0400] "POST /xmlrpc.php HTTP/1.1" 200 403 "-" "Jetpack by WordPress.com (Jetpack 13.0; WordPress 6.4)"
39.57.198.140 - - [02/Jul/2026:10:38:50 -0400] "POST /xmlrpc.php HTTP/1.1" 200 403 "-" "Jetpack by WordPress.com"
39.57.198.140 - - [02/Jul/2026:10:39:01 -0400] "POST /xmlrpc.php HTTP/1.1" 200 403 "-" "Jetpack/12.5; WordPress/6.2; http://site27237390.com"
39.57.198.140 - - [02/Jul/2026:10:39:12 -0400] "POST /xmlrpc.php HTTP/1.1" 200 403 "-" "Jetpack/12.0; WordPress/6.4; http://site71202369.com"
39.57.198.140 - - [02/Jul/2026:10:39:22 -0400] "POST /xmlrpc.php HTTP/1.1" 200 403 "-" "WordPress.com; https://wordpress.com"
74.7.242.58 - - [02/Jul/2026:10:39:42 -0400] "GET /wp-includes/speculative-loading.php HTTP/1.1" 200 0 "https://jarangomd.com/wp-includes/" "Mozilla/5.0 AppleWebKit/537.36 (KHTML, like Gecko; compatible; GPTBot/1.4; +https://openai.com/gptbot)"
39.57.198.140 - - [02/Jul/2026:10:39:53 -0400] "POST /xmlrpc.php HTTP/1.1" 200 403 "-" "Jetpack by WordPress.com"
39.57.198.140 - - [02/Jul/2026:10:40:35 -0400] "POST /xmlrpc.php HTTP/1.1" 200 403 "-" "Jetpack by WordPress.com (Jetpack 12.1; WordPress 6.4)"
39.57.198.140 - - [02/Jul/2026:10:35:10 -0400] "POST /xmlrpc.php HTTP/1.1" 200 403 "-" "WordPress.com; https://wordpress.com"
39.57.198.140 - - [02/Jul/2026:10:35:21 -0400] "POST /xmlrpc.php HTTP/1.1" 200 403 "-" "Jetpack by WordPress.com (Jetpack 12.5; WordPress 6.4)"
39.57.198.140 - - [02/Jul/2026:10:35:42 -0400] "POST /xmlrpc.php HTTP/1.1" 200 403 "-" "WordPress.com; https://wordpress.com"
39.57.198.140 - - [02/Jul/2026:10:36:02 -0400] "POST /xmlrpc.php HTTP/1.1" 200 403 "-" "WordPress.com; https://wordpress.com"
39.57.198.140 - - [02/Jul/2026:10:36:13 -0400] "POST /xmlrpc.php HTTP/1.1" 200 403 "-" "Jetpack by WordPress.com"
39.57.198.140 - - [02/Jul/2026:10:36:24 -0400] "POST /xmlrpc.php HTTP/1.1" 200 403 "-" "Jetpack by WordPress.com (Jetpack 13.0; WordPress 6.4)"
39.57.198.140 - - [02/Jul/2026:10:36:34 -0400] "POST /xmlrpc.php HTTP/1.1" 200 403 "-" "WordPress.com; https://wordpress.com"
39.57.198.140 - - [02/Jul/2026:10:36:45 -0400] "POST /xmlrpc.php HTTP/1.1" 200 403 "-" "WordPress.com; https://wordpress.com"
74.7.242.58 - - [02/Jul/2026:10:37:04 -0400] "GET /wp-includes/class-wp-block-patterns-registry.php HTTP/1.1" 200 0 "https://jarangomd.com/wp-includes/" "Mozilla/5.0 AppleWebKit/537.36 (KHTML, like Gecko; compatible; GPTBot/1.4; +https://openai.com/gptbot)"
39.57.198.140 - - [02/Jul/2026:10:37:27 -0400] "POST /xmlrpc.php HTTP/1.1" 200 403 "-" "Jetpack by WordPress.com"
39.57.198.140 - - [02/Jul/2026:10:37:48 -0400] "POST /xmlrpc.php HTTP/1.1" 200 403 "-" "Jetpack/12.0; WordPress/6.1; http://site87734392.com"
198.54.125.222 - - [02/Jul/2026:10:37:58 -0400] "POST /wp-cron.php?doing_wp_cron=1783003078.6048610210418701171875 HTTP/1.1" 200 0 "-" "WordPress/6.9.4; https://jarangomd.com"
39.57.198.140 - - [02/Jul/2026:10:38:19 -0400] "POST /xmlrpc.php HTTP/1.1" 200 403 "-" "WordPress.com; https://wordpress.com"
74.7.242.58 - - [02/Jul/2026:10:38:38 -0400] "GET /wp-includes/ms-default-filters.php HTTP/1.1" 500 0 "https://jarangomd.com/wp-includes/" "Mozilla/5.0 AppleWebKit/537.36 (KHTML, like Gecko; compatible; GPTBot/1.4; +https://openai.com/gptbot)"
39.57.198.140 - - [02/Jul/2026:10:39:33 -0400] "POST /xmlrpc.php HTTP/1.1" 200 403 "-" "Jetpack/13.0; WordPress/6.3; http://site58647746.com"
39.57.198.140 - - [02/Jul/2026:10:39:43 -0400] "POST /xmlrpc.php HTTP/1.1" 200 403 "-" "Jetpack by WordPress.com"
39.57.198.140 - - [02/Jul/2026:10:40:04 -0400] "POST /xmlrpc.php HTTP/1.1" 200 403 "-" "Jetpack/12.1; WordPress/6.2; http://site76158822.com"
39.57.198.140 - - [02/Jul/2026:10:40:14 -0400] "POST /xmlrpc.php HTTP/1.1" 200 403 "-" "Jetpack/12.0; WordPress/6.1; http://site92258092.com"
39.57.198.140 - - [02/Jul/2026:10:40:25 -0400] "POST /xmlrpc.php HTTP/1.1" 200 403 "-" "Jetpack by WordPress.com (Jetpack 12.0; WordPress 6.3)"
43.159.152.187 - - [02/Jul/2026:10:40:35 -0400] "GET /wp-includes/assets/script-loader-react-refresh-entry.php HTTP/1.1" 200 0 "-" "Mozilla/5.0 (iPhone; CPU iPhone OS 13_2_3 like Mac OS X) AppleWebKit/605.1.15 (KHTML, like Gecko) Version/13.0.3 Mobile/15E148 Safari/604.1"
39.57.198.140 - - [02/Jul/2026:10:40:56 -0400] "POST /xmlrpc.php HTTP/1.1" 200 403 "-" "WordPress.com; https://wordpress.com"
39.57.198.140 - - [02/Jul/2026:10:41:07 -0400] "POST /xmlrpc.php HTTP/1.1" 200 403 "-" "Jetpack by WordPress.com (Jetpack 12.1; WordPress 6.2)"
39.57.198.140 - - [02/Jul/2026:10:41:17 -0400] "POST /xmlrpc.php HTTP/1.1" 200 403 "-" "Jetpack by WordPress.com (Jetpack 12.0; WordPress 6.4)"
39.57.198.140 - - [02/Jul/2026:10:41:28 -0400] "POST /xmlrpc.php HTTP/1.1" 200 403 "-" "Jetpack by WordPress.com (Jetpack 12.0; WordPress 6.1)"
74.7.242.58 - - [02/Jul/2026:10:41:42 -0400] "GET /_autoindex/assets/icons/corner-left-up.svg HTTP/1.1" 200 328 "https://jarangomd.com/wp-includes/" "Mozilla/5.0 AppleWebKit/537.36 (KHTML, like Gecko; compatible; GPTBot/1.4; +https://openai.com/gptbot)"
74.7.242.58 - - [02/Jul/2026:10:40:43 -0400] "GET /old/robots.txt HTTP/1.1" 200 116 "https://jarangomd.com/old/" "Mozilla/5.0 AppleWebKit/537.36 (KHTML, like Gecko; compatible; GPTBot/1.4; +https://openai.com/gptbot)"
39.57.198.140 - - [02/Jul/2026:10:40:46 -0400] "POST /xmlrpc.php HTTP/1.1" 200 403 "-" "Jetpack by WordPress.com"
39.57.198.140 - - [02/Jul/2026:10:41:38 -0400] "POST /xmlrpc.php HTTP/1.1" 200 403 "-" "Jetpack by WordPress.com"
39.57.198.140 - - [02/Jul/2026:10:41:49 -0400] "POST /xmlrpc.php HTTP/1.1" 200 403 "-" "Jetpack by WordPress.com (Jetpack 12.0; WordPress 6.3)"
39.57.198.140 - - [02/Jul/2026:10:41:59 -0400] "POST /xmlrpc.php HTTP/1.1" 200 403 "-" "Jetpack/12.5; WordPress/6.1; http://site35832457.com"
39.57.198.140 - - [02/Jul/2026:10:42:10 -0400] "POST /xmlrpc.php HTTP/1.1" 200 403 "-" "Jetpack/12.0; WordPress/6.4; http://site97977193.com"
39.57.198.140 - - [02/Jul/2026:10:42:20 -0400] "POST /xmlrpc.php HTTP/1.1" 200 403 "-" "Jetpack/13.0; WordPress/6.2; http://site59310007.com"
39.57.198.140 - - [02/Jul/2026:10:42:31 -0400] "POST /xmlrpc.php HTTP/1.1" 200 403 "-" "Jetpack by WordPress.com"
39.57.198.140 - - [02/Jul/2026:10:42:41 -0400] "POST /xmlrpc.php HTTP/1.1" 200 403 "-" "WordPress.com; https://wordpress.com"
39.57.198.140 - - [02/Jul/2026:10:42:52 -0400] "POST /xmlrpc.php HTTP/1.1" 200 403 "-" "Jetpack by WordPress.com"
39.57.198.140 - - [02/Jul/2026:10:43:02 -0400] "POST /xmlrpc.php HTTP/1.1" 200 403 "-" "Jetpack by WordPress.com (Jetpack 12.0; WordPress 6.3)"
39.57.198.140 - - [02/Jul/2026:10:43:34 -0400] "POST /xmlrpc.php HTTP/1.1" 200 403 "-" "WordPress.com; https://wordpress.com"
74.7.242.58 - - [02/Jul/2026:10:43:22 -0400] "GET /old/wp-admin/install.php HTTP/1.1" 200 4112 "https://jarangomd.com/old/xmlrpc.php" "Mozilla/5.0 AppleWebKit/537.36 (KHTML, like Gecko; compatible; GPTBot/1.4; +https://openai.com/gptbot)"
39.57.198.140 - - [02/Jul/2026:10:44:05 -0400] "POST /xmlrpc.php HTTP/1.1" 200 403 "-" "Jetpack by WordPress.com"
39.57.198.140 - - [02/Jul/2026:10:44:26 -0400] "POST /xmlrpc.php HTTP/1.1" 200 403 "-" "Jetpack/12.0; WordPress/6.2; http://site86414095.com"
74.7.242.58 - - [02/Jul/2026:10:44:37 -0400] "GET /old/wp-content/?MA HTTP/1.1" 200 645 "https://jarangomd.com/old/wp-content/" "Mozilla/5.0 AppleWebKit/537.36 (KHTML, like Gecko; compatible; GPTBot/1.4; +https://openai.com/gptbot)"
39.57.198.140 - - [02/Jul/2026:10:44:47 -0400] "POST /xmlrpc.php HTTP/1.1" 200 403 "-" "Jetpack by WordPress.com (Jetpack 12.1; WordPress 6.3)"
74.7.242.58 - - [02/Jul/2026:10:45:10 -0400] "GET /old/wp-content/?SA HTTP/1.1" 200 644 "https://jarangomd.com/old/wp-content/" "Mozilla/5.0 AppleWebKit/537.36 (KHTML, like Gecko; compatible; GPTBot/1.4; +https://openai.com/gptbot)"
39.57.198.140 - - [02/Jul/2026:10:45:29 -0400] "POST /xmlrpc.php HTTP/1.1" 200 403 "-" "Jetpack/13.0; WordPress/6.3; http://site83514191.com"
39.57.198.140 - - [02/Jul/2026:10:45:40 -0400] "POST /xmlrpc.php HTTP/1.1" 200 403 "-" "WordPress.com; https://wordpress.com"
39.57.198.140 - - [02/Jul/2026:10:46:01 -0400] "POST /xmlrpc.php HTTP/1.1" 200 403 "-" "Jetpack by WordPress.com (Jetpack 12.0; WordPress 6.2)"
39.57.198.140 - - [02/Jul/2026:10:46:11 -0400] "POST /xmlrpc.php HTTP/1.1" 200 403 "-" "Jetpack by WordPress.com"
39.57.198.140 - - [02/Jul/2026:10:46:22 -0400] "POST /xmlrpc.php HTTP/1.1" 200 403 "-" "Jetpack by WordPress.com (Jetpack 12.1; WordPress 6.2)"
39.57.198.140 - - [02/Jul/2026:10:46:32 -0400] "POST /xmlrpc.php HTTP/1.1" 200 403 "-" "Jetpack by WordPress.com"
39.57.198.140 - - [02/Jul/2026:10:46:53 -0400] "POST /xmlrpc.php HTTP/1.1" 200 403 "-" "Jetpack/12.0; WordPress/6.3; http://site40240879.com"
74.7.242.58 - - [02/Jul/2026:10:46:54 -0400] "GET /wp-includes/class-wp-text-diff-renderer-table.php HTTP/1.1" 200 6 "https://jarangomd.com/wp-includes/" "Mozilla/5.0 AppleWebKit/537.36 (KHTML, like Gecko; compatible; GPTBot/1.4; +https://openai.com/gptbot)"
74.7.242.58 - - [02/Jul/2026:10:42:34 -0400] "GET /wp-includes/class-wp-block-templates-registry.php HTTP/1.1" 200 0 "https://jarangomd.com/wp-includes/" "Mozilla/5.0 AppleWebKit/537.36 (KHTML, like Gecko; compatible; GPTBot/1.4; +https://openai.com/gptbot)"
39.57.198.140 - - [02/Jul/2026:10:43:13 -0400] "POST /xmlrpc.php HTTP/1.1" 200 403 "-" "Jetpack/13.0; WordPress/6.1; http://site40618493.com"
74.7.242.58 - - [02/Jul/2026:10:43:18 -0400] "GET /old/xmlrpc.php HTTP/1.1" 302 0 "https://jarangomd.com/old/" "Mozilla/5.0 AppleWebKit/537.36 (KHTML, like Gecko; compatible; GPTBot/1.4; +https://openai.com/gptbot)"
39.57.198.140 - - [02/Jul/2026:10:43:23 -0400] "POST /xmlrpc.php HTTP/1.1" 200 403 "-" "WordPress.com; https://wordpress.com"
39.57.198.140 - - [02/Jul/2026:10:43:44 -0400] "POST /xmlrpc.php HTTP/1.1" 200 403 "-" "Jetpack by WordPress.com"
39.57.198.140 - - [02/Jul/2026:10:43:55 -0400] "POST /xmlrpc.php HTTP/1.1" 200 403 "-" "WordPress.com; https://wordpress.com"
74.7.242.58 - - [02/Jul/2026:10:43:59 -0400] "GET /wp-includes/class-wp-network-query.php HTTP/1.1" 200 0 "https://jarangomd.com/wp-includes/" "Mozilla/5.0 AppleWebKit/537.36 (KHTML, like Gecko; compatible; GPTBot/1.4; +https://openai.com/gptbot)"
39.57.198.140 - - [02/Jul/2026:10:44:16 -0400] "POST /xmlrpc.php HTTP/1.1" 200 403 "-" "Jetpack/12.0; WordPress/6.3; http://site69467862.com"
39.57.198.140 - - [02/Jul/2026:10:44:37 -0400] "POST /xmlrpc.php HTTP/1.1" 200 403 "-" "Jetpack/13.0; WordPress/6.3; http://site71665439.com"
39.57.198.140 - - [02/Jul/2026:10:44:58 -0400] "POST /xmlrpc.php HTTP/1.1" 200 403 "-" "WordPress.com; https://wordpress.com"
39.57.198.140 - - [02/Jul/2026:10:45:08 -0400] "POST /xmlrpc.php HTTP/1.1" 200 403 "-" "WordPress.com; https://wordpress.com"
39.57.198.140 - - [02/Jul/2026:10:45:19 -0400] "POST /xmlrpc.php HTTP/1.1" 200 403 "-" "Jetpack by WordPress.com"
74.7.242.58 - - [02/Jul/2026:10:45:40 -0400] "GET /old/wp-content/?ND HTTP/1.1" 200 639 "https://jarangomd.com/old/wp-content/" "Mozilla/5.0 AppleWebKit/537.36 (KHTML, like Gecko; compatible; GPTBot/1.4; +https://openai.com/gptbot)"
39.57.198.140 - - [02/Jul/2026:10:45:50 -0400] "POST /xmlrpc.php HTTP/1.1" 200 403 "-" "Jetpack/13.0; WordPress/6.1; http://site41493148.com"
74.7.242.58 - - [02/Jul/2026:10:46:08 -0400] "GET /wp-includes/class-wp-recovery-mode.php HTTP/1.1" 200 0 "https://jarangomd.com/wp-includes/" "Mozilla/5.0 AppleWebKit/537.36 (KHTML, like Gecko; compatible; GPTBot/1.4; +https://openai.com/gptbot)"
74.7.242.58 - - [02/Jul/2026:10:46:32 -0400] "GET /wp-includes/interactivity-api/ HTTP/1.1" 200 835 "https://jarangomd.com/wp-includes/" "Mozilla/5.0 AppleWebKit/537.36 (KHTML, like Gecko; compatible; GPTBot/1.4; +https://openai.com/gptbot)"
39.57.198.140 - - [02/Jul/2026:10:46:43 -0400] "POST /xmlrpc.php HTTP/1.1" 200 403 "-" "WordPress.com; https://wordpress.com"
39.57.198.140 - - [02/Jul/2026:10:47:03 -0400] "POST /xmlrpc.php HTTP/1.1" 200 403 "-" "Jetpack by WordPress.com (Jetpack 13.0; WordPress 6.4)"
74.7.242.58 - - [02/Jul/2026:10:47:31 -0400] "GET /wp-includes/block-patterns.php HTTP/1.1" 500 0 "https://jarangomd.com/wp-includes/" "Mozilla/5.0 AppleWebKit/537.36 (KHTML, like Gecko; compatible; GPTBot/1.4; +https://openai.com/gptbot)"
39.57.198.140 - - [02/Jul/2026:10:48:06 -0400] "POST /xmlrpc.php HTTP/1.1" 200 403 "-" "Jetpack by WordPress.com"
39.57.198.140 - - [02/Jul/2026:10:48:17 -0400] "POST /xmlrpc.php HTTP/1.1" 200 403 "-" "Jetpack by WordPress.com (Jetpack 12.0; WordPress 6.2)"
39.57.198.140 - - [02/Jul/2026:10:48:27 -0400] "POST /xmlrpc.php HTTP/1.1" 200 403 "-" "Jetpack by WordPress.com (Jetpack 12.1; WordPress 6.1)"
74.7.242.58 - - [02/Jul/2026:10:48:35 -0400] "GET /wp-includes/block-bindings.php HTTP/1.1" 200 0 "https://jarangomd.com/wp-includes/" "Mozilla/5.0 AppleWebKit/537.36 (KHTML, like Gecko; compatible; GPTBot/1.4; +https://openai.com/gptbot)"
74.7.242.58 - - [02/Jul/2026:10:47:14 -0400] "GET /wp-includes/class-wp-http-encoding.php HTTP/1.1" 200 0 "https://jarangomd.com/wp-includes/" "Mozilla/5.0 AppleWebKit/537.36 (KHTML, like Gecko; compatible; GPTBot/1.4; +https://openai.com/gptbot)"
39.57.198.140 - - [02/Jul/2026:10:47:14 -0400] "POST /xmlrpc.php HTTP/1.1" 200 403 "-" "WordPress.com; https://wordpress.com"
39.57.198.140 - - [02/Jul/2026:10:47:24 -0400] "POST /xmlrpc.php HTTP/1.1" 200 403 "-" "Jetpack by WordPress.com"
39.57.198.140 - - [02/Jul/2026:10:47:35 -0400] "POST /xmlrpc.php HTTP/1.1" 200 403 "-" "Jetpack by WordPress.com"
39.57.198.140 - - [02/Jul/2026:10:47:45 -0400] "POST /xmlrpc.php HTTP/1.1" 200 403 "-" "Jetpack by WordPress.com (Jetpack 12.1; WordPress 6.3)"
74.7.242.58 - - [02/Jul/2026:10:47:46 -0400] "GET /wp-includes/block-template.php HTTP/1.1" 200 0 "https://jarangomd.com/wp-includes/" "Mozilla/5.0 AppleWebKit/537.36 (KHTML, like Gecko; compatible; GPTBot/1.4; +https://openai.com/gptbot)"
39.57.198.140 - - [02/Jul/2026:10:47:56 -0400] "POST /xmlrpc.php HTTP/1.1" 200 403 "-" "Jetpack by WordPress.com (Jetpack 13.0; WordPress 6.3)"
39.57.198.140 - - [02/Jul/2026:10:48:38 -0400] "POST /xmlrpc.php HTTP/1.1" 200 403 "-" "Jetpack by WordPress.com (Jetpack 13.0; WordPress 6.4)"
39.57.198.140 - - [02/Jul/2026:10:48:48 -0400] "POST /xmlrpc.php HTTP/1.1" 200 403 "-" "WordPress.com; https://wordpress.com"
39.57.198.140 - - [02/Jul/2026:10:48:59 -0400] "POST /xmlrpc.php HTTP/1.1" 200 403 "-" "Jetpack by WordPress.com (Jetpack 13.0; WordPress 6.4)"
39.57.198.140 - - [02/Jul/2026:10:49:09 -0400] "POST /xmlrpc.php HTTP/1.1" 200 403 "-" "Jetpack by WordPress.com"
39.57.198.140 - - [02/Jul/2026:10:49:20 -0400] "POST /xmlrpc.php HTTP/1.1" 200 403 "-" "WordPress.com; https://wordpress.com"
39.57.198.140 - - [02/Jul/2026:10:49:30 -0400] "POST /xmlrpc.php HTTP/1.1" 200 403 "-" "Jetpack by WordPress.com (Jetpack 12.0; WordPress 6.3)"
39.57.198.140 - - [02/Jul/2026:10:49:51 -0400] "POST /xmlrpc.php HTTP/1.1" 200 403 "-" "WordPress.com; https://wordpress.com"
74.7.242.58 - - [02/Jul/2026:10:49:54 -0400] "GET /old/wp-content/?MD HTTP/1.1" 200 644 "https://jarangomd.com/old/wp-content/?MA" "Mozilla/5.0 AppleWebKit/537.36 (KHTML, like Gecko; compatible; GPTBot/1.4; +https://openai.com/gptbot)"
39.57.198.140 - - [02/Jul/2026:10:50:02 -0400] "POST /xmlrpc.php HTTP/1.1" 200 403 "-" "WordPress.com; https://wordpress.com"
39.57.198.140 - - [02/Jul/2026:10:50:12 -0400] "POST /xmlrpc.php HTTP/1.1" 200 403 "-" "Jetpack by WordPress.com (Jetpack 13.0; WordPress 6.4)"
39.57.198.140 - - [02/Jul/2026:10:50:23 -0400] "POST /xmlrpc.php HTTP/1.1" 200 403 "-" "Jetpack by WordPress.com (Jetpack 13.0; WordPress 6.4)"
74.7.242.58 - - [02/Jul/2026:10:50:30 -0400] "GET /old/wp-content/?SD HTTP/1.1" 200 644 "https://jarangomd.com/old/wp-content/?SA" "Mozilla/5.0 AppleWebKit/537.36 (KHTML, like Gecko; compatible; GPTBot/1.4; +https://openai.com/gptbot)"
39.57.198.140 - - [02/Jul/2026:10:50:33 -0400] "POST /xmlrpc.php HTTP/1.1" 200 403 "-" "WordPress.com; https://wordpress.com"
112.44.222.56 - - [02/Jul/2026:10:50:36 -0400] "GET /_autoindex/assets/css/autoindex.css HTTP/1.1" 200 1170 "https://www.jarangomd.com/" "Mozilla/5.0 (Windows NT 10.0; Win64; x64) AppleWebKit/537.36 (KHTML, like Gecko) Chrome/142.0.0.0 Safari/537.36"
112.44.222.56 - - [02/Jul/2026:10:50:36 -0400] "GET /favicon.ico HTTP/1.1" 404 1251 "https://www.jarangomd.com/" "Mozilla/5.0 (Windows NT 10.0; Win64; x64) AppleWebKit/537.36 (KHTML, like Gecko) Chrome/142.0.0.0 Safari/537.36"
39.57.198.140 - - [02/Jul/2026:10:51:15 -0400] "POST /xmlrpc.php HTTP/1.1" 200 403 "-" "Jetpack/12.5; WordPress/6.1; http://site90106370.com"
39.57.198.140 - - [02/Jul/2026:10:51:25 -0400] "POST /xmlrpc.php HTTP/1.1" 200 403 "-" "Jetpack/12.5; WordPress/6.4; http://site69732741.com"
74.7.242.58 - - [02/Jul/2026:10:51:30 -0400] "GET /wp-includes/media-template.php HTTP/1.1" 200 0 "https://jarangomd.com/wp-includes/" "Mozilla/5.0 AppleWebKit/537.36 (KHTML, like Gecko; compatible; GPTBot/1.4; +https://openai.com/gptbot)"
74.7.242.58 - - [02/Jul/2026:10:49:16 -0400] "GET /wp-includes/script-modules.php HTTP/1.1" 200 0 "https://jarangomd.com/wp-includes/" "Mozilla/5.0 AppleWebKit/537.36 (KHTML, like Gecko; compatible; GPTBot/1.4; +https://openai.com/gptbot)"
39.57.198.140 - - [02/Jul/2026:10:49:41 -0400] "POST /xmlrpc.php HTTP/1.1" 200 403 "-" "Jetpack/13.0; WordPress/6.3; http://site84248338.com"
112.44.222.56 - - [02/Jul/2026:10:50:35 -0400] "GET / HTTP/1.1" 200 1800 "-" "Mozilla/5.0 (Windows NT 10.0; Win64; x64) AppleWebKit/537.36 (KHTML, like Gecko) Chrome/142.0.0.0 Safari/537.36"
112.44.222.56 - - [02/Jul/2026:10:50:36 -0400] "GET /_autoindex/assets/js/tablesort.js HTTP/1.1" 200 2137 "https://www.jarangomd.com/" "Mozilla/5.0 (Windows NT 10.0; Win64; x64) AppleWebKit/537.36 (KHTML, like Gecko) Chrome/142.0.0.0 Safari/537.36"
112.44.222.56 - - [02/Jul/2026:10:50:36 -0400] "GET /_autoindex/assets/js/tablesort.number.js HTTP/1.1" 200 322 "https://www.jarangomd.com/" "Mozilla/5.0 (Windows NT 10.0; Win64; x64) AppleWebKit/537.36 (KHTML, like Gecko) Chrome/142.0.0.0 Safari/537.36"
39.57.198.140 - - [02/Jul/2026:10:50:44 -0400] "POST /xmlrpc.php HTTP/1.1" 200 403 "-" "WordPress.com; https://wordpress.com"
39.57.198.140 - - [02/Jul/2026:10:50:54 -0400] "POST /xmlrpc.php HTTP/1.1" 200 403 "-" "Jetpack by WordPress.com"
74.7.242.58 - - [02/Jul/2026:10:51:02 -0400] "GET /old/wp-content/?NA HTTP/1.1" 200 641 "https://jarangomd.com/old/wp-content/?MA" "Mozilla/5.0 AppleWebKit/537.36 (KHTML, like Gecko; compatible; GPTBot/1.4; +https://openai.com/gptbot)"
39.57.198.140 - - [02/Jul/2026:10:51:05 -0400] "POST /xmlrpc.php HTTP/1.1" 200 403 "-" "Jetpack by WordPress.com"
39.57.198.140 - - [02/Jul/2026:10:51:46 -0400] "POST /xmlrpc.php HTTP/1.1" 200 403 "-" "Jetpack by WordPress.com (Jetpack 12.0; WordPress 6.4)"
39.57.198.140 - - [02/Jul/2026:10:51:57 -0400] "POST /xmlrpc.php HTTP/1.1" 200 403 "-" "Jetpack by WordPress.com"
39.57.198.140 - - [02/Jul/2026:10:52:18 -0400] "POST /xmlrpc.php HTTP/1.1" 200 403 "-" "Jetpack by WordPress.com"
74.7.242.58 - - [02/Jul/2026:10:52:20 -0400] "GET /wp-includes/interactivity-api/interactivity-api.php HTTP/1.1" 200 0 "https://jarangomd.com/wp-includes/interactivity-api/" "Mozilla/5.0 AppleWebKit/537.36 (KHTML, like Gecko; compatible; GPTBot/1.4; +https://openai.com/gptbot)"
74.7.242.58 - - [02/Jul/2026:10:52:40 -0400] "GET /wp-includes/interactivity-api/class-wp-interactivity-api.php HTTP/1.1" 200 0 "https://jarangomd.com/wp-includes/interactivity-api/" "Mozilla/5.0 AppleWebKit/537.36 (KHTML, like Gecko; compatible; GPTBot/1.4; +https://openai.com/gptbot)"
39.57.198.140 - - [02/Jul/2026:10:51:36 -0400] "POST /xmlrpc.php HTTP/1.1" 200 403 "-" "Jetpack by WordPress.com (Jetpack 12.5; WordPress 6.2)"
74.7.242.58 - - [02/Jul/2026:10:51:57 -0400] "GET /wp-includes/interactivity-api/abilities-api/ HTTP/1.1" 200 1136 "https://jarangomd.com/wp-includes/interactivity-api/" "Mozilla/5.0 AppleWebKit/537.36 (KHTML, like Gecko; compatible; GPTBot/1.4; +https://openai.com/gptbot)"
39.57.198.140 - - [02/Jul/2026:10:52:07 -0400] "POST /xmlrpc.php HTTP/1.1" 200 403 "-" "Jetpack by WordPress.com (Jetpack 12.5; WordPress 6.1)"
39.57.198.140 - - [02/Jul/2026:10:52:28 -0400] "POST /xmlrpc.php HTTP/1.1" 200 403 "-" "Jetpack by WordPress.com"
39.57.198.140 - - [02/Jul/2026:10:52:39 -0400] "POST /xmlrpc.php HTTP/1.1" 200 403 "-" "WordPress.com; https://wordpress.com"
74.7.242.58 - - [02/Jul/2026:10:52:59 -0400] "GET /wp-includes/interactivity-api/class-wp-interactivity-api-directives-processor.php HTTP/1.1" 500 0 "https://jarangomd.com/wp-includes/interactivity-api/" "Mozilla/5.0 AppleWebKit/537.36 (KHTML, like Gecko; compatible; GPTBot/1.4; +https://openai.com/gptbot)"
74.7.242.58 - - [02/Jul/2026:10:53:16 -0400] "GET /wp-includes/theme-previews.php HTTP/1.1" 200 0 "https://jarangomd.com/wp-includes/" "Mozilla/5.0 AppleWebKit/537.36 (KHTML, like Gecko; compatible; GPTBot/1.4; +https://openai.com/gptbot)"
39.57.198.140 - - [02/Jul/2026:10:53:21 -0400] "POST /xmlrpc.php HTTP/1.1" 200 403 "-" "Jetpack/12.0; WordPress/6.2; http://site29952943.com"
43.135.185.59 - - [02/Jul/2026:10:53:34 -0400] "GET /wp-blog-header.php HTTP/1.1" 404 0 "-" "Mozilla/5.0 (iPhone; CPU iPhone OS 13_2_3 like Mac OS X) AppleWebKit/605.1.15 (KHTML, like Gecko) Version/13.0.3 Mobile/15E148 Safari/604.1"
39.57.198.140 - - [02/Jul/2026:10:53:42 -0400] "POST /xmlrpc.php HTTP/1.1" 200 403 "-" "Jetpack/12.0; WordPress/6.4; http://site64007393.com"
39.57.198.140 - - [02/Jul/2026:10:54:03 -0400] "POST /xmlrpc.php HTTP/1.1" 200 403 "-" "Jetpack by WordPress.com"
39.57.198.140 - - [02/Jul/2026:10:54:13 -0400] "POST /xmlrpc.php HTTP/1.1" 200 403 "-" "Jetpack by WordPress.com (Jetpack 12.5; WordPress 6.1)"
