74.7.242.58 - - [02/Jul/2026:19:24:52 -0400] "GET /mac.php?pikachu=Ly9ob21lL2F0b215bHZiL2xzY2FjaGUvNS8zL2E HTTP/1.1" 200 3783 "https://jarangomd.com/mac.php?pikachu=Ly9ob21lL2F0b215bHZiL2xzY2FjaGUvNS8z" "Mozilla/5.0 AppleWebKit/537.36 (KHTML, like Gecko; compatible; GPTBot/1.4; +https://openai.com/gptbot)"
74.7.242.58 - - [02/Jul/2026:19:24:53 -0400] "GET /mac.php?pikachu=Ly9saWI2NC9weXRob24zLjYvd3NnaXJlZg HTTP/1.1" 200 4056 "https://jarangomd.com/mac.php?pikachu=Ly9saWI2NC9weXRob24zLjY" "Mozilla/5.0 AppleWebKit/537.36 (KHTML, like Gecko; compatible; GPTBot/1.4; +https://openai.com/gptbot)"
74.7.242.58 - - [02/Jul/2026:19:24:54 -0400] "GET /mac.php?pikachu=Ly9vcHQvYWx0L3B5dGhvbjMxMi9saWI2NA HTTP/1.1" 200 3933 "https://jarangomd.com/mac.php?pikachu=Ly9vcHQvYWx0L3B5dGhvbjMxMg" "Mozilla/5.0 AppleWebKit/537.36 (KHTML, like Gecko; compatible; GPTBot/1.4; +https://openai.com/gptbot)"
74.7.242.58 - - [02/Jul/2026:19:24:54 -0400] "GET /wp-includes/js/tinymce/themes/inlite/'+r.url+' HTTP/1.1" 404 1251 "https://jarangomd.com/wp-includes/js/tinymce/themes/inlite/theme.min.js" "Mozilla/5.0 AppleWebKit/537.36 (KHTML, like Gecko; compatible; GPTBot/1.4; +https://openai.com/gptbot)"
74.7.242.58 - - [02/Jul/2026:19:24:52 -0400] "GET /mac.php?pikachu=Ly9vcHQvYWx0L3B5dGhvbjMxMS9saWI2NA HTTP/1.1" 200 3901 "https://jarangomd.com/mac.php?pikachu=Ly9vcHQvYWx0L3B5dGhvbjMxMQ" "Mozilla/5.0 AppleWebKit/537.36 (KHTML, like Gecko; compatible; GPTBot/1.4; +https://openai.com/gptbot)"
74.7.242.58 - - [02/Jul/2026:19:24:55 -0400] "GET /mac.php?pikachu=Ly9saWI2NC9weXRob24yLjcvd3NnaXJlZg HTTP/1.1" 200 4256 "https://jarangomd.com/mac.php?pikachu=Ly9saWI2NC9weXRob24yLjc" "Mozilla/5.0 AppleWebKit/537.36 (KHTML, like Gecko; compatible; GPTBot/1.4; +https://openai.com/gptbot)"
74.7.242.58 - - [02/Jul/2026:19:24:55 -0400] "GET /wp-includes/Requests/src/Requests.php HTTP/1.1" 200 0 "https://jarangomd.com/wp-includes/Requests/src/" "Mozilla/5.0 AppleWebKit/537.36 (KHTML, like Gecko; compatible; GPTBot/1.4; +https://openai.com/gptbot)"
74.7.242.58 - - [02/Jul/2026:19:24:56 -0400] "GET /wp-includes/Requests/src/HookManager.php HTTP/1.1" 200 0 "https://jarangomd.com/wp-includes/Requests/src/" "Mozilla/5.0 AppleWebKit/537.36 (KHTML, like Gecko; compatible; GPTBot/1.4; +https://openai.com/gptbot)"
74.7.242.58 - - [02/Jul/2026:19:24:58 -0400] "GET /wp-includes/Requests/src/Cookie.php HTTP/1.1" 200 0 "https://jarangomd.com/wp-includes/Requests/src/" "Mozilla/5.0 AppleWebKit/537.36 (KHTML, like Gecko; compatible; GPTBot/1.4; +https://openai.com/gptbot)"
74.7.242.58 - - [02/Jul/2026:19:24:58 -0400] "GET /wp-includes/Requests/src/Transport.php HTTP/1.1" 200 0 "https://jarangomd.com/wp-includes/Requests/src/" "Mozilla/5.0 AppleWebKit/537.36 (KHTML, like Gecko; compatible; GPTBot/1.4; +https://openai.com/gptbot)"
74.7.242.58 - - [02/Jul/2026:19:24:59 -0400] "GET /wp-includes/Requests/src/Exception.php HTTP/1.1" 200 0 "https://jarangomd.com/wp-includes/Requests/src/" "Mozilla/5.0 AppleWebKit/537.36 (KHTML, like Gecko; compatible; GPTBot/1.4; +https://openai.com/gptbot)"
74.7.242.58 - - [02/Jul/2026:19:24:59 -0400] "GET /wp-includes/Requests/src/Capability.php HTTP/1.1" 200 0 "https://jarangomd.com/wp-includes/Requests/src/" "Mozilla/5.0 AppleWebKit/537.36 (KHTML, like Gecko; compatible; GPTBot/1.4; +https://openai.com/gptbot)"
74.7.242.58 - - [02/Jul/2026:19:25:00 -0400] "GET /wp-includes/Requests/src/Proxy.php HTTP/1.1" 200 0 "https://jarangomd.com/wp-includes/Requests/src/" "Mozilla/5.0 AppleWebKit/537.36 (KHTML, like Gecko; compatible; GPTBot/1.4; +https://openai.com/gptbot)"
74.7.242.58 - - [02/Jul/2026:19:25:00 -0400] "GET /wp-includes/Requests/src/Proxy/ HTTP/1.1" 200 687 "https://jarangomd.com/wp-includes/Requests/src/" "Mozilla/5.0 AppleWebKit/537.36 (KHTML, like Gecko; compatible; GPTBot/1.4; +https://openai.com/gptbot)"
74.7.242.58 - - [02/Jul/2026:19:25:01 -0400] "GET /wp-includes/Requests/src/Hooks.php HTTP/1.1" 500 0 "https://jarangomd.com/wp-includes/Requests/src/" "Mozilla/5.0 AppleWebKit/537.36 (KHTML, like Gecko; compatible; GPTBot/1.4; +https://openai.com/gptbot)"
74.7.242.58 - - [02/Jul/2026:19:25:01 -0400] "GET /wp-includes/Requests/src/Session.php HTTP/1.1" 200 0 "https://jarangomd.com/wp-includes/Requests/src/" "Mozilla/5.0 AppleWebKit/537.36 (KHTML, like Gecko; compatible; GPTBot/1.4; +https://openai.com/gptbot)"
74.7.242.58 - - [02/Jul/2026:19:25:03 -0400] "GET /wp-includes/Requests/src/Response/ HTTP/1.1" 200 684 "https://jarangomd.com/wp-includes/Requests/src/" "Mozilla/5.0 AppleWebKit/537.36 (KHTML, like Gecko; compatible; GPTBot/1.4; +https://openai.com/gptbot)"
74.7.242.58 - - [02/Jul/2026:19:25:04 -0400] "GET /wp-includes/Requests/src/Iri.php HTTP/1.1" 200 0 "https://jarangomd.com/wp-includes/Requests/src/" "Mozilla/5.0 AppleWebKit/537.36 (KHTML, like Gecko; compatible; GPTBot/1.4; +https://openai.com/gptbot)"
74.7.242.58 - - [02/Jul/2026:19:25:06 -0400] "GET /wp-includes/Requests/src/Port.php HTTP/1.1" 200 0 "https://jarangomd.com/wp-includes/Requests/src/" "Mozilla/5.0 AppleWebKit/537.36 (KHTML, like Gecko; compatible; GPTBot/1.4; +https://openai.com/gptbot)"
74.7.242.58 - - [02/Jul/2026:19:24:56 -0400] "GET /wp-includes/Requests/src/IdnaEncoder.php HTTP/1.1" 200 0 "https://jarangomd.com/wp-includes/Requests/src/" "Mozilla/5.0 AppleWebKit/537.36 (KHTML, like Gecko; compatible; GPTBot/1.4; +https://openai.com/gptbot)"
74.7.242.58 - - [02/Jul/2026:19:24:57 -0400] "GET /wp-includes/Requests/src/Response.php HTTP/1.1" 200 0 "https://jarangomd.com/wp-includes/Requests/src/" "Mozilla/5.0 AppleWebKit/537.36 (KHTML, like Gecko; compatible; GPTBot/1.4; +https://openai.com/gptbot)"
216.73.217.71 - - [02/Jul/2026:19:24:57 -0400] "GET /wp-includes/post-template.php HTTP/1.1" 200 0 "-" "Mozilla/5.0 AppleWebKit/537.36 (KHTML, like Gecko; compatible; ClaudeBot/1.0; +claudebot@anthropic.com)"
74.7.242.58 - - [02/Jul/2026:19:24:57 -0400] "GET /wp-includes/Requests/src/Autoload.php HTTP/1.1" 200 0 "https://jarangomd.com/wp-includes/Requests/src/" "Mozilla/5.0 AppleWebKit/537.36 (KHTML, like Gecko; compatible; GPTBot/1.4; +https://openai.com/gptbot)"
195.229.76.26 - - [02/Jul/2026:19:24:58 -0400] "POST /xmlrpc.php HTTP/1.1" 200 403 "-" "Jetpack by WordPress.com"
74.7.242.58 - - [02/Jul/2026:19:25:07 -0400] "GET /wp-includes/Requests/src/Auth/ HTTP/1.1" 200 685 "https://jarangomd.com/wp-includes/Requests/src/" "Mozilla/5.0 AppleWebKit/537.36 (KHTML, like Gecko; compatible; GPTBot/1.4; +https://openai.com/gptbot)"
74.7.242.58 - - [02/Jul/2026:19:25:08 -0400] "GET /wp-includes/Requests/src/Transport/ HTTP/1.1" 200 739 "https://jarangomd.com/wp-includes/Requests/src/" "Mozilla/5.0 AppleWebKit/537.36 (KHTML, like Gecko; compatible; GPTBot/1.4; +https://openai.com/gptbot)"
195.229.76.26 - - [02/Jul/2026:19:25:08 -0400] "POST /xmlrpc.php HTTP/1.1" 200 403 "-" "Jetpack/12.0; WordPress/6.1; http://site37337268.com"
74.7.242.58 - - [02/Jul/2026:19:25:09 -0400] "GET /wp-includes/Requests/src/Exception/ HTTP/1.1" 200 1122 "https://jarangomd.com/wp-includes/Requests/src/" "Mozilla/5.0 AppleWebKit/537.36 (KHTML, like Gecko; compatible; GPTBot/1.4; +https://openai.com/gptbot)"
74.7.242.58 - - [02/Jul/2026:19:25:10 -0400] "GET /wp-includes/Requests/src/Auth.php HTTP/1.1" 200 0 "https://jarangomd.com/wp-includes/Requests/src/" "Mozilla/5.0 AppleWebKit/537.36 (KHTML, like Gecko; compatible; GPTBot/1.4; +https://openai.com/gptbot)"
74.7.242.58 - - [02/Jul/2026:19:25:12 -0400] "GET /mac.php?pikachu=Ly9vcHQvYWx0L3J1YnkzMS9saWIvZ2Vtcw HTTP/1.1" 200 3660 "https://jarangomd.com/mac.php?pikachu=Ly9vcHQvYWx0L3J1YnkzMS9saWI" "Mozilla/5.0 AppleWebKit/537.36 (KHTML, like Gecko; compatible; GPTBot/1.4; +https://openai.com/gptbot)"
74.7.242.58 - - [02/Jul/2026:19:25:13 -0400] "GET /mac.php?pikachu=Ly92YXIvc29mdGFjdWxvdXMveGNsb25lcg HTTP/1.1" 200 4402 "https://jarangomd.com/mac.php?pikachu=Ly92YXIvc29mdGFjdWxvdXM" "Mozilla/5.0 AppleWebKit/537.36 (KHTML, like Gecko; compatible; GPTBot/1.4; +https://openai.com/gptbot)"
74.7.242.58 - - [02/Jul/2026:19:25:14 -0400] "GET /mac.php?pikachu=Ly9vcHQvYWx0L3B5dGhvbjMxMC9saWI2NA HTTP/1.1" 200 3905 "https://jarangomd.com/mac.php?pikachu=Ly9vcHQvYWx0L3B5dGhvbjMxMA" "Mozilla/5.0 AppleWebKit/537.36 (KHTML, like Gecko; compatible; GPTBot/1.4; +https://openai.com/gptbot)"
74.7.242.58 - - [02/Jul/2026:19:25:15 -0400] "GET /mac.php?pikachu=Ly9vcHQvYWx0L3B5dGhvbjMxMy9saWI2NA HTTP/1.1" 200 3901 "https://jarangomd.com/mac.php?pikachu=Ly9vcHQvYWx0L3B5dGhvbjMxMw" "Mozilla/5.0 AppleWebKit/537.36 (KHTML, like Gecko; compatible; GPTBot/1.4; +https://openai.com/gptbot)"
74.7.242.58 - - [02/Jul/2026:19:25:15 -0400] "GET /mac.php?pikachu=Ly92YXIvc29mdGFjdWxvdXMvbWFnZW50bw HTTP/1.1" 200 4431 "https://jarangomd.com/mac.php?pikachu=Ly92YXIvc29mdGFjdWxvdXM" "Mozilla/5.0 AppleWebKit/537.36 (KHTML, like Gecko; compatible; GPTBot/1.4; +https://openai.com/gptbot)"
74.7.242.58 - - [02/Jul/2026:19:25:16 -0400] "GET /mac.php?pikachu=Ly9saWI2NC9weXRob24zLjgvc3FsaXRlMw HTTP/1.1" 200 3904 "https://jarangomd.com/mac.php?pikachu=Ly9saWI2NC9weXRob24zLjg" "Mozilla/5.0 AppleWebKit/537.36 (KHTML, like Gecko; compatible; GPTBot/1.4; +https://openai.com/gptbot)"
74.7.242.58 - - [02/Jul/2026:19:25:17 -0400] "GET /mac.php?pikachu=Ly9vcHQvYWx0L3J1YnkzMy9saWIvZ2Vtcw HTTP/1.1" 200 3659 "https://jarangomd.com/mac.php?pikachu=Ly9vcHQvYWx0L3J1YnkzMy9saWI" "Mozilla/5.0 AppleWebKit/537.36 (KHTML, like Gecko; compatible; GPTBot/1.4; +https://openai.com/gptbot)"
74.7.242.58 - - [02/Jul/2026:19:25:18 -0400] "GET /mac.php?pikachu=Ly9saWI2NC9weXRob24zLjEyL3VybGxpYg HTTP/1.1" 200 4048 "https://jarangomd.com/mac.php?pikachu=Ly9saWI2NC9weXRob24zLjEy" "Mozilla/5.0 AppleWebKit/537.36 (KHTML, like Gecko; compatible; GPTBot/1.4; +https://openai.com/gptbot)"
74.7.242.58 - - [02/Jul/2026:19:25:18 -0400] "GET /mac.php?pikachu=Ly9vcHQvYWx0L3J1YnkzMC9saWIvZ2Vtcw HTTP/1.1" 200 3660 "https://jarangomd.com/mac.php?pikachu=Ly9vcHQvYWx0L3J1YnkzMC9saWI" "Mozilla/5.0 AppleWebKit/537.36 (KHTML, like Gecko; compatible; GPTBot/1.4; +https://openai.com/gptbot)"
195.229.76.26 - - [02/Jul/2026:19:25:19 -0400] "POST /xmlrpc.php HTTP/1.1" 200 403 "-" "Jetpack/13.0; WordPress/6.4; http://site56115414.com"
74.7.242.58 - - [02/Jul/2026:19:25:19 -0400] "GET /wp-includes/js/tinymce/plugins/wpemoji/plugin.min.js HTTP/1.1" 200 660 "https://jarangomd.com/wp-includes/js/tinymce/plugins/wpemoji/" "Mozilla/5.0 AppleWebKit/537.36 (KHTML, like Gecko; compatible; GPTBot/1.4; +https://openai.com/gptbot)"
74.7.242.58 - - [02/Jul/2026:19:25:20 -0400] "GET /mac.php?pikachu=Ly9saWIvZmlybXdhcmUvcWNvbS9zZHg2MQ HTTP/1.1" 200 3670 "https://jarangomd.com/mac.php?pikachu=Ly9saWIvZmlybXdhcmUvcWNvbQ" "Mozilla/5.0 AppleWebKit/537.36 (KHTML, like Gecko; compatible; GPTBot/1.4; +https://openai.com/gptbot)"
74.7.242.58 - - [02/Jul/2026:19:25:21 -0400] "GET /mac.php?pikachu=Ly92YXIvc29mdGFjdWxvdXMvbWFnZW50by9waHA4MQ HTTP/1.1" 200 3900 "https://jarangomd.com/mac.php?pikachu=Ly92YXIvc29mdGFjdWxvdXMvbWFnZW50bw" "Mozilla/5.0 AppleWebKit/537.36 (KHTML, like Gecko; compatible; GPTBot/1.4; +https://openai.com/gptbot)"
74.7.242.58 - - [02/Jul/2026:19:25:22 -0400] "GET /mac.php?pikachu=Ly9saWIvZmlybXdhcmUvZW5lLXViNjI1MA HTTP/1.1" 200 3864 "https://jarangomd.com/mac.php?pikachu=Ly9saWIvZmlybXdhcmU" "Mozilla/5.0 AppleWebKit/537.36 (KHTML, like Gecko; compatible; GPTBot/1.4; +https://openai.com/gptbot)"
74.7.242.58 - - [02/Jul/2026:19:25:24 -0400] "GET /wp-includes/js/twemoji.js HTTP/1.1" 200 8207 "https://jarangomd.com/wp-includes/js/" "Mozilla/5.0 AppleWebKit/537.36 (KHTML, like Gecko; compatible; GPTBot/1.4; +https://openai.com/gptbot)"
74.7.242.58 - - [02/Jul/2026:19:25:25 -0400] "GET /mac.php?pikachu=Ly9saWIvZHJhY3V0L21vZHVsZXMuZC85MGRt HTTP/1.1" 200 3984 "https://jarangomd.com/mac.php?pikachu=Ly9saWIvZHJhY3V0L21vZHVsZXMuZA" "Mozilla/5.0 AppleWebKit/537.36 (KHTML, like Gecko; compatible; GPTBot/1.4; +https://openai.com/gptbot)"
74.7.242.58 - - [02/Jul/2026:19:25:25 -0400] "GET /mac.php?pikachu=Ly9ob21lL2F0b215bHZiLy5uY19wbHVnaW4 HTTP/1.1" 200 3555 "https://jarangomd.com/mac.php?pikachu=Ly9ob21lL2F0b215bHZi" "Mozilla/5.0 AppleWebKit/537.36 (KHTML, like Gecko; compatible; GPTBot/1.4; +https://openai.com/gptbot)"
74.7.242.58 - - [02/Jul/2026:19:25:26 -0400] "GET /mac.php?pikachu=Ly91c3IvaW5jbHVkZS9saW51eC90Y19hY3Q HTTP/1.1" 200 4359 "https://jarangomd.com/mac.php?pikachu=Ly91c3IvaW5jbHVkZS9saW51eA" "Mozilla/5.0 AppleWebKit/537.36 (KHTML, like Gecko; compatible; GPTBot/1.4; +https://openai.com/gptbot)"
74.7.242.58 - - [02/Jul/2026:19:25:26 -0400] "GET /mac.php?pikachu=Ly9ob21lL2F0b215bHZiL3B1YmxpY19mdHA HTTP/1.1" 200 3670 "https://jarangomd.com/mac.php?pikachu=Ly9ob21lL2F0b215bHZi" "Mozilla/5.0 AppleWebKit/537.36 (KHTML, like Gecko; compatible; GPTBot/1.4; +https://openai.com/gptbot)"
74.7.242.58 - - [02/Jul/2026:19:25:28 -0400] "GET /mac.php?pikachu=Ly9wcm9jL3NlbGYvcm9vdC92YXIvdG1w HTTP/1.1" 200 4485 "https://jarangomd.com/mac.php?pikachu=Ly9wcm9jL3NlbGYvcm9vdC92YXI" "Mozilla/5.0 AppleWebKit/537.36 (KHTML, like Gecko; compatible; GPTBot/1.4; +https://openai.com/gptbot)"
74.7.242.58 - - [02/Jul/2026:19:25:11 -0400] "GET /mac.php?pikachu=Ly9vcHQvYWx0L3J1YnkyNy9saWIvZ2Vtcw HTTP/1.1" 200 3660 "https://jarangomd.com/mac.php?pikachu=Ly9vcHQvYWx0L3J1YnkyNy9saWI" "Mozilla/5.0 AppleWebKit/537.36 (KHTML, like Gecko; compatible; GPTBot/1.4; +https://openai.com/gptbot)"
74.7.242.58 - - [02/Jul/2026:19:25:11 -0400] "GET /mac.php?pikachu=Ly9vcHQvYWx0L2FsdC1JbWFnZU1hZ2ljaw HTTP/1.1" 200 3696 "https://jarangomd.com/mac.php?pikachu=Ly9vcHQvYWx0" "Mozilla/5.0 AppleWebKit/537.36 (KHTML, like Gecko; compatible; GPTBot/1.4; +https://openai.com/gptbot)"
74.7.242.58 - - [02/Jul/2026:19:25:12 -0400] "GET /mac.php?pikachu=Ly9vcHQvYWx0L3BocDgwL3Vzci9saWI2NA HTTP/1.1" 200 3802 "https://jarangomd.com/mac.php?pikachu=Ly9vcHQvYWx0L3BocDgwL3Vzcg" "Mozilla/5.0 AppleWebKit/537.36 (KHTML, like Gecko; compatible; GPTBot/1.4; +https://openai.com/gptbot)"
74.7.242.58 - - [02/Jul/2026:19:25:13 -0400] "GET /mac.php?pikachu=Ly9saWI2NC9weXRob24zLjEyL3htbHJwYw HTTP/1.1" 200 3887 "https://jarangomd.com/mac.php?pikachu=Ly9saWI2NC9weXRob24zLjEy" "Mozilla/5.0 AppleWebKit/537.36 (KHTML, like Gecko; compatible; GPTBot/1.4; +https://openai.com/gptbot)"
74.7.242.58 - - [02/Jul/2026:19:25:16 -0400] "GET /mac.php?pikachu=Ly9saWI2NC9weXRob24zLjgvYXN5bmNpbw HTTP/1.1" 200 4939 "https://jarangomd.com/mac.php?pikachu=Ly9saWI2NC9weXRob24zLjg" "Mozilla/5.0 AppleWebKit/537.36 (KHTML, like Gecko; compatible; GPTBot/1.4; +https://openai.com/gptbot)"
74.7.242.58 - - [02/Jul/2026:19:25:17 -0400] "GET /mac.php?pikachu=Ly9vcHQvYWx0L3J1YnkzMi9saWIvZ2Vtcw HTTP/1.1" 200 3659 "https://jarangomd.com/mac.php?pikachu=Ly9vcHQvYWx0L3J1YnkzMi9saWI" "Mozilla/5.0 AppleWebKit/537.36 (KHTML, like Gecko; compatible; GPTBot/1.4; +https://openai.com/gptbot)"
74.7.242.58 - - [02/Jul/2026:19:25:19 -0400] "GET /wp-includes/js/dist/token-list.js HTTP/1.1" 200 1566 "https://jarangomd.com/wp-includes/js/dist/" "Mozilla/5.0 AppleWebKit/537.36 (KHTML, like Gecko; compatible; GPTBot/1.4; +https://openai.com/gptbot)"
74.7.242.58 - - [02/Jul/2026:19:25:20 -0400] "GET /mac.php?pikachu=L2hvbWUvYXRvbXlsdmIvLnBraS9uc3NkYg HTTP/1.1" 200 3567 "https://jarangomd.com/mac.php?pikachu=L2hvbWUvYXRvbXlsdmIvLnBraQ" "Mozilla/5.0 AppleWebKit/537.36 (KHTML, like Gecko; compatible; GPTBot/1.4; +https://openai.com/gptbot)"
74.7.242.58 - - [02/Jul/2026:19:25:21 -0400] "GET /mac.php?pikachu=Ly9saWIvZmlybXdhcmUvbXJ2bC9jcHQwMw HTTP/1.1" 200 3757 "https://jarangomd.com/mac.php?pikachu=Ly9saWIvZmlybXdhcmUvbXJ2bA" "Mozilla/5.0 AppleWebKit/537.36 (KHTML, like Gecko; compatible; GPTBot/1.4; +https://openai.com/gptbot)"
74.7.242.58 - - [02/Jul/2026:19:25:22 -0400] "GET /mac.php?pikachu=Ly9saWIvZmlybXdhcmUvbXJ2bC9jcHQwMQ HTTP/1.1" 200 3759 "https://jarangomd.com/mac.php?pikachu=Ly9saWIvZmlybXdhcmUvbXJ2bA" "Mozilla/5.0 AppleWebKit/537.36 (KHTML, like Gecko; compatible; GPTBot/1.4; +https://openai.com/gptbot)"
74.7.242.58 - - [02/Jul/2026:19:25:23 -0400] "GET /mac.php?pikachu=Ly9saWI2NC9weXRob24zLjEyL3RvbWxsaWI HTTP/1.1" 200 3948 "https://jarangomd.com/mac.php?pikachu=Ly9saWI2NC9weXRob24zLjEy" "Mozilla/5.0 AppleWebKit/537.36 (KHTML, like Gecko; compatible; GPTBot/1.4; +https://openai.com/gptbot)"
74.7.242.58 - - [02/Jul/2026:19:25:24 -0400] "GET /wp-includes/Requests/src/Ipv6.php HTTP/1.1" 200 0 "https://jarangomd.com/wp-includes/Requests/src/" "Mozilla/5.0 AppleWebKit/537.36 (KHTML, like Gecko; compatible; GPTBot/1.4; +https://openai.com/gptbot)"
74.7.242.58 - - [02/Jul/2026:19:25:27 -0400] "GET /mac.php?pikachu=Ly9wcm9jL3NlbGYvcm9vdC91c3IvbGli HTTP/1.1" 200 5373 "https://jarangomd.com/mac.php?pikachu=Ly9wcm9jL3NlbGYvcm9vdC91c3I" "Mozilla/5.0 AppleWebKit/537.36 (KHTML, like Gecko; compatible; GPTBot/1.4; +https://openai.com/gptbot)"
74.7.242.58 - - [02/Jul/2026:19:25:27 -0400] "GET /mac.php?pikachu=Ly9wcm9jLzM2NDIyMzAvcm9vdC9ob21l HTTP/1.1" 200 3655 "https://jarangomd.com/mac.php?pikachu=Ly9wcm9jLzM2NDIyMzAvcm9vdA" "Mozilla/5.0 AppleWebKit/537.36 (KHTML, like Gecko; compatible; GPTBot/1.4; +https://openai.com/gptbot)"
74.7.242.58 - - [02/Jul/2026:19:25:28 -0400] "GET /mac.php?pikachu=Ly92YXIvc29mdGFjdWxvdXMvc21hcnR5 HTTP/1.1" 200 4318 "https://jarangomd.com/mac.php?pikachu=Ly92YXIvc29mdGFjdWxvdXM" "Mozilla/5.0 AppleWebKit/537.36 (KHTML, like Gecko; compatible; GPTBot/1.4; +https://openai.com/gptbot)"
74.7.242.58 - - [02/Jul/2026:19:25:29 -0400] "GET /assets/2764.gif HTTP/1.1" 404 1251 "https://jarangomd.com/wp-includes/js/twemoji.js" "Mozilla/5.0 AppleWebKit/537.36 (KHTML, like Gecko; compatible; GPTBot/1.4; +https://openai.com/gptbot)"
74.7.242.58 - - [02/Jul/2026:19:25:31 -0400] "GET /mac.php?pikachu=Ly9wcm9jL3NlbGYvcm9vdC92YXIvbG9n HTTP/1.1" 200 3943 "https://jarangomd.com/mac.php?pikachu=Ly9wcm9jL3NlbGYvcm9vdC92YXI" "Mozilla/5.0 AppleWebKit/537.36 (KHTML, like Gecko; compatible; GPTBot/1.4; +https://openai.com/gptbot)"
74.7.242.58 - - [02/Jul/2026:19:25:32 -0400] "GET /mac.php?pikachu=Ly9ob21lL2F0b215bHZiL3B1YmxpY19mdHAvaW5jb21pbmc HTTP/1.1" 200 3569 "https://jarangomd.com/mac.php?pikachu=Ly9ob21lL2F0b215bHZiL3B1YmxpY19mdHA" "Mozilla/5.0 AppleWebKit/537.36 (KHTML, like Gecko; compatible; GPTBot/1.4; +https://openai.com/gptbot)"
74.7.242.58 - - [02/Jul/2026:19:25:32 -0400] "GET /mac.php?pikachu=Ly9wcm9jL3NlbGYvcm9vdC91c3IvYmlu HTTP/1.1" 200 23310 "https://jarangomd.com/mac.php?pikachu=Ly9wcm9jL3NlbGYvcm9vdC91c3I" "Mozilla/5.0 AppleWebKit/537.36 (KHTML, like Gecko; compatible; GPTBot/1.4; +https://openai.com/gptbot)"
74.7.242.58 - - [02/Jul/2026:19:25:34 -0400] "GET /wp-includes/js/tinymce/plugins/wpview/plugin.min.js HTTP/1.1" 200 1146 "https://jarangomd.com/wp-includes/js/tinymce/plugins/wpview/" "Mozilla/5.0 AppleWebKit/537.36 (KHTML, like Gecko; compatible; GPTBot/1.4; +https://openai.com/gptbot)"
74.7.242.58 - - [02/Jul/2026:19:25:35 -0400] "GET /wp-includes/js/dist/script-modules/block-editor/utils/fit-text-frontend.min.js HTTP/1.1" 200 653 "https://jarangomd.com/wp-includes/js/dist/script-modules/block-editor/utils/" "Mozilla/5.0 AppleWebKit/537.36 (KHTML, like Gecko; compatible; GPTBot/1.4; +https://openai.com/gptbot)"
74.7.242.58 - - [02/Jul/2026:19:25:35 -0400] "GET /wp-includes/js/dist/vendor/moment.js HTTP/1.1" 200 36017 "https://jarangomd.com/wp-includes/js/dist/vendor/" "Mozilla/5.0 AppleWebKit/537.36 (KHTML, like Gecko; compatible; GPTBot/1.4; +https://openai.com/gptbot)"
74.7.242.58 - - [02/Jul/2026:19:25:37 -0400] "GET /wp-includes/js/tinymce/plugins/wpdialogs/plugin.min.js HTTP/1.1" 200 575 "https://jarangomd.com/wp-includes/js/tinymce/plugins/wpdialogs/" "Mozilla/5.0 AppleWebKit/537.36 (KHTML, like Gecko; compatible; GPTBot/1.4; +https://openai.com/gptbot)"
74.7.242.58 - - [02/Jul/2026:19:25:38 -0400] "GET /wp-includes/js/tinymce/plugins/wordpress/plugin.min.js HTTP/1.1" 200 5857 "https://jarangomd.com/wp-includes/js/tinymce/plugins/wordpress/" "Mozilla/5.0 AppleWebKit/537.36 (KHTML, like Gecko; compatible; GPTBot/1.4; +https://openai.com/gptbot)"
74.7.242.58 - - [02/Jul/2026:19:25:39 -0400] "GET /wp-includes/js/tinymce/plugins/textcolor/plugin.min.js HTTP/1.1" 200 1831 "https://jarangomd.com/wp-includes/js/tinymce/plugins/textcolor/" "Mozilla/5.0 AppleWebKit/537.36 (KHTML, like Gecko; compatible; GPTBot/1.4; +https://openai.com/gptbot)"
74.7.242.58 - - [02/Jul/2026:19:25:39 -0400] "GET /wp-includes/js/tinymce/plugins/wplink/'+this.url+' HTTP/1.1" 404 1251 "https://jarangomd.com/wp-includes/js/tinymce/plugins/wplink/plugin.min.js" "Mozilla/5.0 AppleWebKit/537.36 (KHTML, like Gecko; compatible; GPTBot/1.4; +https://openai.com/gptbot)"
195.229.76.26 - - [02/Jul/2026:19:25:40 -0400] "POST /xmlrpc.php HTTP/1.1" 200 403 "-" "Jetpack/12.5; WordPress/6.2; http://site93607391.com"
74.7.242.58 - - [02/Jul/2026:19:25:40 -0400] "GET /wp-includes/ID3/readme.txt HTTP/1.1" 200 9917 "https://jarangomd.com/wp-includes/ID3/" "Mozilla/5.0 AppleWebKit/537.36 (KHTML, like Gecko; compatible; GPTBot/1.4; +https://openai.com/gptbot)"
74.7.242.58 - - [02/Jul/2026:19:25:29 -0400] "GET /mac.php?pikachu=Ly9wcm9jLzQxMTMzODIvcm9vdC9yb290 HTTP/1.1" 200 3540 "https://jarangomd.com/mac.php?pikachu=Ly9wcm9jLzQxMTMzODIvcm9vdA" "Mozilla/5.0 AppleWebKit/537.36 (KHTML, like Gecko; compatible; GPTBot/1.4; +https://openai.com/gptbot)"
195.229.76.26 - - [02/Jul/2026:19:25:29 -0400] "POST /xmlrpc.php HTTP/1.1" 200 403 "-" "Jetpack by WordPress.com"
74.7.242.58 - - [02/Jul/2026:19:25:30 -0400] "GET /assets/72x72/2764.png HTTP/1.1" 404 1251 "https://jarangomd.com/wp-includes/js/twemoji.js" "Mozilla/5.0 AppleWebKit/537.36 (KHTML, like Gecko; compatible; GPTBot/1.4; +https://openai.com/gptbot)"
74.7.242.58 - - [02/Jul/2026:19:25:30 -0400] "GET /wp-includes/js/',%20%20%20%20%20%20%20%20%20%20src,%20%20%20%20%20%20%20%20%20%20' HTTP/1.1" 404 1251 "https://jarangomd.com/wp-includes/js/twemoji.js" "Mozilla/5.0 AppleWebKit/537.36 (KHTML, like Gecko; compatible; GPTBot/1.4; +https://openai.com/gptbot)"
74.7.242.58 - - [02/Jul/2026:19:25:31 -0400] "GET /mac.php?pikachu=Ly91c3IvaW5jbHVkZS9iaW5kOS9wazEx HTTP/1.1" 200 3678 "https://jarangomd.com/mac.php?pikachu=Ly91c3IvaW5jbHVkZS9iaW5kOQ" "Mozilla/5.0 AppleWebKit/537.36 (KHTML, like Gecko; compatible; GPTBot/1.4; +https://openai.com/gptbot)"
74.7.242.58 - - [02/Jul/2026:19:25:33 -0400] "GET /wp-includes/Requests/src/Exception/Transport/ HTTP/1.1" 200 700 "https://jarangomd.com/wp-includes/Requests/src/Exception/" "Mozilla/5.0 AppleWebKit/537.36 (KHTML, like Gecko; compatible; GPTBot/1.4; +https://openai.com/gptbot)"
74.7.242.58 - - [02/Jul/2026:19:25:34 -0400] "GET /wp-includes/js/tinymce/plugins/wplink/plugin.min.js HTTP/1.1" 200 3200 "https://jarangomd.com/wp-includes/js/tinymce/plugins/wplink/" "Mozilla/5.0 AppleWebKit/537.36 (KHTML, like Gecko; compatible; GPTBot/1.4; +https://openai.com/gptbot)"
74.7.242.58 - - [02/Jul/2026:19:25:36 -0400] "GET /wp-includes/js/jquery/ui/sortable.js HTTP/1.1" 200 11329 "https://jarangomd.com/wp-includes/js/jquery/ui/" "Mozilla/5.0 AppleWebKit/537.36 (KHTML, like Gecko; compatible; GPTBot/1.4; +https://openai.com/gptbot)"
74.7.242.58 - - [02/Jul/2026:19:25:36 -0400] "GET /wp-includes/js/dist/vendor/lodash.js HTTP/1.1" 200 93692 "https://jarangomd.com/wp-includes/js/dist/vendor/" "Mozilla/5.0 AppleWebKit/537.36 (KHTML, like Gecko; compatible; GPTBot/1.4; +https://openai.com/gptbot)"
74.7.242.58 - - [02/Jul/2026:19:25:37 -0400] "GET /wp-includes/js/tinymce/plugins/charmap/plugin.min.js HTTP/1.1" 200 3017 "https://jarangomd.com/wp-includes/js/tinymce/plugins/charmap/" "Mozilla/5.0 AppleWebKit/537.36 (KHTML, like Gecko; compatible; GPTBot/1.4; +https://openai.com/gptbot)"
74.7.242.58 - - [02/Jul/2026:19:25:38 -0400] "GET /wp-includes/js/tinymce/plugins/tabfocus/plugin.min.js HTTP/1.1" 200 734 "https://jarangomd.com/wp-includes/js/tinymce/plugins/tabfocus/" "Mozilla/5.0 AppleWebKit/537.36 (KHTML, like Gecko; compatible; GPTBot/1.4; +https://openai.com/gptbot)"
74.7.242.58 - - [02/Jul/2026:19:25:40 -0400] "GET /wp-includes/js/tinymce/plugins/wpgallery/plugin.min.js HTTP/1.1" 200 663 "https://jarangomd.com/wp-includes/js/tinymce/plugins/wpgallery/" "Mozilla/5.0 AppleWebKit/537.36 (KHTML, like Gecko; compatible; GPTBot/1.4; +https://openai.com/gptbot)"
74.7.242.58 - - [02/Jul/2026:19:25:41 -0400] "GET /mac.php?pikachu=Ly9vcHQvYWx0L3BkZmxpYi1saXRlL3Vzcg HTTP/1.1" 200 3728 "https://jarangomd.com/mac.php?pikachu=Ly9vcHQvYWx0L3BkZmxpYi1saXRl" "Mozilla/5.0 AppleWebKit/537.36 (KHTML, like Gecko; compatible; GPTBot/1.4; +https://openai.com/gptbot)"
74.7.242.58 - - [02/Jul/2026:19:25:42 -0400] "GET /mac.php?pikachu=Ly92YXIvc29mdGFjdWxvdXMvYW1wYWNoZQ HTTP/1.1" 200 4417 "https://jarangomd.com/mac.php?pikachu=Ly92YXIvc29mdGFjdWxvdXM" "Mozilla/5.0 AppleWebKit/537.36 (KHTML, like Gecko; compatible; GPTBot/1.4; +https://openai.com/gptbot)"
216.73.217.71 - - [02/Jul/2026:19:25:42 -0400] "GET /wp-includes/class-requests.php HTTP/1.1" 200 0 "-" "Mozilla/5.0 AppleWebKit/537.36 (KHTML, like Gecko; compatible; ClaudeBot/1.0; +claudebot@anthropic.com)"
74.7.242.58 - - [02/Jul/2026:19:25:43 -0400] "GET /mac.php?pikachu=Ly92YXIvc29mdGFjdWxvdXMvbGF5ZXJiYg HTTP/1.1" 200 4459 "https://jarangomd.com/mac.php?pikachu=Ly92YXIvc29mdGFjdWxvdXM" "Mozilla/5.0 AppleWebKit/537.36 (KHTML, like Gecko; compatible; GPTBot/1.4; +https://openai.com/gptbot)"
74.7.242.58 - - [02/Jul/2026:19:25:45 -0400] "GET /mac.php?pikachu=Ly92YXIvc29mdGFjdWxvdXMvaHVtb2dlbg HTTP/1.1" 200 4483 "https://jarangomd.com/mac.php?pikachu=Ly92YXIvc29mdGFjdWxvdXM" "Mozilla/5.0 AppleWebKit/537.36 (KHTML, like Gecko; compatible; GPTBot/1.4; +https://openai.com/gptbot)"
74.7.242.58 - - [02/Jul/2026:19:25:45 -0400] "GET /mac.php?pikachu=Ly9vcHQvYWx0L2RlZmF1bHRfcGhwX2luaQ HTTP/1.1" 200 4095 "https://jarangomd.com/mac.php?pikachu=Ly9vcHQvYWx0" "Mozilla/5.0 AppleWebKit/537.36 (KHTML, like Gecko; compatible; GPTBot/1.4; +https://openai.com/gptbot)"
74.7.242.58 - - [02/Jul/2026:19:25:46 -0400] "GET /mac.php?pikachu=Ly92YXIvc29mdGFjdWxvdXMvcGhwbGl0ZQ HTTP/1.1" 200 4265 "https://jarangomd.com/mac.php?pikachu=Ly92YXIvc29mdGFjdWxvdXM" "Mozilla/5.0 AppleWebKit/537.36 (KHTML, like Gecko; compatible; GPTBot/1.4; +https://openai.com/gptbot)"
74.7.242.58 - - [02/Jul/2026:19:25:47 -0400] "GET /wp-includes/js/jquery/ui/tooltip.js HTTP/1.1" 200 4328 "https://jarangomd.com/wp-includes/js/jquery/ui/" "Mozilla/5.0 AppleWebKit/537.36 (KHTML, like Gecko; compatible; GPTBot/1.4; +https://openai.com/gptbot)"
74.7.242.58 - - [02/Jul/2026:19:25:48 -0400] "GET /mac.php?pikachu=Ly91c3IvaW5jbHVkZS9saW51eC9zdW5ycGM HTTP/1.1" 200 3684 "https://jarangomd.com/mac.php?pikachu=Ly91c3IvaW5jbHVkZS9saW51eA" "Mozilla/5.0 AppleWebKit/537.36 (KHTML, like Gecko; compatible; GPTBot/1.4; +https://openai.com/gptbot)"
74.7.242.58 - - [02/Jul/2026:19:25:48 -0400] "GET /mac.php?pikachu=Ly9wcm9jLzIzODc2OC9yb290L3Byb2MvZnM HTTP/1.1" 200 3887 "https://jarangomd.com/mac.php?pikachu=Ly9wcm9jLzIzODc2OC9yb290L3Byb2M" "Mozilla/5.0 AppleWebKit/537.36 (KHTML, like Gecko; compatible; GPTBot/1.4; +https://openai.com/gptbot)"
74.7.242.58 - - [02/Jul/2026:19:25:50 -0400] "GET /mac.php?pikachu=Ly9vcHQvYWx0L3BocDg0L3Vzci9pbmNsdWRl HTTP/1.1" 200 3649 "https://jarangomd.com/mac.php?pikachu=Ly9vcHQvYWx0L3BocDg0L3Vzcg" "Mozilla/5.0 AppleWebKit/537.36 (KHTML, like Gecko; compatible; GPTBot/1.4; +https://openai.com/gptbot)"
74.7.242.58 - - [02/Jul/2026:19:25:52 -0400] "GET /mac.php?pikachu=Ly91c3Ivc2hhcmUvbG9jYWxlL3JvX1JP HTTP/1.1" 200 3681 "https://jarangomd.com/mac.php?pikachu=Ly91c3Ivc2hhcmUvbG9jYWxl" "Mozilla/5.0 AppleWebKit/537.36 (KHTML, like Gecko; compatible; GPTBot/1.4; +https://openai.com/gptbot)"
74.7.242.58 - - [02/Jul/2026:19:25:56 -0400] "GET /mac.php?pikachu=L2hvbWUvYXRvbXlsdmIvbWFpbC8uU2VudA HTTP/1.1" 200 3904 "https://jarangomd.com/mac.php?pikachu=L2hvbWUvYXRvbXlsdmIvbWFpbA" "Mozilla/5.0 AppleWebKit/537.36 (KHTML, like Gecko; compatible; GPTBot/1.4; +https://openai.com/gptbot)"
74.7.242.58 - - [02/Jul/2026:19:25:57 -0400] "GET /mac.php?pikachu=L2hvbWUvYXRvbXlsdmIvbWFpbC8uc3BhbQ HTTP/1.1" 200 4019 "https://jarangomd.com/mac.php?pikachu=L2hvbWUvYXRvbXlsdmIvbWFpbA" "Mozilla/5.0 AppleWebKit/537.36 (KHTML, like Gecko; compatible; GPTBot/1.4; +https://openai.com/gptbot)"
74.7.242.58 - - [02/Jul/2026:19:25:58 -0400] "GET /wp-includes/js/tinymce/plugins/link/ HTTP/1.1" 200 651 "https://jarangomd.com/wp-includes/js/tinymce/plugins/" "Mozilla/5.0 AppleWebKit/537.36 (KHTML, like Gecko; compatible; GPTBot/1.4; +https://openai.com/gptbot)"
74.7.242.58 - - [02/Jul/2026:19:25:59 -0400] "GET /wp-includes/js/tinymce/skins/wordpress/images/embedded.png HTTP/1.1" 200 8177 "https://jarangomd.com/wp-includes/js/tinymce/skins/wordpress/images/" "Mozilla/5.0 AppleWebKit/537.36 (KHTML, like Gecko; compatible; GPTBot/1.4; +https://openai.com/gptbot)"
74.7.242.58 - - [02/Jul/2026:19:26:01 -0400] "GET /wp-includes/SimplePie/src/ HTTP/1.1" 200 1670 "https://jarangomd.com/wp-includes/SimplePie/" "Mozilla/5.0 AppleWebKit/537.36 (KHTML, like Gecko; compatible; GPTBot/1.4; +https://openai.com/gptbot)"
74.7.242.58 - - [02/Jul/2026:19:25:41 -0400] "GET /mac.php?pikachu=Ly9ldGMvZW52aXJvbm1lbnQtbW9kdWxlcw HTTP/1.1" 200 3826 "https://jarangomd.com/mac.php?pikachu=Ly9ldGM" "Mozilla/5.0 AppleWebKit/537.36 (KHTML, like Gecko; compatible; GPTBot/1.4; +https://openai.com/gptbot)"
74.7.242.58 - - [02/Jul/2026:19:25:42 -0400] "GET /mac.php?pikachu=Ly92YXIvc29mdGFjdWxvdXMvZWxrYXJ0ZQ HTTP/1.1" 200 4413 "https://jarangomd.com/mac.php?pikachu=Ly92YXIvc29mdGFjdWxvdXM" "Mozilla/5.0 AppleWebKit/537.36 (KHTML, like Gecko; compatible; GPTBot/1.4; +https://openai.com/gptbot)"
74.7.242.58 - - [02/Jul/2026:19:25:43 -0400] "GET /mac.php?pikachu=Ly92YXIvc29mdGFjdWxvdXMvcHJlc3RhOA HTTP/1.1" 200 5208 "https://jarangomd.com/mac.php?pikachu=Ly92YXIvc29mdGFjdWxvdXM" "Mozilla/5.0 AppleWebKit/537.36 (KHTML, like Gecko; compatible; GPTBot/1.4; +https://openai.com/gptbot)"
74.7.242.58 - - [02/Jul/2026:19:25:44 -0400] "GET /mac.php?pikachu=Ly9vcHQvYWx0L3B5dGhvbjMxMy9zaGFyZQ HTTP/1.1" 200 3875 "https://jarangomd.com/mac.php?pikachu=Ly9vcHQvYWx0L3B5dGhvbjMxMw" "Mozilla/5.0 AppleWebKit/537.36 (KHTML, like Gecko; compatible; GPTBot/1.4; +https://openai.com/gptbot)"
74.7.242.58 - - [02/Jul/2026:19:25:46 -0400] "GET /wp-includes/js/dist/vendor/react.js HTTP/1.1" 200 27150 "https://jarangomd.com/wp-includes/js/dist/vendor/" "Mozilla/5.0 AppleWebKit/537.36 (KHTML, like Gecko; compatible; GPTBot/1.4; +https://openai.com/gptbot)"
74.7.242.58 - - [02/Jul/2026:19:25:47 -0400] "GET /mac.php?pikachu=Ly9wcm9jLzIyNjY0MS9yb290L3Byb2MvZnM HTTP/1.1" 200 5261 "https://jarangomd.com/mac.php?pikachu=Ly9wcm9jLzIyNjY0MS9yb290L3Byb2M" "Mozilla/5.0 AppleWebKit/537.36 (KHTML, like Gecko; compatible; GPTBot/1.4; +https://openai.com/gptbot)"
74.7.242.58 - - [02/Jul/2026:19:25:49 -0400] "GET /wp-includes/js/tinymce/skins/wordpress/images/ HTTP/1.1" 200 1308 "https://jarangomd.com/wp-includes/js/tinymce/skins/wordpress/" "Mozilla/5.0 AppleWebKit/537.36 (KHTML, like Gecko; compatible; GPTBot/1.4; +https://openai.com/gptbot)"
74.7.242.58 - - [02/Jul/2026:19:25:49 -0400] "GET /mac.php?pikachu=Ly9vcHQvYWx0L3BocDU0L3Vzci9pbmNsdWRl HTTP/1.1" 200 3648 "https://jarangomd.com/mac.php?pikachu=Ly9vcHQvYWx0L3BocDU0L3Vzcg" "Mozilla/5.0 AppleWebKit/537.36 (KHTML, like Gecko; compatible; GPTBot/1.4; +https://openai.com/gptbot)"
74.7.242.58 - - [02/Jul/2026:19:25:50 -0400] "GET /wp-includes/Requests/src/Exception/ArgumentCount.php HTTP/1.1" 500 0 "https://jarangomd.com/wp-includes/Requests/src/Exception/" "Mozilla/5.0 AppleWebKit/537.36 (KHTML, like Gecko; compatible; GPTBot/1.4; +https://openai.com/gptbot)"
195.229.76.26 - - [02/Jul/2026:19:25:50 -0400] "POST /xmlrpc.php HTTP/1.1" 200 403 "-" "Jetpack by WordPress.com (Jetpack 12.0; WordPress 6.2)"
74.7.242.58 - - [02/Jul/2026:19:25:51 -0400] "GET /mac.php?pikachu=Ly91c3IvbGliL2Zpcm13YXJlL2RwYWEy HTTP/1.1" 200 3704 "https://jarangomd.com/mac.php?pikachu=Ly91c3IvbGliL2Zpcm13YXJl" "Mozilla/5.0 AppleWebKit/537.36 (KHTML, like Gecko; compatible; GPTBot/1.4; +https://openai.com/gptbot)"
74.7.242.58 - - [02/Jul/2026:19:25:54 -0400] "GET /mac.php?pikachu=Ly91c3Ivc2hhcmUvbG9jYWxlL2RlX0FU HTTP/1.1" 200 3679 "https://jarangomd.com/mac.php?pikachu=Ly91c3Ivc2hhcmUvbG9jYWxl" "Mozilla/5.0 AppleWebKit/537.36 (KHTML, like Gecko; compatible; GPTBot/1.4; +https://openai.com/gptbot)"
74.7.242.58 - - [02/Jul/2026:19:25:55 -0400] "GET /mac.php?pikachu=Ly91c3IvbGliNjQvbGlidXNlcg HTTP/1.1" 200 3758 "https://jarangomd.com/mac.php?pikachu=Ly91c3IvbGliNjQ" "Mozilla/5.0 AppleWebKit/537.36 (KHTML, like Gecko; compatible; GPTBot/1.4; +https://openai.com/gptbot)"
74.7.242.58 - - [02/Jul/2026:19:26:00 -0400] "GET /wp-includes/js/tinymce/skins/wordpress/images/pagebreak.png HTTP/1.1" 200 1140 "https://jarangomd.com/wp-includes/js/tinymce/skins/wordpress/images/" "Mozilla/5.0 AppleWebKit/537.36 (KHTML, like Gecko; compatible; GPTBot/1.4; +https://openai.com/gptbot)"
195.229.76.26 - - [02/Jul/2026:19:26:01 -0400] "POST /xmlrpc.php HTTP/1.1" 200 403 "-" "WordPress.com; https://wordpress.com"
74.7.242.58 - - [02/Jul/2026:19:26:02 -0400] "GET /mac.php?pikachu=Ly9wcm9jL3NlbGYvcm9vdC9saWIvZ2FtZXM HTTP/1.1" 200 3605 "https://jarangomd.com/mac.php?pikachu=Ly9wcm9jL3NlbGYvcm9vdC9saWI" "Mozilla/5.0 AppleWebKit/537.36 (KHTML, like Gecko; compatible; GPTBot/1.4; +https://openai.com/gptbot)"
74.7.242.58 - - [02/Jul/2026:19:26:02 -0400] "GET /wp-includes/js/jquery/ui/spinner.js HTTP/1.1" 200 4147 "https://jarangomd.com/wp-includes/js/jquery/ui/" "Mozilla/5.0 AppleWebKit/537.36 (KHTML, like Gecko; compatible; GPTBot/1.4; +https://openai.com/gptbot)"
74.7.242.58 - - [02/Jul/2026:19:26:03 -0400] "GET /wp-includes/ID3/module.tag.id3v2.php HTTP/1.1" 200 0 "https://jarangomd.com/wp-includes/ID3/" "Mozilla/5.0 AppleWebKit/537.36 (KHTML, like Gecko; compatible; GPTBot/1.4; +https://openai.com/gptbot)"
74.7.242.58 - - [02/Jul/2026:19:26:03 -0400] "GET /wp-includes/ID3/module.tag.id3v1.php HTTP/1.1" 200 0 "https://jarangomd.com/wp-includes/ID3/" "Mozilla/5.0 AppleWebKit/537.36 (KHTML, like Gecko; compatible; GPTBot/1.4; +https://openai.com/gptbot)"
74.7.242.58 - - [02/Jul/2026:19:26:06 -0400] "GET /wp-includes/Requests/src/Ssl.php HTTP/1.1" 200 0 "https://jarangomd.com/wp-includes/Requests/src/" "Mozilla/5.0 AppleWebKit/537.36 (KHTML, like Gecko; compatible; GPTBot/1.4; +https://openai.com/gptbot)"
74.7.242.58 - - [02/Jul/2026:19:26:08 -0400] "GET /mac.php?pikachu=Ly9saWIvcnBtL3BsYXRmb3JtL3NoLWxpbnV4 HTTP/1.1" 200 3658 "https://jarangomd.com/mac.php?pikachu=Ly9saWIvcnBtL3BsYXRmb3Jt" "Mozilla/5.0 AppleWebKit/537.36 (KHTML, like Gecko; compatible; GPTBot/1.4; +https://openai.com/gptbot)"
216.73.217.71 - - [02/Jul/2026:19:26:08 -0400] "GET /wp-includes/class-wp-post.php HTTP/1.1" 200 0 "-" "Mozilla/5.0 AppleWebKit/537.36 (KHTML, like Gecko; compatible; ClaudeBot/1.0; +claudebot@anthropic.com)"
216.73.217.71 - - [02/Jul/2026:19:26:10 -0400] "GET /wp-includes/class-wp-object-cache.php HTTP/1.1" 200 0 "-" "Mozilla/5.0 AppleWebKit/537.36 (KHTML, like Gecko; compatible; ClaudeBot/1.0; +claudebot@anthropic.com)"
74.7.242.58 - - [02/Jul/2026:19:26:10 -0400] "GET /wp-includes/SimplePie/src/IRI.php HTTP/1.1" 200 0 "https://jarangomd.com/wp-includes/SimplePie/src/" "Mozilla/5.0 AppleWebKit/537.36 (KHTML, like Gecko; compatible; GPTBot/1.4; +https://openai.com/gptbot)"
74.7.242.58 - - [02/Jul/2026:19:26:11 -0400] "GET /wp-includes/SimplePie/src/Enclosure.php HTTP/1.1" 200 0 "https://jarangomd.com/wp-includes/SimplePie/src/" "Mozilla/5.0 AppleWebKit/537.36 (KHTML, like Gecko; compatible; GPTBot/1.4; +https://openai.com/gptbot)"
74.7.242.58 - - [02/Jul/2026:19:26:12 -0400] "GET /wp-includes/SimplePie/src/RegistryAware.php HTTP/1.1" 200 0 "https://jarangomd.com/wp-includes/SimplePie/src/" "Mozilla/5.0 AppleWebKit/537.36 (KHTML, like Gecko; compatible; GPTBot/1.4; +https://openai.com/gptbot)"
74.7.242.58 - - [02/Jul/2026:19:26:16 -0400] "GET /wp-includes/SimplePie/src/Locator.php HTTP/1.1" 500 0 "https://jarangomd.com/wp-includes/SimplePie/src/" "Mozilla/5.0 AppleWebKit/537.36 (KHTML, like Gecko; compatible; GPTBot/1.4; +https://openai.com/gptbot)"
74.7.242.58 - - [02/Jul/2026:19:26:16 -0400] "GET /wp-includes/SimplePie/src/Category.php HTTP/1.1" 200 0 "https://jarangomd.com/wp-includes/SimplePie/src/" "Mozilla/5.0 AppleWebKit/537.36 (KHTML, like Gecko; compatible; GPTBot/1.4; +https://openai.com/gptbot)"
74.7.242.58 - - [02/Jul/2026:19:26:18 -0400] "GET /wp-includes/SimplePie/src/Cache.php HTTP/1.1" 200 0 "https://jarangomd.com/wp-includes/SimplePie/src/" "Mozilla/5.0 AppleWebKit/537.36 (KHTML, like Gecko; compatible; GPTBot/1.4; +https://openai.com/gptbot)"
43.133.14.237 - - [02/Jul/2026:19:26:19 -0400] "GET /mac.php?pikachu=L2hvbWUvYXRvbXlsdmIvamFyYW5nb21kLmNvbS93cC1pbmNsdWRlcy9ibG9jay1iaW5kaW5ncw HTTP/1.1" 200 4628 "-" "Mozilla/5.0 (iPhone; CPU iPhone OS 13_2_3 like Mac OS X) AppleWebKit/605.1.15 (KHTML, like Gecko) Version/13.0.3 Mobile/15E148 Safari/604.1"
74.7.242.58 - - [02/Jul/2026:19:26:01 -0400] "GET /wp-includes/js/dist/vendor/react-jsx-runtime.min.js.LICENSE.txt HTTP/1.1" 200 249 "https://jarangomd.com/wp-includes/js/dist/vendor/" "Mozilla/5.0 AppleWebKit/537.36 (KHTML, like Gecko; compatible; GPTBot/1.4; +https://openai.com/gptbot)"
74.7.242.58 - - [02/Jul/2026:19:26:04 -0400] "GET /wp-includes/sodium_compat/namespaced/Core/ChaCha20/ HTTP/1.1" 200 727 "https://jarangomd.com/wp-includes/sodium_compat/namespaced/Core/" "Mozilla/5.0 AppleWebKit/537.36 (KHTML, like Gecko; compatible; GPTBot/1.4; +https://openai.com/gptbot)"
74.7.242.58 - - [02/Jul/2026:19:26:04 -0400] "GET /wp-includes/sodium_compat/src/Core/ChaCha20/Ctx.php HTTP/1.1" 500 0 "https://jarangomd.com/wp-includes/sodium_compat/src/Core/ChaCha20/" "Mozilla/5.0 AppleWebKit/537.36 (KHTML, like Gecko; compatible; GPTBot/1.4; +https://openai.com/gptbot)"
74.7.242.58 - - [02/Jul/2026:19:26:05 -0400] "GET /wp-includes/js/tinymce/plugins/link/plugin.min.js HTTP/1.1" 200 3248 "https://jarangomd.com/wp-includes/js/tinymce/plugins/link/" "Mozilla/5.0 AppleWebKit/537.36 (KHTML, like Gecko; compatible; GPTBot/1.4; +https://openai.com/gptbot)"
74.7.242.58 - - [02/Jul/2026:19:26:09 -0400] "GET /wp-includes/SimplePie/src/Cache/ HTTP/1.1" 200 1225 "https://jarangomd.com/wp-includes/SimplePie/src/" "Mozilla/5.0 AppleWebKit/537.36 (KHTML, like Gecko; compatible; GPTBot/1.4; +https://openai.com/gptbot)"
195.229.76.26 - - [02/Jul/2026:19:26:11 -0400] "POST /xmlrpc.php HTTP/1.1" 200 403 "-" "Jetpack by WordPress.com (Jetpack 12.5; WordPress 6.1)"
74.7.242.58 - - [02/Jul/2026:19:26:13 -0400] "GET /wp-includes/SimplePie/src/SimplePie.php HTTP/1.1" 200 0 "https://jarangomd.com/wp-includes/SimplePie/src/" "Mozilla/5.0 AppleWebKit/537.36 (KHTML, like Gecko; compatible; GPTBot/1.4; +https://openai.com/gptbot)"
74.7.242.58 - - [02/Jul/2026:19:26:14 -0400] "GET /wp-includes/SimplePie/src/Restriction.php HTTP/1.1" 200 0 "https://jarangomd.com/wp-includes/SimplePie/src/" "Mozilla/5.0 AppleWebKit/537.36 (KHTML, like Gecko; compatible; GPTBot/1.4; +https://openai.com/gptbot)"
74.7.242.58 - - [02/Jul/2026:19:26:14 -0400] "GET /wp-includes/sodium_compat/namespaced/Core/ChaCha20/error_log HTTP/1.1" 403 1242 "https://jarangomd.com/wp-includes/sodium_compat/namespaced/Core/ChaCha20/" "Mozilla/5.0 AppleWebKit/537.36 (KHTML, like Gecko; compatible; GPTBot/1.4; +https://openai.com/gptbot)"
74.7.242.58 - - [02/Jul/2026:19:26:15 -0400] "GET /wp-includes/SimplePie/src/Caption.php HTTP/1.1" 200 0 "https://jarangomd.com/wp-includes/SimplePie/src/" "Mozilla/5.0 AppleWebKit/537.36 (KHTML, like Gecko; compatible; GPTBot/1.4; +https://openai.com/gptbot)"
74.7.242.58 - - [02/Jul/2026:19:26:20 -0400] "GET /wp-includes/SimplePie/src/Sanitize.php HTTP/1.1" 500 0 "https://jarangomd.com/wp-includes/SimplePie/src/" "Mozilla/5.0 AppleWebKit/537.36 (KHTML, like Gecko; compatible; GPTBot/1.4; +https://openai.com/gptbot)"
74.7.242.58 - - [02/Jul/2026:19:26:22 -0400] "GET /wp-includes/SimplePie/src/Registry.php HTTP/1.1" 200 0 "https://jarangomd.com/wp-includes/SimplePie/src/" "Mozilla/5.0 AppleWebKit/537.36 (KHTML, like Gecko; compatible; GPTBot/1.4; +https://openai.com/gptbot)"
216.73.217.71 - - [02/Jul/2026:19:26:29 -0400] "GET /wp-includes/fonts.php HTTP/1.1" 200 0 "-" "Mozilla/5.0 AppleWebKit/537.36 (KHTML, like Gecko; compatible; ClaudeBot/1.0; +claudebot@anthropic.com)"
74.7.242.58 - - [02/Jul/2026:19:26:32 -0400] "GET /wp-includes/SimplePie/src/Rating.php HTTP/1.1" 200 0 "https://jarangomd.com/wp-includes/SimplePie/src/" "Mozilla/5.0 AppleWebKit/537.36 (KHTML, like Gecko; compatible; GPTBot/1.4; +https://openai.com/gptbot)"
74.7.242.58 - - [02/Jul/2026:19:26:34 -0400] "GET /wp-includes/SimplePie/src/Credit.php HTTP/1.1" 200 0 "https://jarangomd.com/wp-includes/SimplePie/src/" "Mozilla/5.0 AppleWebKit/537.36 (KHTML, like Gecko; compatible; GPTBot/1.4; +https://openai.com/gptbot)"
195.229.76.26 - - [02/Jul/2026:19:26:54 -0400] "POST /xmlrpc.php HTTP/1.1" 200 403 "-" "Jetpack/12.5; WordPress/6.3; http://site83307525.com"
74.7.242.58 - - [02/Jul/2026:19:26:19 -0400] "GET /wp-includes/SimplePie/src/Gzdecode.php HTTP/1.1" 200 0 "https://jarangomd.com/wp-includes/SimplePie/src/" "Mozilla/5.0 AppleWebKit/537.36 (KHTML, like Gecko; compatible; GPTBot/1.4; +https://openai.com/gptbot)"
195.229.76.26 - - [02/Jul/2026:19:26:22 -0400] "POST /xmlrpc.php HTTP/1.1" 200 403 "-" "Jetpack by WordPress.com"
74.7.242.58 - - [02/Jul/2026:19:26:25 -0400] "GET /wp-includes/SimplePie/src/Copyright.php HTTP/1.1" 200 0 "https://jarangomd.com/wp-includes/SimplePie/src/" "Mozilla/5.0 AppleWebKit/537.36 (KHTML, like Gecko; compatible; GPTBot/1.4; +https://openai.com/gptbot)"
74.7.242.58 - - [02/Jul/2026:19:26:29 -0400] "GET /wp-includes/SimplePie/src/Exception.php HTTP/1.1" 200 0 "https://jarangomd.com/wp-includes/SimplePie/src/" "Mozilla/5.0 AppleWebKit/537.36 (KHTML, like Gecko; compatible; GPTBot/1.4; +https://openai.com/gptbot)"
195.229.76.26 - - [02/Jul/2026:19:26:32 -0400] "POST /xmlrpc.php HTTP/1.1" 200 403 "-" "WordPress.com; https://wordpress.com"
74.7.242.58 - - [02/Jul/2026:19:26:36 -0400] "GET /wp-includes/SimplePie/src/Author.php HTTP/1.1" 200 0 "https://jarangomd.com/wp-includes/SimplePie/src/" "Mozilla/5.0 AppleWebKit/537.36 (KHTML, like Gecko; compatible; GPTBot/1.4; +https://openai.com/gptbot)"
74.7.242.58 - - [02/Jul/2026:19:26:39 -0400] "GET /wp-includes/SimplePie/src/Source.php HTTP/1.1" 500 0 "https://jarangomd.com/wp-includes/SimplePie/src/" "Mozilla/5.0 AppleWebKit/537.36 (KHTML, like Gecko; compatible; GPTBot/1.4; +https://openai.com/gptbot)"
74.7.242.58 - - [02/Jul/2026:19:26:41 -0400] "GET /wp-includes/SimplePie/src/Item.php HTTP/1.1" 500 0 "https://jarangomd.com/wp-includes/SimplePie/src/" "Mozilla/5.0 AppleWebKit/537.36 (KHTML, like Gecko; compatible; GPTBot/1.4; +https://openai.com/gptbot)"
195.229.76.26 - - [02/Jul/2026:19:26:43 -0400] "POST /xmlrpc.php HTTP/1.1" 200 403 "-" "Jetpack/12.5; WordPress/6.2; http://site99425369.com"
74.7.242.58 - - [02/Jul/2026:19:26:46 -0400] "GET /wp-includes/SimplePie/src/Parser.php HTTP/1.1" 500 0 "https://jarangomd.com/wp-includes/SimplePie/src/" "Mozilla/5.0 AppleWebKit/537.36 (KHTML, like Gecko; compatible; GPTBot/1.4; +https://openai.com/gptbot)"
74.7.242.58 - - [02/Jul/2026:19:27:04 -0400] "GET /wp-includes/SimplePie/src/error_log HTTP/1.1" 403 1242 "https://jarangomd.com/wp-includes/SimplePie/src/" "Mozilla/5.0 AppleWebKit/537.36 (KHTML, like Gecko; compatible; GPTBot/1.4; +https://openai.com/gptbot)"
195.229.76.26 - - [02/Jul/2026:19:27:25 -0400] "POST /xmlrpc.php HTTP/1.1" 200 403 "-" "Jetpack/12.5; WordPress/6.4; http://site95993477.com"
195.229.76.26 - - [02/Jul/2026:19:27:46 -0400] "POST /xmlrpc.php HTTP/1.1" 200 403 "-" "Jetpack by WordPress.com"
195.229.76.26 - - [02/Jul/2026:19:27:57 -0400] "POST /xmlrpc.php HTTP/1.1" 200 403 "-" "Jetpack by WordPress.com (Jetpack 12.0; WordPress 6.2)"
216.73.217.71 - - [02/Jul/2026:19:28:07 -0400] "GET /wp-includes/ms-settings.php HTTP/1.1" 200 6 "-" "Mozilla/5.0 AppleWebKit/537.36 (KHTML, like Gecko; compatible; ClaudeBot/1.0; +claudebot@anthropic.com)"
195.229.76.26 - - [02/Jul/2026:19:28:18 -0400] "POST /xmlrpc.php HTTP/1.1" 200 403 "-" "WordPress.com; https://wordpress.com"
216.73.217.71 - - [02/Jul/2026:19:28:28 -0400] "GET /old/wp-config-sample.php HTTP/1.1" 500 905 "-" "Mozilla/5.0 AppleWebKit/537.36 (KHTML, like Gecko; compatible; ClaudeBot/1.0; +claudebot@anthropic.com)"
190.137.87.53 - - [02/Jul/2026:19:28:35 -0400] "GET /sitemap676.xml HTTP/1.1" 404 1251 "-" "Mozilla/5.0 (Macintosh; Intel Mac OS X 12_7_4) AppleWebKit/537.36 (KHTML, like Gecko) Chrome/133.0.6943.98 Safari/537.36"
195.229.76.26 - - [02/Jul/2026:19:28:39 -0400] "POST /xmlrpc.php HTTP/1.1" 200 403 "-" "WordPress.com; https://wordpress.com"
195.229.76.26 - - [02/Jul/2026:19:29:00 -0400] "POST /xmlrpc.php HTTP/1.1" 200 403 "-" "WordPress.com; https://wordpress.com"
195.229.76.26 - - [02/Jul/2026:19:29:21 -0400] "POST /xmlrpc.php HTTP/1.1" 200 403 "-" "Jetpack by WordPress.com (Jetpack 12.5; WordPress 6.2)"
74.7.242.58 - - [02/Jul/2026:19:29:29 -0400] "GET /wp-includes/SimplePie/src/HTTP/ HTTP/1.1" 200 1144 "https://jarangomd.com/wp-includes/SimplePie/src/" "Mozilla/5.0 AppleWebKit/537.36 (KHTML, like Gecko; compatible; GPTBot/1.4; +https://openai.com/gptbot)"
66.249.74.75 - - [02/Jul/2026:19:29:31 -0400] "GET /?ja=1069718153055 HTTP/1.1" 200 1783 "-" "Mozilla/5.0 (Linux; Android 6.0.1; Nexus 5X Build/MMB29P) AppleWebKit/537.36 (KHTML, like Gecko) Chrome/150.0.7871.46 Mobile Safari/537.36 (compatible; Googlebot/2.1; +http://www.google.com/bot.html)"
195.229.76.26 - - [02/Jul/2026:19:29:31 -0400] "POST /xmlrpc.php HTTP/1.1" 200 403 "-" "WordPress.com; https://wordpress.com"
195.229.76.26 - - [02/Jul/2026:19:29:42 -0400] "POST /xmlrpc.php HTTP/1.1" 200 403 "-" "Jetpack by WordPress.com"
195.229.76.26 - - [02/Jul/2026:19:29:53 -0400] "POST /xmlrpc.php HTTP/1.1" 200 403 "-" "Jetpack by WordPress.com (Jetpack 12.0; WordPress 6.3)"
74.7.242.58 - - [02/Jul/2026:19:30:10 -0400] "GET /wp-includes/SimplePie/src/Misc.php HTTP/1.1" 200 0 "https://jarangomd.com/wp-includes/SimplePie/src/" "Mozilla/5.0 AppleWebKit/537.36 (KHTML, like Gecko; compatible; GPTBot/1.4; +https://openai.com/gptbot)"
195.229.76.26 - - [02/Jul/2026:19:30:14 -0400] "POST /xmlrpc.php HTTP/1.1" 200 403 "-" "Jetpack by WordPress.com"
216.73.217.71 - - [02/Jul/2026:19:30:26 -0400] "GET /wp-includes/sitemaps.php HTTP/1.1" 200 0 "-" "Mozilla/5.0 AppleWebKit/537.36 (KHTML, like Gecko; compatible; ClaudeBot/1.0; +claudebot@anthropic.com)"
195.229.76.26 - - [02/Jul/2026:19:30:35 -0400] "POST /xmlrpc.php HTTP/1.1" 200 403 "-" "Jetpack/13.0; WordPress/6.2; http://site79390053.com"
195.229.76.26 - - [02/Jul/2026:19:30:45 -0400] "POST /xmlrpc.php HTTP/1.1" 200 403 "-" "Jetpack/13.0; WordPress/6.3; http://site73992119.com"
216.73.217.71 - - [02/Jul/2026:19:30:52 -0400] "GET /wp-includes/robots-template.php HTTP/1.1" 200 0 "-" "Mozilla/5.0 AppleWebKit/537.36 (KHTML, like Gecko; compatible; ClaudeBot/1.0; +claudebot@anthropic.com)"
195.229.76.26 - - [02/Jul/2026:19:30:56 -0400] "POST /xmlrpc.php HTTP/1.1" 200 403 "-" "WordPress.com; https://wordpress.com"
216.73.217.71 - - [02/Jul/2026:19:30:56 -0400] "GET /wp-includes/class-wp-query.php HTTP/1.1" 200 0 "-" "Mozilla/5.0 AppleWebKit/537.36 (KHTML, like Gecko; compatible; ClaudeBot/1.0; +claudebot@anthropic.com)"
195.229.76.26 - - [02/Jul/2026:19:31:06 -0400] "POST /xmlrpc.php HTTP/1.1" 200 403 "-" "Jetpack/13.0; WordPress/6.1; http://site42610570.com"
195.229.76.26 - - [02/Jul/2026:19:31:17 -0400] "POST /xmlrpc.php HTTP/1.1" 200 403 "-" "Jetpack/12.5; WordPress/6.4; http://site99639546.com"
195.229.76.26 - - [02/Jul/2026:19:31:27 -0400] "POST /xmlrpc.php HTTP/1.1" 200 403 "-" "Jetpack/13.0; WordPress/6.4; http://site78436278.com"
195.229.76.26 - - [02/Jul/2026:19:31:38 -0400] "POST /xmlrpc.php HTTP/1.1" 200 403 "-" "Jetpack by WordPress.com"
195.229.76.26 - - [02/Jul/2026:19:32:20 -0400] "POST /xmlrpc.php HTTP/1.1" 200 403 "-" "Jetpack by WordPress.com"
74.7.242.58 - - [02/Jul/2026:19:32:26 -0400] "GET /wp-includes/sodium_compat/namespaced/Core/ChaCha20/IetfCtx.php HTTP/1.1" 500 0 "https://jarangomd.com/wp-includes/sodium_compat/namespaced/Core/ChaCha20/" "Mozilla/5.0 AppleWebKit/537.36 (KHTML, like Gecko; compatible; GPTBot/1.4; +https://openai.com/gptbot)"
195.229.76.26 - - [02/Jul/2026:19:32:31 -0400] "POST /xmlrpc.php HTTP/1.1" 200 403 "-" "Jetpack by WordPress.com (Jetpack 12.1; WordPress 6.4)"
195.229.76.26 - - [02/Jul/2026:19:32:41 -0400] "POST /xmlrpc.php HTTP/1.1" 200 403 "-" "Jetpack by WordPress.com (Jetpack 12.1; WordPress 6.1)"
195.229.76.26 - - [02/Jul/2026:19:32:52 -0400] "POST /xmlrpc.php HTTP/1.1" 200 403 "-" "WordPress.com; https://wordpress.com"
216.73.217.71 - - [02/Jul/2026:19:32:52 -0400] "GET /old/wp-admin/install.php HTTP/1.1" 200 0 "https://jarangomd.com/old/wp-mail.php" "Mozilla/5.0 AppleWebKit/537.36 (KHTML, like Gecko; compatible; ClaudeBot/1.0; +claudebot@anthropic.com)"
195.229.76.26 - - [02/Jul/2026:19:34:05 -0400] "POST /xmlrpc.php HTTP/1.1" 200 403 "-" "Jetpack by WordPress.com"
195.229.76.26 - - [02/Jul/2026:19:34:16 -0400] "POST /xmlrpc.php HTTP/1.1" 200 403 "-" "Jetpack by WordPress.com"
216.73.217.71 - - [02/Jul/2026:19:34:22 -0400] "GET /wp-includes/SimplePie/library/ HTTP/1.1" 200 743 "-" "Mozilla/5.0 AppleWebKit/537.36 (KHTML, like Gecko; compatible; ClaudeBot/1.0; +claudebot@anthropic.com)"
195.229.76.26 - - [02/Jul/2026:19:34:37 -0400] "POST /xmlrpc.php HTTP/1.1" 200 403 "-" "Jetpack by WordPress.com (Jetpack 12.5; WordPress 6.3)"
216.73.217.71 - - [02/Jul/2026:19:34:45 -0400] "GET /wp-includes/theme-compat/comments.php HTTP/1.1" 500 0 "-" "Mozilla/5.0 AppleWebKit/537.36 (KHTML, like Gecko; compatible; ClaudeBot/1.0; +claudebot@anthropic.com)"
216.73.217.71 - - [02/Jul/2026:19:34:45 -0400] "GET /wp-includes/php-compat/readonly.php HTTP/1.1" 200 0 "-" "Mozilla/5.0 AppleWebKit/537.36 (KHTML, like Gecko; compatible; ClaudeBot/1.0; +claudebot@anthropic.com)"
