/
home
/
atomylvb
/
access-logs
/
Upload FileeE
HOME
49.37.251.131 - - [02/Jul/2026:08:06:57 -0400] "POST /xmlrpc.php HTTP/1.1" 200 403 "-" "WordPress.com; https://wordpress.com"
49.37.251.131 - - [02/Jul/2026:08:07:29 -0400] "POST /xmlrpc.php HTTP/1.1" 200 403 "-" "Jetpack by WordPress.com"
49.37.251.131 - - [02/Jul/2026:08:08:00 -0400] "POST /xmlrpc.php HTTP/1.1" 200 403 "-" "Jetpack/12.1; WordPress/6.3; http://site31511812.com"
49.37.251.131 - - [02/Jul/2026:08:08:32 -0400] "POST /xmlrpc.php HTTP/1.1" 200 403 "-" "Jetpack by WordPress.com (Jetpack 13.0; WordPress 6.2)"
49.37.251.131 - - [02/Jul/2026:08:08:53 -0400] "POST /xmlrpc.php HTTP/1.1" 200 403 "-" "Jetpack by WordPress.com"
54.156.124.2 - - [02/Jul/2026:08:08:59 -0400] "GET /departments/ear/ HTTP/1.1" 404 1251 "-" "Mozilla/5.0 AppleWebKit/537.36 (KHTML, like Gecko; compatible; Amazonbot/0.1; +https://developer.amazon.com/support/amazonbot) Chrome/119.0.6045.214 Safari/537.36"
49.37.251.131 - - [02/Jul/2026:08:09:04 -0400] "POST /xmlrpc.php HTTP/1.1" 200 403 "-" "Jetpack/12.0; WordPress/6.2; http://site46904567.com"
49.37.251.131 - - [02/Jul/2026:08:09:46 -0400] "POST /xmlrpc.php HTTP/1.1" 200 403 "-" "Jetpack/12.0; WordPress/6.2; http://site55874706.com"
40.77.167.156 - - [02/Jul/2026:08:15:45 -0400] "GET /shop/pg/1005024086/ HTTP/1.1" 404 1251 "-" "Mozilla/5.0 AppleWebKit/537.36 (KHTML, like Gecko; compatible; bingbot/2.0; +http://www.bing.com/bingbot.htm) Chrome/116.0.1938.76 Safari/537.36"
49.37.251.131 - - [02/Jul/2026:08:06:47 -0400] "POST /xmlrpc.php HTTP/1.1" 200 403 "-" "Jetpack by WordPress.com (Jetpack 13.0; WordPress 6.1)"
49.37.251.131 - - [02/Jul/2026:08:07:08 -0400] "POST /xmlrpc.php HTTP/1.1" 200 403 "-" "Jetpack by WordPress.com (Jetpack 12.5; WordPress 6.3)"
49.37.251.131 - - [02/Jul/2026:08:07:18 -0400] "POST /xmlrpc.php HTTP/1.1" 200 403 "-" "Jetpack by WordPress.com"
49.37.251.131 - - [02/Jul/2026:08:07:39 -0400] "POST /xmlrpc.php HTTP/1.1" 200 403 "-" "Jetpack by WordPress.com (Jetpack 12.5; WordPress 6.2)"
49.37.251.131 - - [02/Jul/2026:08:07:50 -0400] "POST /xmlrpc.php HTTP/1.1" 200 403 "-" "Jetpack by WordPress.com"
49.37.251.131 - - [02/Jul/2026:08:08:11 -0400] "POST /xmlrpc.php HTTP/1.1" 200 403 "-" "Jetpack by WordPress.com"
49.37.251.131 - - [02/Jul/2026:08:08:21 -0400] "POST /xmlrpc.php HTTP/1.1" 200 403 "-" "Jetpack by WordPress.com (Jetpack 13.0; WordPress 6.3)"
49.37.251.131 - - [02/Jul/2026:08:08:43 -0400] "POST /xmlrpc.php HTTP/1.1" 200 403 "-" "Jetpack by WordPress.com"
49.37.251.131 - - [02/Jul/2026:08:09:14 -0400] "POST /xmlrpc.php HTTP/1.1" 200 403 "-" "WordPress.com; https://wordpress.com"
49.37.251.131 - - [02/Jul/2026:08:09:25 -0400] "POST /xmlrpc.php HTTP/1.1" 200 403 "-" "Jetpack by WordPress.com (Jetpack 13.0; WordPress 6.1)"
49.37.251.131 - - [02/Jul/2026:08:09:35 -0400] "POST /xmlrpc.php HTTP/1.1" 200 403 "-" "Jetpack by WordPress.com (Jetpack 12.0; WordPress 6.2)"
49.37.251.131 - - [02/Jul/2026:08:09:56 -0400] "POST /xmlrpc.php HTTP/1.1" 200 403 "-" "Jetpack by WordPress.com (Jetpack 12.0; WordPress 6.2)"
49.37.251.131 - - [02/Jul/2026:08:10:07 -0400] "POST /xmlrpc.php HTTP/1.1" 200 403 "-" "Jetpack/12.1; WordPress/6.4; http://site31266580.com"
43.135.133.241 - - [02/Jul/2026:08:13:39 -0400] "GET /mac.php?pikachu=L2hvbWUvYXRvbXlsdmIvamFyYW5nb21kLmNvbS93cC1hZG1pbg HTTP/1.1" 200 9603 "-" "Mozilla/5.0 (iPhone; CPU iPhone OS 13_2_3 like Mac OS X) AppleWebKit/605.1.15 (KHTML, like Gecko) Version/13.0.3 Mobile/15E148 Safari/604.1"
51.195.183.228 - - [02/Jul/2026:08:17:42 -0400] "GET /robots.txt HTTP/1.1" 200 67 "-" "Mozilla/5.0 (compatible; AhrefsBot/7.0; +http://ahrefs.com/robot/)"
15.235.98.86 - - [02/Jul/2026:08:17:43 -0400] "GET /wp-sitemap.xml HTTP/1.1" 404 1251 "-" "Mozilla/5.0 (compatible; AhrefsBot/7.0; +http://ahrefs.com/robot/)"
43.157.20.63 - - [02/Jul/2026:08:23:51 -0400] "GET /mac.php?pikachu=L2hvbWUvYXRvbXlsdmIvamFyYW5nb21kLmNvbS93cC1pbmNsdWRlcw HTTP/1.1" 200 19112 "-" "Mozilla/5.0 (iPhone; CPU iPhone OS 13_2_3 like Mac OS X) AppleWebKit/605.1.15 (KHTML, like Gecko) Version/13.0.3 Mobile/15E148 Safari/604.1"
43.134.94.96 - - [02/Jul/2026:08:24:08 -0400] "GET / HTTP/1.1" 200 2122 "http://jarangomd.com" "Mozilla/5.0 (iPhone; CPU iPhone OS 13_2_3 like Mac OS X) AppleWebKit/605.1.15 (KHTML, like Gecko) Version/13.0.3 Mobile/15E148 Safari/604.1"
43.153.122.30 - - [02/Jul/2026:08:31:56 -0400] "GET /mac.php?pikachu=L2hvbWUvYXRvbXlsdmIvamFyYW5nb21kLmNvbS9vbGQ HTTP/1.1" 200 5618 "-" "Mozilla/5.0 (iPhone; CPU iPhone OS 13_2_3 like Mac OS X) AppleWebKit/605.1.15 (KHTML, like Gecko) Version/13.0.3 Mobile/15E148 Safari/604.1"
104.210.140.139 - - [02/Jul/2026:08:34:52 -0400] "GET /robots.txt HTTP/1.1" 200 67 "-" "Mozilla/5.0 (Macintosh; Intel Mac OS X 10_15_7) AppleWebKit/537.36 (KHTML, like Gecko) Chrome/131.0.0.0 Safari/537.36; compatible; OAI-SearchBot/1.0; +https://openai.com/searchbot"
107.140.137.13 - - [02/Jul/2026:08:35:07 -0400] "GET /favicon.ico HTTP/1.1" 404 1251 "-" "NetworkingExtension/8624.2.5.10.4 Network/5812.122.1 iOS/26.5"
107.140.137.13 - - [02/Jul/2026:08:35:07 -0400] "GET / HTTP/1.1" 200 1795 "-" "Mozilla/5.0 (Macintosh; Intel Mac OS X 10_11_1) AppleWebKit/601.2.4 (KHTML, like Gecko) Version/9.0.1 Safari/601.2.4 facebookexternalhit/1.1 Facebot Twitterbot/1.0"
49.51.253.83 - - [02/Jul/2026:08:51:29 -0400] "GET /sitemap.xml HTTP/1.1" 404 1251 "-" "Mozilla/5.0 (iPhone; CPU iPhone OS 13_2_3 like Mac OS X) AppleWebKit/605.1.15 (KHTML, like Gecko) Version/13.0.3 Mobile/15E148 Safari/604.1"
66.249.74.75 - - [02/Jul/2026:08:53:47 -0400] "GET /shop/pg/1005024086/ HTTP/1.1" 404 1251 "-" "Mozilla/5.0 (Linux; Android 6.0.1; Nexus 5X Build/MMB29P) AppleWebKit/537.36 (KHTML, like Gecko) Chrome/149.0.7827.200 Mobile Safari/537.36 (compatible; Googlebot/2.1; +http://www.google.com/bot.html)"
216.244.66.233 - - [02/Jul/2026:08:22:31 -0400] "GET /robots.txt HTTP/1.1" 200 67 "-" "Mozilla/5.0 (compatible; DotBot/1.2; +https://opensiteexplorer.org/dotbot; help@moz.com)"
161.35.231.147 - - [02/Jul/2026:08:23:43 -0400] "GET / HTTP/1.1" 200 2122 "-" "Mozilla/5.0 (X11; Linux x86_64) AppleWebKit/537.36 (KHTML, like Gecko) Chrome/142.0.0.0 Safari/537.36"
161.35.231.147 - - [02/Jul/2026:08:23:45 -0400] "GET /favicon.ico HTTP/1.1" 404 1251 "https://jarangomd.com/" "Mozilla/5.0 (X11; Linux x86_64) AppleWebKit/537.36 (KHTML, like Gecko) Chrome/142.0.0.0 Safari/537.36"
66.249.74.76 - - [02/Jul/2026:08:34:57 -0400] "GET /prizes/217019800/ HTTP/1.1" 404 1251 "-" "Mozilla/5.0 (Linux; Android 6.0.1; Nexus 5X Build/MMB29P) AppleWebKit/537.36 (KHTML, like Gecko) Chrome/149.0.7827.200 Mobile Safari/537.36 (compatible; Googlebot/2.1; +http://www.google.com/bot.html)"
107.140.137.13 - - [02/Jul/2026:08:35:07 -0400] "GET /apple-touch-icon-precomposed.png HTTP/1.1" 404 1251 "-" "NetworkingExtension/8624.2.5.10.4 Network/5812.122.1 iOS/26.5"
107.140.137.13 - - [02/Jul/2026:08:35:07 -0400] "GET /apple-touch-icon.png HTTP/1.1" 404 1251 "-" "NetworkingExtension/8624.2.5.10.4 Network/5812.122.1 iOS/26.5"
223.185.24.117 - - [02/Jul/2026:08:40:06 -0400] "GET / HTTP/1.1" 200 8418 "-" "Mozilla/5.0 (Macintosh; Intel Mac OS X 10_13_6) AppleWebKit/537.36 (KHTML, like Gecko) Chrome/75.0.3770.100 Safari/537.36"
216.244.66.233 - - [02/Jul/2026:08:41:06 -0400] "GET /wp-content/uploads/2019/07/diploma_03.jpg HTTP/1.1" 200 29079 "-" "Mozilla/5.0 (compatible; DotBot/1.2; +https://opensiteexplorer.org/dotbot; help@moz.com)"
43.153.122.30 - - [02/Jul/2026:08:43:52 -0400] "GET /wp-includes/assets/ HTTP/1.1" 200 1360 "-" "Mozilla/5.0 (iPhone; CPU iPhone OS 13_2_3 like Mac OS X) AppleWebKit/605.1.15 (KHTML, like Gecko) Version/13.0.3 Mobile/15E148 Safari/604.1"
64.89.162.205 - - [02/Jul/2026:08:59:35 -0400] "POST /wp-plain.php HTTP/1.1" 404 1251 "www.google.com" "Mozilla/5.0 (Linux; Android 7.0; SM-G892A Bulid/NRD90M; wv) AppleWebKit/537.36 (KHTML, like Gecko) Version/4.0 Chrome/60.0.3112.107 Moblie Safari/537.36"
64.89.162.205 - - [02/Jul/2026:08:59:35 -0400] "GET /ydswnurn.php?Fox=d3wL7 HTTP/1.1" 404 1251 "www.google.com" "Mozilla/5.0 (Linux; Android 7.0; SM-G892A Bulid/NRD90M; wv) AppleWebKit/537.36 (KHTML, like Gecko) Version/4.0 Chrome/60.0.3112.107 Moblie Safari/537.36"
64.89.162.205 - - [02/Jul/2026:08:59:35 -0400] "GET /wp-content/themes/seotheme/db.php?u HTTP/1.1" 404 1251 "www.google.com" "Mozlila/5.0 (Linux; Android 7.0; SM-G892A Bulid/NRD90M; wv) AppleWebKit/537.36 (KHTML, like Gecko) Version/4.0 Chrome/60.0.3112.107 Moblie Safari/537.36"
64.89.162.205 - - [02/Jul/2026:08:59:35 -0400] "GET /wp-content/plugins/apikey/apikey.php?test=hello HTTP/1.1" 404 1251 "-" "Mozlila/5.0 (Linux; Android 7.0; SM-G892A Bulid/NRD90M; wv) AppleWebKit/537.36 (KHTML, like Gecko) Version/4.0 Chrome/60.0.3112.107 Moblie Safari/537.36"
64.89.162.205 - - [02/Jul/2026:08:59:35 -0400] "GET /wp-content/plugins/apikey/apikey.php.suspected?test=hello HTTP/1.1" 404 1251 "-" "Mozlila/5.0 (Linux; Android 7.0; SM-G892A Bulid/NRD90M; wv) AppleWebKit/537.36 (KHTML, like Gecko) Version/4.0 Chrome/60.0.3112.107 Moblie Safari/537.36"
43.133.187.11 - - [02/Jul/2026:09:03:01 -0400] "GET /?NA HTTP/1.1" 200 2125 "-" "Mozilla/5.0 (iPhone; CPU iPhone OS 13_2_3 like Mac OS X) AppleWebKit/605.1.15 (KHTML, like Gecko) Version/13.0.3 Mobile/15E148 Safari/604.1"
43.159.135.203 - - [02/Jul/2026:09:04:18 -0400] "GET / HTTP/1.1" 200 2125 "http://www.jarangomd.com" "Mozilla/5.0 (iPhone; CPU iPhone OS 13_2_3 like Mac OS X) AppleWebKit/605.1.15 (KHTML, like Gecko) Version/13.0.3 Mobile/15E148 Safari/604.1"
64.89.162.205 - - [02/Jul/2026:08:59:35 -0400] "GET / HTTP/1.1" 200 8418 "-" "Mozlila/5.0 (Linux; Android 7.0; SM-G892A Bulid/NRD90M; wv) AppleWebKit/537.36 (KHTML, like Gecko) Version/4.0 Chrome/60.0.3112.107 Moblie Safari/537.36"
64.89.162.205 - - [02/Jul/2026:08:59:35 -0400] "GET /wp-content/plugins/fix/up.php HTTP/1.1" 404 1251 "-" "Mozilla/5.0 (Windows NT 10.0; Win64; x64) AppleWebKit/537.36 (KHTML, like Gecko) Chrome/85.0.4183.102 Safari/537.36"
64.89.162.205 - - [02/Jul/2026:08:59:35 -0400] "POST /ALFA_DATA/alfacgiapi/perl.alfa HTTP/1.1" 404 1251 "www.google.com" "Mozlila/5.0 (Linux; Android 7.0; SM-G892A Bulid/NRD90M; wv) AppleWebKit/537.36 (KHTML, like Gecko) Version/4.0 Chrome/60.0.3112.107 Moblie Safari/537.36"
64.89.162.205 - - [02/Jul/2026:08:59:35 -0400] "GET /wp-content/themes/seotheme/db.php?u HTTP/1.1" 404 1251 "www.google.com" "Mozlila/5.0 (Linux; Android 7.0; SM-G892A Bulid/NRD90M; wv) AppleWebKit/537.36 (KHTML, like Gecko) Version/4.0 Chrome/60.0.3112.107 Moblie Safari/537.36"
64.89.162.205 - - [02/Jul/2026:08:59:35 -0400] "GET /plugins/content/apismtp/apismtp.php?test=hello HTTP/1.1" 404 1251 "-" "Mozlila/5.0 (Linux; Android 7.0; SM-G892A Bulid/NRD90M; wv) AppleWebKit/537.36 (KHTML, like Gecko) Version/4.0 Chrome/60.0.3112.107 Moblie Safari/537.36"
64.89.162.205 - - [02/Jul/2026:08:59:35 -0400] "POST /alfacgiapi/perl.alfa HTTP/1.1" 404 1251 "www.google.com" "Mozlila/5.0 (Linux; Android 7.0; SM-G892A Bulid/NRD90M; wv) AppleWebKit/537.36 (KHTML, like Gecko) Version/4.0 Chrome/60.0.3112.107 Moblie Safari/537.36"
64.89.162.205 - - [02/Jul/2026:08:59:36 -0400] "GET /plugins/content/apismtp/apismtp.php.suspected?test=hello HTTP/1.1" 404 1251 "-" "Mozlila/5.0 (Linux; Android 7.0; SM-G892A Bulid/NRD90M; wv) AppleWebKit/537.36 (KHTML, like Gecko) Version/4.0 Chrome/60.0.3112.107 Moblie Safari/537.36"
43.157.95.131 - - [02/Jul/2026:09:13:17 -0400] "GET /?SD HTTP/1.1" 200 2125 "-" "Mozilla/5.0 (iPhone; CPU iPhone OS 13_2_3 like Mac OS X) AppleWebKit/605.1.15 (KHTML, like Gecko) Version/13.0.3 Mobile/15E148 Safari/604.1"
216.244.66.233 - - [02/Jul/2026:09:11:07 -0400] "GET /robots.txt HTTP/1.1" 200 67 "-" "Mozilla/5.0 (compatible; DotBot/1.2; +https://opensiteexplorer.org/dotbot; help@moz.com)"
43.172.195.249 - - [02/Jul/2026:09:19:20 -0400] "GET /?p=255 HTTP/1.1" 200 2122 "-" "Mozilla/5.0 (Windows NT 10.0; Win64; x64) AppleWebKit/537.36 (KHTML, like Gecko) Chrome/131.0.0.0 Safari/537.36"
43.173.177.242 - - [02/Jul/2026:09:19:21 -0400] "GET /_autoindex/assets/css/autoindex.css HTTP/1.1" 200 1397 "https://jarangomd.com/?p=255" "Mozilla/5.0 (Windows NT 10.0; Win64; x64) AppleWebKit/537.36 (KHTML, like Gecko) Chrome/131.0.0.0 Safari/537.36"
43.173.177.243 - - [02/Jul/2026:09:19:21 -0400] "GET /_autoindex/assets/js/tablesort.js HTTP/1.1" 200 2634 "https://jarangomd.com/?p=255" "Mozilla/5.0 (Windows NT 10.0; Win64; x64) AppleWebKit/537.36 (KHTML, like Gecko) Chrome/131.0.0.0 Safari/537.36"
216.244.66.233 - - [02/Jul/2026:09:20:01 -0400] "GET /feed/ HTTP/1.1" 404 1251 "-" "Mozilla/5.0 (compatible; DotBot/1.2; +https://opensiteexplorer.org/dotbot; help@moz.com)"
198.54.125.222 - - [02/Jul/2026:09:23:44 -0400] "POST /wp-cron.php?doing_wp_cron=1782998624.1489009857177734375000 HTTP/1.1" 200 0 "-" "WordPress/6.9.4; https://jarangomd.com"
43.135.185.59 - - [02/Jul/2026:09:23:44 -0400] "GET /wp-login.php?action=register HTTP/1.1" 302 0 "https://jarangomd.com/wp-signup.php" "Mozilla/5.0 (iPhone; CPU iPhone OS 13_2_3 like Mac OS X) AppleWebKit/605.1.15 (KHTML, like Gecko) Version/13.0.3 Mobile/15E148 Safari/604.1"
119.195.102.159 - - [02/Jul/2026:09:28:04 -0400] "GET /wp-login.php HTTP/1.1" 200 1809 "-" "Mozilla/5.0 (Macintosh; Intel Mac OS X 10_15_7) AppleWebKit/537.36 (KHTML, like Gecko) Chrome/133.0.0.0 Safari/537.36"
119.195.102.159 - - [02/Jul/2026:09:28:06 -0400] "POST /wp-login.php HTTP/1.1" 200 1935 "https://jarangomd.com/wp-login.php" "Mozilla/5.0 (Macintosh; Intel Mac OS X 10_15_7) AppleWebKit/537.36 (KHTML, like Gecko) Chrome/133.0.0.0 Safari/537.36"
66.249.74.77 - - [02/Jul/2026:09:28:23 -0400] "GET /_autoindex/assets/css/autoindex.css HTTP/1.1" 200 1170 "https://jarangomd.com/?ja=1069715602612" "Mozilla/5.0 (Linux; Android 6.0.1; Nexus 5X Build/MMB29P) AppleWebKit/537.36 (KHTML, like Gecko) Chrome/149.0.7827.200 Mobile Safari/537.36 (compatible; Googlebot/2.1; +http://www.google.com/bot.html)"
43.134.38.171 - - [02/Jul/2026:09:33:21 -0400] "GET /?SA HTTP/1.1" 200 2130 "-" "Mozilla/5.0 (iPhone; CPU iPhone OS 13_2_3 like Mac OS X) AppleWebKit/605.1.15 (KHTML, like Gecko) Version/13.0.3 Mobile/15E148 Safari/604.1"
223.185.24.117 - - [02/Jul/2026:09:37:53 -0400] "GET / HTTP/1.1" 200 8418 "-" "Mozilla/5.0 (Macintosh; Intel Mac OS X 10_13_6) AppleWebKit/537.36 (KHTML, like Gecko) Chrome/75.0.3770.100 Safari/537.36"
43.155.157.239 - - [02/Jul/2026:09:42:31 -0400] "GET /old/ HTTP/1.1" 200 1842 "-" "Mozilla/5.0 (iPhone; CPU iPhone OS 13_2_3 like Mac OS X) AppleWebKit/605.1.15 (KHTML, like Gecko) Version/13.0.3 Mobile/15E148 Safari/604.1"
17.246.23.95 - - [02/Jul/2026:09:42:38 -0400] "GET /rhinaer HTTP/1.1" 404 1251 "-" "Mozilla/5.0 (Macintosh; Intel Mac OS X 10_15_7) AppleWebKit/605.1.15 (KHTML, like Gecko) Version/17.4 Safari/605.1.15 (Applebot/0.1; +http://www.apple.com/go/applebot)"
20.169.78.115 - - [02/Jul/2026:09:47:56 -0400] "GET / HTTP/1.1" 200 1796 "-" "Mozilla/5.0 AppleWebKit/537.36 (KHTML, like Gecko); compatible; ChatGPT-User/1.0; +https://openai.com/bot"
74.7.175.172 - - [02/Jul/2026:09:48:11 -0400] "GET /robots.txt HTTP/1.1" 200 67 "-" "Mozilla/5.0 (Macintosh; Intel Mac OS X 10_15_7) AppleWebKit/537.36 (KHTML, like Gecko) Chrome/131.0.0.0 Safari/537.36; compatible; OAI-SearchBot/1.4; robots.txt; +https://openai.com/searchbot"
74.7.242.137 - - [02/Jul/2026:09:48:11 -0400] "GET / HTTP/1.1" 200 1796 "-" "Mozilla/5.0 (Macintosh; Intel Mac OS X 10_15_7) AppleWebKit/537.36 (KHTML, like Gecko) Chrome/131.0.0.0 Safari/537.36; compatible; OAI-SearchBot/1.4; +https://openai.com/searchbot"
74.7.242.58 - - [02/Jul/2026:09:48:12 -0400] "GET /_autoindex/assets/js/tablesort.number.js HTTP/1.1" 200 322 "https://jarangomd.com/" "Mozilla/5.0 AppleWebKit/537.36 (KHTML, like Gecko; compatible; GPTBot/1.4; +https://openai.com/gptbot)"
43.173.132.89 - - [02/Jul/2026:09:19:01 -0400] "GET /robots.txt HTTP/1.1" 200 67 "-" "Mozilla/5.0 (Windows NT 10.0; Win64; x64) AppleWebKit/537.36 (KHTML, like Gecko) Chrome/131.0.0.0 Safari/537.36"
43.173.178.141 - - [02/Jul/2026:09:19:21 -0400] "GET /_autoindex/assets/js/tablesort.number.js HTTP/1.1" 200 375 "https://jarangomd.com/?p=255" "Mozilla/5.0 (Windows NT 10.0; Win64; x64) AppleWebKit/537.36 (KHTML, like Gecko) Chrome/131.0.0.0 Safari/537.36"
43.135.185.59 - - [02/Jul/2026:09:23:41 -0400] "GET /wp-signup.php HTTP/1.1" 302 0 "-" "Mozilla/5.0 (iPhone; CPU iPhone OS 13_2_3 like Mac OS X) AppleWebKit/605.1.15 (KHTML, like Gecko) Version/13.0.3 Mobile/15E148 Safari/604.1"
43.135.185.59 - - [02/Jul/2026:09:23:45 -0400] "GET /wp-login.php?registration=disabled HTTP/1.1" 200 2121 "https://jarangomd.com/wp-login.php?action=register" "Mozilla/5.0 (iPhone; CPU iPhone OS 13_2_3 like Mac OS X) AppleWebKit/605.1.15 (KHTML, like Gecko) Version/13.0.3 Mobile/15E148 Safari/604.1"
66.249.74.77 - - [02/Jul/2026:09:28:21 -0400] "GET /?ja=1069715602612 HTTP/1.1" 200 1796 "-" "Mozilla/5.0 (Linux; Android 6.0.1; Nexus 5X Build/MMB29P) AppleWebKit/537.36 (KHTML, like Gecko) Chrome/149.0.7827.200 Mobile Safari/537.36 (compatible; Googlebot/2.1; +http://www.google.com/bot.html)"
17.246.23.95 - - [02/Jul/2026:09:42:37 -0400] "GET /robots.txt HTTP/1.1" 200 67 "-" "Mozilla/5.0 (Macintosh; Intel Mac OS X 10_15_7) AppleWebKit/605.1.15 (KHTML, like Gecko) Version/17.4 Safari/605.1.15 (Applebot/0.1; +http://www.apple.com/go/applebot)"
66.249.74.76 - - [02/Jul/2026:09:47:47 -0400] "GET /prizes/229951779/ HTTP/1.1" 404 1251 "-" "Mozilla/5.0 (Linux; Android 6.0.1; Nexus 5X Build/MMB29P) AppleWebKit/537.36 (KHTML, like Gecko) Chrome/149.0.7827.200 Mobile Safari/537.36 (compatible; Googlebot/2.1; +http://www.google.com/bot.html)"
74.7.229.115 - - [02/Jul/2026:09:48:15 -0400] "GET /_autoindex/assets/icons/folder-fill.svg HTTP/1.1" 200 333 "https://jarangomd.com/" "Mozilla/5.0 (Macintosh; Intel Mac OS X 10_15_7) AppleWebKit/537.36 (KHTML, like Gecko) Chrome/131.0.0.0 Safari/537.36; compatible; OAI-SearchBot/1.4; +https://openai.com/searchbot"
74.7.229.115 - - [02/Jul/2026:09:48:20 -0400] "GET /_autoindex/assets/icons/file-text.svg HTTP/1.1" 200 394 "https://jarangomd.com/" "Mozilla/5.0 (Macintosh; Intel Mac OS X 10_15_7) AppleWebKit/537.36 (KHTML, like Gecko) Chrome/131.0.0.0 Safari/537.36; compatible; OAI-SearchBot/1.4; +https://openai.com/searchbot"
74.7.242.178 - - [02/Jul/2026:09:48:26 -0400] "GET /k2.php HTTP/1.1" 200 124 "https://jarangomd.com/" "Mozilla/5.0 (Macintosh; Intel Mac OS X 10_15_7) AppleWebKit/537.36 (KHTML, like Gecko) Chrome/131.0.0.0 Safari/537.36; compatible; OAI-SearchBot/1.4; +https://openai.com/searchbot"
74.7.242.156 - - [02/Jul/2026:09:48:29 -0400] "GET /wp-login.php HTTP/1.1" 403 0 "https://jarangomd.com/" "Mozilla/5.0 (Macintosh; Intel Mac OS X 10_15_7) AppleWebKit/537.36 (KHTML, like Gecko) Chrome/131.0.0.0 Safari/537.36; compatible; OAI-SearchBot/1.4; +https://openai.com/searchbot"
74.7.228.137 - - [02/Jul/2026:09:48:31 -0400] "GET /error_log HTTP/1.1" 403 1242 "https://jarangomd.com/" "Mozilla/5.0 (Macintosh; Intel Mac OS X 10_15_7) AppleWebKit/537.36 (KHTML, like Gecko) Chrome/131.0.0.0 Safari/537.36; compatible; OAI-SearchBot/1.4; +https://openai.com/searchbot"
74.7.242.156 - - [02/Jul/2026:09:48:32 -0400] "GET /wp-cron.php HTTP/1.1" 200 0 "https://jarangomd.com/" "Mozilla/5.0 (Macintosh; Intel Mac OS X 10_15_7) AppleWebKit/537.36 (KHTML, like Gecko) Chrome/131.0.0.0 Safari/537.36; compatible; OAI-SearchBot/1.4; +https://openai.com/searchbot"
74.7.242.178 - - [02/Jul/2026:09:48:34 -0400] "GET /k HTTP/1.1" 200 2826 "https://jarangomd.com/" "Mozilla/5.0 (Macintosh; Intel Mac OS X 10_15_7) AppleWebKit/537.36 (KHTML, like Gecko) Chrome/131.0.0.0 Safari/537.36; compatible; OAI-SearchBot/1.4; +https://openai.com/searchbot"
74.7.228.199 - - [02/Jul/2026:09:48:35 -0400] "GET /wp-activate.php HTTP/1.1" 403 0 "https://jarangomd.com/" "Mozilla/5.0 (Macintosh; Intel Mac OS X 10_15_7) AppleWebKit/537.36 (KHTML, like Gecko) Chrome/131.0.0.0 Safari/537.36; compatible; OAI-SearchBot/1.4; +https://openai.com/searchbot"
74.7.243.1 - - [02/Jul/2026:09:48:36 -0400] "GET /_autoindex/assets/icons/file.svg HTTP/1.1" 200 354 "https://jarangomd.com/" "Mozilla/5.0 (Macintosh; Intel Mac OS X 10_15_7) AppleWebKit/537.36 (KHTML, like Gecko) Chrome/131.0.0.0 Safari/537.36; compatible; OAI-SearchBot/1.4; +https://openai.com/searchbot"
74.7.243.1 - - [02/Jul/2026:09:48:38 -0400] "GET /_autoindex/assets/icons/file.svg HTTP/1.1" 200 354 "https://jarangomd.com/" "Mozilla/5.0 (Macintosh; Intel Mac OS X 10_15_7) AppleWebKit/537.36 (KHTML, like Gecko) Chrome/131.0.0.0 Safari/537.36; compatible; OAI-SearchBot/1.4; +https://openai.com/searchbot"
74.7.229.115 - - [02/Jul/2026:09:48:40 -0400] "GET /_autoindex/assets/icons/file-text.svg HTTP/1.1" 200 394 "https://jarangomd.com/" "Mozilla/5.0 (Macintosh; Intel Mac OS X 10_15_7) AppleWebKit/537.36 (KHTML, like Gecko) Chrome/131.0.0.0 Safari/537.36; compatible; OAI-SearchBot/1.4; +https://openai.com/searchbot"
74.7.242.137 - - [02/Jul/2026:09:48:41 -0400] "GET /readme.html HTTP/1.1" 200 2667 "https://jarangomd.com/" "Mozilla/5.0 (Macintosh; Intel Mac OS X 10_15_7) AppleWebKit/537.36 (KHTML, like Gecko) Chrome/131.0.0.0 Safari/537.36; compatible; OAI-SearchBot/1.4; +https://openai.com/searchbot"
198.54.125.222 - - [02/Jul/2026:09:48:44 -0400] "POST /wp-cron.php?doing_wp_cron=1783000124.4284911155700683593750 HTTP/1.1" 200 0 "-" "WordPress/6.9.4; https://jarangomd.com"
74.7.242.58 - - [02/Jul/2026:09:48:43 -0400] "GET /wp-admin/install.php HTTP/1.1" 200 436 "https://jarangomd.com/readme.html" "Mozilla/5.0 AppleWebKit/537.36 (KHTML, like Gecko; compatible; GPTBot/1.4; +https://openai.com/gptbot)"
74.7.228.255 - - [02/Jul/2026:09:48:45 -0400] "GET /wp-blog-header.php HTTP/1.1" 403 0 "https://jarangomd.com/" "Mozilla/5.0 (Macintosh; Intel Mac OS X 10_15_7) AppleWebKit/537.36 (KHTML, like Gecko) Chrome/131.0.0.0 Safari/537.36; compatible; OAI-SearchBot/1.4; +https://openai.com/searchbot"
74.7.242.58 - - [02/Jul/2026:09:48:46 -0400] "GET /wp-admin/css/install.css?ver=20100228 HTTP/1.1" 200 1829 "https://jarangomd.com/readme.html" "Mozilla/5.0 AppleWebKit/537.36 (KHTML, like Gecko; compatible; GPTBot/1.4; +https://openai.com/gptbot)"
74.7.242.137 - - [02/Jul/2026:09:48:46 -0400] "GET /?ND HTTP/1.1" 200 1803 "https://jarangomd.com/" "Mozilla/5.0 (Macintosh; Intel Mac OS X 10_15_7) AppleWebKit/537.36 (KHTML, like Gecko) Chrome/131.0.0.0 Safari/537.36; compatible; OAI-SearchBot/1.4; +https://openai.com/searchbot"
74.7.242.156 - - [02/Jul/2026:09:48:47 -0400] "GET /wp-content/ HTTP/1.1" 403 1242 "https://jarangomd.com/" "Mozilla/5.0 (Macintosh; Intel Mac OS X 10_15_7) AppleWebKit/537.36 (KHTML, like Gecko) Chrome/131.0.0.0 Safari/537.36; compatible; OAI-SearchBot/1.4; +https://openai.com/searchbot"
198.54.125.222 - - [02/Jul/2026:09:48:48 -0400] "POST /wp-cron.php?doing_wp_cron=1783000128.1312301158905029296875 HTTP/1.1" 200 0 "-" "WordPress/6.9.4; https://jarangomd.com"
74.7.242.58 - - [02/Jul/2026:09:48:48 -0400] "GET /wp-admin/upgrade.php HTTP/1.1" 200 402 "https://jarangomd.com/readme.html" "Mozilla/5.0 AppleWebKit/537.36 (KHTML, like Gecko; compatible; GPTBot/1.4; +https://openai.com/gptbot)"
74.7.228.137 - - [02/Jul/2026:09:48:48 -0400] "GET /wp-admin/ HTTP/1.1" 302 0 "https://jarangomd.com/" "Mozilla/5.0 (Macintosh; Intel Mac OS X 10_15_7) AppleWebKit/537.36 (KHTML, like Gecko) Chrome/131.0.0.0 Safari/537.36; compatible; OAI-SearchBot/1.4; +https://openai.com/searchbot"
74.7.228.137 - - [02/Jul/2026:09:48:48 -0400] "GET /wp-login.php?redirect_to=https%3A%2F%2Fjarangomd.com%2Fwp-admin%2F&reauth=1 HTTP/1.1" 403 0 "https://jarangomd.com/wp-admin/" "Mozilla/5.0 (Macintosh; Intel Mac OS X 10_15_7) AppleWebKit/537.36 (KHTML, like Gecko) Chrome/131.0.0.0 Safari/537.36; compatible; OAI-SearchBot/1.4; +https://openai.com/searchbot"
74.7.242.58 - - [02/Jul/2026:09:48:15 -0400] "GET /_autoindex/assets/css/autoindex.css HTTP/1.1" 200 1170 "https://jarangomd.com/" "Mozilla/5.0 AppleWebKit/537.36 (KHTML, like Gecko; compatible; GPTBot/1.4; +https://openai.com/gptbot)"
74.7.242.178 - - [02/Jul/2026:09:48:17 -0400] "GET /_autoindex/assets/js/tablesort.js HTTP/1.1" 200 2137 "https://jarangomd.com/" "Mozilla/5.0 (Macintosh; Intel Mac OS X 10_15_7) AppleWebKit/537.36 (KHTML, like Gecko) Chrome/131.0.0.0 Safari/537.36; compatible; OAI-SearchBot/1.4; +https://openai.com/searchbot"
74.7.242.58 - - [02/Jul/2026:09:48:18 -0400] "GET /_autoindex/assets/js/tablesort.js HTTP/1.1" 200 2137 "https://jarangomd.com/" "Mozilla/5.0 AppleWebKit/537.36 (KHTML, like Gecko; compatible; GPTBot/1.4; +https://openai.com/gptbot)"
74.7.228.199 - - [02/Jul/2026:09:48:22 -0400] "GET /_autoindex/assets/js/tablesort.number.js HTTP/1.1" 200 322 "https://jarangomd.com/" "Mozilla/5.0 (Macintosh; Intel Mac OS X 10_15_7) AppleWebKit/537.36 (KHTML, like Gecko) Chrome/131.0.0.0 Safari/537.36; compatible; OAI-SearchBot/1.4; +https://openai.com/searchbot"
74.7.228.137 - - [02/Jul/2026:09:48:24 -0400] "GET /_autoindex/assets/css/autoindex.css HTTP/1.1" 200 1170 "https://jarangomd.com/" "Mozilla/5.0 (Macintosh; Intel Mac OS X 10_15_7) AppleWebKit/537.36 (KHTML, like Gecko) Chrome/131.0.0.0 Safari/537.36; compatible; OAI-SearchBot/1.4; +https://openai.com/searchbot"
74.7.242.137 - - [02/Jul/2026:09:48:28 -0400] "GET /wp-load.php HTTP/1.1" 403 0 "https://jarangomd.com/" "Mozilla/5.0 (Macintosh; Intel Mac OS X 10_15_7) AppleWebKit/537.36 (KHTML, like Gecko) Chrome/131.0.0.0 Safari/537.36; compatible; OAI-SearchBot/1.4; +https://openai.com/searchbot"
74.7.228.137 - - [02/Jul/2026:09:48:39 -0400] "GET /wp-mail.php HTTP/1.1" 403 0 "https://jarangomd.com/" "Mozilla/5.0 (Macintosh; Intel Mac OS X 10_15_7) AppleWebKit/537.36 (KHTML, like Gecko) Chrome/131.0.0.0 Safari/537.36; compatible; OAI-SearchBot/1.4; +https://openai.com/searchbot"
74.7.242.137 - - [02/Jul/2026:09:48:45 -0400] "GET /?SA HTTP/1.1" 200 1803 "https://jarangomd.com/" "Mozilla/5.0 (Macintosh; Intel Mac OS X 10_15_7) AppleWebKit/537.36 (KHTML, like Gecko) Chrome/131.0.0.0 Safari/537.36; compatible; OAI-SearchBot/1.4; +https://openai.com/searchbot"
74.7.228.255 - - [02/Jul/2026:09:48:46 -0400] "GET /?MA HTTP/1.1" 200 1811 "https://jarangomd.com/" "Mozilla/5.0 (Macintosh; Intel Mac OS X 10_15_7) AppleWebKit/537.36 (KHTML, like Gecko) Chrome/131.0.0.0 Safari/537.36; compatible; OAI-SearchBot/1.4; +https://openai.com/searchbot"
198.54.125.222 - - [02/Jul/2026:09:48:48 -0400] "POST /wp-cron.php?doing_wp_cron=1783000128.3211050033569335937500 HTTP/1.1" 200 0 "-" "WordPress/6.9.4; https://jarangomd.com"
74.7.242.156 - - [02/Jul/2026:09:48:49 -0400] "GET /wp-config.php HTTP/1.1" 403 1242 "https://jarangomd.com/" "Mozilla/5.0 (Macintosh; Intel Mac OS X 10_15_7) AppleWebKit/537.36 (KHTML, like Gecko) Chrome/131.0.0.0 Safari/537.36; compatible; OAI-SearchBot/1.4; +https://openai.com/searchbot"
74.7.243.1 - - [02/Jul/2026:09:48:50 -0400] "GET /pmw.txt HTTP/1.1" 200 1 "https://jarangomd.com/" "Mozilla/5.0 (Macintosh; Intel Mac OS X 10_15_7) AppleWebKit/537.36 (KHTML, like Gecko) Chrome/131.0.0.0 Safari/537.36; compatible; OAI-SearchBot/1.4; +https://openai.com/searchbot"
74.7.243.1 - - [02/Jul/2026:09:48:51 -0400] "GET /_ HTTP/1.1" 200 3640 "https://jarangomd.com/" "Mozilla/5.0 (Macintosh; Intel Mac OS X 10_15_7) AppleWebKit/537.36 (KHTML, like Gecko) Chrome/131.0.0.0 Safari/537.36; compatible; OAI-SearchBot/1.4; +https://openai.com/searchbot"
74.7.242.58 - - [02/Jul/2026:09:48:51 -0400] "GET /wp-login.php?redirect_to=https%3A%2F%2Fjarangomd.com%2Fwp-admin%2Fupdate-core.php&reauth=1 HTTP/1.1" 403 0 "https://jarangomd.com/wp-admin/update-core.php" "Mozilla/5.0 AppleWebKit/537.36 (KHTML, like Gecko; compatible; GPTBot/1.4; +https://openai.com/gptbot)"
74.7.242.137 - - [02/Jul/2026:09:48:51 -0400] "GET /mac.php HTTP/1.1" 200 5290 "https://jarangomd.com/" "Mozilla/5.0 (Macintosh; Intel Mac OS X 10_15_7) AppleWebKit/537.36 (KHTML, like Gecko) Chrome/131.0.0.0 Safari/537.36; compatible; OAI-SearchBot/1.4; +https://openai.com/searchbot"
74.7.229.115 - - [02/Jul/2026:09:48:52 -0400] "GET /wp-config-sample.php HTTP/1.1" 403 0 "https://jarangomd.com/" "Mozilla/5.0 (Macintosh; Intel Mac OS X 10_15_7) AppleWebKit/537.36 (KHTML, like Gecko) Chrome/131.0.0.0 Safari/537.36; compatible; OAI-SearchBot/1.4; +https://openai.com/searchbot"
74.7.242.156 - - [02/Jul/2026:09:48:52 -0400] "GET /wp-trackback.php HTTP/1.1" 403 0 "https://jarangomd.com/" "Mozilla/5.0 (Macintosh; Intel Mac OS X 10_15_7) AppleWebKit/537.36 (KHTML, like Gecko) Chrome/131.0.0.0 Safari/537.36; compatible; OAI-SearchBot/1.4; +https://openai.com/searchbot"
74.7.242.58 - - [02/Jul/2026:09:48:53 -0400] "GET /wp-admin/images/wordpress-logo.png HTTP/1.1" 200 2480 "https://jarangomd.com/readme.html" "Mozilla/5.0 AppleWebKit/537.36 (KHTML, like Gecko; compatible; GPTBot/1.4; +https://openai.com/gptbot)"
74.7.242.137 - - [02/Jul/2026:09:48:54 -0400] "GET /wp-settings.php HTTP/1.1" 500 0 "https://jarangomd.com/" "Mozilla/5.0 (Macintosh; Intel Mac OS X 10_15_7) AppleWebKit/537.36 (KHTML, like Gecko) Chrome/131.0.0.0 Safari/537.36; compatible; OAI-SearchBot/1.4; +https://openai.com/searchbot"
74.7.242.58 - - [02/Jul/2026:09:48:55 -0400] "GET /wp-admin/css/l10n.min.css?ver=6.9.4 HTTP/1.1" 200 675 "https://jarangomd.com/wp-admin/install.php" "Mozilla/5.0 AppleWebKit/537.36 (KHTML, like Gecko; compatible; GPTBot/1.4; +https://openai.com/gptbot)"
74.7.228.255 - - [02/Jul/2026:09:48:55 -0400] "GET /wp-comments-post.php HTTP/1.1" 405 0 "https://jarangomd.com/" "Mozilla/5.0 (Macintosh; Intel Mac OS X 10_15_7) AppleWebKit/537.36 (KHTML, like Gecko) Chrome/131.0.0.0 Safari/537.36; compatible; OAI-SearchBot/1.4; +https://openai.com/searchbot"
74.7.242.58 - - [02/Jul/2026:09:48:56 -0400] "GET /wp-admin/css/forms.min.css?ver=6.9.4 HTTP/1.1" 200 6327 "https://jarangomd.com/wp-admin/install.php" "Mozilla/5.0 AppleWebKit/537.36 (KHTML, like Gecko; compatible; GPTBot/1.4; +https://openai.com/gptbot)"
74.7.229.115 - - [02/Jul/2026:09:48:56 -0400] "GET /wp-signup.php HTTP/1.1" 403 0 "https://jarangomd.com/" "Mozilla/5.0 (Macintosh; Intel Mac OS X 10_15_7) AppleWebKit/537.36 (KHTML, like Gecko) Chrome/131.0.0.0 Safari/537.36; compatible; OAI-SearchBot/1.4; +https://openai.com/searchbot"
74.7.242.58 - - [02/Jul/2026:09:48:57 -0400] "GET /wp-admin/css/install.min.css?ver=6.9.4 HTTP/1.1" 200 1590 "https://jarangomd.com/wp-admin/install.php" "Mozilla/5.0 AppleWebKit/537.36 (KHTML, like Gecko; compatible; GPTBot/1.4; +https://openai.com/gptbot)"
74.7.242.58 - - [02/Jul/2026:09:49:00 -0400] "GET /?NA HTTP/1.1" 200 1792 "https://jarangomd.com/?SA" "Mozilla/5.0 AppleWebKit/537.36 (KHTML, like Gecko; compatible; GPTBot/1.4; +https://openai.com/gptbot)"
74.7.242.58 - - [02/Jul/2026:09:49:01 -0400] "GET /wp-admin/images/wordpress-logo.svg?ver=20131107 HTTP/1.1" 200 759 "https://jarangomd.com/wp-admin/css/install.css?ver=20100228" "Mozilla/5.0 AppleWebKit/537.36 (KHTML, like Gecko; compatible; GPTBot/1.4; +https://openai.com/gptbot)"
74.7.242.58 - - [02/Jul/2026:09:49:02 -0400] "GET /?MD HTTP/1.1" 200 1805 "https://jarangomd.com/?MA" "Mozilla/5.0 AppleWebKit/537.36 (KHTML, like Gecko; compatible; GPTBot/1.4; +https://openai.com/gptbot)"
74.7.242.58 - - [02/Jul/2026:09:49:02 -0400] "GET /wp-includes/php-compat/ HTTP/1.1" 200 625 "https://jarangomd.com/wp-includes/" "Mozilla/5.0 AppleWebKit/537.36 (KHTML, like Gecko; compatible; GPTBot/1.4; +https://openai.com/gptbot)"
74.7.242.58 - - [02/Jul/2026:09:49:03 -0400] "GET /wp-includes/class-wp-post.php HTTP/1.1" 200 0 "https://jarangomd.com/wp-includes/" "Mozilla/5.0 AppleWebKit/537.36 (KHTML, like Gecko; compatible; GPTBot/1.4; +https://openai.com/gptbot)"
74.7.242.178 - - [02/Jul/2026:09:48:48 -0400] "GET /wp-includes/ HTTP/1.1" 200 9696 "https://jarangomd.com/" "Mozilla/5.0 (Macintosh; Intel Mac OS X 10_15_7) AppleWebKit/537.36 (KHTML, like Gecko) Chrome/131.0.0.0 Safari/537.36; compatible; OAI-SearchBot/1.4; +https://openai.com/searchbot"
74.7.229.115 - - [02/Jul/2026:09:48:49 -0400] "GET /admin.php HTTP/1.1" 404 0 "https://jarangomd.com/" "Mozilla/5.0 (Macintosh; Intel Mac OS X 10_15_7) AppleWebKit/537.36 (KHTML, like Gecko) Chrome/131.0.0.0 Safari/537.36; compatible; OAI-SearchBot/1.4; +https://openai.com/searchbot"
74.7.242.58 - - [02/Jul/2026:09:48:49 -0400] "GET /wp-admin/import.php HTTP/1.1" 302 0 "https://jarangomd.com/readme.html" "Mozilla/5.0 AppleWebKit/537.36 (KHTML, like Gecko; compatible; GPTBot/1.4; +https://openai.com/gptbot)"
74.7.242.58 - - [02/Jul/2026:09:48:50 -0400] "GET /wp-login.php?redirect_to=https%3A%2F%2Fjarangomd.com%2Fwp-admin%2Fimport.php&reauth=1 HTTP/1.1" 403 0 "https://jarangomd.com/wp-admin/import.php" "Mozilla/5.0 AppleWebKit/537.36 (KHTML, like Gecko; compatible; GPTBot/1.4; +https://openai.com/gptbot)"
74.7.242.178 - - [02/Jul/2026:09:48:50 -0400] "GET /license.txt HTTP/1.1" 200 6865 "https://jarangomd.com/" "Mozilla/5.0 (Macintosh; Intel Mac OS X 10_15_7) AppleWebKit/537.36 (KHTML, like Gecko) Chrome/131.0.0.0 Safari/537.36; compatible; OAI-SearchBot/1.4; +https://openai.com/searchbot"
74.7.242.58 - - [02/Jul/2026:09:48:51 -0400] "GET /wp-admin/update-core.php HTTP/1.1" 302 0 "https://jarangomd.com/readme.html" "Mozilla/5.0 AppleWebKit/537.36 (KHTML, like Gecko; compatible; GPTBot/1.4; +https://openai.com/gptbot)"
74.7.228.137 - - [02/Jul/2026:09:48:53 -0400] "GET /wp-links-opml.php HTTP/1.1" 403 0 "https://jarangomd.com/" "Mozilla/5.0 (Macintosh; Intel Mac OS X 10_15_7) AppleWebKit/537.36 (KHTML, like Gecko) Chrome/131.0.0.0 Safari/537.36; compatible; OAI-SearchBot/1.4; +https://openai.com/searchbot"
74.7.242.137 - - [02/Jul/2026:09:48:53 -0400] "GET /old/ HTTP/1.1" 200 1583 "https://jarangomd.com/" "Mozilla/5.0 (Macintosh; Intel Mac OS X 10_15_7) AppleWebKit/537.36 (KHTML, like Gecko) Chrome/131.0.0.0 Safari/537.36; compatible; OAI-SearchBot/1.4; +https://openai.com/searchbot"
74.7.242.58 - - [02/Jul/2026:09:48:59 -0400] "GET /?SD HTTP/1.1" 200 1817 "https://jarangomd.com/?SA" "Mozilla/5.0 AppleWebKit/537.36 (KHTML, like Gecko; compatible; GPTBot/1.4; +https://openai.com/gptbot)"
74.7.242.58 - - [02/Jul/2026:09:49:05 -0400] "GET /old/?SA HTTP/1.1" 200 1599 "https://jarangomd.com/old/" "Mozilla/5.0 AppleWebKit/537.36 (KHTML, like Gecko; compatible; GPTBot/1.4; +https://openai.com/gptbot)"
74.7.242.58 - - [02/Jul/2026:09:49:06 -0400] "GET /wp-includes/class-wp-url-pattern-prefixer.php HTTP/1.1" 200 0 "https://jarangomd.com/wp-includes/" "Mozilla/5.0 AppleWebKit/537.36 (KHTML, like Gecko; compatible; GPTBot/1.4; +https://openai.com/gptbot)"
74.7.242.58 - - [02/Jul/2026:09:49:06 -0400] "GET /wp-includes/post-template.php HTTP/1.1" 200 0 "https://jarangomd.com/wp-includes/" "Mozilla/5.0 AppleWebKit/537.36 (KHTML, like Gecko; compatible; GPTBot/1.4; +https://openai.com/gptbot)"
74.7.242.58 - - [02/Jul/2026:09:49:07 -0400] "GET /wp-includes/post-formats.php HTTP/1.1" 200 0 "https://jarangomd.com/wp-includes/" "Mozilla/5.0 AppleWebKit/537.36 (KHTML, like Gecko; compatible; GPTBot/1.4; +https://openai.com/gptbot)"
74.7.242.58 - - [02/Jul/2026:09:49:07 -0400] "GET /old/readme.html HTTP/1.1" 200 2667 "https://jarangomd.com/old/" "Mozilla/5.0 AppleWebKit/537.36 (KHTML, like Gecko; compatible; GPTBot/1.4; +https://openai.com/gptbot)"
74.7.242.58 - - [02/Jul/2026:09:49:08 -0400] "GET /wp-includes/class-wp-fatal-error-handler.php HTTP/1.1" 200 0 "https://jarangomd.com/wp-includes/" "Mozilla/5.0 AppleWebKit/537.36 (KHTML, like Gecko; compatible; GPTBot/1.4; +https://openai.com/gptbot)"
74.7.242.58 - - [02/Jul/2026:09:49:04 -0400] "GET /wp-includes/post-thumbnail-template.php HTTP/1.1" 200 0 "https://jarangomd.com/wp-includes/" "Mozilla/5.0 AppleWebKit/537.36 (KHTML, like Gecko; compatible; GPTBot/1.4; +https://openai.com/gptbot)"
74.7.242.58 - - [02/Jul/2026:09:49:04 -0400] "GET /old/?MA HTTP/1.1" 200 1591 "https://jarangomd.com/old/" "Mozilla/5.0 AppleWebKit/537.36 (KHTML, like Gecko; compatible; GPTBot/1.4; +https://openai.com/gptbot)"
74.7.242.58 - - [02/Jul/2026:09:49:05 -0400] "GET /old/?ND HTTP/1.1" 200 1578 "https://jarangomd.com/old/" "Mozilla/5.0 AppleWebKit/537.36 (KHTML, like Gecko; compatible; GPTBot/1.4; +https://openai.com/gptbot)"
74.7.242.58 - - [02/Jul/2026:09:49:08 -0400] "GET /old/admin.php HTTP/1.1" 404 0 "https://jarangomd.com/old/" "Mozilla/5.0 AppleWebKit/537.36 (KHTML, like Gecko; compatible; GPTBot/1.4; +https://openai.com/gptbot)"
74.7.242.58 - - [02/Jul/2026:09:49:09 -0400] "GET /wp-includes/global-styles-and-settings.php HTTP/1.1" 200 0 "https://jarangomd.com/wp-includes/" "Mozilla/5.0 AppleWebKit/537.36 (KHTML, like Gecko; compatible; GPTBot/1.4; +https://openai.com/gptbot)"
66.25.227.106 - - [02/Jul/2026:09:49:09 -0400] "GET / HTTP/1.1" 200 1792 "https://www.google.com/" "Mozilla/5.0 (iPhone; CPU iPhone OS 26_5_0 like Mac OS X) AppleWebKit/605.1.15 (KHTML, like Gecko) GSA/426.7.931869700 Mobile/15E148 Safari/604.1"
66.25.227.106 - - [02/Jul/2026:09:49:09 -0400] "GET /_autoindex/assets/js/tablesort.number.js HTTP/1.1" 200 322 "https://jarangomd.com/" "Mozilla/5.0 (iPhone; CPU iPhone OS 26_5_0 like Mac OS X) AppleWebKit/605.1.15 (KHTML, like Gecko) GSA/426.7.931869700 Mobile/15E148 Safari/604.1"
74.7.242.58 - - [02/Jul/2026:09:49:09 -0400] "GET /wp-includes/post.php HTTP/1.1" 200 0 "https://jarangomd.com/wp-includes/" "Mozilla/5.0 AppleWebKit/537.36 (KHTML, like Gecko; compatible; GPTBot/1.4; +https://openai.com/gptbot)"
66.25.227.106 - - [02/Jul/2026:09:49:09 -0400] "GET /_autoindex/assets/icons/folder-fill.svg HTTP/1.1" 200 333 "https://jarangomd.com/" "Mozilla/5.0 (iPhone; CPU iPhone OS 26_5_0 like Mac OS X) AppleWebKit/605.1.15 (KHTML, like Gecko) GSA/426.7.931869700 Mobile/15E148 Safari/604.1"
66.25.227.106 - - [02/Jul/2026:09:49:09 -0400] "GET /_autoindex/assets/icons/file.svg HTTP/1.1" 200 354 "https://jarangomd.com/" "Mozilla/5.0 (iPhone; CPU iPhone OS 26_5_0 like Mac OS X) AppleWebKit/605.1.15 (KHTML, like Gecko) GSA/426.7.931869700 Mobile/15E148 Safari/604.1"
66.25.227.106 - - [02/Jul/2026:09:49:09 -0400] "GET /_autoindex/assets/icons/file-text.svg HTTP/1.1" 200 394 "https://jarangomd.com/" "Mozilla/5.0 (iPhone; CPU iPhone OS 26_5_0 like Mac OS X) AppleWebKit/605.1.15 (KHTML, like Gecko) GSA/426.7.931869700 Mobile/15E148 Safari/604.1"
74.7.242.58 - - [02/Jul/2026:09:49:10 -0400] "GET /old/?MD HTTP/1.1" 200 1584 "https://jarangomd.com/old/?MA" "Mozilla/5.0 AppleWebKit/537.36 (KHTML, like Gecko; compatible; GPTBot/1.4; +https://openai.com/gptbot)"
74.7.242.58 - - [02/Jul/2026:09:49:11 -0400] "GET /old/?SD HTTP/1.1" 200 1597 "https://jarangomd.com/old/?SA" "Mozilla/5.0 AppleWebKit/537.36 (KHTML, like Gecko; compatible; GPTBot/1.4; +https://openai.com/gptbot)"
74.7.242.58 - - [02/Jul/2026:09:49:12 -0400] "GET /wp-includes/class-wp-image-editor-imagick.php HTTP/1.1" 500 0 "https://jarangomd.com/wp-includes/" "Mozilla/5.0 AppleWebKit/537.36 (KHTML, like Gecko; compatible; GPTBot/1.4; +https://openai.com/gptbot)"
74.7.242.58 - - [02/Jul/2026:09:49:12 -0400] "GET /wp-includes/?MA HTTP/1.1" 200 9456 "https://jarangomd.com/wp-includes/" "Mozilla/5.0 AppleWebKit/537.36 (KHTML, like Gecko; compatible; GPTBot/1.4; +https://openai.com/gptbot)"
74.7.242.58 - - [02/Jul/2026:09:49:14 -0400] "GET /wp-includes/?SA HTTP/1.1" 200 9821 "https://jarangomd.com/wp-includes/" "Mozilla/5.0 AppleWebKit/537.36 (KHTML, like Gecko; compatible; GPTBot/1.4; +https://openai.com/gptbot)"
66.25.227.106 - - [02/Jul/2026:09:49:09 -0400] "GET /_autoindex/assets/js/tablesort.js HTTP/1.1" 200 2137 "https://jarangomd.com/" "Mozilla/5.0 (iPhone; CPU iPhone OS 26_5_0 like Mac OS X) AppleWebKit/605.1.15 (KHTML, like Gecko) GSA/426.7.931869700 Mobile/15E148 Safari/604.1"
66.25.227.106 - - [02/Jul/2026:09:49:09 -0400] "GET /_autoindex/assets/css/autoindex.css HTTP/1.1" 200 1170 "https://jarangomd.com/" "Mozilla/5.0 (iPhone; CPU iPhone OS 26_5_0 like Mac OS X) AppleWebKit/605.1.15 (KHTML, like Gecko) GSA/426.7.931869700 Mobile/15E148 Safari/604.1"
74.7.242.58 - - [02/Jul/2026:09:49:10 -0400] "GET /old/?NA HTTP/1.1" 200 1583 "https://jarangomd.com/old/?MA" "Mozilla/5.0 AppleWebKit/537.36 (KHTML, like Gecko; compatible; GPTBot/1.4; +https://openai.com/gptbot)"
74.7.242.58 - - [02/Jul/2026:09:49:16 -0400] "GET /wp-includes/class-wp-error.php HTTP/1.1" 200 0 "https://jarangomd.com/wp-includes/" "Mozilla/5.0 AppleWebKit/537.36 (KHTML, like Gecko; compatible; GPTBot/1.4; +https://openai.com/gptbot)"
74.7.242.58 - - [02/Jul/2026:09:49:24 -0400] "GET /wp-includes/class-wp-block-processor.php HTTP/1.1" 200 0 "https://jarangomd.com/wp-includes/" "Mozilla/5.0 AppleWebKit/537.36 (KHTML, like Gecko; compatible; GPTBot/1.4; +https://openai.com/gptbot)"
74.7.242.58 - - [02/Jul/2026:09:49:31 -0400] "GET /old/wp-admin/install.php HTTP/1.1" 200 4112 "https://jarangomd.com/old/wp-blog-header.php" "Mozilla/5.0 AppleWebKit/537.36 (KHTML, like Gecko; compatible; GPTBot/1.4; +https://openai.com/gptbot)"
66.25.227.106 - - [02/Jul/2026:09:50:09 -0400] "GET / HTTP/1.1" 200 1792 "https://www.google.com/" "Mozilla/5.0 (iPhone; CPU iPhone OS 26_5_0 like Mac OS X) AppleWebKit/605.1.15 (KHTML, like Gecko) GSA/426.7.931869700 Mobile/15E148 Safari/604.1"
52.167.144.198 - - [02/Jul/2026:09:51:02 -0400] "GET /hg/ HTTP/1.1" 404 1251 "-" "Mozilla/5.0 AppleWebKit/537.36 (KHTML, like Gecko; compatible; bingbot/2.0; +http://www.bing.com/bingbot.htm) Chrome/116.0.1938.76 Safari/537.36"
49.51.253.26 - - [02/Jul/2026:09:51:51 -0400] "GET /wp-config.php HTTP/1.1" 403 1242 "-" "Mozilla/5.0 (iPhone; CPU iPhone OS 13_2_3 like Mac OS X) AppleWebKit/605.1.15 (KHTML, like Gecko) Version/13.0.3 Mobile/15E148 Safari/604.1"
64.89.161.160 - - [02/Jul/2026:09:51:58 -0400] "GET /admin/plugins/elfinder/php/connector.minimal.php HTTP/1.1" 404 1251 "-" "ALittle Client"
74.7.242.58 - - [02/Jul/2026:09:52:47 -0400] "GET /wp-includes/class-wp-session-tokens.php HTTP/1.1" 200 0 "https://jarangomd.com/wp-includes/" "Mozilla/5.0 AppleWebKit/537.36 (KHTML, like Gecko; compatible; GPTBot/1.4; +https://openai.com/gptbot)"
74.7.242.58 - - [02/Jul/2026:09:53:27 -0400] "GET /wp-includes/class-wp-script-modules.php HTTP/1.1" 200 0 "https://jarangomd.com/wp-includes/" "Mozilla/5.0 AppleWebKit/537.36 (KHTML, like Gecko; compatible; GPTBot/1.4; +https://openai.com/gptbot)"
74.7.242.58 - - [02/Jul/2026:09:54:03 -0400] "GET /wp-includes/class-wp-simplepie-file.php HTTP/1.1" 500 0 "https://jarangomd.com/wp-includes/" "Mozilla/5.0 AppleWebKit/537.36 (KHTML, like Gecko; compatible; GPTBot/1.4; +https://openai.com/gptbot)"
66.249.74.75 - - [02/Jul/2026:09:54:26 -0400] "GET /?ja=106973875781 HTTP/1.1" 200 1792 "-" "Mozilla/5.0 (Linux; Android 6.0.1; Nexus 5X Build/MMB29P) AppleWebKit/537.36 (KHTML, like Gecko) Chrome/149.0.7827.200 Mobile Safari/537.36 (compatible; Googlebot/2.1; +http://www.google.com/bot.html)"
66.249.74.75 - - [02/Jul/2026:09:54:53 -0400] "GET /?ja=106973875775 HTTP/1.1" 200 1792 "-" "Mozilla/5.0 (Linux; Android 6.0.1; Nexus 5X Build/MMB29P) AppleWebKit/537.36 (KHTML, like Gecko) Chrome/149.0.7827.200 Mobile Safari/537.36 (compatible; Googlebot/2.1; +http://www.google.com/bot.html)"
45.3.53.108 - - [02/Jul/2026:09:55:35 -0400] "GET / HTTP/1.1" 200 1794 "-" "Mozilla/5.0 (Windows NT 10.0; Win64; x64) AppleWebKit/537.36 (KHTML, like Gecko) Chrome/135.0.0.0 Safari/537.36"
74.7.242.58 - - [02/Jul/2026:09:49:15 -0400] "GET /wp-includes/?ND HTTP/1.1" 200 9771 "https://jarangomd.com/wp-includes/" "Mozilla/5.0 AppleWebKit/537.36 (KHTML, like Gecko; compatible; GPTBot/1.4; +https://openai.com/gptbot)"
74.7.242.58 - - [02/Jul/2026:09:49:18 -0400] "GET /wp-includes/class-wp-http-ixr-client.php HTTP/1.1" 500 0 "https://jarangomd.com/wp-includes/" "Mozilla/5.0 AppleWebKit/537.36 (KHTML, like Gecko; compatible; GPTBot/1.4; +https://openai.com/gptbot)"
74.7.242.58 - - [02/Jul/2026:09:49:19 -0400] "GET /wp-includes/class-wp-block-parser-block.php HTTP/1.1" 200 0 "https://jarangomd.com/wp-includes/" "Mozilla/5.0 AppleWebKit/537.36 (KHTML, like Gecko; compatible; GPTBot/1.4; +https://openai.com/gptbot)"
74.7.242.58 - - [02/Jul/2026:09:49:22 -0400] "GET /wp-includes/class-wp-locale-switcher.php HTTP/1.1" 200 0 "https://jarangomd.com/wp-includes/" "Mozilla/5.0 AppleWebKit/537.36 (KHTML, like Gecko; compatible; GPTBot/1.4; +https://openai.com/gptbot)"
74.7.242.58 - - [02/Jul/2026:09:49:27 -0400] "GET /old/wp-blog-header.php HTTP/1.1" 302 0 "https://jarangomd.com/old/" "Mozilla/5.0 AppleWebKit/537.36 (KHTML, like Gecko; compatible; GPTBot/1.4; +https://openai.com/gptbot)"
74.7.242.58 - - [02/Jul/2026:09:49:54 -0400] "GET /wp-includes/class-wp-http-requests-response.php HTTP/1.1" 500 0 "https://jarangomd.com/wp-includes/" "Mozilla/5.0 AppleWebKit/537.36 (KHTML, like Gecko; compatible; GPTBot/1.4; +https://openai.com/gptbot)"
74.7.242.58 - - [02/Jul/2026:09:49:56 -0400] "GET /wp-includes/registration-functions.php HTTP/1.1" 500 0 "https://jarangomd.com/wp-includes/" "Mozilla/5.0 AppleWebKit/537.36 (KHTML, like Gecko; compatible; GPTBot/1.4; +https://openai.com/gptbot)"
74.7.242.58 - - [02/Jul/2026:09:50:02 -0400] "GET /wp-includes/class-wp-image-editor-imagick.php HTTP/1.1" 500 0 "https://jarangomd.com/wp-includes/?MA" "Mozilla/5.0 AppleWebKit/537.36 (KHTML, like Gecko; compatible; GPTBot/1.4; +https://openai.com/gptbot)"
74.7.242.58 - - [02/Jul/2026:09:50:21 -0400] "GET /wp-includes/?SD HTTP/1.1" 200 9846 "https://jarangomd.com/wp-includes/?SA" "Mozilla/5.0 AppleWebKit/537.36 (KHTML, like Gecko; compatible; GPTBot/1.4; +https://openai.com/gptbot)"
74.7.242.58 - - [02/Jul/2026:09:51:14 -0400] "GET /wp-includes/?MD HTTP/1.1" 200 9572 "https://jarangomd.com/wp-includes/?MA" "Mozilla/5.0 AppleWebKit/537.36 (KHTML, like Gecko; compatible; GPTBot/1.4; +https://openai.com/gptbot)"
74.7.242.58 - - [02/Jul/2026:09:52:03 -0400] "GET /wp-includes/?NA HTTP/1.1" 200 9699 "https://jarangomd.com/wp-includes/?MA" "Mozilla/5.0 AppleWebKit/537.36 (KHTML, like Gecko; compatible; GPTBot/1.4; +https://openai.com/gptbot)"
167.114.139.42 - - [02/Jul/2026:09:54:16 -0400] "GET /wp-sitemap.xml HTTP/1.1" 404 1251 "-" "Mozilla/5.0 (compatible; AhrefsBot/7.0; +http://ahrefs.com/robot/)"
74.7.242.58 - - [02/Jul/2026:09:54:36 -0400] "GET /wp-includes/class-wp-classic-to-block-menu-converter.php HTTP/1.1" 200 0 "https://jarangomd.com/wp-includes/" "Mozilla/5.0 AppleWebKit/537.36 (KHTML, like Gecko; compatible; GPTBot/1.4; +https://openai.com/gptbot)"
66.249.74.76 - - [02/Jul/2026:09:56:15 -0400] "GET /?ja=106973875779 HTTP/1.1" 200 1792 "-" "Mozilla/5.0 (Linux; Android 6.0.1; Nexus 5X Build/MMB29P) AppleWebKit/537.36 (KHTML, like Gecko) Chrome/149.0.7827.200 Mobile Safari/537.36 (compatible; Googlebot/2.1; +http://www.google.com/bot.html)"
74.7.242.58 - - [02/Jul/2026:09:56:38 -0400] "GET /wp-includes/class-wp-block-pattern-categories-registry.php HTTP/1.1" 200 0 "https://jarangomd.com/wp-includes/" "Mozilla/5.0 AppleWebKit/537.36 (KHTML, like Gecko; compatible; GPTBot/1.4; +https://openai.com/gptbot)"
87.106.217.70 - - [02/Jul/2026:09:57:53 -0400] "GET /wp-login.php HTTP/1.1" 200 1809 "-" "Mozilla/5.0 (X11; CrOS x86_64 14541.0.0) AppleWebKit/537.36 (KHTML, like Gecko) Chrome/133.0.0.0 Safari/537.36"
51.79.124.60 - - [02/Jul/2026:09:57:55 -0400] "POST /wp-login.php HTTP/1.1" 200 1935 "https://jarangomd.com/wp-login.php" "Mozilla/5.0 (X11; Linux x86_64; rv:133.0) Gecko/20100101 Firefox/133.0"
74.7.242.58 - - [02/Jul/2026:09:55:40 -0400] "GET /wp-includes/class-wp-application-passwords.php HTTP/1.1" 200 0 "https://jarangomd.com/wp-includes/" "Mozilla/5.0 AppleWebKit/537.36 (KHTML, like Gecko; compatible; GPTBot/1.4; +https://openai.com/gptbot)"
74.7.242.58 - - [02/Jul/2026:09:57:30 -0400] "GET /wp-includes/class-wp-paused-extensions-storage.php HTTP/1.1" 200 0 "https://jarangomd.com/wp-includes/" "Mozilla/5.0 AppleWebKit/537.36 (KHTML, like Gecko; compatible; GPTBot/1.4; +https://openai.com/gptbot)"
51.79.124.60 - - [02/Jul/2026:09:57:52 -0400] "GET /wp-login.php HTTP/1.1" 200 1809 "-" "Mozilla/5.0 (X11; Linux x86_64; rv:133.0) Gecko/20100101 Firefox/133.0"
66.249.74.77 - - [02/Jul/2026:09:58:03 -0400] "GET /?ja=106973875782 HTTP/1.1" 200 1795 "-" "Mozilla/5.0 (Linux; Android 6.0.1; Nexus 5X Build/MMB29P) AppleWebKit/537.36 (KHTML, like Gecko) Chrome/149.0.7827.200 Mobile Safari/537.36 (compatible; Googlebot/2.1; +http://www.google.com/bot.html)"
74.7.242.58 - - [02/Jul/2026:09:58:58 -0400] "GET /wp-includes/class-wp-block-bindings-source.php HTTP/1.1" 200 0 "https://jarangomd.com/wp-includes/" "Mozilla/5.0 AppleWebKit/537.36 (KHTML, like Gecko; compatible; GPTBot/1.4; +https://openai.com/gptbot)"
74.7.242.58 - - [02/Jul/2026:09:59:33 -0400] "GET /wp-includes/class-wp-block-styles-registry.php HTTP/1.1" 200 0 "https://jarangomd.com/wp-includes/" "Mozilla/5.0 AppleWebKit/537.36 (KHTML, like Gecko; compatible; GPTBot/1.4; +https://openai.com/gptbot)"
74.7.242.58 - - [02/Jul/2026:10:00:05 -0400] "GET /wp-includes/class-wp-block-editor-context.php HTTP/1.1" 200 0 "https://jarangomd.com/wp-includes/" "Mozilla/5.0 AppleWebKit/537.36 (KHTML, like Gecko; compatible; GPTBot/1.4; +https://openai.com/gptbot)"
74.7.242.58 - - [02/Jul/2026:10:00:35 -0400] "GET /wp-includes/class-wp-admin-bar.php HTTP/1.1" 200 0 "https://jarangomd.com/wp-includes/" "Mozilla/5.0 AppleWebKit/537.36 (KHTML, like Gecko; compatible; GPTBot/1.4; +https://openai.com/gptbot)"
74.7.242.58 - - [02/Jul/2026:10:01:24 -0400] "GET /wp-includes/class-avif-info.php HTTP/1.1" 200 0 "https://jarangomd.com/wp-includes/" "Mozilla/5.0 AppleWebKit/537.36 (KHTML, like Gecko; compatible; GPTBot/1.4; +https://openai.com/gptbot)"
43.157.148.38 - - [02/Jul/2026:10:02:38 -0400] "GET /mac.php?pikachu=L2hvbWUvYXRvbXlsdmIvamFyYW5nb21kLmNvbS93cC1hZG1pbi9qcw HTTP/1.1" 200 9179 "-" "Mozilla/5.0 (iPhone; CPU iPhone OS 13_2_3 like Mac OS X) AppleWebKit/605.1.15 (KHTML, like Gecko) Version/13.0.3 Mobile/15E148 Safari/604.1"
74.7.242.58 - - [02/Jul/2026:10:06:16 -0400] "GET /wp-includes/class-wp-recovery-mode-cookie-service.php HTTP/1.1" 200 0 "https://jarangomd.com/wp-includes/" "Mozilla/5.0 AppleWebKit/537.36 (KHTML, like Gecko; compatible; GPTBot/1.4; +https://openai.com/gptbot)"
