74.7.242.58 - - [02/Jul/2026:19:47:28 -0400] "GET /mac.php?pikachu=Ly91c3IvbG9jYWwvbGliNjQvcGVybDUvWUFNTA HTTP/1.1" 200 3813 "https://jarangomd.com/mac.php?pikachu=Ly91c3IvbG9jYWwvbGliNjQvcGVybDU" "Mozilla/5.0 AppleWebKit/537.36 (KHTML, like Gecko; compatible; GPTBot/1.4; +https://openai.com/gptbot)"
216.73.217.71 - - [02/Jul/2026:19:47:30 -0400] "GET /wp-includes/images/rss-2x.png HTTP/1.1" 200 1306 "-" "Mozilla/5.0 AppleWebKit/537.36 (KHTML, like Gecko; compatible; ClaudeBot/1.0; +claudebot@anthropic.com)"
74.7.242.58 - - [02/Jul/2026:19:47:31 -0400] "GET /mac.php?pikachu=L2hvbWUvYXRvbXlsdmIvbHNjYWNoZS84L2UvYw HTTP/1.1" 200 3869 "https://jarangomd.com/mac.php?pikachu=L2hvbWUvYXRvbXlsdmIvbHNjYWNoZS84L2U" "Mozilla/5.0 AppleWebKit/537.36 (KHTML, like Gecko; compatible; GPTBot/1.4; +https://openai.com/gptbot)"
74.7.242.58 - - [02/Jul/2026:19:47:33 -0400] "GET /mac.php?pikachu=Ly91c3IvaW5jbHVkZS9iaW5kOS9pc2NjYw HTTP/1.1" 200 4163 "https://jarangomd.com/mac.php?pikachu=Ly91c3IvaW5jbHVkZS9iaW5kOQ" "Mozilla/5.0 AppleWebKit/537.36 (KHTML, like Gecko; compatible; GPTBot/1.4; +https://openai.com/gptbot)"
74.7.242.58 - - [02/Jul/2026:19:47:34 -0400] "GET /mac.php?pikachu=Ly91c3IvbG9jYWwvYXBhY2hlL2h0ZG9jcw HTTP/1.1" 200 4192 "https://jarangomd.com/mac.php?pikachu=Ly91c3IvbG9jYWwvYXBhY2hl" "Mozilla/5.0 AppleWebKit/537.36 (KHTML, like Gecko; compatible; GPTBot/1.4; +https://openai.com/gptbot)"
74.7.242.58 - - [02/Jul/2026:19:47:35 -0400] "GET /mac.php?pikachu=Ly91c3IvbG9jYWwvbGliNjQvcGVybDUvSlNPTi9YUw HTTP/1.1" 200 3694 "https://jarangomd.com/mac.php?pikachu=Ly91c3IvbG9jYWwvbGliNjQvcGVybDUvSlNPTg" "Mozilla/5.0 AppleWebKit/537.36 (KHTML, like Gecko; compatible; GPTBot/1.4; +https://openai.com/gptbot)"
74.7.242.58 - - [02/Jul/2026:19:47:36 -0400] "GET /wp-includes/js/dist/$%7Burl%7D HTTP/1.1" 404 1251 "https://jarangomd.com/wp-includes/js/dist/block-library.js" "Mozilla/5.0 AppleWebKit/537.36 (KHTML, like Gecko; compatible; GPTBot/1.4; +https://openai.com/gptbot)"
74.7.242.58 - - [02/Jul/2026:19:47:36 -0400] "GET /wp-includes/js/tinymce/plugins/wordpress/'+k.Env.transparentSrc+' HTTP/1.1" 404 1251 "https://jarangomd.com/wp-includes/js/tinymce/plugins/wordpress/plugin.min.js" "Mozilla/5.0 AppleWebKit/537.36 (KHTML, like Gecko; compatible; GPTBot/1.4; +https://openai.com/gptbot)"
74.7.242.58 - - [02/Jul/2026:19:47:37 -0400] "GET /mac.php?pikachu=Ly9vcHQvYWx0L3B5dGhvbjM1L3NoYXJlL2Jhc2gtY29tcGxldGlvbg HTTP/1.1" 200 3693 "https://jarangomd.com/mac.php?pikachu=Ly9vcHQvYWx0L3B5dGhvbjM1L3NoYXJl" "Mozilla/5.0 AppleWebKit/537.36 (KHTML, like Gecko; compatible; GPTBot/1.4; +https://openai.com/gptbot)"
74.7.242.58 - - [02/Jul/2026:19:47:37 -0400] "GET /mac.php?pikachu=Ly9saWIvcnBtL3BsYXRmb3JtL3BwYzgyNjAtbGludXg HTTP/1.1" 200 3692 "https://jarangomd.com/mac.php?pikachu=Ly9saWIvcnBtL3BsYXRmb3Jt" "Mozilla/5.0 AppleWebKit/537.36 (KHTML, like Gecko; compatible; GPTBot/1.4; +https://openai.com/gptbot)"
74.7.242.58 - - [02/Jul/2026:19:47:38 -0400] "GET /wp-includes/Requests/src/Exception/Transport/error_log HTTP/1.1" 403 1242 "https://jarangomd.com/wp-includes/Requests/src/Exception/Transport/" "Mozilla/5.0 AppleWebKit/537.36 (KHTML, like Gecko; compatible; GPTBot/1.4; +https://openai.com/gptbot)"
193.186.4.227 - - [02/Jul/2026:19:47:42 -0400] "GET /contact/ HTTP/1.1" 404 1251 "https://www.google.com/" "Mozilla/5.0 (Linux; Android 10; K) AppleWebKit/537.36 (KHTML, like Gecko) Chrome/149.0.0.0 Mobile Safari/537.36"
74.7.242.58 - - [02/Jul/2026:19:47:43 -0400] "GET /mac.php?pikachu=Ly91c3IvbG9jYWwvbHN3cy9waHBidWlsZA HTTP/1.1" 200 3562 "https://jarangomd.com/mac.php?pikachu=Ly91c3IvbG9jYWwvbHN3cw" "Mozilla/5.0 AppleWebKit/537.36 (KHTML, like Gecko; compatible; GPTBot/1.4; +https://openai.com/gptbot)"
74.7.242.58 - - [02/Jul/2026:19:47:48 -0400] "GET /mac.php?pikachu=Ly92YXIvc29mdGFjdWxvdXMvb3N0aWMxNA HTTP/1.1" 200 4604 "https://jarangomd.com/mac.php?pikachu=Ly92YXIvc29mdGFjdWxvdXM" "Mozilla/5.0 AppleWebKit/537.36 (KHTML, like Gecko; compatible; GPTBot/1.4; +https://openai.com/gptbot)"
74.7.242.58 - - [02/Jul/2026:19:47:34 -0400] "GET /mac.php?pikachu=Ly91c3IvbG9jYWwvbHN3cy9kb2NzL2Nzcw HTTP/1.1" 200 3686 "https://jarangomd.com/mac.php?pikachu=Ly91c3IvbG9jYWwvbHN3cy9kb2Nz" "Mozilla/5.0 AppleWebKit/537.36 (KHTML, like Gecko; compatible; GPTBot/1.4; +https://openai.com/gptbot)"
74.7.242.58 - - [02/Jul/2026:19:47:35 -0400] "GET /mac.php?pikachu=Ly9saWI2NC9sZGIvbW9kdWxlcy9sZGI HTTP/1.1" 200 4119 "https://jarangomd.com/mac.php?pikachu=Ly9saWI2NC9sZGIvbW9kdWxlcw" "Mozilla/5.0 AppleWebKit/537.36 (KHTML, like Gecko; compatible; GPTBot/1.4; +https://openai.com/gptbot)"
216.73.217.71 - - [02/Jul/2026:19:47:35 -0400] "GET /wp-includes/images/toggle-arrow-2x.png HTTP/1.1" 200 354 "-" "Mozilla/5.0 AppleWebKit/537.36 (KHTML, like Gecko; compatible; ClaudeBot/1.0; +claudebot@anthropic.com)"
74.7.242.58 - - [02/Jul/2026:19:47:38 -0400] "GET /wp-includes/SimplePie/src/Cache/MySQL.php HTTP/1.1" 500 0 "https://jarangomd.com/wp-includes/SimplePie/src/Cache/" "Mozilla/5.0 AppleWebKit/537.36 (KHTML, like Gecko; compatible; GPTBot/1.4; +https://openai.com/gptbot)"
74.7.242.58 - - [02/Jul/2026:19:47:40 -0400] "GET /mac.php?pikachu=Ly9vcHQvYWx0L3BocDgzL3Vzci9saWI2NA HTTP/1.1" 200 3763 "https://jarangomd.com/mac.php?pikachu=Ly9vcHQvYWx0L3BocDgzL3Vzcg" "Mozilla/5.0 AppleWebKit/537.36 (KHTML, like Gecko; compatible; GPTBot/1.4; +https://openai.com/gptbot)"
216.73.217.71 - - [02/Jul/2026:19:47:40 -0400] "GET /wp-includes/images/admin-bar-sprite.png HTTP/1.1" 200 2467 "-" "Mozilla/5.0 AppleWebKit/537.36 (KHTML, like Gecko; compatible; ClaudeBot/1.0; +claudebot@anthropic.com)"
74.7.242.58 - - [02/Jul/2026:19:47:42 -0400] "GET /mac.php?pikachu=Ly9saWI2NC9weXRob24zLjYvYXN5bmNpbw HTTP/1.1" 200 4807 "https://jarangomd.com/mac.php?pikachu=Ly9saWI2NC9weXRob24zLjY" "Mozilla/5.0 AppleWebKit/537.36 (KHTML, like Gecko; compatible; GPTBot/1.4; +https://openai.com/gptbot)"
64.233.172.67 - - [02/Jul/2026:19:47:42 -0400] "GET /.well-known/traffic-advice HTTP/1.1" 404 1251 "-" "Chrome Privacy Preserving Prefetch Proxy"
74.7.242.58 - - [02/Jul/2026:19:47:44 -0400] "GET /mac.php?pikachu=Ly9vcHQvYWx0L3QxbGliL3Vzci9saWI2NA HTTP/1.1" 200 3806 "https://jarangomd.com/mac.php?pikachu=Ly9vcHQvYWx0L3QxbGliL3Vzcg" "Mozilla/5.0 AppleWebKit/537.36 (KHTML, like Gecko; compatible; GPTBot/1.4; +https://openai.com/gptbot)"
216.73.217.71 - - [02/Jul/2026:19:47:45 -0400] "GET /wp-includes/images/icon-pointer-flag-2x.png HTTP/1.1" 200 1369 "-" "Mozilla/5.0 AppleWebKit/537.36 (KHTML, like Gecko; compatible; ClaudeBot/1.0; +claudebot@anthropic.com)"
74.7.242.58 - - [02/Jul/2026:19:47:45 -0400] "GET /mac.php?pikachu=Ly9vcHQvYWx0L3BocDUyL3Vzci9saWI2NA HTTP/1.1" 200 3645 "https://jarangomd.com/mac.php?pikachu=Ly9vcHQvYWx0L3BocDUyL3Vzcg" "Mozilla/5.0 AppleWebKit/537.36 (KHTML, like Gecko; compatible; GPTBot/1.4; +https://openai.com/gptbot)"
74.7.242.58 - - [02/Jul/2026:19:47:46 -0400] "GET /mac.php?pikachu=Ly9vcHQvYWx0L3BocDcwL3Vzci9saWI2NA HTTP/1.1" 200 3760 "https://jarangomd.com/mac.php?pikachu=Ly9vcHQvYWx0L3BocDcwL3Vzcg" "Mozilla/5.0 AppleWebKit/537.36 (KHTML, like Gecko; compatible; GPTBot/1.4; +https://openai.com/gptbot)"
74.7.242.58 - - [02/Jul/2026:19:47:47 -0400] "GET /mac.php?pikachu=Ly9vcHQvYWx0L3BocDgxL3Vzci9saWI2NA HTTP/1.1" 200 3761 "https://jarangomd.com/mac.php?pikachu=Ly9vcHQvYWx0L3BocDgxL3Vzcg" "Mozilla/5.0 AppleWebKit/537.36 (KHTML, like Gecko; compatible; GPTBot/1.4; +https://openai.com/gptbot)"
74.7.242.58 - - [02/Jul/2026:19:47:49 -0400] "GET /mac.php?pikachu=Ly9vcHQvYWx0L3BocDUxL3Vzci9saWI2NA HTTP/1.1" 200 3646 "https://jarangomd.com/mac.php?pikachu=Ly9vcHQvYWx0L3BocDUxL3Vzcg" "Mozilla/5.0 AppleWebKit/537.36 (KHTML, like Gecko; compatible; GPTBot/1.4; +https://openai.com/gptbot)"
74.7.242.58 - - [02/Jul/2026:19:47:50 -0400] "GET /mac.php?pikachu=Ly92YXIvc29mdGFjdWxvdXMvb3N0aWMxNw HTTP/1.1" 200 4741 "https://jarangomd.com/mac.php?pikachu=Ly92YXIvc29mdGFjdWxvdXM" "Mozilla/5.0 AppleWebKit/537.36 (KHTML, like Gecko; compatible; GPTBot/1.4; +https://openai.com/gptbot)"
74.7.242.58 - - [02/Jul/2026:19:47:51 -0400] "GET /mac.php?pikachu=Ly9vcHQvYWx0L3BocDgzL2V0Yy9waHAuZA HTTP/1.1" 200 3936 "https://jarangomd.com/mac.php?pikachu=Ly9vcHQvYWx0L3BocDgzL2V0Yw" "Mozilla/5.0 AppleWebKit/537.36 (KHTML, like Gecko; compatible; GPTBot/1.4; +https://openai.com/gptbot)"
74.7.242.58 - - [02/Jul/2026:19:47:52 -0400] "GET /mac.php?pikachu=Ly9vcHQvYWx0L3BocDUzL3Vzci9saWI2NA HTTP/1.1" 200 3644 "https://jarangomd.com/mac.php?pikachu=Ly9vcHQvYWx0L3BocDUzL3Vzcg" "Mozilla/5.0 AppleWebKit/537.36 (KHTML, like Gecko; compatible; GPTBot/1.4; +https://openai.com/gptbot)"
74.7.242.58 - - [02/Jul/2026:19:47:54 -0400] "GET /wp-includes/sodium_compat/src/Core/HSalsa20.php HTTP/1.1" 500 0 "https://jarangomd.com/wp-includes/sodium_compat/src/Core/" "Mozilla/5.0 AppleWebKit/537.36 (KHTML, like Gecko; compatible; GPTBot/1.4; +https://openai.com/gptbot)"
216.73.217.71 - - [02/Jul/2026:19:47:55 -0400] "GET /wp-includes/fonts/dashicons.svg HTTP/1.1" 200 38972 "-" "Mozilla/5.0 AppleWebKit/537.36 (KHTML, like Gecko; compatible; ClaudeBot/1.0; +claudebot@anthropic.com)"
74.7.242.58 - - [02/Jul/2026:19:47:56 -0400] "GET /wp-includes/js/dist/primitives.js HTTP/1.1" 200 1455 "https://jarangomd.com/wp-includes/js/dist/" "Mozilla/5.0 AppleWebKit/537.36 (KHTML, like Gecko; compatible; GPTBot/1.4; +https://openai.com/gptbot)"
216.73.217.71 - - [02/Jul/2026:19:48:00 -0400] "GET /wp-includes/images/xit.gif HTTP/1.1" 200 181 "-" "Mozilla/5.0 AppleWebKit/537.36 (KHTML, like Gecko; compatible; ClaudeBot/1.0; +claudebot@anthropic.com)"
74.7.242.58 - - [02/Jul/2026:19:48:01 -0400] "GET /wp-includes/js/dist/development/ HTTP/1.1" 200 719 "https://jarangomd.com/wp-includes/js/dist/" "Mozilla/5.0 AppleWebKit/537.36 (KHTML, like Gecko; compatible; GPTBot/1.4; +https://openai.com/gptbot)"
74.7.242.58 - - [02/Jul/2026:19:48:05 -0400] "GET /wp-includes/js/plupload/moxie.js HTTP/1.1" 200 64081 "https://jarangomd.com/wp-includes/js/plupload/" "Mozilla/5.0 AppleWebKit/537.36 (KHTML, like Gecko; compatible; GPTBot/1.4; +https://openai.com/gptbot)"
216.73.217.71 - - [02/Jul/2026:19:48:11 -0400] "GET /mac.php?pikachu=L2hvbWUvYXRvbXlsdmIvamFyYW5nb21kLmNvbS9vbGQvd3AtY29udGVudA HTTP/1.1" 200 3795 "-" "Mozilla/5.0 AppleWebKit/537.36 (KHTML, like Gecko; compatible; ClaudeBot/1.0; +claudebot@anthropic.com)"
74.7.242.58 - - [02/Jul/2026:19:48:15 -0400] "GET /wp-includes/sodium_compat/src/Core/AES/ HTTP/1.1" 200 754 "https://jarangomd.com/wp-includes/sodium_compat/src/Core/" "Mozilla/5.0 AppleWebKit/537.36 (KHTML, like Gecko; compatible; GPTBot/1.4; +https://openai.com/gptbot)"
216.73.217.71 - - [02/Jul/2026:19:48:15 -0400] "GET /wp-includes/images/w-logo-blue-white-bg.png HTTP/1.1" 200 4119 "-" "Mozilla/5.0 AppleWebKit/537.36 (KHTML, like Gecko; compatible; ClaudeBot/1.0; +claudebot@anthropic.com)"
74.7.242.58 - - [02/Jul/2026:19:48:21 -0400] "GET /wp-includes/sodium_compat/namespaced/Core/ChaCha20/Ctx.php HTTP/1.1" 500 0 "https://jarangomd.com/wp-includes/sodium_compat/namespaced/Core/ChaCha20/" "Mozilla/5.0 AppleWebKit/537.36 (KHTML, like Gecko; compatible; GPTBot/1.4; +https://openai.com/gptbot)"
74.7.242.58 - - [02/Jul/2026:19:48:23 -0400] "GET /wp-includes/sodium_compat/namespaced/Core/SipHash.php HTTP/1.1" 500 0 "https://jarangomd.com/wp-includes/sodium_compat/namespaced/Core/" "Mozilla/5.0 AppleWebKit/537.36 (KHTML, like Gecko; compatible; GPTBot/1.4; +https://openai.com/gptbot)"
216.73.217.71 - - [02/Jul/2026:19:48:25 -0400] "GET /mac.php?pikachu=L2hvbWUvYXRvbXlsdmIvdGVzdC5hdG9taWNzaXRlLnVz HTTP/1.1" 200 3566 "-" "Mozilla/5.0 AppleWebKit/537.36 (KHTML, like Gecko; compatible; ClaudeBot/1.0; +claudebot@anthropic.com)"
74.7.242.58 - - [02/Jul/2026:19:48:30 -0400] "GET /mac.php?pikachu=Ly9wcm9jLzM2NDIyMzAvcm9vdC92YXIvbHZl HTTP/1.1" 200 5226 "https://jarangomd.com/mac.php?pikachu=Ly9wcm9jLzM2NDIyMzAvcm9vdC92YXI" "Mozilla/5.0 AppleWebKit/537.36 (KHTML, like Gecko; compatible; GPTBot/1.4; +https://openai.com/gptbot)"
74.7.242.58 - - [02/Jul/2026:19:47:50 -0400] "GET /mac.php?pikachu=Ly9vcHQvYWx0L3BocDUzL2V0Yy9waHAuZA HTTP/1.1" 200 3939 "https://jarangomd.com/mac.php?pikachu=Ly9vcHQvYWx0L3BocDUzL2V0Yw" "Mozilla/5.0 AppleWebKit/537.36 (KHTML, like Gecko; compatible; GPTBot/1.4; +https://openai.com/gptbot)"
216.73.217.71 - - [02/Jul/2026:19:47:50 -0400] "GET /old/wp-admin/images/wordpress-logo.png HTTP/1.1" 200 2480 "-" "Mozilla/5.0 AppleWebKit/537.36 (KHTML, like Gecko; compatible; ClaudeBot/1.0; +claudebot@anthropic.com)"
74.7.242.58 - - [02/Jul/2026:19:47:51 -0400] "GET /mac.php?pikachu=Ly9vcHQvYWx0L3J1YnkxOC9zaGFyZS9yaQ HTTP/1.1" 200 3661 "https://jarangomd.com/mac.php?pikachu=Ly9vcHQvYWx0L3J1YnkxOC9zaGFyZQ" "Mozilla/5.0 AppleWebKit/537.36 (KHTML, like Gecko; compatible; GPTBot/1.4; +https://openai.com/gptbot)"
74.7.242.58 - - [02/Jul/2026:19:47:52 -0400] "GET /mac.php?pikachu=Ly9vcHQvYWx0L3BocDgyL3Vzci9saWI2NA HTTP/1.1" 200 3761 "https://jarangomd.com/mac.php?pikachu=Ly9vcHQvYWx0L3BocDgyL3Vzcg" "Mozilla/5.0 AppleWebKit/537.36 (KHTML, like Gecko; compatible; GPTBot/1.4; +https://openai.com/gptbot)"
74.7.242.58 - - [02/Jul/2026:19:47:53 -0400] "GET /mac.php?pikachu=Ly9vcHQvYWx0L3BocDUzL2xpbmsvY29uZg HTTP/1.1" 200 3930 "https://jarangomd.com/mac.php?pikachu=Ly9vcHQvYWx0L3BocDUzL2xpbms" "Mozilla/5.0 AppleWebKit/537.36 (KHTML, like Gecko; compatible; GPTBot/1.4; +https://openai.com/gptbot)"
74.7.242.58 - - [02/Jul/2026:19:47:53 -0400] "GET /wp-includes/js/dist/deprecated.js HTTP/1.1" 200 799 "https://jarangomd.com/wp-includes/js/dist/" "Mozilla/5.0 AppleWebKit/537.36 (KHTML, like Gecko; compatible; GPTBot/1.4; +https://openai.com/gptbot)"
74.7.242.58 - - [02/Jul/2026:19:47:54 -0400] "GET /wp-includes/sodium_compat/src/Core/XSalsa20.php HTTP/1.1" 500 0 "https://jarangomd.com/wp-includes/sodium_compat/src/Core/" "Mozilla/5.0 AppleWebKit/537.36 (KHTML, like Gecko; compatible; GPTBot/1.4; +https://openai.com/gptbot)"
216.73.217.71 - - [02/Jul/2026:19:48:05 -0400] "GET /wp-includes/images/blank.gif HTTP/1.1" 200 43 "-" "Mozilla/5.0 AppleWebKit/537.36 (KHTML, like Gecko; compatible; ClaudeBot/1.0; +claudebot@anthropic.com)"
74.7.242.58 - - [02/Jul/2026:19:48:09 -0400] "GET /wp-includes/js/dist/wordcount.js HTTP/1.1" 200 2760 "https://jarangomd.com/wp-includes/js/dist/" "Mozilla/5.0 AppleWebKit/537.36 (KHTML, like Gecko; compatible; GPTBot/1.4; +https://openai.com/gptbot)"
74.7.242.58 - - [02/Jul/2026:19:48:12 -0400] "GET /wp-includes/js/dist/components.js HTTP/1.1" 200 540161 "https://jarangomd.com/wp-includes/js/dist/" "Mozilla/5.0 AppleWebKit/537.36 (KHTML, like Gecko; compatible; GPTBot/1.4; +https://openai.com/gptbot)"
74.7.242.58 - - [02/Jul/2026:19:48:18 -0400] "GET /wp-includes/sodium_compat/src/Core/AEGIS/ HTTP/1.1" 200 675 "https://jarangomd.com/wp-includes/sodium_compat/src/Core/" "Mozilla/5.0 AppleWebKit/537.36 (KHTML, like Gecko; compatible; GPTBot/1.4; +https://openai.com/gptbot)"
216.73.217.71 - - [02/Jul/2026:19:48:21 -0400] "GET /mac.php?pikachu=L2hvbWUvYXRvbXlsdmIvc29mdGFjdWxvdXNfYmFja3Vwcw HTTP/1.1" 200 3671 "-" "Mozilla/5.0 AppleWebKit/537.36 (KHTML, like Gecko; compatible; ClaudeBot/1.0; +claudebot@anthropic.com)"
216.73.217.71 - - [02/Jul/2026:19:48:29 -0400] "GET /mac.php?pikachu=L2hvbWUvYXRvbXlsdmIvZGVsZXRlLmF0b21pY3NpdGUudXM HTTP/1.1" 200 3973 "-" "Mozilla/5.0 AppleWebKit/537.36 (KHTML, like Gecko; compatible; ClaudeBot/1.0; +claudebot@anthropic.com)"
216.73.217.71 - - [02/Jul/2026:19:48:43 -0400] "GET /mac.php?pikachu=L2hvbWUvYXRvbXlsdmIvamFyYW5nb21kLmNvbS93cC1pbmNsdWRlcy9pbWFnZXM HTTP/1.1" 200 5053 "-" "Mozilla/5.0 AppleWebKit/537.36 (KHTML, like Gecko; compatible; ClaudeBot/1.0; +claudebot@anthropic.com)"
74.7.242.58 - - [02/Jul/2026:19:48:50 -0400] "GET /mac.php?pikachu=Ly9vcHQvYWx0L3BocDc0L3Vzci9pbmNsdWRl HTTP/1.1" 200 3653 "https://jarangomd.com/mac.php?pikachu=Ly9vcHQvYWx0L3BocDc0L3Vzcg" "Mozilla/5.0 AppleWebKit/537.36 (KHTML, like Gecko; compatible; GPTBot/1.4; +https://openai.com/gptbot)"
216.73.217.71 - - [02/Jul/2026:19:48:53 -0400] "GET /mac.php?pikachu=L2hvbWUvYXRvbXlsdmIvamFyYW5nb21kLmNvbS93cC1jb250ZW50L3VwbG9hZHM HTTP/1.1" 200 5482 "-" "Mozilla/5.0 AppleWebKit/537.36 (KHTML, like Gecko; compatible; ClaudeBot/1.0; +claudebot@anthropic.com)"
216.73.217.71 - - [02/Jul/2026:19:48:58 -0400] "GET /mac.php?pikachu=L2hvbWUvYXRvbXlsdmIvamFyYW5nb21kLmNvbS93cC1jb250ZW50L3RoZW1lcw HTTP/1.1" 200 4015 "-" "Mozilla/5.0 AppleWebKit/537.36 (KHTML, like Gecko; compatible; ClaudeBot/1.0; +claudebot@anthropic.com)"
216.73.217.71 - - [02/Jul/2026:19:49:01 -0400] "GET /mac.php?pikachu=L2hvbWUvYXRvbXlsdmIvLnNwYW1hc3Nhc3Npbg HTTP/1.1" 200 3867 "-" "Mozilla/5.0 AppleWebKit/537.36 (KHTML, like Gecko; compatible; ClaudeBot/1.0; +claudebot@anthropic.com)"
74.7.242.58 - - [02/Jul/2026:19:49:08 -0400] "GET /mac.php?pikachu=Ly9wcm9jLzQxMTMzODIvcm9vdC92YXIvdG1w HTTP/1.1" 200 4473 "https://jarangomd.com/mac.php?pikachu=Ly9wcm9jLzQxMTMzODIvcm9vdC92YXI" "Mozilla/5.0 AppleWebKit/537.36 (KHTML, like Gecko; compatible; GPTBot/1.4; +https://openai.com/gptbot)"
216.73.217.71 - - [02/Jul/2026:19:49:11 -0400] "GET /mac.php?pikachu=L2hvbWUvYXRvbXlsdmIvY2Fyd2FzaC5hdG9taWNzaXRlLnVz HTTP/1.1" 200 3711 "-" "Mozilla/5.0 AppleWebKit/537.36 (KHTML, like Gecko; compatible; ClaudeBot/1.0; +claudebot@anthropic.com)"
216.73.217.71 - - [02/Jul/2026:19:49:16 -0400] "GET /mac.php?pikachu=L2hvbWUvYXRvbXlsdmIvbWRzb3guYXRvbWljc2l0ZS51cw HTTP/1.1" 200 3699 "-" "Mozilla/5.0 AppleWebKit/537.36 (KHTML, like Gecko; compatible; ClaudeBot/1.0; +claudebot@anthropic.com)"
216.73.217.71 - - [02/Jul/2026:19:49:21 -0400] "GET /mac.php?pikachu=L2hvbWUvYXRvbXlsdmIvbWlrZXNjaG1pZGNwYS5jb20 HTTP/1.1" 200 5139 "-" "Mozilla/5.0 AppleWebKit/537.36 (KHTML, like Gecko; compatible; ClaudeBot/1.0; +claudebot@anthropic.com)"
74.7.242.58 - - [02/Jul/2026:19:49:24 -0400] "GET /wp-includes/js/dist/development/react-refresh-runtime.min.js HTTP/1.1" 200 6488 "https://jarangomd.com/wp-includes/js/dist/development/" "Mozilla/5.0 AppleWebKit/537.36 (KHTML, like Gecko; compatible; GPTBot/1.4; +https://openai.com/gptbot)"
216.73.217.71 - - [02/Jul/2026:19:49:26 -0400] "GET /mac.php?pikachu=L2hvbWUvYXRvbXlsdmIvbWlrZS5hdG9taWNzaXRlLnVz HTTP/1.1" 200 3694 "-" "Mozilla/5.0 AppleWebKit/537.36 (KHTML, like Gecko; compatible; ClaudeBot/1.0; +claudebot@anthropic.com)"
216.73.217.71 - - [02/Jul/2026:19:49:31 -0400] "GET /mac.php?pikachu=L2hvbWUvYXRvbXlsdmIvY3BhbWlrZXNjaG1pZC5jb20 HTTP/1.1" 200 3695 "-" "Mozilla/5.0 AppleWebKit/537.36 (KHTML, like Gecko; compatible; ClaudeBot/1.0; +claudebot@anthropic.com)"
216.73.217.71 - - [02/Jul/2026:19:49:36 -0400] "GET /mac.php?pikachu=L2hvbWUvYXRvbXlsdmIvanIuYXRvbWljc2l0ZS51cw HTTP/1.1" 200 4972 "-" "Mozilla/5.0 AppleWebKit/537.36 (KHTML, like Gecko; compatible; ClaudeBot/1.0; +claudebot@anthropic.com)"
74.7.242.58 - - [02/Jul/2026:19:49:38 -0400] "GET /wp-includes/js/dist/development/react-refresh-entry.min.js HTTP/1.1" 200 9033 "https://jarangomd.com/wp-includes/js/dist/development/" "Mozilla/5.0 AppleWebKit/537.36 (KHTML, like Gecko; compatible; GPTBot/1.4; +https://openai.com/gptbot)"
216.73.217.71 - - [02/Jul/2026:19:49:41 -0400] "GET /mac.php?pikachu=L2hvbWUvYXRvbXlsdmIvdGhlLXdhdGVyaG91c2UuY29t HTTP/1.1" 200 5204 "-" "Mozilla/5.0 AppleWebKit/537.36 (KHTML, like Gecko; compatible; ClaudeBot/1.0; +claudebot@anthropic.com)"
216.73.217.71 - - [02/Jul/2026:19:49:46 -0400] "GET /mac.php?pikachu=L2hvbWUvYXRvbXlsdmIvcHVibGljX2h0bWw HTTP/1.1" 200 3691 "-" "Mozilla/5.0 AppleWebKit/537.36 (KHTML, like Gecko; compatible; ClaudeBot/1.0; +claudebot@anthropic.com)"
216.73.217.71 - - [02/Jul/2026:19:49:51 -0400] "GET /mac.php?pikachu=L2hvbWUvYXRvbXlsdmIvLnN1YmFjY291bnRz HTTP/1.1" 200 3698 "-" "Mozilla/5.0 AppleWebKit/537.36 (KHTML, like Gecko; compatible; ClaudeBot/1.0; +claudebot@anthropic.com)"
216.73.217.71 - - [02/Jul/2026:19:49:56 -0400] "GET /mac.php?pikachu=L2hvbWUvYXRvbXlsdmIvbmNyLmF0b21pY3NpdGUudXM HTTP/1.1" 200 3743 "-" "Mozilla/5.0 AppleWebKit/537.36 (KHTML, like Gecko; compatible; ClaudeBot/1.0; +claudebot@anthropic.com)"
216.73.217.71 - - [02/Jul/2026:19:48:32 -0400] "GET /mac.php?pikachu=L2hvbWUvYXRvbXlsdmIvcHVibGljX2Z0cA HTTP/1.1" 200 3668 "-" "Mozilla/5.0 AppleWebKit/537.36 (KHTML, like Gecko; compatible; ClaudeBot/1.0; +claudebot@anthropic.com)"
216.73.217.71 - - [02/Jul/2026:19:48:37 -0400] "GET /mac.php?pikachu=L2hvbWUvYXRvbXlsdmIvZG9yc2V5c2dpZnQuY29t HTTP/1.1" 200 3738 "-" "Mozilla/5.0 AppleWebKit/537.36 (KHTML, like Gecko; compatible; ClaudeBot/1.0; +claudebot@anthropic.com)"
216.73.217.71 - - [02/Jul/2026:19:48:42 -0400] "GET /mac.php?pikachu=L2hvbWUvYXRvbXlsdmIvY2Fyd2FzaGNpdHllcC5jb20 HTTP/1.1" 200 5428 "-" "Mozilla/5.0 AppleWebKit/537.36 (KHTML, like Gecko; compatible; ClaudeBot/1.0; +claudebot@anthropic.com)"
216.73.217.71 - - [02/Jul/2026:19:48:48 -0400] "GET /mac.php?pikachu=L2hvbWUvYXRvbXlsdmIvc3BzaWVycmFwbGFuY2hvaWNlLmF0b21pY3NpdGUudXM HTTP/1.1" 200 3624 "-" "Mozilla/5.0 AppleWebKit/537.36 (KHTML, like Gecko; compatible; ClaudeBot/1.0; +claudebot@anthropic.com)"
216.73.217.71 - - [02/Jul/2026:19:49:06 -0400] "GET /mac.php?pikachu=L2hvbWUvYXRvbXlsdmIvamFyYW5nb21kLmNvbS9vbGQvd3AtYWRtaW4 HTTP/1.1" 200 8598 "-" "Mozilla/5.0 AppleWebKit/537.36 (KHTML, like Gecko; compatible; ClaudeBot/1.0; +claudebot@anthropic.com)"
74.7.242.58 - - [02/Jul/2026:19:49:52 -0400] "GET /wp-includes/js/dist/development/react-refresh-runtime.js HTTP/1.1" 200 6488 "https://jarangomd.com/wp-includes/js/dist/development/" "Mozilla/5.0 AppleWebKit/537.36 (KHTML, like Gecko; compatible; GPTBot/1.4; +https://openai.com/gptbot)"
216.73.217.71 - - [02/Jul/2026:19:50:02 -0400] "GET /mac.php?pikachu=L2hvbWUvYXRvbXlsdmIvamFyYW5nb21kLmNvbS93cC1pbmNsdWRlcy9pbnRlcmFjdGl2aXR5LWFwaQ HTTP/1.1" 200 4065 "-" "Mozilla/5.0 AppleWebKit/537.36 (KHTML, like Gecko; compatible; ClaudeBot/1.0; +claudebot@anthropic.com)"
74.7.242.58 - - [02/Jul/2026:19:50:04 -0400] "GET /wp-includes/js/dist/index.module.js.map HTTP/1.1" 404 1251 "https://jarangomd.com/wp-includes/js/dist/components.js" "Mozilla/5.0 AppleWebKit/537.36 (KHTML, like Gecko; compatible; GPTBot/1.4; +https://openai.com/gptbot)"
216.73.217.71 - - [02/Jul/2026:19:50:07 -0400] "GET /mac.php?pikachu=L2hvbWUvYXRvbXlsdmIvamFyYW5nb21kLmNvbS93cC1pbmNsdWRlcy90aGVtZS1jb21wYXQ HTTP/1.1" 200 4332 "-" "Mozilla/5.0 AppleWebKit/537.36 (KHTML, like Gecko; compatible; ClaudeBot/1.0; +claudebot@anthropic.com)"
216.73.217.71 - - [02/Jul/2026:19:50:12 -0400] "GET /mac.php?pikachu=L2hvbWUvYXRvbXlsdmIvamFyYW5nb21kLmNvbS93cC1pbmNsdWRlcy9ibG9jay1iaW5kaW5ncw HTTP/1.1" 200 4006 "-" "Mozilla/5.0 AppleWebKit/537.36 (KHTML, like Gecko; compatible; ClaudeBot/1.0; +claudebot@anthropic.com)"
74.7.242.58 - - [02/Jul/2026:19:50:15 -0400] "GET /wp-includes/js/dist/development/react-refresh-entry.js HTTP/1.1" 200 9033 "https://jarangomd.com/wp-includes/js/dist/development/" "Mozilla/5.0 AppleWebKit/537.36 (KHTML, like Gecko; compatible; GPTBot/1.4; +https://openai.com/gptbot)"
216.73.217.71 - - [02/Jul/2026:19:50:17 -0400] "GET /mac.php?pikachu=L2hvbWUvYXRvbXlsdmIvamFyYW5nb21kLmNvbS93cC1pbmNsdWRlcy9ibG9jay1zdXBwb3J0cw HTTP/1.1" 200 4761 "-" "Mozilla/5.0 AppleWebKit/537.36 (KHTML, like Gecko; compatible; ClaudeBot/1.0; +claudebot@anthropic.com)"
216.73.217.71 - - [02/Jul/2026:19:50:22 -0400] "GET /mac.php?pikachu=L2hvbWUvYXRvbXlsdmIvamFyYW5nb21kLmNvbS93cC1pbmNsdWRlcy9ibG9jay1wYXR0ZXJucw HTTP/1.1" 200 4206 "-" "Mozilla/5.0 AppleWebKit/537.36 (KHTML, like Gecko; compatible; ClaudeBot/1.0; +claudebot@anthropic.com)"
74.7.242.58 - - [02/Jul/2026:19:50:26 -0400] "GET /wp-includes/js/plupload/'%20+%20dataUrl%20+%20' HTTP/1.1" 404 1251 "https://jarangomd.com/wp-includes/js/plupload/moxie.js" "Mozilla/5.0 AppleWebKit/537.36 (KHTML, like Gecko; compatible; GPTBot/1.4; +https://openai.com/gptbot)"
216.73.217.71 - - [02/Jul/2026:19:50:32 -0400] "GET /mac.php?pikachu=L2hvbWUvYXRvbXlsdmIvamFyYW5nb21kLmNvbS93cC1pbmNsdWRlcy9zdHlsZS1lbmdpbmU HTTP/1.1" 200 4060 "-" "Mozilla/5.0 AppleWebKit/537.36 (KHTML, like Gecko; compatible; ClaudeBot/1.0; +claudebot@anthropic.com)"
216.73.217.71 - - [02/Jul/2026:19:50:27 -0400] "GET /mac.php?pikachu=L2hvbWUvYXRvbXlsdmIvamFyYW5nb21kLmNvbS93cC1jb250ZW50L3VwZ3JhZGUtdGVtcC1iYWNrdXA HTTP/1.1" 200 3617 "-" "Mozilla/5.0 AppleWebKit/537.36 (KHTML, like Gecko; compatible; ClaudeBot/1.0; +claudebot@anthropic.com)"
216.73.217.71 - - [02/Jul/2026:19:50:37 -0400] "GET /mac.php?pikachu=L2hvbWUvYXRvbXlsdmIvamFyYW5nb21kLmNvbS93cC1pbmNsdWRlcy9TaW1wbGVQaWU HTTP/1.1" 200 3874 "-" "Mozilla/5.0 AppleWebKit/537.36 (KHTML, like Gecko; compatible; ClaudeBot/1.0; +claudebot@anthropic.com)"
216.73.217.71 - - [02/Jul/2026:19:50:42 -0400] "GET /mac.php?pikachu=L2hvbWUvYXRvbXlsdmIvamFyYW5nb21kLmNvbS93cC1pbmNsdWRlcy9zb2RpdW1fY29tcGF0 HTTP/1.1" 200 4125 "-" "Mozilla/5.0 AppleWebKit/537.36 (KHTML, like Gecko; compatible; ClaudeBot/1.0; +claudebot@anthropic.com)"
74.7.242.58 - - [02/Jul/2026:19:50:45 -0400] "GET /wp-includes/sodium_compat/src/Core/AEGIS/State256.php HTTP/1.1" 200 0 "https://jarangomd.com/wp-includes/sodium_compat/src/Core/AEGIS/" "Mozilla/5.0 AppleWebKit/537.36 (KHTML, like Gecko; compatible; GPTBot/1.4; +https://openai.com/gptbot)"
216.73.217.71 - - [02/Jul/2026:19:50:47 -0400] "GET /mac.php?pikachu=L2hvbWUvYXRvbXlsdmIvamFyYW5nb21kLmNvbS93cC1pbmNsdWRlcy9jdXN0b21pemU HTTP/1.1" 200 5724 "-" "Mozilla/5.0 AppleWebKit/537.36 (KHTML, like Gecko; compatible; ClaudeBot/1.0; +claudebot@anthropic.com)"
216.73.217.71 - - [02/Jul/2026:19:50:52 -0400] "GET /mac.php?pikachu=L2hvbWUvYXRvbXlsdmIvamFyYW5nb21kLmNvbS93cC1pbmNsdWRlcy9yZXN0LWFwaQ HTTP/1.1" 200 4134 "-" "Mozilla/5.0 AppleWebKit/537.36 (KHTML, like Gecko; compatible; ClaudeBot/1.0; +claudebot@anthropic.com)"
216.73.217.71 - - [02/Jul/2026:19:51:02 -0400] "GET /mac.php?pikachu=L2hvbWUvYXRvbXlsdmIvamFyYW5nb21kLmNvbS93cC1pbmNsdWRlcy9zaXRlbWFwcw HTTP/1.1" 200 4120 "-" "Mozilla/5.0 AppleWebKit/537.36 (KHTML, like Gecko; compatible; ClaudeBot/1.0; +claudebot@anthropic.com)"
74.7.242.58 - - [02/Jul/2026:19:51:15 -0400] "GET /mac.php?pikachu=L2hvbWUvYXRvbXlsdmIvbWFpbC8uRHJhZnRzL25ldw HTTP/1.1" 200 3558 "https://jarangomd.com/mac.php?pikachu=L2hvbWUvYXRvbXlsdmIvbWFpbC8uRHJhZnRz" "Mozilla/5.0 AppleWebKit/537.36 (KHTML, like Gecko; compatible; GPTBot/1.4; +https://openai.com/gptbot)"
40.77.167.42 - - [02/Jul/2026:19:51:21 -0400] "GET /prizes/180996951 HTTP/1.1" 404 1251 "-" "Mozilla/5.0 AppleWebKit/537.36 (KHTML, like Gecko; compatible; bingbot/2.0; +http://www.bing.com/bingbot.htm) Chrome/116.0.1938.76 Safari/537.36"
74.7.242.58 - - [02/Jul/2026:19:51:21 -0400] "GET /mac.php?pikachu=Ly92YXIvc29mdGFjdWxvdXMvemlrdWxhMTUvcGhwODE HTTP/1.1" 200 3891 "https://jarangomd.com/mac.php?pikachu=Ly92YXIvc29mdGFjdWxvdXMvemlrdWxhMTU" "Mozilla/5.0 AppleWebKit/537.36 (KHTML, like Gecko; compatible; GPTBot/1.4; +https://openai.com/gptbot)"
74.7.242.58 - - [02/Jul/2026:19:51:35 -0400] "GET /mac.php?pikachu=Ly9saWIvcnBtL3BsYXRmb3JtL3NwYXJjNjQtbGludXg HTTP/1.1" 200 3693 "https://jarangomd.com/mac.php?pikachu=Ly9saWIvcnBtL3BsYXRmb3Jt" "Mozilla/5.0 AppleWebKit/537.36 (KHTML, like Gecko; compatible; GPTBot/1.4; +https://openai.com/gptbot)"
74.7.242.58 - - [02/Jul/2026:19:51:45 -0400] "GET /mac.php?pikachu=Ly9saWIvcnBtL3BsYXRmb3JtL3NwYXJjdjktbGludXg HTTP/1.1" 200 3693 "https://jarangomd.com/mac.php?pikachu=Ly9saWIvcnBtL3BsYXRmb3Jt" "Mozilla/5.0 AppleWebKit/537.36 (KHTML, like Gecko; compatible; GPTBot/1.4; +https://openai.com/gptbot)"
74.7.242.58 - - [02/Jul/2026:19:51:48 -0400] "GET /mac.php?pikachu=Ly9vcHQvYWx0L3BocDU0L3Vzci9zaGFyZQ HTTP/1.1" 200 3935 "https://jarangomd.com/mac.php?pikachu=Ly9vcHQvYWx0L3BocDU0L3Vzcg" "Mozilla/5.0 AppleWebKit/537.36 (KHTML, like Gecko; compatible; GPTBot/1.4; +https://openai.com/gptbot)"
198.54.125.222 - - [02/Jul/2026:19:51:49 -0400] "POST /wp-cron.php?doing_wp_cron=1783036309.6466259956359863281250 HTTP/1.1" 200 0 "-" "WordPress/6.9.4; https://jarangomd.com"
167.99.197.34 - - [02/Jul/2026:19:51:49 -0400] "GET /wp-login.php HTTP/1.1" 200 1809 "-" "Mozilla/5.0 (Windows NT 10.0; Win64; x64) AppleWebKit/537.36 (KHTML, like Gecko) Chrome/120.0.0.0 Safari/537.36"
74.7.242.58 - - [02/Jul/2026:19:50:35 -0400] "GET /wp-includes/sodium_compat/src/Core/AEGIS/State128L.php HTTP/1.1" 200 0 "https://jarangomd.com/wp-includes/sodium_compat/src/Core/AEGIS/" "Mozilla/5.0 AppleWebKit/537.36 (KHTML, like Gecko; compatible; GPTBot/1.4; +https://openai.com/gptbot)"
74.7.242.58 - - [02/Jul/2026:19:50:53 -0400] "GET /mac.php?pikachu=Ly9wcm9jLzQxMTMzODIvcm9vdC92YXIvbG9n HTTP/1.1" 200 3937 "https://jarangomd.com/mac.php?pikachu=Ly9wcm9jLzQxMTMzODIvcm9vdC92YXI" "Mozilla/5.0 AppleWebKit/537.36 (KHTML, like Gecko; compatible; GPTBot/1.4; +https://openai.com/gptbot)"
216.73.217.71 - - [02/Jul/2026:19:50:57 -0400] "GET /mac.php?pikachu=L2hvbWUvYXRvbXlsdmIvamFyYW5nb21kLmNvbS93cC1pbmNsdWRlcy9odG1sLWFwaQ HTTP/1.1" 200 4681 "-" "Mozilla/5.0 AppleWebKit/537.36 (KHTML, like Gecko; compatible; ClaudeBot/1.0; +claudebot@anthropic.com)"
74.7.242.58 - - [02/Jul/2026:19:51:01 -0400] "GET /mac.php?pikachu=Ly92YXIvc29mdGFjdWxvdXMvc2VvL3BocDUz HTTP/1.1" 200 3892 "https://jarangomd.com/mac.php?pikachu=Ly92YXIvc29mdGFjdWxvdXMvc2Vv" "Mozilla/5.0 AppleWebKit/537.36 (KHTML, like Gecko; compatible; GPTBot/1.4; +https://openai.com/gptbot)"
216.73.217.71 - - [02/Jul/2026:19:51:07 -0400] "GET /mac.php?pikachu=L2hvbWUvYXRvbXlsdmIvamFyYW5nb21kLmNvbS93cC1pbmNsdWRlcy9hYmlsaXRpZXMtYXBp HTTP/1.1" 200 4028 "-" "Mozilla/5.0 AppleWebKit/537.36 (KHTML, like Gecko; compatible; ClaudeBot/1.0; +claudebot@anthropic.com)"
74.7.242.58 - - [02/Jul/2026:19:51:09 -0400] "GET /mac.php?pikachu=Ly92YXIvc29mdGFjdWxvdXMvemlrdWxhMTUvcGhwNzE HTTP/1.1" 200 3891 "https://jarangomd.com/mac.php?pikachu=Ly92YXIvc29mdGFjdWxvdXMvemlrdWxhMTU" "Mozilla/5.0 AppleWebKit/537.36 (KHTML, like Gecko; compatible; GPTBot/1.4; +https://openai.com/gptbot)"
74.7.242.58 - - [02/Jul/2026:19:51:26 -0400] "GET /mac.php?pikachu=Ly9wcm9jLzQxMTMzODIvcm9vdC9vcHQvTWVnYVJBSUQ HTTP/1.1" 200 3579 "https://jarangomd.com/mac.php?pikachu=Ly9wcm9jLzQxMTMzODIvcm9vdC9vcHQ" "Mozilla/5.0 AppleWebKit/537.36 (KHTML, like Gecko; compatible; GPTBot/1.4; +https://openai.com/gptbot)"
74.7.242.58 - - [02/Jul/2026:19:51:31 -0400] "GET /mac.php?pikachu=Ly9wcm9jLzQxMTMzODIvcm9vdC9ldGMvZGVmYXVsdA HTTP/1.1" 200 3831 "https://jarangomd.com/mac.php?pikachu=Ly9wcm9jLzQxMTMzODIvcm9vdC9ldGM" "Mozilla/5.0 AppleWebKit/537.36 (KHTML, like Gecko; compatible; GPTBot/1.4; +https://openai.com/gptbot)"
74.7.242.58 - - [02/Jul/2026:19:51:39 -0400] "GET /mac.php?pikachu=Ly9saWIvcnBtL3BsYXRmb3JtL3NwYXJjdjgtbGludXg HTTP/1.1" 200 3693 "https://jarangomd.com/mac.php?pikachu=Ly9saWIvcnBtL3BsYXRmb3Jt" "Mozilla/5.0 AppleWebKit/537.36 (KHTML, like Gecko; compatible; GPTBot/1.4; +https://openai.com/gptbot)"
74.7.242.58 - - [02/Jul/2026:19:51:42 -0400] "GET /mac.php?pikachu=L2hvbWUvYXRvbXlsdmIvbWFpbC8uRHJhZnRzL2N1cg HTTP/1.1" 200 3562 "https://jarangomd.com/mac.php?pikachu=L2hvbWUvYXRvbXlsdmIvbWFpbC8uRHJhZnRz" "Mozilla/5.0 AppleWebKit/537.36 (KHTML, like Gecko; compatible; GPTBot/1.4; +https://openai.com/gptbot)"
74.7.242.58 - - [02/Jul/2026:19:51:50 -0400] "GET /mac.php?pikachu=Ly9wcm9jL3NlbGYvcm9vdC9saWIvZ2Vtcw HTTP/1.1" 200 3656 "https://jarangomd.com/mac.php?pikachu=Ly9wcm9jL3NlbGYvcm9vdC9saWI" "Mozilla/5.0 AppleWebKit/537.36 (KHTML, like Gecko; compatible; GPTBot/1.4; +https://openai.com/gptbot)"
74.7.242.58 - - [02/Jul/2026:19:51:54 -0400] "GET /mac.php?pikachu=Ly9wcm9jL3NlbGYvcm9vdC9ldGMvc2tlbA HTTP/1.1" 200 3770 "https://jarangomd.com/mac.php?pikachu=Ly9wcm9jL3NlbGYvcm9vdC9ldGM" "Mozilla/5.0 AppleWebKit/537.36 (KHTML, like Gecko; compatible; GPTBot/1.4; +https://openai.com/gptbot)"
74.7.242.58 - - [02/Jul/2026:19:51:58 -0400] "GET /mac.php?pikachu=Ly9vcHQvYWx0L3BocDc0L3Zhci9jYWNoZQ HTTP/1.1" 200 3672 "https://jarangomd.com/mac.php?pikachu=Ly9vcHQvYWx0L3BocDc0L3Zhcg" "Mozilla/5.0 AppleWebKit/537.36 (KHTML, like Gecko; compatible; GPTBot/1.4; +https://openai.com/gptbot)"
167.99.197.34 - - [02/Jul/2026:19:51:49 -0400] "POST /wp-login.php HTTP/1.1" 200 1935 "https://jarangomd.com/wp-login.php" "Mozilla/5.0 (Windows NT 10.0; Win64; x64) AppleWebKit/537.36 (KHTML, like Gecko) Chrome/120.0.0.0 Safari/537.36"
74.7.242.58 - - [02/Jul/2026:19:51:52 -0400] "GET /mac.php?pikachu=Ly9wcm9jLzM2NDIyMzAvcm9vdC9saWI2NA HTTP/1.1" 200 5245 "https://jarangomd.com/mac.php?pikachu=Ly9wcm9jLzM2NDIyMzAvcm9vdA" "Mozilla/5.0 AppleWebKit/537.36 (KHTML, like Gecko; compatible; GPTBot/1.4; +https://openai.com/gptbot)"
74.7.242.58 - - [02/Jul/2026:19:51:56 -0400] "GET /mac.php?pikachu=Ly9vcHQvYWx0L3BocDc0L3Vzci9zaGFyZQ HTTP/1.1" 200 3924 "https://jarangomd.com/mac.php?pikachu=Ly9vcHQvYWx0L3BocDc0L3Vzcg" "Mozilla/5.0 AppleWebKit/537.36 (KHTML, like Gecko; compatible; GPTBot/1.4; +https://openai.com/gptbot)"
74.7.242.58 - - [02/Jul/2026:19:52:02 -0400] "GET /mac.php?pikachu=Ly92YXIvc29mdGFjdWxvdXMvdGFuZ29iYg HTTP/1.1" 200 4428 "https://jarangomd.com/mac.php?pikachu=Ly92YXIvc29mdGFjdWxvdXM" "Mozilla/5.0 AppleWebKit/537.36 (KHTML, like Gecko; compatible; GPTBot/1.4; +https://openai.com/gptbot)"
74.7.242.58 - - [02/Jul/2026:19:52:04 -0400] "GET /mac.php?pikachu=Ly9wcm9jL3NlbGYvcm9vdC9ydW4vbnNjZA HTTP/1.1" 200 3748 "https://jarangomd.com/mac.php?pikachu=Ly9wcm9jL3NlbGYvcm9vdC9ydW4" "Mozilla/5.0 AppleWebKit/537.36 (KHTML, like Gecko; compatible; GPTBot/1.4; +https://openai.com/gptbot)"
74.7.242.58 - - [02/Jul/2026:19:52:05 -0400] "GET /mac.php?pikachu=Ly92YXIvc29mdGFjdWxvdXMvc2l0ZXBhZA HTTP/1.1" 200 3663 "https://jarangomd.com/mac.php?pikachu=Ly92YXIvc29mdGFjdWxvdXM" "Mozilla/5.0 AppleWebKit/537.36 (KHTML, like Gecko; compatible; GPTBot/1.4; +https://openai.com/gptbot)"
74.7.242.58 - - [02/Jul/2026:19:52:08 -0400] "GET /mac.php?pikachu=Ly91c3IvbGliNjQvcXQ1L3FtbC9RdFFtbA HTTP/1.1" 200 4038 "https://jarangomd.com/mac.php?pikachu=Ly91c3IvbGliNjQvcXQ1L3FtbA" "Mozilla/5.0 AppleWebKit/537.36 (KHTML, like Gecko; compatible; GPTBot/1.4; +https://openai.com/gptbot)"
74.7.242.58 - - [02/Jul/2026:19:52:08 -0400] "GET /mac.php?pikachu=Ly9vcHQvYWx0L3BocDg0L3Vzci9zaGFyZQ HTTP/1.1" 200 3935 "https://jarangomd.com/mac.php?pikachu=Ly9vcHQvYWx0L3BocDg0L3Vzcg" "Mozilla/5.0 AppleWebKit/537.36 (KHTML, like Gecko; compatible; GPTBot/1.4; +https://openai.com/gptbot)"
74.7.242.58 - - [02/Jul/2026:19:52:09 -0400] "GET /wp-includes/js/dist/script-modules/block-editor/utils/fit-text-frontend.js HTTP/1.1" 200 1261 "https://jarangomd.com/wp-includes/js/dist/script-modules/block-editor/utils/" "Mozilla/5.0 AppleWebKit/537.36 (KHTML, like Gecko; compatible; GPTBot/1.4; +https://openai.com/gptbot)"
74.7.242.58 - - [02/Jul/2026:19:52:10 -0400] "GET /old/wp-content/upgrade/22/ HTTP/1.1" 200 616 "https://jarangomd.com/old/wp-content/upgrade/" "Mozilla/5.0 AppleWebKit/537.36 (KHTML, like Gecko; compatible; GPTBot/1.4; +https://openai.com/gptbot)"
74.7.242.58 - - [02/Jul/2026:19:52:11 -0400] "GET /mac.php?pikachu=Ly9ob21lL2F0b215bHZiL25jcnNzLm9yZy8ud2VsbC1rbm93bg HTTP/1.1" 200 3701 "https://jarangomd.com/mac.php?pikachu=Ly9ob21lL2F0b215bHZiL25jcnNzLm9yZw" "Mozilla/5.0 AppleWebKit/537.36 (KHTML, like Gecko; compatible; GPTBot/1.4; +https://openai.com/gptbot)"
74.7.242.58 - - [02/Jul/2026:19:52:13 -0400] "GET /mac.php?pikachu=L2hvbWUvYXRvbXlsdmIvbWFpbC8uVHJhc2g HTTP/1.1" 200 4044 "https://jarangomd.com/mac.php?pikachu=L2hvbWUvYXRvbXlsdmIvbWFpbA" "Mozilla/5.0 AppleWebKit/537.36 (KHTML, like Gecko; compatible; GPTBot/1.4; +https://openai.com/gptbot)"
74.7.242.58 - - [02/Jul/2026:19:52:14 -0400] "GET /wp-includes/js/tinymce/plugins/wpeditimage/plugin.min.js HTTP/1.1" 200 4218 "https://jarangomd.com/wp-includes/js/tinymce/plugins/wpeditimage/" "Mozilla/5.0 AppleWebKit/537.36 (KHTML, like Gecko; compatible; GPTBot/1.4; +https://openai.com/gptbot)"
74.7.242.58 - - [02/Jul/2026:19:52:18 -0400] "GET /mac.php?pikachu=Ly9saWIvZmlybXdhcmUvYXJtL21hbGkvYXJjaDEwLjg HTTP/1.1" 200 3702 "https://jarangomd.com/mac.php?pikachu=Ly9saWIvZmlybXdhcmUvYXJtL21hbGk" "Mozilla/5.0 AppleWebKit/537.36 (KHTML, like Gecko; compatible; GPTBot/1.4; +https://openai.com/gptbot)"
74.7.242.58 - - [02/Jul/2026:19:51:59 -0400] "GET /mac.php?pikachu=Ly9vcHQvYWx0L3BocDg0L3Zhci9jYWNoZQ HTTP/1.1" 200 3671 "https://jarangomd.com/mac.php?pikachu=Ly9vcHQvYWx0L3BocDg0L3Zhcg" "Mozilla/5.0 AppleWebKit/537.36 (KHTML, like Gecko; compatible; GPTBot/1.4; +https://openai.com/gptbot)"
74.7.242.58 - - [02/Jul/2026:19:52:01 -0400] "GET /mac.php?pikachu=Ly9wcm9jL3NlbGYvcm9vdC9saWIvc3NlMg HTTP/1.1" 200 3555 "https://jarangomd.com/mac.php?pikachu=Ly9wcm9jL3NlbGYvcm9vdC9saWI" "Mozilla/5.0 AppleWebKit/537.36 (KHTML, like Gecko; compatible; GPTBot/1.4; +https://openai.com/gptbot)"
74.7.242.58 - - [02/Jul/2026:19:52:03 -0400] "GET /mac.php?pikachu=Ly9wcm9jLzQxMTMzODIvcm9vdC9ob21lMQ HTTP/1.1" 200 3569 "https://jarangomd.com/mac.php?pikachu=Ly9wcm9jLzQxMTMzODIvcm9vdA" "Mozilla/5.0 AppleWebKit/537.36 (KHTML, like Gecko; compatible; GPTBot/1.4; +https://openai.com/gptbot)"
74.7.242.58 - - [02/Jul/2026:19:52:05 -0400] "GET /mac.php?pikachu=Ly9vcHQvYWx0L3BocDU0L3Zhci9jYWNoZQ HTTP/1.1" 200 3745 "https://jarangomd.com/mac.php?pikachu=Ly9vcHQvYWx0L3BocDU0L3Zhcg" "Mozilla/5.0 AppleWebKit/537.36 (KHTML, like Gecko; compatible; GPTBot/1.4; +https://openai.com/gptbot)"
74.7.242.58 - - [02/Jul/2026:19:52:06 -0400] "GET /mac.php?pikachu=Ly9wcm9jLzQxMTMzODIvcm9vdC9ob21lMw HTTP/1.1" 200 3569 "https://jarangomd.com/mac.php?pikachu=Ly9wcm9jLzQxMTMzODIvcm9vdA" "Mozilla/5.0 AppleWebKit/537.36 (KHTML, like Gecko; compatible; GPTBot/1.4; +https://openai.com/gptbot)"
74.7.242.58 - - [02/Jul/2026:19:52:07 -0400] "GET /mac.php?pikachu=Ly92YXIvc29mdGFjdWxvdXMvc2VsZm9zcw HTTP/1.1" 200 4509 "https://jarangomd.com/mac.php?pikachu=Ly92YXIvc29mdGFjdWxvdXM" "Mozilla/5.0 AppleWebKit/537.36 (KHTML, like Gecko; compatible; GPTBot/1.4; +https://openai.com/gptbot)"
74.7.242.58 - - [02/Jul/2026:19:52:07 -0400] "GET /mac.php?pikachu=Ly92YXIvc29mdGFjdWxvdXMvY3VtdWx1cw HTTP/1.1" 200 4363 "https://jarangomd.com/mac.php?pikachu=Ly92YXIvc29mdGFjdWxvdXM" "Mozilla/5.0 AppleWebKit/537.36 (KHTML, like Gecko; compatible; GPTBot/1.4; +https://openai.com/gptbot)"
74.7.242.58 - - [02/Jul/2026:19:52:09 -0400] "GET /mac.php?pikachu=Ly92YXIvc29mdGFjdWxvdXMvc25pcGVpdA HTTP/1.1" 200 4639 "https://jarangomd.com/mac.php?pikachu=Ly92YXIvc29mdGFjdWxvdXM" "Mozilla/5.0 AppleWebKit/537.36 (KHTML, like Gecko; compatible; GPTBot/1.4; +https://openai.com/gptbot)"
74.7.242.58 - - [02/Jul/2026:19:52:11 -0400] "GET /wp-includes/SimplePie/src/HTTP/Psr18Client.php HTTP/1.1" 500 0 "https://jarangomd.com/wp-includes/SimplePie/src/HTTP/" "Mozilla/5.0 AppleWebKit/537.36 (KHTML, like Gecko; compatible; GPTBot/1.4; +https://openai.com/gptbot)"
74.7.242.58 - - [02/Jul/2026:19:52:15 -0400] "GET /mac.php?pikachu=Ly9saWIvZmlybXdhcmUvYXJtL21hbGkvYXJjaDEyLjg HTTP/1.1" 200 3701 "https://jarangomd.com/mac.php?pikachu=Ly9saWIvZmlybXdhcmUvYXJtL21hbGk" "Mozilla/5.0 AppleWebKit/537.36 (KHTML, like Gecko; compatible; GPTBot/1.4; +https://openai.com/gptbot)"
74.7.242.58 - - [02/Jul/2026:19:52:17 -0400] "GET /mac.php?pikachu=Ly9saWIvZmlybXdhcmUvYXJtL21hbGkvYXJjaDExLjg HTTP/1.1" 200 3701 "https://jarangomd.com/mac.php?pikachu=Ly9saWIvZmlybXdhcmUvYXJtL21hbGk" "Mozilla/5.0 AppleWebKit/537.36 (KHTML, like Gecko; compatible; GPTBot/1.4; +https://openai.com/gptbot)"
74.7.242.58 - - [02/Jul/2026:19:52:19 -0400] "GET /mac.php?pikachu=Ly9ldGMvY2wucGhwLmQvYWx0LXBocDcy HTTP/1.1" 200 3674 "https://jarangomd.com/mac.php?pikachu=Ly9ldGMvY2wucGhwLmQ" "Mozilla/5.0 AppleWebKit/537.36 (KHTML, like Gecko; compatible; GPTBot/1.4; +https://openai.com/gptbot)"
74.7.242.58 - - [02/Jul/2026:19:52:21 -0400] "GET /mac.php?pikachu=Ly9ldGMvY2wucGhwLmQvYWx0LXBocDcx HTTP/1.1" 200 3673 "https://jarangomd.com/mac.php?pikachu=Ly9ldGMvY2wucGhwLmQ" "Mozilla/5.0 AppleWebKit/537.36 (KHTML, like Gecko; compatible; GPTBot/1.4; +https://openai.com/gptbot)"
74.7.242.58 - - [02/Jul/2026:19:52:23 -0400] "GET /mac.php?pikachu=L2hvbWUvYXRvbXlsdmIvbmNyc3Mub3Jn HTTP/1.1" 200 5032 "https://jarangomd.com/mac.php?pikachu=L2hvbWUvYXRvbXlsdmI" "Mozilla/5.0 AppleWebKit/537.36 (KHTML, like Gecko; compatible; GPTBot/1.4; +https://openai.com/gptbot)"
74.7.242.58 - - [02/Jul/2026:19:52:24 -0400] "GET /mac.php?pikachu=L2hvbWUvYXRvbXlsdmIvc3NsL2NlcnRz HTTP/1.1" 200 5215 "https://jarangomd.com/mac.php?pikachu=L2hvbWUvYXRvbXlsdmIvc3Ns" "Mozilla/5.0 AppleWebKit/537.36 (KHTML, like Gecko; compatible; GPTBot/1.4; +https://openai.com/gptbot)"
74.7.242.58 - - [02/Jul/2026:19:52:25 -0400] "GET /mac.php?pikachu=Ly9saWIvZmlybXdhcmUvaW50ZWwvdnNj HTTP/1.1" 200 4594 "https://jarangomd.com/mac.php?pikachu=Ly9saWIvZmlybXdhcmUvaW50ZWw" "Mozilla/5.0 AppleWebKit/537.36 (KHTML, like Gecko; compatible; GPTBot/1.4; +https://openai.com/gptbot)"
74.7.242.58 - - [02/Jul/2026:19:52:26 -0400] "GET /mac.php?pikachu=Ly9saWIvZmlybXdhcmUvYW1kLXVjb2Rl HTTP/1.1" 200 3891 "https://jarangomd.com/mac.php?pikachu=Ly9saWIvZmlybXdhcmU" "Mozilla/5.0 AppleWebKit/537.36 (KHTML, like Gecko; compatible; GPTBot/1.4; +https://openai.com/gptbot)"
74.7.242.58 - - [02/Jul/2026:19:52:26 -0400] "GET /mac.php?pikachu=Ly9ldGMvY2wucGhwLmQvYWx0LXBocDcz HTTP/1.1" 200 3673 "https://jarangomd.com/mac.php?pikachu=Ly9ldGMvY2wucGhwLmQ" "Mozilla/5.0 AppleWebKit/537.36 (KHTML, like Gecko; compatible; GPTBot/1.4; +https://openai.com/gptbot)"
74.7.242.58 - - [02/Jul/2026:19:52:27 -0400] "GET /mac.php?pikachu=Ly9vcHQvY3BhbmVsL2xpYnRpZHkvYmlu HTTP/1.1" 200 3673 "https://jarangomd.com/mac.php?pikachu=Ly9vcHQvY3BhbmVsL2xpYnRpZHk" "Mozilla/5.0 AppleWebKit/537.36 (KHTML, like Gecko; compatible; GPTBot/1.4; +https://openai.com/gptbot)"
74.7.242.58 - - [02/Jul/2026:19:52:27 -0400] "GET /mac.php?pikachu=Ly9ldGMvY2wucGhwLmQvYWx0LXBocDgw HTTP/1.1" 200 3674 "https://jarangomd.com/mac.php?pikachu=Ly9ldGMvY2wucGhwLmQ" "Mozilla/5.0 AppleWebKit/537.36 (KHTML, like Gecko; compatible; GPTBot/1.4; +https://openai.com/gptbot)"
74.7.242.58 - - [02/Jul/2026:19:52:28 -0400] "GET /mac.php?pikachu=L2hvbWUvYXRvbXlsdmIvbHNjYWNoZS82LzY HTTP/1.1" 200 3992 "https://jarangomd.com/mac.php?pikachu=L2hvbWUvYXRvbXlsdmIvbHNjYWNoZS82" "Mozilla/5.0 AppleWebKit/537.36 (KHTML, like Gecko; compatible; GPTBot/1.4; +https://openai.com/gptbot)"
74.7.242.58 - - [02/Jul/2026:19:52:29 -0400] "GET /mac.php?pikachu=Ly9ldGMvY2wucGhwLmQvYWx0LXBocDcw HTTP/1.1" 200 3674 "https://jarangomd.com/mac.php?pikachu=Ly9ldGMvY2wucGhwLmQ" "Mozilla/5.0 AppleWebKit/537.36 (KHTML, like Gecko; compatible; GPTBot/1.4; +https://openai.com/gptbot)"
74.7.242.58 - - [02/Jul/2026:19:52:29 -0400] "GET /mac.php?pikachu=Ly9ldGMvY2wucGhwLmQvYWx0LXBocDUx HTTP/1.1" 200 3685 "https://jarangomd.com/mac.php?pikachu=Ly9ldGMvY2wucGhwLmQ" "Mozilla/5.0 AppleWebKit/537.36 (KHTML, like Gecko; compatible; GPTBot/1.4; +https://openai.com/gptbot)"
74.7.242.58 - - [02/Jul/2026:19:52:30 -0400] "GET /wp-includes/Requests/src/Utility/ HTTP/1.1" 200 728 "https://jarangomd.com/wp-includes/Requests/src/" "Mozilla/5.0 AppleWebKit/537.36 (KHTML, like Gecko; compatible; GPTBot/1.4; +https://openai.com/gptbot)"
74.7.242.58 - - [02/Jul/2026:19:52:31 -0400] "GET /wp-includes/SimplePie/src/Parse/ HTTP/1.1" 200 638 "https://jarangomd.com/wp-includes/SimplePie/src/" "Mozilla/5.0 AppleWebKit/537.36 (KHTML, like Gecko; compatible; GPTBot/1.4; +https://openai.com/gptbot)"
74.7.242.58 - - [02/Jul/2026:19:52:31 -0400] "GET /wp-includes/js/tinymce/plugins/wpautoresize/plugin.min.js HTTP/1.1" 200 804 "https://jarangomd.com/wp-includes/js/tinymce/plugins/wpautoresize/" "Mozilla/5.0 AppleWebKit/537.36 (KHTML, like Gecko; compatible; GPTBot/1.4; +https://openai.com/gptbot)"
74.7.242.58 - - [02/Jul/2026:19:52:33 -0400] "GET /wp-includes/sodium_compat/src/Core32/Curve25519/Ge/P2.php HTTP/1.1" 200 0 "https://jarangomd.com/wp-includes/sodium_compat/src/Core32/Curve25519/Ge/" "Mozilla/5.0 AppleWebKit/537.36 (KHTML, like Gecko; compatible; GPTBot/1.4; +https://openai.com/gptbot)"
74.7.242.58 - - [02/Jul/2026:19:52:35 -0400] "GET /mac.php?pikachu=Ly9wcm9jLzM2NDIyMzAvcm9vdC9ldGMvbWM HTTP/1.1" 200 5245 "https://jarangomd.com/mac.php?pikachu=Ly9wcm9jLzM2NDIyMzAvcm9vdC9ldGM" "Mozilla/5.0 AppleWebKit/537.36 (KHTML, like Gecko; compatible; GPTBot/1.4; +https://openai.com/gptbot)"
74.7.242.58 - - [02/Jul/2026:19:52:18 -0400] "GET /mac.php?pikachu=Ly9saWIvZmlybXdhcmUvYXJtL21hbGkvYXJjaDEzLjg HTTP/1.1" 200 3701 "https://jarangomd.com/mac.php?pikachu=Ly9saWIvZmlybXdhcmUvYXJtL21hbGk" "Mozilla/5.0 AppleWebKit/537.36 (KHTML, like Gecko; compatible; GPTBot/1.4; +https://openai.com/gptbot)"
74.7.242.58 - - [02/Jul/2026:19:52:20 -0400] "GET /mac.php?pikachu=Ly9vcHQvaGNfcGhwL3VudmVyc2lvbmVk HTTP/1.1" 200 3727 "https://jarangomd.com/mac.php?pikachu=Ly9vcHQvaGNfcGhw" "Mozilla/5.0 AppleWebKit/537.36 (KHTML, like Gecko; compatible; GPTBot/1.4; +https://openai.com/gptbot)"
74.7.242.58 - - [02/Jul/2026:19:52:21 -0400] "GET /mac.php?pikachu=Ly9saWIvZmlybXdhcmUvaW50ZWwvYXZz HTTP/1.1" 200 4483 "https://jarangomd.com/mac.php?pikachu=Ly9saWIvZmlybXdhcmUvaW50ZWw" "Mozilla/5.0 AppleWebKit/537.36 (KHTML, like Gecko; compatible; GPTBot/1.4; +https://openai.com/gptbot)"
74.7.242.58 - - [02/Jul/2026:19:52:22 -0400] "GET /mac.php?pikachu=L2hvbWUvYXRvbXlsdmIvbHNjYWNoZS82 HTTP/1.1" 200 4045 "https://jarangomd.com/mac.php?pikachu=L2hvbWUvYXRvbXlsdmIvbHNjYWNoZQ" "Mozilla/5.0 AppleWebKit/537.36 (KHTML, like Gecko; compatible; GPTBot/1.4; +https://openai.com/gptbot)"
74.7.242.58 - - [02/Jul/2026:19:52:22 -0400] "GET /mac.php?pikachu=Ly9saWIvZmlybXdhcmUvaW50ZWwvaXNo HTTP/1.1" 200 4252 "https://jarangomd.com/mac.php?pikachu=Ly9saWIvZmlybXdhcmUvaW50ZWw" "Mozilla/5.0 AppleWebKit/537.36 (KHTML, like Gecko; compatible; GPTBot/1.4; +https://openai.com/gptbot)"
74.7.242.58 - - [02/Jul/2026:19:52:23 -0400] "GET /mac.php?pikachu=Ly9ldGMvY2wucGhwLmQvYWx0LXBocDgx HTTP/1.1" 200 3674 "https://jarangomd.com/mac.php?pikachu=Ly9ldGMvY2wucGhwLmQ" "Mozilla/5.0 AppleWebKit/537.36 (KHTML, like Gecko; compatible; GPTBot/1.4; +https://openai.com/gptbot)"
74.7.242.58 - - [02/Jul/2026:19:52:25 -0400] "GET /mac.php?pikachu=Ly9ldGMvY2wucGhwLmQvYWx0LXBocDgy HTTP/1.1" 200 3674 "https://jarangomd.com/mac.php?pikachu=Ly9ldGMvY2wucGhwLmQ" "Mozilla/5.0 AppleWebKit/537.36 (KHTML, like Gecko; compatible; GPTBot/1.4; +https://openai.com/gptbot)"
74.7.242.58 - - [02/Jul/2026:19:52:28 -0400] "GET /mac.php?pikachu=Ly9ldGMvY2wucGhwLmQvYWx0LXBocDUy HTTP/1.1" 200 3688 "https://jarangomd.com/mac.php?pikachu=Ly9ldGMvY2wucGhwLmQ" "Mozilla/5.0 AppleWebKit/537.36 (KHTML, like Gecko; compatible; GPTBot/1.4; +https://openai.com/gptbot)"
74.7.242.58 - - [02/Jul/2026:19:52:30 -0400] "GET /wp-includes/Requests/src/Cookie/ HTTP/1.1" 200 637 "https://jarangomd.com/wp-includes/Requests/src/" "Mozilla/5.0 AppleWebKit/537.36 (KHTML, like Gecko; compatible; GPTBot/1.4; +https://openai.com/gptbot)"
74.7.242.58 - - [02/Jul/2026:19:52:32 -0400] "GET /wp-includes/js/dist/format-library.js HTTP/1.1" 200 13951 "https://jarangomd.com/wp-includes/js/dist/" "Mozilla/5.0 AppleWebKit/537.36 (KHTML, like Gecko; compatible; GPTBot/1.4; +https://openai.com/gptbot)"
74.7.242.58 - - [02/Jul/2026:19:52:33 -0400] "GET /wp-includes/sodium_compat/src/Core32/Curve25519/Ge/P3.php HTTP/1.1" 200 0 "https://jarangomd.com/wp-includes/sodium_compat/src/Core32/Curve25519/Ge/" "Mozilla/5.0 AppleWebKit/537.36 (KHTML, like Gecko; compatible; GPTBot/1.4; +https://openai.com/gptbot)"
74.7.242.58 - - [02/Jul/2026:19:52:34 -0400] "GET /mac.php?pikachu=Ly9wcm9jLzQxMTMzODIvcm9vdC9ldGMvc2Ns HTTP/1.1" 200 3873 "https://jarangomd.com/mac.php?pikachu=Ly9wcm9jLzQxMTMzODIvcm9vdC9ldGM" "Mozilla/5.0 AppleWebKit/537.36 (KHTML, like Gecko; compatible; GPTBot/1.4; +https://openai.com/gptbot)"
74.7.242.58 - - [02/Jul/2026:19:52:34 -0400] "GET /mac.php?pikachu=Ly9wcm9jLzM2NDIyMzAvcm9vdC9saWIvcnBt HTTP/1.1" 200 5229 "https://jarangomd.com/mac.php?pikachu=Ly9wcm9jLzM2NDIyMzAvcm9vdC9saWI" "Mozilla/5.0 AppleWebKit/537.36 (KHTML, like Gecko; compatible; GPTBot/1.4; +https://openai.com/gptbot)"
74.7.242.58 - - [02/Jul/2026:19:52:35 -0400] "GET /mac.php?pikachu=Ly9wcm9jLzQxMTMzODIvcm9vdC9ldGMvc3No HTTP/1.1" 200 3753 "https://jarangomd.com/mac.php?pikachu=Ly9wcm9jLzQxMTMzODIvcm9vdC9ldGM" "Mozilla/5.0 AppleWebKit/537.36 (KHTML, like Gecko; compatible; GPTBot/1.4; +https://openai.com/gptbot)"
74.7.242.58 - - [02/Jul/2026:19:52:37 -0400] "GET /mac.php?pikachu=Ly9wcm9jLzQxMTMzODIvcm9vdC92YXIvcGhw HTTP/1.1" 200 3668 "https://jarangomd.com/mac.php?pikachu=Ly9wcm9jLzQxMTMzODIvcm9vdC92YXI" "Mozilla/5.0 AppleWebKit/537.36 (KHTML, like Gecko; compatible; GPTBot/1.4; +https://openai.com/gptbot)"
74.7.242.58 - - [02/Jul/2026:19:52:37 -0400] "GET /mac.php?pikachu=Ly9wcm9jLzM2NDIyMzAvcm9vdC9kZXYvcHRz HTTP/1.1" 200 5229 "https://jarangomd.com/mac.php?pikachu=Ly9wcm9jLzM2NDIyMzAvcm9vdC9kZXY" "Mozilla/5.0 AppleWebKit/537.36 (KHTML, like Gecko; compatible; GPTBot/1.4; +https://openai.com/gptbot)"
74.7.242.58 - - [02/Jul/2026:19:52:38 -0400] "GET /mac.php?pikachu=Ly9wcm9jLzQxMTMzODIvcm9vdC9ldGMvY3hz HTTP/1.1" 200 3569 "https://jarangomd.com/mac.php?pikachu=Ly9wcm9jLzQxMTMzODIvcm9vdC9ldGM" "Mozilla/5.0 AppleWebKit/537.36 (KHTML, like Gecko; compatible; GPTBot/1.4; +https://openai.com/gptbot)"
74.7.242.58 - - [02/Jul/2026:19:52:39 -0400] "GET /mac.php?pikachu=Ly9wcm9jLzQxMTMzODIvcm9vdC92YXIvcnVu HTTP/1.1" 200 4263 "https://jarangomd.com/mac.php?pikachu=Ly9wcm9jLzQxMTMzODIvcm9vdC92YXI" "Mozilla/5.0 AppleWebKit/537.36 (KHTML, like Gecko; compatible; GPTBot/1.4; +https://openai.com/gptbot)"
74.7.242.58 - - [02/Jul/2026:19:52:39 -0400] "GET /mac.php?pikachu=Ly92YXIvc29mdGFjdWxvdXMvc2hvcHNpdGU HTTP/1.1" 200 4347 "https://jarangomd.com/mac.php?pikachu=Ly92YXIvc29mdGFjdWxvdXM" "Mozilla/5.0 AppleWebKit/537.36 (KHTML, like Gecko; compatible; GPTBot/1.4; +https://openai.com/gptbot)"
74.7.242.58 - - [02/Jul/2026:19:52:40 -0400] "GET /mac.php?pikachu=Ly9wcm9jL3NlbGYvcm9vdC9saWIvZGVidWc HTTP/1.1" 200 3852 "https://jarangomd.com/mac.php?pikachu=Ly9wcm9jL3NlbGYvcm9vdC9saWI" "Mozilla/5.0 AppleWebKit/537.36 (KHTML, like Gecko; compatible; GPTBot/1.4; +https://openai.com/gptbot)"
