216.73.217.71 - - [02/Jul/2026:19:14:30 -0400] "GET /wp-includes/css/customize-preview.min.css HTTP/1.1" 200 747 "-" "Mozilla/5.0 AppleWebKit/537.36 (KHTML, like Gecko; compatible; ClaudeBot/1.0; +claudebot@anthropic.com)"
216.73.217.71 - - [02/Jul/2026:19:14:30 -0400] "GET /wp-includes/css/wp-embed-template.min.css HTTP/1.1" 200 1734 "-" "Mozilla/5.0 AppleWebKit/537.36 (KHTML, like Gecko; compatible; ClaudeBot/1.0; +claudebot@anthropic.com)"
74.7.242.58 - - [02/Jul/2026:19:14:26 -0400] "GET /mac.php?pikachu=Ly9vcHQvYWx0L3BocDg1L2V0Yw HTTP/1.1" 200 4491 "https://jarangomd.com/mac.php?pikachu=Ly9vcHQvYWx0L3BocDg1" "Mozilla/5.0 AppleWebKit/537.36 (KHTML, like Gecko; compatible; GPTBot/1.4; +https://openai.com/gptbot)"
195.229.76.26 - - [02/Jul/2026:19:14:26 -0400] "POST /xmlrpc.php HTTP/1.1" 200 403 "-" "WordPress.com; https://wordpress.com"
74.7.242.58 - - [02/Jul/2026:19:14:26 -0400] "GET /mac.php?pikachu=Ly9vcHQvYWx0L3J1YnkzMC9iaW4 HTTP/1.1" 200 3985 "https://jarangomd.com/mac.php?pikachu=Ly9vcHQvYWx0L3J1YnkzMA" "Mozilla/5.0 AppleWebKit/537.36 (KHTML, like Gecko; compatible; GPTBot/1.4; +https://openai.com/gptbot)"
74.7.242.58 - - [02/Jul/2026:19:14:29 -0400] "GET /mac.php?pikachu=Ly9vcHQvYWx0L3J1YnkyMC9iaW4 HTTP/1.1" 200 3975 "https://jarangomd.com/mac.php?pikachu=Ly9vcHQvYWx0L3J1YnkyMA" "Mozilla/5.0 AppleWebKit/537.36 (KHTML, like Gecko; compatible; GPTBot/1.4; +https://openai.com/gptbot)"
74.7.242.58 - - [02/Jul/2026:19:14:30 -0400] "GET /mac.php?pikachu=Ly91c3IvaW5jbHVkZS9nc3NycGM HTTP/1.1" 200 4252 "https://jarangomd.com/mac.php?pikachu=Ly91c3IvaW5jbHVkZQ" "Mozilla/5.0 AppleWebKit/537.36 (KHTML, like Gecko; compatible; GPTBot/1.4; +https://openai.com/gptbot)"
74.7.242.58 - - [02/Jul/2026:19:14:30 -0400] "GET /mac.php?pikachu=Ly9vcHQvYWx0L29wZW5zc2wxMQ HTTP/1.1" 200 3790 "https://jarangomd.com/mac.php?pikachu=Ly9vcHQvYWx0" "Mozilla/5.0 AppleWebKit/537.36 (KHTML, like Gecko; compatible; GPTBot/1.4; +https://openai.com/gptbot)"
74.7.242.58 - - [02/Jul/2026:19:14:32 -0400] "GET /mac.php?pikachu=Ly9vcHQvYWx0L3J1YnkzMy9iaW4 HTTP/1.1" 200 4029 "https://jarangomd.com/mac.php?pikachu=Ly9vcHQvYWx0L3J1YnkzMw" "Mozilla/5.0 AppleWebKit/537.36 (KHTML, like Gecko; compatible; GPTBot/1.4; +https://openai.com/gptbot)"
74.7.242.58 - - [02/Jul/2026:19:14:33 -0400] "GET /wp-includes/js/jquery/ui/effect-explode.min.js HTTP/1.1" 200 600 "https://jarangomd.com/wp-includes/js/jquery/ui/" "Mozilla/5.0 AppleWebKit/537.36 (KHTML, like Gecko; compatible; GPTBot/1.4; +https://openai.com/gptbot)"
74.7.242.58 - - [02/Jul/2026:19:14:35 -0400] "GET /mac.php?pikachu=Ly9vcHQvYWx0L3BocDU2L2V0Yy9waHAtZnBtLmQ HTTP/1.1" 200 3542 "https://jarangomd.com/mac.php?pikachu=Ly9vcHQvYWx0L3BocDU2L2V0Yw" "Mozilla/5.0 AppleWebKit/537.36 (KHTML, like Gecko; compatible; GPTBot/1.4; +https://openai.com/gptbot)"
45.189.57.36 - - [02/Jul/2026:19:14:38 -0400] "GET /sitemap799.xml HTTP/1.1" 404 1251 "-" "Mozilla/5.0 (Macintosh; Intel Mac OS X 15_2_1) AppleWebKit/537.36 (KHTML, like Gecko) Chrome/131.0.6778.139 Safari/537.36"
74.7.242.58 - - [02/Jul/2026:19:14:42 -0400] "GET /mac.php?pikachu=Ly92YXIvc29mdGFjdWxvdXMvZ3BlYXN5 HTTP/1.1" 200 4207 "https://jarangomd.com/mac.php?pikachu=Ly92YXIvc29mdGFjdWxvdXM" "Mozilla/5.0 AppleWebKit/537.36 (KHTML, like Gecko; compatible; GPTBot/1.4; +https://openai.com/gptbot)"
74.7.242.58 - - [02/Jul/2026:19:14:43 -0400] "GET /mac.php?pikachu=Ly9vcHQvYWx0L3BocDg0L3Vzci9saWI2NA HTTP/1.1" 200 3764 "https://jarangomd.com/mac.php?pikachu=Ly9vcHQvYWx0L3BocDg0L3Vzcg" "Mozilla/5.0 AppleWebKit/537.36 (KHTML, like Gecko; compatible; GPTBot/1.4; +https://openai.com/gptbot)"
74.7.242.58 - - [02/Jul/2026:19:14:43 -0400] "GET /mac.php?pikachu=Ly9vcHQvYWx0L3BocDU0L3Vzci9saWI2NA HTTP/1.1" 200 3644 "https://jarangomd.com/mac.php?pikachu=Ly9vcHQvYWx0L3BocDU0L3Vzcg" "Mozilla/5.0 AppleWebKit/537.36 (KHTML, like Gecko; compatible; GPTBot/1.4; +https://openai.com/gptbot)"
74.7.242.58 - - [02/Jul/2026:19:14:46 -0400] "GET /wp-includes/fonts/dashicons.woff HTTP/1.1" 200 26124 "https://jarangomd.com/wp-includes/fonts/" "Mozilla/5.0 AppleWebKit/537.36 (KHTML, like Gecko; compatible; GPTBot/1.4; +https://openai.com/gptbot)"
74.7.242.58 - - [02/Jul/2026:19:14:46 -0400] "GET /wp-includes/js/tinymce/plugins/charmap/ HTTP/1.1" 200 671 "https://jarangomd.com/wp-includes/js/tinymce/plugins/" "Mozilla/5.0 AppleWebKit/537.36 (KHTML, like Gecko; compatible; GPTBot/1.4; +https://openai.com/gptbot)"
74.7.242.58 - - [02/Jul/2026:19:14:31 -0400] "GET /mac.php?pikachu=Ly91c3IvbGliL2ZvbnRjb25maWc HTTP/1.1" 200 3637 "https://jarangomd.com/mac.php?pikachu=Ly91c3IvbGli" "Mozilla/5.0 AppleWebKit/537.36 (KHTML, like Gecko; compatible; GPTBot/1.4; +https://openai.com/gptbot)"
74.7.242.58 - - [02/Jul/2026:19:14:31 -0400] "GET /mac.php?pikachu=Ly9vcHQvYWx0L3J1YnkyNi9iaW4 HTTP/1.1" 200 4022 "https://jarangomd.com/mac.php?pikachu=Ly9vcHQvYWx0L3J1YnkyNg" "Mozilla/5.0 AppleWebKit/537.36 (KHTML, like Gecko; compatible; GPTBot/1.4; +https://openai.com/gptbot)"
74.7.242.58 - - [02/Jul/2026:19:14:32 -0400] "GET /mac.php?pikachu=Ly91c3Ivc2hhcmUvbWFuL3BsL21hbjU HTTP/1.1" 200 3762 "https://jarangomd.com/mac.php?pikachu=Ly91c3Ivc2hhcmUvbWFuL3Bs" "Mozilla/5.0 AppleWebKit/537.36 (KHTML, like Gecko; compatible; GPTBot/1.4; +https://openai.com/gptbot)"
74.7.242.58 - - [02/Jul/2026:19:14:33 -0400] "GET /wp-includes/sodium_compat/namespaced/Core/HSalsa20.php HTTP/1.1" 500 0 "https://jarangomd.com/wp-includes/sodium_compat/namespaced/Core/" "Mozilla/5.0 AppleWebKit/537.36 (KHTML, like Gecko; compatible; GPTBot/1.4; +https://openai.com/gptbot)"
74.7.242.58 - - [02/Jul/2026:19:14:36 -0400] "GET /wp-includes/js/jquery/ui/effect-pulsate.min.js HTTP/1.1" 200 386 "https://jarangomd.com/wp-includes/js/jquery/ui/" "Mozilla/5.0 AppleWebKit/537.36 (KHTML, like Gecko; compatible; GPTBot/1.4; +https://openai.com/gptbot)"
195.229.76.26 - - [02/Jul/2026:19:14:37 -0400] "POST /xmlrpc.php HTTP/1.1" 200 403 "-" "Jetpack by WordPress.com (Jetpack 12.5; WordPress 6.4)"
74.7.242.58 - - [02/Jul/2026:19:14:37 -0400] "GET /mac.php?pikachu=Ly9vcHQvYWx0L3BocDgzL2V0Yy9wZWFy HTTP/1.1" 200 3590 "https://jarangomd.com/mac.php?pikachu=Ly9vcHQvYWx0L3BocDgzL2V0Yw" "Mozilla/5.0 AppleWebKit/537.36 (KHTML, like Gecko; compatible; GPTBot/1.4; +https://openai.com/gptbot)"
74.7.242.58 - - [02/Jul/2026:19:14:39 -0400] "GET /mac.php?pikachu=Ly9vcHQvYWx0L3BocDUzL2V0Yy9wZWFy HTTP/1.1" 200 3543 "https://jarangomd.com/mac.php?pikachu=Ly9vcHQvYWx0L3BocDUzL2V0Yw" "Mozilla/5.0 AppleWebKit/537.36 (KHTML, like Gecko; compatible; GPTBot/1.4; +https://openai.com/gptbot)"
74.7.242.58 - - [02/Jul/2026:19:14:40 -0400] "GET /mac.php?pikachu=Ly92YXIvc29mdGFjdWxvdXMvY3JhZnR5 HTTP/1.1" 200 4535 "https://jarangomd.com/mac.php?pikachu=Ly92YXIvc29mdGFjdWxvdXM" "Mozilla/5.0 AppleWebKit/537.36 (KHTML, like Gecko; compatible; GPTBot/1.4; +https://openai.com/gptbot)"
74.7.242.58 - - [02/Jul/2026:19:14:41 -0400] "GET /mac.php?pikachu=Ly9saWIvTmV0d29ya01hbmFnZXIvVlBO HTTP/1.1" 200 3555 "https://jarangomd.com/mac.php?pikachu=Ly9saWIvTmV0d29ya01hbmFnZXI" "Mozilla/5.0 AppleWebKit/537.36 (KHTML, like Gecko; compatible; GPTBot/1.4; +https://openai.com/gptbot)"
74.7.242.58 - - [02/Jul/2026:19:14:41 -0400] "GET /mac.php?pikachu=Ly91c3IvbGliNjQvZG92ZWNvdC9hdXRo HTTP/1.1" 200 3780 "https://jarangomd.com/mac.php?pikachu=Ly91c3IvbGliNjQvZG92ZWNvdA" "Mozilla/5.0 AppleWebKit/537.36 (KHTML, like Gecko; compatible; GPTBot/1.4; +https://openai.com/gptbot)"
74.7.242.58 - - [02/Jul/2026:19:14:44 -0400] "GET /wp-includes/js/tinymce/plugins/wpview/ HTTP/1.1" 200 672 "https://jarangomd.com/wp-includes/js/tinymce/plugins/" "Mozilla/5.0 AppleWebKit/537.36 (KHTML, like Gecko; compatible; GPTBot/1.4; +https://openai.com/gptbot)"
74.7.242.58 - - [02/Jul/2026:19:14:45 -0400] "GET /wp-includes/js/jquery/ui/selectmenu.js HTTP/1.1" 200 4488 "https://jarangomd.com/wp-includes/js/jquery/ui/" "Mozilla/5.0 AppleWebKit/537.36 (KHTML, like Gecko; compatible; GPTBot/1.4; +https://openai.com/gptbot)"
74.7.242.58 - - [02/Jul/2026:19:14:45 -0400] "GET /wp-includes/js/tinymce/plugins/wplink/ HTTP/1.1" 200 671 "https://jarangomd.com/wp-includes/js/tinymce/plugins/" "Mozilla/5.0 AppleWebKit/537.36 (KHTML, like Gecko; compatible; GPTBot/1.4; +https://openai.com/gptbot)"
74.7.242.58 - - [02/Jul/2026:19:14:47 -0400] "GET /wp-includes/js/tinymce/skins/lightgray/ HTTP/1.1" 200 762 "https://jarangomd.com/wp-includes/js/tinymce/skins/" "Mozilla/5.0 AppleWebKit/537.36 (KHTML, like Gecko; compatible; GPTBot/1.4; +https://openai.com/gptbot)"
74.7.242.58 - - [02/Jul/2026:19:14:47 -0400] "GET /wp-includes/js/jquery/ui/progressbar.js HTTP/1.1" 200 1301 "https://jarangomd.com/wp-includes/js/jquery/ui/" "Mozilla/5.0 AppleWebKit/537.36 (KHTML, like Gecko; compatible; GPTBot/1.4; +https://openai.com/gptbot)"
195.229.76.26 - - [02/Jul/2026:19:14:47 -0400] "POST /xmlrpc.php HTTP/1.1" 200 403 "-" "Jetpack by WordPress.com (Jetpack 12.5; WordPress 6.1)"
74.7.242.58 - - [02/Jul/2026:19:14:48 -0400] "GET /wp-includes/js/tinymce/plugins/fullscreen/ HTTP/1.1" 200 658 "https://jarangomd.com/wp-includes/js/tinymce/plugins/" "Mozilla/5.0 AppleWebKit/537.36 (KHTML, like Gecko; compatible; GPTBot/1.4; +https://openai.com/gptbot)"
74.7.242.58 - - [02/Jul/2026:19:14:48 -0400] "GET /wp-includes/sodium_compat/src/Core32/ChaCha20/error_log HTTP/1.1" 403 1242 "https://jarangomd.com/wp-includes/sodium_compat/src/Core32/ChaCha20/" "Mozilla/5.0 AppleWebKit/537.36 (KHTML, like Gecko; compatible; GPTBot/1.4; +https://openai.com/gptbot)"
74.7.242.58 - - [02/Jul/2026:19:14:49 -0400] "GET /wp-includes/js/dist/script-modules/block-editor/utils/ HTTP/1.1" 200 679 "https://jarangomd.com/wp-includes/js/dist/script-modules/block-editor/" "Mozilla/5.0 AppleWebKit/537.36 (KHTML, like Gecko; compatible; GPTBot/1.4; +https://openai.com/gptbot)"
74.7.242.58 - - [02/Jul/2026:19:14:50 -0400] "GET /mac.php?pikachu=Ly91c3Ivc2hhcmUvYXV0b2NvbmY HTTP/1.1" 200 3953 "https://jarangomd.com/mac.php?pikachu=Ly91c3Ivc2hhcmU" "Mozilla/5.0 AppleWebKit/537.36 (KHTML, like Gecko; compatible; GPTBot/1.4; +https://openai.com/gptbot)"
74.7.242.58 - - [02/Jul/2026:19:14:51 -0400] "GET /mac.php?pikachu=Ly9vcHQvYWx0L2xpYnppcC91c3I HTTP/1.1" 200 3705 "https://jarangomd.com/mac.php?pikachu=Ly9vcHQvYWx0L2xpYnppcA" "Mozilla/5.0 AppleWebKit/537.36 (KHTML, like Gecko; compatible; GPTBot/1.4; +https://openai.com/gptbot)"
74.7.242.58 - - [02/Jul/2026:19:14:52 -0400] "GET /mac.php?pikachu=Ly9ldGMvc2VjdXJpdHkvbGltaXRzLmQ HTTP/1.1" 200 3546 "https://jarangomd.com/mac.php?pikachu=Ly9ldGMvc2VjdXJpdHk" "Mozilla/5.0 AppleWebKit/537.36 (KHTML, like Gecko; compatible; GPTBot/1.4; +https://openai.com/gptbot)"
74.7.242.58 - - [02/Jul/2026:19:14:53 -0400] "GET /wp-includes/js/tinymce/skins/lightgray/skin.min.css HTTP/1.1" 200 8110 "https://jarangomd.com/wp-includes/js/tinymce/skins/lightgray/" "Mozilla/5.0 AppleWebKit/537.36 (KHTML, like Gecko; compatible; GPTBot/1.4; +https://openai.com/gptbot)"
74.7.242.58 - - [02/Jul/2026:19:14:53 -0400] "GET /mac.php?pikachu=L2hvbWUvYXRvbXlsdmIvbmNyc3MudXM HTTP/1.1" 200 5130 "https://jarangomd.com/mac.php?pikachu=L2hvbWUvYXRvbXlsdmI" "Mozilla/5.0 AppleWebKit/537.36 (KHTML, like Gecko; compatible; GPTBot/1.4; +https://openai.com/gptbot)"
74.7.242.58 - - [02/Jul/2026:19:14:54 -0400] "GET /mac.php?pikachu=Ly9saWIvZmlybXdhcmUvdGkvYXVkaW8 HTTP/1.1" 200 3718 "https://jarangomd.com/mac.php?pikachu=Ly9saWIvZmlybXdhcmUvdGk" "Mozilla/5.0 AppleWebKit/537.36 (KHTML, like Gecko; compatible; GPTBot/1.4; +https://openai.com/gptbot)"
74.7.242.58 - - [02/Jul/2026:19:14:54 -0400] "GET /mac.php?pikachu=L2hvbWUvYXRvbXlsdmIvLmNwaG9yZGU HTTP/1.1" 200 3873 "https://jarangomd.com/mac.php?pikachu=L2hvbWUvYXRvbXlsdmI" "Mozilla/5.0 AppleWebKit/537.36 (KHTML, like Gecko; compatible; GPTBot/1.4; +https://openai.com/gptbot)"
74.7.242.58 - - [02/Jul/2026:19:14:55 -0400] "GET /mac.php?pikachu=Ly9saWIvZmlybXdhcmUvbGlxdWlkaW8 HTTP/1.1" 200 3827 "https://jarangomd.com/mac.php?pikachu=Ly9saWIvZmlybXdhcmU" "Mozilla/5.0 AppleWebKit/537.36 (KHTML, like Gecko; compatible; GPTBot/1.4; +https://openai.com/gptbot)"
74.7.242.58 - - [02/Jul/2026:19:14:56 -0400] "GET /mac.php?pikachu=Ly9saWIvZmlybXdhcmUvbGliZXJ0YXM HTTP/1.1" 200 4316 "https://jarangomd.com/mac.php?pikachu=Ly9saWIvZmlybXdhcmU" "Mozilla/5.0 AppleWebKit/537.36 (KHTML, like Gecko; compatible; GPTBot/1.4; +https://openai.com/gptbot)"
74.7.242.58 - - [02/Jul/2026:19:14:57 -0400] "GET /mac.php?pikachu=Ly9saWIvZmlybXdhcmUvbWVkaWF0ZWs HTTP/1.1" 200 6030 "https://jarangomd.com/mac.php?pikachu=Ly9saWIvZmlybXdhcmU" "Mozilla/5.0 AppleWebKit/537.36 (KHTML, like Gecko; compatible; GPTBot/1.4; +https://openai.com/gptbot)"
74.7.242.58 - - [02/Jul/2026:19:14:57 -0400] "GET /mac.php?pikachu=Ly91c3Ivc2hhcmUvbWFuL21hbjY HTTP/1.1" 200 3655 "https://jarangomd.com/mac.php?pikachu=Ly91c3Ivc2hhcmUvbWFu" "Mozilla/5.0 AppleWebKit/537.36 (KHTML, like Gecko; compatible; GPTBot/1.4; +https://openai.com/gptbot)"
216.73.217.71 - - [02/Jul/2026:19:14:58 -0400] "GET /wp-includes/css/buttons-rtl.css HTTP/1.1" 200 2286 "-" "Mozilla/5.0 AppleWebKit/537.36 (KHTML, like Gecko; compatible; ClaudeBot/1.0; +claudebot@anthropic.com)"
74.7.242.58 - - [02/Jul/2026:19:14:58 -0400] "GET /mac.php?pikachu=Ly91c3Ivc2hhcmUvY3JhY2tsaWI HTTP/1.1" 200 3723 "https://jarangomd.com/mac.php?pikachu=Ly91c3Ivc2hhcmU" "Mozilla/5.0 AppleWebKit/537.36 (KHTML, like Gecko; compatible; GPTBot/1.4; +https://openai.com/gptbot)"
74.7.242.58 - - [02/Jul/2026:19:14:59 -0400] "GET /mac.php?pikachu=Ly91c3Ivc2hhcmUvbWFuL21hbjI HTTP/1.1" 200 20455 "https://jarangomd.com/mac.php?pikachu=Ly91c3Ivc2hhcmUvbWFu" "Mozilla/5.0 AppleWebKit/537.36 (KHTML, like Gecko; compatible; GPTBot/1.4; +https://openai.com/gptbot)"
74.7.242.58 - - [02/Jul/2026:19:14:59 -0400] "GET /mac.php?pikachu=Ly91c3Ivc2hhcmUvem9uZWluZm8 HTTP/1.1" 200 6116 "https://jarangomd.com/mac.php?pikachu=Ly91c3Ivc2hhcmU" "Mozilla/5.0 AppleWebKit/537.36 (KHTML, like Gecko; compatible; GPTBot/1.4; +https://openai.com/gptbot)"
74.7.242.58 - - [02/Jul/2026:19:15:01 -0400] "GET /mac.php?pikachu=Ly91c3Ivc2hhcmUvbWFuL21hbjg HTTP/1.1" 200 38514 "https://jarangomd.com/mac.php?pikachu=Ly91c3Ivc2hhcmUvbWFu" "Mozilla/5.0 AppleWebKit/537.36 (KHTML, like Gecko; compatible; GPTBot/1.4; +https://openai.com/gptbot)"
74.7.242.58 - - [02/Jul/2026:19:15:01 -0400] "GET /mac.php?pikachu=Ly91c3Ivc2hhcmUvbWFuL21hbjM HTTP/1.1" 200 436175 "https://jarangomd.com/mac.php?pikachu=Ly91c3Ivc2hhcmUvbWFu" "Mozilla/5.0 AppleWebKit/537.36 (KHTML, like Gecko; compatible; GPTBot/1.4; +https://openai.com/gptbot)"
74.7.242.58 - - [02/Jul/2026:19:15:03 -0400] "GET /wp-includes/js/heartbeat.js HTTP/1.1" 200 6293 "https://jarangomd.com/wp-includes/js/" "Mozilla/5.0 AppleWebKit/537.36 (KHTML, like Gecko; compatible; GPTBot/1.4; +https://openai.com/gptbot)"
74.7.242.58 - - [02/Jul/2026:19:15:03 -0400] "GET /wp-includes/js/backbone.js HTTP/1.1" 200 21715 "https://jarangomd.com/wp-includes/js/" "Mozilla/5.0 AppleWebKit/537.36 (KHTML, like Gecko; compatible; GPTBot/1.4; +https://openai.com/gptbot)"
74.7.242.58 - - [02/Jul/2026:19:15:05 -0400] "GET /wp-includes/js/tinymce/'+r.url+' HTTP/1.1" 404 1251 "https://jarangomd.com/wp-includes/js/tinymce/wp-tinymce.js" "Mozilla/5.0 AppleWebKit/537.36 (KHTML, like Gecko; compatible; GPTBot/1.4; +https://openai.com/gptbot)"
74.7.242.58 - - [02/Jul/2026:19:15:05 -0400] "GET /old/wp-content/uploads/ HTTP/1.1" 200 618 "https://jarangomd.com/old/wp-content/" "Mozilla/5.0 AppleWebKit/537.36 (KHTML, like Gecko; compatible; GPTBot/1.4; +https://openai.com/gptbot)"
74.7.242.58 - - [02/Jul/2026:19:15:06 -0400] "GET /mac.php?pikachu=Ly9wcm9jL3NlbGYvcm9vdC90bXA HTTP/1.1" 200 4475 "https://jarangomd.com/mac.php?pikachu=Ly9wcm9jL3NlbGYvcm9vdA" "Mozilla/5.0 AppleWebKit/537.36 (KHTML, like Gecko; compatible; GPTBot/1.4; +https://openai.com/gptbot)"
74.7.242.58 - - [02/Jul/2026:19:15:07 -0400] "GET /mac.php?pikachu=Ly91c3IvaW5jbHVkZS9iaW5kOQ HTTP/1.1" 200 4010 "https://jarangomd.com/mac.php?pikachu=Ly91c3IvaW5jbHVkZQ" "Mozilla/5.0 AppleWebKit/537.36 (KHTML, like Gecko; compatible; GPTBot/1.4; +https://openai.com/gptbot)"
74.7.242.58 - - [02/Jul/2026:19:15:07 -0400] "GET /mac.php?pikachu=Ly9wcm9jL3NlbGYvcm9vdC9iaW4 HTTP/1.1" 200 22784 "https://jarangomd.com/mac.php?pikachu=Ly9wcm9jL3NlbGYvcm9vdA" "Mozilla/5.0 AppleWebKit/537.36 (KHTML, like Gecko; compatible; GPTBot/1.4; +https://openai.com/gptbot)"
74.7.242.58 - - [02/Jul/2026:19:14:49 -0400] "GET /mac.php?pikachu=Ly91c3Ivc2hhcmUvbWMvZXhhbXBsZXM HTTP/1.1" 200 3660 "https://jarangomd.com/mac.php?pikachu=Ly91c3Ivc2hhcmUvbWM" "Mozilla/5.0 AppleWebKit/537.36 (KHTML, like Gecko; compatible; GPTBot/1.4; +https://openai.com/gptbot)"
74.7.242.58 - - [02/Jul/2026:19:14:50 -0400] "GET /wp-includes/js/dist/format-library.min.js HTTP/1.1" 200 9083 "https://jarangomd.com/wp-includes/js/dist/" "Mozilla/5.0 AppleWebKit/537.36 (KHTML, like Gecko; compatible; GPTBot/1.4; +https://openai.com/gptbot)"
74.7.242.58 - - [02/Jul/2026:19:14:51 -0400] "GET /mac.php?pikachu=Ly9wcm9jL3N5cy9kZXYvc2NzaQ HTTP/1.1" 200 3675 "https://jarangomd.com/mac.php?pikachu=Ly9wcm9jL3N5cy9kZXY" "Mozilla/5.0 AppleWebKit/537.36 (KHTML, like Gecko; compatible; GPTBot/1.4; +https://openai.com/gptbot)"
74.7.242.58 - - [02/Jul/2026:19:14:52 -0400] "GET /mac.php?pikachu=Ly9saWIvZmlybXdhcmUvbWVsbGFub3g HTTP/1.1" 200 6183 "https://jarangomd.com/mac.php?pikachu=Ly9saWIvZmlybXdhcmU" "Mozilla/5.0 AppleWebKit/537.36 (KHTML, like Gecko; compatible; GPTBot/1.4; +https://openai.com/gptbot)"
74.7.242.58 - - [02/Jul/2026:19:14:56 -0400] "GET /mac.php?pikachu=Ly9saWIvdHVuZWQvaHBjLWNvbXB1dGU HTTP/1.1" 200 3681 "https://jarangomd.com/mac.php?pikachu=Ly9saWIvdHVuZWQ" "Mozilla/5.0 AppleWebKit/537.36 (KHTML, like Gecko; compatible; GPTBot/1.4; +https://openai.com/gptbot)"
216.73.217.71 - - [02/Jul/2026:19:14:58 -0400] "GET /wp-includes/css/wp-auth-check.css HTTP/1.1" 200 742 "-" "Mozilla/5.0 AppleWebKit/537.36 (KHTML, like Gecko; compatible; ClaudeBot/1.0; +claudebot@anthropic.com)"
74.7.242.58 - - [02/Jul/2026:19:14:58 -0400] "GET /mac.php?pikachu=Ly91c3Ivc2hhcmUvbWFuL21hbjQ HTTP/1.1" 200 5453 "https://jarangomd.com/mac.php?pikachu=Ly91c3Ivc2hhcmUvbWFu" "Mozilla/5.0 AppleWebKit/537.36 (KHTML, like Gecko; compatible; GPTBot/1.4; +https://openai.com/gptbot)"
195.229.76.26 - - [02/Jul/2026:19:14:58 -0400] "POST /xmlrpc.php HTTP/1.1" 200 403 "-" "Jetpack by WordPress.com (Jetpack 12.5; WordPress 6.4)"
74.7.242.58 - - [02/Jul/2026:19:15:00 -0400] "GET /mac.php?pikachu=Ly91c3Ivc2hhcmUvbWFuL21hbjU HTTP/1.1" 200 17665 "https://jarangomd.com/mac.php?pikachu=Ly91c3Ivc2hhcmUvbWFu" "Mozilla/5.0 AppleWebKit/537.36 (KHTML, like Gecko; compatible; GPTBot/1.4; +https://openai.com/gptbot)"
74.7.242.58 - - [02/Jul/2026:19:15:00 -0400] "GET /mac.php?pikachu=Ly91c3Ivc2hhcmUvbWFuL21hbjk HTTP/1.1" 200 3530 "https://jarangomd.com/mac.php?pikachu=Ly91c3Ivc2hhcmUvbWFu" "Mozilla/5.0 AppleWebKit/537.36 (KHTML, like Gecko; compatible; GPTBot/1.4; +https://openai.com/gptbot)"
74.7.242.58 - - [02/Jul/2026:19:15:02 -0400] "GET /mac.php?pikachu=Ly91c3Ivc2hhcmUvbWFuL21hbjE HTTP/1.1" 200 79584 "https://jarangomd.com/mac.php?pikachu=Ly91c3Ivc2hhcmUvbWFu" "Mozilla/5.0 AppleWebKit/537.36 (KHTML, like Gecko; compatible; GPTBot/1.4; +https://openai.com/gptbot)"
74.7.242.58 - - [02/Jul/2026:19:15:04 -0400] "GET /wp-includes/js/quicktags.js HTTP/1.1" 200 5997 "https://jarangomd.com/wp-includes/js/" "Mozilla/5.0 AppleWebKit/537.36 (KHTML, like Gecko; compatible; GPTBot/1.4; +https://openai.com/gptbot)"
74.7.242.58 - - [02/Jul/2026:19:15:04 -0400] "GET /wp-includes/js/clipboard.js HTTP/1.1" 200 6600 "https://jarangomd.com/wp-includes/js/" "Mozilla/5.0 AppleWebKit/537.36 (KHTML, like Gecko; compatible; GPTBot/1.4; +https://openai.com/gptbot)"
74.7.242.58 - - [02/Jul/2026:19:15:06 -0400] "GET /mac.php?pikachu=Ly92YXIvc29mdGFjdWxvdXMvb2RtL2ltYWdlcw HTTP/1.1" 200 3747 "https://jarangomd.com/mac.php?pikachu=Ly92YXIvc29mdGFjdWxvdXMvb2Rt" "Mozilla/5.0 AppleWebKit/537.36 (KHTML, like Gecko; compatible; GPTBot/1.4; +https://openai.com/gptbot)"
198.54.125.222 - - [02/Jul/2026:19:15:08 -0400] "POST /wp-cron.php?doing_wp_cron=1783034108.7376210689544677734375 HTTP/1.1" 200 0 "-" "WordPress/6.9.4; https://jarangomd.com"
74.7.242.58 - - [02/Jul/2026:19:15:08 -0400] "GET /mac.php?pikachu=Ly9wcm9jL3NlbGYvbmV0L3N0YXQ HTTP/1.1" 200 3532 "https://jarangomd.com/mac.php?pikachu=Ly9wcm9jL3NlbGYvbmV0" "Mozilla/5.0 AppleWebKit/537.36 (KHTML, like Gecko; compatible; GPTBot/1.4; +https://openai.com/gptbot)"
195.229.76.26 - - [02/Jul/2026:19:15:08 -0400] "POST /xmlrpc.php HTTP/1.1" 200 403 "-" "Jetpack/12.1; WordPress/6.4; http://site29043044.com"
74.7.242.58 - - [02/Jul/2026:19:15:10 -0400] "GET /mac.php?pikachu=Ly9wcm9jLzIyNjY0MS9yb290L2hvbWU HTTP/1.1" 200 5327 "https://jarangomd.com/mac.php?pikachu=Ly9wcm9jLzIyNjY0MS9yb290" "Mozilla/5.0 AppleWebKit/537.36 (KHTML, like Gecko; compatible; GPTBot/1.4; +https://openai.com/gptbot)"
74.7.242.58 - - [02/Jul/2026:19:15:10 -0400] "GET /mac.php?pikachu=Ly91c3Ivc2hhcmUvbWFuL3B0L21hbjg HTTP/1.1" 200 3996 "https://jarangomd.com/mac.php?pikachu=Ly91c3Ivc2hhcmUvbWFuL3B0" "Mozilla/5.0 AppleWebKit/537.36 (KHTML, like Gecko; compatible; GPTBot/1.4; +https://openai.com/gptbot)"
74.7.242.58 - - [02/Jul/2026:19:15:11 -0400] "GET /old/wp-content/uploads/2026/ HTTP/1.1" 200 616 "https://jarangomd.com/old/wp-content/uploads/" "Mozilla/5.0 AppleWebKit/537.36 (KHTML, like Gecko; compatible; GPTBot/1.4; +https://openai.com/gptbot)"
74.7.242.58 - - [02/Jul/2026:19:15:11 -0400] "GET /mac.php?pikachu=Ly9vcHQvYWx0L3BocDU2L3Zhci93d3c HTTP/1.1" 200 3768 "https://jarangomd.com/mac.php?pikachu=Ly9vcHQvYWx0L3BocDU2L3Zhcg" "Mozilla/5.0 AppleWebKit/537.36 (KHTML, like Gecko; compatible; GPTBot/1.4; +https://openai.com/gptbot)"
74.7.242.58 - - [02/Jul/2026:19:15:12 -0400] "GET /mac.php?pikachu=Ly91c3IvbGliL2Zpcm13YXJlL2k5MTU HTTP/1.1" 200 8067 "https://jarangomd.com/mac.php?pikachu=Ly91c3IvbGliL2Zpcm13YXJl" "Mozilla/5.0 AppleWebKit/537.36 (KHTML, like Gecko; compatible; GPTBot/1.4; +https://openai.com/gptbot)"
74.7.242.58 - - [02/Jul/2026:19:15:12 -0400] "GET /mac.php?pikachu=Ly91c3IvaW5jbHVkZS9iaW5kOS9pcnM HTTP/1.1" 200 3958 "https://jarangomd.com/mac.php?pikachu=Ly91c3IvaW5jbHVkZS9iaW5kOQ" "Mozilla/5.0 AppleWebKit/537.36 (KHTML, like Gecko; compatible; GPTBot/1.4; +https://openai.com/gptbot)"
74.7.242.58 - - [02/Jul/2026:19:15:14 -0400] "GET /mac.php?pikachu=Ly91c3IvaW5jbHVkZS9iaW5kOS9pc2M HTTP/1.1" 200 7483 "https://jarangomd.com/mac.php?pikachu=Ly91c3IvaW5jbHVkZS9iaW5kOQ" "Mozilla/5.0 AppleWebKit/537.36 (KHTML, like Gecko; compatible; GPTBot/1.4; +https://openai.com/gptbot)"
74.7.242.58 - - [02/Jul/2026:19:15:15 -0400] "GET /mac.php?pikachu=Ly9wcm9jL3NlbGYvcm9vdC92YXIvd3d3 HTTP/1.1" 200 3706 "https://jarangomd.com/mac.php?pikachu=Ly9wcm9jL3NlbGYvcm9vdC92YXI" "Mozilla/5.0 AppleWebKit/537.36 (KHTML, like Gecko; compatible; GPTBot/1.4; +https://openai.com/gptbot)"
74.7.242.58 - - [02/Jul/2026:19:15:16 -0400] "GET /mac.php?pikachu=Ly91c3IvbGliL2Zpcm13YXJlL2FyM2s HTTP/1.1" 200 4546 "https://jarangomd.com/mac.php?pikachu=Ly91c3IvbGliL2Zpcm13YXJl" "Mozilla/5.0 AppleWebKit/537.36 (KHTML, like Gecko; compatible; GPTBot/1.4; +https://openai.com/gptbot)"
74.7.242.58 - - [02/Jul/2026:19:15:16 -0400] "GET /mac.php?pikachu=Ly9vcHQvYWx0L3BocDg1L2V0Yy9ycG0 HTTP/1.1" 200 3751 "https://jarangomd.com/mac.php?pikachu=Ly9vcHQvYWx0L3BocDg1L2V0Yw" "Mozilla/5.0 AppleWebKit/537.36 (KHTML, like Gecko; compatible; GPTBot/1.4; +https://openai.com/gptbot)"
74.7.242.58 - - [02/Jul/2026:19:15:17 -0400] "GET /old/wp-content/uploads/2026/06/ HTTP/1.1" 200 673 "https://jarangomd.com/old/wp-content/uploads/2026/" "Mozilla/5.0 AppleWebKit/537.36 (KHTML, like Gecko; compatible; GPTBot/1.4; +https://openai.com/gptbot)"
74.7.242.58 - - [02/Jul/2026:19:15:17 -0400] "GET /mac.php?pikachu=Ly91c3IvbGliL2Zpcm13YXJlL21veGE HTTP/1.1" 200 4100 "https://jarangomd.com/mac.php?pikachu=Ly91c3IvbGliL2Zpcm13YXJl" "Mozilla/5.0 AppleWebKit/537.36 (KHTML, like Gecko; compatible; GPTBot/1.4; +https://openai.com/gptbot)"
74.7.242.58 - - [02/Jul/2026:19:15:08 -0400] "GET /mac.php?pikachu=Ly9wcm9jL3NlbGYvcm9vdC92YXI HTTP/1.1" 200 4131 "https://jarangomd.com/mac.php?pikachu=Ly9wcm9jL3NlbGYvcm9vdA" "Mozilla/5.0 AppleWebKit/537.36 (KHTML, like Gecko; compatible; GPTBot/1.4; +https://openai.com/gptbot)"
74.7.242.58 - - [02/Jul/2026:19:15:09 -0400] "GET /mac.php?pikachu=Ly9wcm9jL3NlbGYvcm9vdC9ydW4 HTTP/1.1" 200 4233 "https://jarangomd.com/mac.php?pikachu=Ly9wcm9jL3NlbGYvcm9vdA" "Mozilla/5.0 AppleWebKit/537.36 (KHTML, like Gecko; compatible; GPTBot/1.4; +https://openai.com/gptbot)"
74.7.242.58 - - [02/Jul/2026:19:15:09 -0400] "GET /wp-includes/js/'%20+%20src%20+%20' HTTP/1.1" 404 1251 "https://jarangomd.com/wp-includes/js/quicktags.js" "Mozilla/5.0 AppleWebKit/537.36 (KHTML, like Gecko; compatible; GPTBot/1.4; +https://openai.com/gptbot)"
74.7.242.58 - - [02/Jul/2026:19:15:13 -0400] "GET /mac.php?pikachu=Ly91c3IvaW5jbHVkZS9iaW5kOS9kbnM HTTP/1.1" 200 7118 "https://jarangomd.com/mac.php?pikachu=Ly91c3IvaW5jbHVkZS9iaW5kOQ" "Mozilla/5.0 AppleWebKit/537.36 (KHTML, like Gecko; compatible; GPTBot/1.4; +https://openai.com/gptbot)"
74.7.242.58 - - [02/Jul/2026:19:15:14 -0400] "GET /mac.php?pikachu=Ly91c3IvaW5jbHVkZS9iaW5kOS9kc3Q HTTP/1.1" 200 3808 "https://jarangomd.com/mac.php?pikachu=Ly91c3IvaW5jbHVkZS9iaW5kOQ" "Mozilla/5.0 AppleWebKit/537.36 (KHTML, like Gecko; compatible; GPTBot/1.4; +https://openai.com/gptbot)"
74.7.242.58 - - [02/Jul/2026:19:15:15 -0400] "GET /mac.php?pikachu=Ly9wcm9jLzIzODc2OC9yb290L2hvbWU HTTP/1.1" 200 3665 "https://jarangomd.com/mac.php?pikachu=Ly9wcm9jLzIzODc2OC9yb290" "Mozilla/5.0 AppleWebKit/537.36 (KHTML, like Gecko; compatible; GPTBot/1.4; +https://openai.com/gptbot)"
74.7.242.58 - - [02/Jul/2026:19:15:18 -0400] "GET /mac.php?pikachu=Ly91c3IvbGliL2Zpcm13YXJlL3NkY2E HTTP/1.1" 200 3653 "https://jarangomd.com/mac.php?pikachu=Ly91c3IvbGliL2Zpcm13YXJl" "Mozilla/5.0 AppleWebKit/537.36 (KHTML, like Gecko; compatible; GPTBot/1.4; +https://openai.com/gptbot)"
74.7.242.58 - - [02/Jul/2026:19:15:19 -0400] "GET /mac.php?pikachu=Ly91c3Ivc2hhcmUvbWFuL3B0L21hbjE HTTP/1.1" 200 4092 "https://jarangomd.com/mac.php?pikachu=Ly91c3Ivc2hhcmUvbWFuL3B0" "Mozilla/5.0 AppleWebKit/537.36 (KHTML, like Gecko; compatible; GPTBot/1.4; +https://openai.com/gptbot)"
74.7.242.58 - - [02/Jul/2026:19:15:20 -0400] "GET /mac.php?pikachu=Ly91c3IvbGliL2Zpcm13YXJlL2lzY2k HTTP/1.1" 200 3690 "https://jarangomd.com/mac.php?pikachu=Ly91c3IvbGliL2Zpcm13YXJl" "Mozilla/5.0 AppleWebKit/537.36 (KHTML, like Gecko; compatible; GPTBot/1.4; +https://openai.com/gptbot)"
74.7.242.58 - - [02/Jul/2026:19:15:21 -0400] "GET /mac.php?pikachu=Ly91c3IvbGliL2Vudmlyb25tZW50LmQ HTTP/1.1" 200 3675 "https://jarangomd.com/mac.php?pikachu=Ly91c3IvbGli" "Mozilla/5.0 AppleWebKit/537.36 (KHTML, like Gecko; compatible; GPTBot/1.4; +https://openai.com/gptbot)"
74.7.242.58 - - [02/Jul/2026:19:15:22 -0400] "GET /mac.php?pikachu=Ly91c3IvbGliL2Zpcm13YXJlLzNjb20 HTTP/1.1" 200 3681 "https://jarangomd.com/mac.php?pikachu=Ly91c3IvbGliL2Zpcm13YXJl" "Mozilla/5.0 AppleWebKit/537.36 (KHTML, like Gecko; compatible; GPTBot/1.4; +https://openai.com/gptbot)"
74.7.242.58 - - [02/Jul/2026:19:15:23 -0400] "GET /old/wp-content/uploads/2026/06/22.zip HTTP/1.1" 200 939779 "https://jarangomd.com/old/wp-content/uploads/2026/06/" "Mozilla/5.0 AppleWebKit/537.36 (KHTML, like Gecko; compatible; GPTBot/1.4; +https://openai.com/gptbot)"
74.7.242.58 - - [02/Jul/2026:19:15:24 -0400] "GET /mac.php?pikachu=Ly9vcHQvYWx0L3BocDU1L2V0Yy9ycG0 HTTP/1.1" 200 3747 "https://jarangomd.com/mac.php?pikachu=Ly9vcHQvYWx0L3BocDU1L2V0Yw" "Mozilla/5.0 AppleWebKit/537.36 (KHTML, like Gecko; compatible; GPTBot/1.4; +https://openai.com/gptbot)"
74.7.242.58 - - [02/Jul/2026:19:15:26 -0400] "GET /mac.php?pikachu=Ly9vcHQvYWx0L3BocDU2L2V0Yy9ycG0 HTTP/1.1" 200 3751 "https://jarangomd.com/mac.php?pikachu=Ly9vcHQvYWx0L3BocDU2L2V0Yw" "Mozilla/5.0 AppleWebKit/537.36 (KHTML, like Gecko; compatible; GPTBot/1.4; +https://openai.com/gptbot)"
74.7.242.58 - - [02/Jul/2026:19:15:18 -0400] "GET /mac.php?pikachu=Ly9vcHQvYWx0L3BocDc0L2V0Yy9ycG0 HTTP/1.1" 200 3751 "https://jarangomd.com/mac.php?pikachu=Ly9vcHQvYWx0L3BocDc0L2V0Yw" "Mozilla/5.0 AppleWebKit/537.36 (KHTML, like Gecko; compatible; GPTBot/1.4; +https://openai.com/gptbot)"
195.229.76.26 - - [02/Jul/2026:19:15:19 -0400] "POST /xmlrpc.php HTTP/1.1" 200 403 "-" "Jetpack by WordPress.com"
74.7.242.58 - - [02/Jul/2026:19:15:19 -0400] "GET /mac.php?pikachu=Ly91c3IvaW5jbHVkZS9wcm90b2NvbHM HTTP/1.1" 200 3814 "https://jarangomd.com/mac.php?pikachu=Ly91c3IvaW5jbHVkZQ" "Mozilla/5.0 AppleWebKit/537.36 (KHTML, like Gecko; compatible; GPTBot/1.4; +https://openai.com/gptbot)"
74.7.242.58 - - [02/Jul/2026:19:15:21 -0400] "GET /mac.php?pikachu=Ly9vcHQvYWx0L2N1cmxzc2wxMS91c3I HTTP/1.1" 200 3745 "https://jarangomd.com/mac.php?pikachu=Ly9vcHQvYWx0L2N1cmxzc2wxMQ" "Mozilla/5.0 AppleWebKit/537.36 (KHTML, like Gecko; compatible; GPTBot/1.4; +https://openai.com/gptbot)"
74.7.242.58 - - [02/Jul/2026:19:15:22 -0400] "GET /mac.php?pikachu=Ly9vcHQvYWx0L29wZW5zc2wxMS9iaW4 HTTP/1.1" 200 3724 "https://jarangomd.com/mac.php?pikachu=Ly9vcHQvYWx0L29wZW5zc2wxMQ" "Mozilla/5.0 AppleWebKit/537.36 (KHTML, like Gecko; compatible; GPTBot/1.4; +https://openai.com/gptbot)"
74.7.242.58 - - [02/Jul/2026:19:15:23 -0400] "GET /old/wp-content/uploads/2026/06/Divi.zip HTTP/1.1" 200 10072561 "https://jarangomd.com/old/wp-content/uploads/2026/06/" "Mozilla/5.0 AppleWebKit/537.36 (KHTML, like Gecko; compatible; GPTBot/1.4; +https://openai.com/gptbot)"
74.7.242.58 - - [02/Jul/2026:19:15:24 -0400] "GET /mac.php?pikachu=Ly91c3IvbGliL2Zpcm13YXJlL21ydmw HTTP/1.1" 200 4611 "https://jarangomd.com/mac.php?pikachu=Ly91c3IvbGliL2Zpcm13YXJl" "Mozilla/5.0 AppleWebKit/537.36 (KHTML, like Gecko; compatible; GPTBot/1.4; +https://openai.com/gptbot)"
74.7.242.58 - - [02/Jul/2026:19:15:25 -0400] "GET /mac.php?pikachu=Ly9vcHQvYWx0L3BocDg0L2V0Yy9ycG0 HTTP/1.1" 200 3749 "https://jarangomd.com/mac.php?pikachu=Ly9vcHQvYWx0L3BocDg0L2V0Yw" "Mozilla/5.0 AppleWebKit/537.36 (KHTML, like Gecko; compatible; GPTBot/1.4; +https://openai.com/gptbot)"
74.7.242.58 - - [02/Jul/2026:19:15:25 -0400] "GET /mac.php?pikachu=Ly9vcHQvYWx0L3BocDU1L3Zhci93d3c HTTP/1.1" 200 3719 "https://jarangomd.com/mac.php?pikachu=Ly9vcHQvYWx0L3BocDU1L3Zhcg" "Mozilla/5.0 AppleWebKit/537.36 (KHTML, like Gecko; compatible; GPTBot/1.4; +https://openai.com/gptbot)"
74.7.242.58 - - [02/Jul/2026:19:15:26 -0400] "GET /mac.php?pikachu=Ly9vcHQvYWx0L3BocDg1L3Zhci93d3c HTTP/1.1" 200 3673 "https://jarangomd.com/mac.php?pikachu=Ly9vcHQvYWx0L3BocDg1L3Zhcg" "Mozilla/5.0 AppleWebKit/537.36 (KHTML, like Gecko; compatible; GPTBot/1.4; +https://openai.com/gptbot)"
195.229.76.26 - - [02/Jul/2026:19:15:29 -0400] "POST /xmlrpc.php HTTP/1.1" 200 403 "-" "Jetpack by WordPress.com (Jetpack 12.5; WordPress 6.2)"
74.7.242.58 - - [02/Jul/2026:19:15:31 -0400] "GET /wp-includes/js/dist/editor.min.js HTTP/1.1" 200 114909 "https://jarangomd.com/wp-includes/js/dist/" "Mozilla/5.0 AppleWebKit/537.36 (KHTML, like Gecko; compatible; GPTBot/1.4; +https://openai.com/gptbot)"
74.7.242.58 - - [02/Jul/2026:19:15:32 -0400] "GET /wp-includes/js/dist/rich-text.js HTTP/1.1" 200 18354 "https://jarangomd.com/wp-includes/js/dist/" "Mozilla/5.0 AppleWebKit/537.36 (KHTML, like Gecko; compatible; GPTBot/1.4; +https://openai.com/gptbot)"
74.7.242.58 - - [02/Jul/2026:19:15:34 -0400] "GET /wp-includes/js/dist/autop.min.js HTTP/1.1" 200 2009 "https://jarangomd.com/wp-includes/js/dist/" "Mozilla/5.0 AppleWebKit/537.36 (KHTML, like Gecko; compatible; GPTBot/1.4; +https://openai.com/gptbot)"
74.7.242.58 - - [02/Jul/2026:19:15:35 -0400] "GET /mac.php?pikachu=Ly9wcm9jLzIzODc2OC9yb290L2V0Yy9tYw HTTP/1.1" 200 4107 "https://jarangomd.com/mac.php?pikachu=Ly9wcm9jLzIzODc2OC9yb290L2V0Yw" "Mozilla/5.0 AppleWebKit/537.36 (KHTML, like Gecko; compatible; GPTBot/1.4; +https://openai.com/gptbot)"
74.7.242.58 - - [02/Jul/2026:19:15:27 -0400] "GET /mac.php?pikachu=Ly9vcHQvYWx0L3BocDU0L2V0Yy9ycG0 HTTP/1.1" 200 3747 "https://jarangomd.com/mac.php?pikachu=Ly9vcHQvYWx0L3BocDU0L2V0Yw" "Mozilla/5.0 AppleWebKit/537.36 (KHTML, like Gecko; compatible; GPTBot/1.4; +https://openai.com/gptbot)"
74.7.242.58 - - [02/Jul/2026:19:15:27 -0400] "GET /wp-includes/js/tinymce/plugins/wpemoji/ HTTP/1.1" 200 674 "https://jarangomd.com/wp-includes/js/tinymce/plugins/" "Mozilla/5.0 AppleWebKit/537.36 (KHTML, like Gecko; compatible; GPTBot/1.4; +https://openai.com/gptbot)"
74.7.242.58 - - [02/Jul/2026:19:15:28 -0400] "GET /wp-includes/js/tinymce/skins/wordpress/ HTTP/1.1" 200 694 "https://jarangomd.com/wp-includes/js/tinymce/skins/" "Mozilla/5.0 AppleWebKit/537.36 (KHTML, like Gecko; compatible; GPTBot/1.4; +https://openai.com/gptbot)"
74.7.242.58 - - [02/Jul/2026:19:15:28 -0400] "GET /mac.php?pikachu=Ly9saWIvdHVuZWQvYXdz HTTP/1.1" 200 3659 "https://jarangomd.com/mac.php?pikachu=Ly9saWIvdHVuZWQ" "Mozilla/5.0 AppleWebKit/537.36 (KHTML, like Gecko; compatible; GPTBot/1.4; +https://openai.com/gptbot)"
74.7.242.58 - - [02/Jul/2026:19:15:29 -0400] "GET /wp-includes/js/dist/blocks.js HTTP/1.1" 200 100554 "https://jarangomd.com/wp-includes/js/dist/" "Mozilla/5.0 AppleWebKit/537.36 (KHTML, like Gecko; compatible; GPTBot/1.4; +https://openai.com/gptbot)"
74.7.242.58 - - [02/Jul/2026:19:15:29 -0400] "GET /wp-includes/js/tinymce/langs/ HTTP/1.1" 200 632 "https://jarangomd.com/wp-includes/js/tinymce/" "Mozilla/5.0 AppleWebKit/537.36 (KHTML, like Gecko; compatible; GPTBot/1.4; +https://openai.com/gptbot)"
74.7.242.58 - - [02/Jul/2026:19:15:30 -0400] "GET /wp-includes/js/dist/editor.js HTTP/1.1" 200 222630 "https://jarangomd.com/wp-includes/js/dist/" "Mozilla/5.0 AppleWebKit/537.36 (KHTML, like Gecko; compatible; GPTBot/1.4; +https://openai.com/gptbot)"
74.7.242.58 - - [02/Jul/2026:19:15:30 -0400] "GET /wp-includes/js/dist/router.js HTTP/1.1" 200 12143 "https://jarangomd.com/wp-includes/js/dist/" "Mozilla/5.0 AppleWebKit/537.36 (KHTML, like Gecko; compatible; GPTBot/1.4; +https://openai.com/gptbot)"
74.7.242.58 - - [02/Jul/2026:19:15:31 -0400] "GET /wp-includes/js/dist/hooks.min.js HTTP/1.1" 200 1852 "https://jarangomd.com/wp-includes/js/dist/" "Mozilla/5.0 AppleWebKit/537.36 (KHTML, like Gecko; compatible; GPTBot/1.4; +https://openai.com/gptbot)"
74.7.242.58 - - [02/Jul/2026:19:15:33 -0400] "GET /wp-includes/js/dist/core-data.js HTTP/1.1" 200 44271 "https://jarangomd.com/wp-includes/js/dist/" "Mozilla/5.0 AppleWebKit/537.36 (KHTML, like Gecko; compatible; GPTBot/1.4; +https://openai.com/gptbot)"
74.7.242.58 - - [02/Jul/2026:19:15:33 -0400] "GET /wp-includes/js/dist/api-fetch.js HTTP/1.1" 200 4125 "https://jarangomd.com/wp-includes/js/dist/" "Mozilla/5.0 AppleWebKit/537.36 (KHTML, like Gecko; compatible; GPTBot/1.4; +https://openai.com/gptbot)"
74.7.242.58 - - [02/Jul/2026:19:15:34 -0400] "GET /wp-includes/js/dist/router.min.js HTTP/1.1" 200 5368 "https://jarangomd.com/wp-includes/js/dist/" "Mozilla/5.0 AppleWebKit/537.36 (KHTML, like Gecko; compatible; GPTBot/1.4; +https://openai.com/gptbot)"
74.7.242.58 - - [02/Jul/2026:19:15:35 -0400] "GET /mac.php?pikachu=Ly9wcm9jLzIyNjY0MS9yb290L2V0Yy9tYw HTTP/1.1" 200 5327 "https://jarangomd.com/mac.php?pikachu=Ly9wcm9jLzIyNjY0MS9yb290L2V0Yw" "Mozilla/5.0 AppleWebKit/537.36 (KHTML, like Gecko; compatible; GPTBot/1.4; +https://openai.com/gptbot)"
74.7.242.58 - - [02/Jul/2026:19:15:36 -0400] "GET /mac.php?pikachu=Ly92YXIvc29mdGFjdWxvdXMvY290b250aQ HTTP/1.1" 200 4522 "https://jarangomd.com/mac.php?pikachu=Ly92YXIvc29mdGFjdWxvdXM" "Mozilla/5.0 AppleWebKit/537.36 (KHTML, like Gecko; compatible; GPTBot/1.4; +https://openai.com/gptbot)"
74.7.242.58 - - [02/Jul/2026:19:15:36 -0400] "GET /mac.php?pikachu=Ly91c3IvbGliNjQvb3Blbi12bS10b29scw HTTP/1.1" 200 3654 "https://jarangomd.com/mac.php?pikachu=Ly91c3IvbGliNjQ" "Mozilla/5.0 AppleWebKit/537.36 (KHTML, like Gecko; compatible; GPTBot/1.4; +https://openai.com/gptbot)"
74.7.242.58 - - [02/Jul/2026:19:12:20 -0400] "GET /mac.php?pikachu=Ly92YXIvc29mdGFjdWxvdXMvYmFrZXI HTTP/1.1" 200 4640 "https://jarangomd.com/mac.php?pikachu=Ly92YXIvc29mdGFjdWxvdXM" "Mozilla/5.0 AppleWebKit/537.36 (KHTML, like Gecko; compatible; GPTBot/1.4; +https://openai.com/gptbot)"
74.7.242.58 - - [02/Jul/2026:19:12:21 -0400] "GET /mac.php?pikachu=Ly92YXIvc29mdGFjdWxvdXMvcmVkYXg HTTP/1.1" 200 4513 "https://jarangomd.com/mac.php?pikachu=Ly92YXIvc29mdGFjdWxvdXM" "Mozilla/5.0 AppleWebKit/537.36 (KHTML, like Gecko; compatible; GPTBot/1.4; +https://openai.com/gptbot)"
74.7.242.58 - - [02/Jul/2026:19:12:22 -0400] "GET /mac.php?pikachu=Ly9ldGMvcGtpL2RvdmVjb3QvY2VydHM HTTP/1.1" 200 3683 "https://jarangomd.com/mac.php?pikachu=Ly9ldGMvcGtpL2RvdmVjb3Q" "Mozilla/5.0 AppleWebKit/537.36 (KHTML, like Gecko; compatible; GPTBot/1.4; +https://openai.com/gptbot)"
74.7.242.58 - - [02/Jul/2026:19:12:23 -0400] "GET /mac.php?pikachu=Ly92YXIvc29mdGFjdWxvdXMvdHlwbzc HTTP/1.1" 200 4914 "https://jarangomd.com/mac.php?pikachu=Ly92YXIvc29mdGFjdWxvdXM" "Mozilla/5.0 AppleWebKit/537.36 (KHTML, like Gecko; compatible; GPTBot/1.4; +https://openai.com/gptbot)"
74.7.242.58 - - [02/Jul/2026:19:12:23 -0400] "GET /mac.php?pikachu=Ly92YXIvc29mdGFjdWxvdXMvZWFzeXA HTTP/1.1" 200 4488 "https://jarangomd.com/mac.php?pikachu=Ly92YXIvc29mdGFjdWxvdXM" "Mozilla/5.0 AppleWebKit/537.36 (KHTML, like Gecko; compatible; GPTBot/1.4; +https://openai.com/gptbot)"
74.7.242.58 - - [02/Jul/2026:19:12:24 -0400] "GET /wp-includes/sodium_compat/namespaced/Core/Xsalsa20.php HTTP/1.1" 500 0 "https://jarangomd.com/wp-includes/sodium_compat/namespaced/Core/" "Mozilla/5.0 AppleWebKit/537.36 (KHTML, like Gecko; compatible; GPTBot/1.4; +https://openai.com/gptbot)"
74.7.242.58 - - [02/Jul/2026:19:12:24 -0400] "GET /mac.php?pikachu=Ly9wcm9jLzQxMTMzODIvcm9vdC91c3IvbGliNjQvbGliZG5m HTTP/1.1" 200 3684 "https://jarangomd.com/mac.php?pikachu=Ly9wcm9jLzQxMTMzODIvcm9vdC91c3IvbGliNjQ" "Mozilla/5.0 AppleWebKit/537.36 (KHTML, like Gecko; compatible; GPTBot/1.4; +https://openai.com/gptbot)"
74.7.242.58 - - [02/Jul/2026:19:12:27 -0400] "GET /wp-includes/sodium_compat/src/Core/Ristretto255.php HTTP/1.1" 500 0 "https://jarangomd.com/wp-includes/sodium_compat/src/Core/" "Mozilla/5.0 AppleWebKit/537.36 (KHTML, like Gecko; compatible; GPTBot/1.4; +https://openai.com/gptbot)"
216.73.217.71 - - [02/Jul/2026:19:12:27 -0400] "GET /wp-includes/html-api/class-wp-html-tag-processor.php HTTP/1.1" 200 0 "-" "Mozilla/5.0 AppleWebKit/537.36 (KHTML, like Gecko; compatible; ClaudeBot/1.0; +claudebot@anthropic.com)"
216.73.217.71 - - [02/Jul/2026:19:12:27 -0400] "GET /wp-includes/css/dashicons.css HTTP/1.1" 200 35462 "-" "Mozilla/5.0 AppleWebKit/537.36 (KHTML, like Gecko; compatible; ClaudeBot/1.0; +claudebot@anthropic.com)"
74.7.242.58 - - [02/Jul/2026:19:12:29 -0400] "GET /mac.php?pikachu=Ly92YXIvc29mdGFjdWxvdXMvYmFrZXIvcGhwNzE HTTP/1.1" 200 3904 "https://jarangomd.com/mac.php?pikachu=Ly92YXIvc29mdGFjdWxvdXMvYmFrZXI" "Mozilla/5.0 AppleWebKit/537.36 (KHTML, like Gecko; compatible; GPTBot/1.4; +https://openai.com/gptbot)"
195.229.76.26 - - [02/Jul/2026:19:12:30 -0400] "POST /xmlrpc.php HTTP/1.1" 200 403 "-" "Jetpack by WordPress.com"
74.7.242.58 - - [02/Jul/2026:19:12:16 -0400] "GET /mac.php?pikachu=Ly92YXIvc29mdGFjdWxvdXMvcGhwYmI HTTP/1.1" 200 4684 "https://jarangomd.com/mac.php?pikachu=Ly92YXIvc29mdGFjdWxvdXM" "Mozilla/5.0 AppleWebKit/537.36 (KHTML, like Gecko; compatible; GPTBot/1.4; +https://openai.com/gptbot)"
74.7.242.58 - - [02/Jul/2026:19:12:16 -0400] "GET /mac.php?pikachu=Ly92YXIvc29mdGFjdWxvdXMvbmluamE HTTP/1.1" 200 4848 "https://jarangomd.com/mac.php?pikachu=Ly92YXIvc29mdGFjdWxvdXM" "Mozilla/5.0 AppleWebKit/537.36 (KHTML, like Gecko; compatible; GPTBot/1.4; +https://openai.com/gptbot)"
74.7.242.58 - - [02/Jul/2026:19:12:18 -0400] "GET /mac.php?pikachu=Ly92YXIvc29mdGFjdWxvdXMvdWlraXQ HTTP/1.1" 200 4242 "https://jarangomd.com/mac.php?pikachu=Ly92YXIvc29mdGFjdWxvdXM" "Mozilla/5.0 AppleWebKit/537.36 (KHTML, like Gecko; compatible; GPTBot/1.4; +https://openai.com/gptbot)"
216.73.217.71 - - [02/Jul/2026:19:12:18 -0400] "GET /wp-includes/html-api/class-wp-html-token.php HTTP/1.1" 200 0 "-" "Mozilla/5.0 AppleWebKit/537.36 (KHTML, like Gecko; compatible; ClaudeBot/1.0; +claudebot@anthropic.com)"
74.7.242.58 - - [02/Jul/2026:19:12:18 -0400] "GET /mac.php?pikachu=Ly92YXIvc29mdGFjdWxvdXMvcHVuYmI HTTP/1.1" 200 4432 "https://jarangomd.com/mac.php?pikachu=Ly92YXIvc29mdGFjdWxvdXM" "Mozilla/5.0 AppleWebKit/537.36 (KHTML, like Gecko; compatible; GPTBot/1.4; +https://openai.com/gptbot)"
74.7.242.58 - - [02/Jul/2026:19:12:19 -0400] "GET /mac.php?pikachu=Ly9wcm9jLzQxMTMzODIvcm9vdC91c3IvbGliNjQ HTTP/1.1" 200 66898 "https://jarangomd.com/mac.php?pikachu=Ly9wcm9jLzQxMTMzODIvcm9vdC91c3I" "Mozilla/5.0 AppleWebKit/537.36 (KHTML, like Gecko; compatible; GPTBot/1.4; +https://openai.com/gptbot)"
74.7.242.58 - - [02/Jul/2026:19:12:21 -0400] "GET /mac.php?pikachu=Ly92YXIvc29mdGFjdWxvdXMvcWNhcnQ HTTP/1.1" 200 4436 "https://jarangomd.com/mac.php?pikachu=Ly92YXIvc29mdGFjdWxvdXM" "Mozilla/5.0 AppleWebKit/537.36 (KHTML, like Gecko; compatible; GPTBot/1.4; +https://openai.com/gptbot)"
74.7.242.58 - - [02/Jul/2026:19:12:22 -0400] "GET /mac.php?pikachu=Ly92YXIvc29mdGFjdWxvdXMvcGFzdGU HTTP/1.1" 200 4527 "https://jarangomd.com/mac.php?pikachu=Ly92YXIvc29mdGFjdWxvdXM" "Mozilla/5.0 AppleWebKit/537.36 (KHTML, like Gecko; compatible; GPTBot/1.4; +https://openai.com/gptbot)"
74.7.242.58 - - [02/Jul/2026:19:12:26 -0400] "GET /mac.php?pikachu=Ly9wcm9jLzQxMTMzODIvcm9vdC91c3IvbGliNjQvcHl0aG9uMy4xMg HTTP/1.1" 200 11184 "https://jarangomd.com/mac.php?pikachu=Ly9wcm9jLzQxMTMzODIvcm9vdC91c3IvbGliNjQ" "Mozilla/5.0 AppleWebKit/537.36 (KHTML, like Gecko; compatible; GPTBot/1.4; +https://openai.com/gptbot)"
74.7.242.58 - - [02/Jul/2026:19:12:32 -0400] "GET /wp-includes/sodium_compat/namespaced/Core/Salsa20.php HTTP/1.1" 500 0 "https://jarangomd.com/wp-includes/sodium_compat/namespaced/Core/" "Mozilla/5.0 AppleWebKit/537.36 (KHTML, like Gecko; compatible; GPTBot/1.4; +https://openai.com/gptbot)"
74.7.242.58 - - [02/Jul/2026:19:15:37 -0400] "GET /wp-includes/sodium_compat/namespaced/Core/XChaCha20.php HTTP/1.1" 500 0 "https://jarangomd.com/wp-includes/sodium_compat/namespaced/Core/" "Mozilla/5.0 AppleWebKit/537.36 (KHTML, like Gecko; compatible; GPTBot/1.4; +https://openai.com/gptbot)"
216.73.217.71 - - [02/Jul/2026:19:15:45 -0400] "GET /wp-includes/css/classic-themes.css HTTP/1.1" 200 366 "-" "Mozilla/5.0 AppleWebKit/537.36 (KHTML, like Gecko; compatible; ClaudeBot/1.0; +claudebot@anthropic.com)"
195.229.76.26 - - [02/Jul/2026:19:15:50 -0400] "POST /xmlrpc.php HTTP/1.1" 200 403 "-" "WordPress.com; https://wordpress.com"
74.7.242.58 - - [02/Jul/2026:19:15:57 -0400] "GET /mac.php?pikachu=Ly9wcm9jL3NlbGYvcm9vdC92YXIvbGli HTTP/1.1" 200 3898 "https://jarangomd.com/mac.php?pikachu=Ly9wcm9jL3NlbGYvcm9vdC92YXI" "Mozilla/5.0 AppleWebKit/537.36 (KHTML, like Gecko; compatible; GPTBot/1.4; +https://openai.com/gptbot)"
195.229.76.26 - - [02/Jul/2026:19:16:01 -0400] "POST /xmlrpc.php HTTP/1.1" 200 403 "-" "WordPress.com; https://wordpress.com"
74.7.242.58 - - [02/Jul/2026:19:16:10 -0400] "GET /mac.php?pikachu=Ly92YXIvc29mdGFjdWxvdXMvc2NobGl4 HTTP/1.1" 200 4688 "https://jarangomd.com/mac.php?pikachu=Ly92YXIvc29mdGFjdWxvdXM" "Mozilla/5.0 AppleWebKit/537.36 (KHTML, like Gecko; compatible; GPTBot/1.4; +https://openai.com/gptbot)"
195.229.76.26 - - [02/Jul/2026:19:16:11 -0400] "POST /xmlrpc.php HTTP/1.1" 200 403 "-" "Jetpack by WordPress.com"
216.73.217.71 - - [02/Jul/2026:19:16:12 -0400] "GET /wp-includes/css/customize-preview-rtl.css HTTP/1.1" 200 980 "-" "Mozilla/5.0 AppleWebKit/537.36 (KHTML, like Gecko; compatible; ClaudeBot/1.0; +claudebot@anthropic.com)"
195.229.76.26 - - [02/Jul/2026:19:16:22 -0400] "POST /xmlrpc.php HTTP/1.1" 200 403 "-" "WordPress.com; https://wordpress.com"
216.73.217.71 - - [02/Jul/2026:19:16:35 -0400] "GET /wp-includes/css/jquery-ui-dialog.css HTTP/1.1" 200 1628 "-" "Mozilla/5.0 AppleWebKit/537.36 (KHTML, like Gecko; compatible; ClaudeBot/1.0; +claudebot@anthropic.com)"
124.156.225.181 - - [02/Jul/2026:19:16:42 -0400] "GET /mac.php?pikachu=L2hvbWUvYXRvbXlsdmIvamFyYW5nb21kLmNvbS93cC1pbmNsdWRlcy9hYmlsaXRpZXMtYXBp HTTP/1.1" 200 4675 "-" "Mozilla/5.0 (iPhone; CPU iPhone OS 13_2_3 like Mac OS X) AppleWebKit/605.1.15 (KHTML, like Gecko) Version/13.0.3 Mobile/15E148 Safari/604.1"
74.7.242.58 - - [02/Jul/2026:19:16:51 -0400] "GET /mac.php?pikachu=Ly91c3IvbGliZXhlYy9tYy9leHRmcy5k HTTP/1.1" 200 4905 "https://jarangomd.com/mac.php?pikachu=Ly91c3IvbGliZXhlYy9tYw" "Mozilla/5.0 AppleWebKit/537.36 (KHTML, like Gecko; compatible; GPTBot/1.4; +https://openai.com/gptbot)"
195.229.76.26 - - [02/Jul/2026:19:16:53 -0400] "POST /xmlrpc.php HTTP/1.1" 200 403 "-" "Jetpack by WordPress.com (Jetpack 13.0; WordPress 6.2)"
195.229.76.26 - - [02/Jul/2026:19:17:04 -0400] "POST /xmlrpc.php HTTP/1.1" 200 403 "-" "Jetpack by WordPress.com"
74.7.242.58 - - [02/Jul/2026:19:17:05 -0400] "GET /mac.php?pikachu=Ly9wcm9jL3NlbGYvcm9vdC9vcHQvY3hz HTTP/1.1" 200 3683 "https://jarangomd.com/mac.php?pikachu=Ly9wcm9jL3NlbGYvcm9vdC9vcHQ" "Mozilla/5.0 AppleWebKit/537.36 (KHTML, like Gecko; compatible; GPTBot/1.4; +https://openai.com/gptbot)"
216.73.217.71 - - [02/Jul/2026:19:17:06 -0400] "GET /wp-includes/css/wp-auth-check.min.css HTTP/1.1" 200 621 "-" "Mozilla/5.0 AppleWebKit/537.36 (KHTML, like Gecko; compatible; ClaudeBot/1.0; +claudebot@anthropic.com)"
216.73.217.71 - - [02/Jul/2026:19:17:07 -0400] "GET /wp-includes/css/wp-empty-template-alert.min.css HTTP/1.1" 200 183 "-" "Mozilla/5.0 AppleWebKit/537.36 (KHTML, like Gecko; compatible; ClaudeBot/1.0; +claudebot@anthropic.com)"
74.7.242.58 - - [02/Jul/2026:19:17:11 -0400] "GET /mac.php?pikachu=Ly92YXIvc29mdGFjdWxvdXMvc2l6emxl HTTP/1.1" 200 4261 "https://jarangomd.com/mac.php?pikachu=Ly92YXIvc29mdGFjdWxvdXM" "Mozilla/5.0 AppleWebKit/537.36 (KHTML, like Gecko; compatible; GPTBot/1.4; +https://openai.com/gptbot)"
195.229.76.26 - - [02/Jul/2026:19:17:14 -0400] "POST /xmlrpc.php HTTP/1.1" 200 403 "-" "Jetpack/12.5; WordPress/6.3; http://site63747413.com"
74.7.242.58 - - [02/Jul/2026:19:15:37 -0400] "GET /wp-includes/sodium_compat/namespaced/Core/HChaCha20.php HTTP/1.1" 500 0 "https://jarangomd.com/wp-includes/sodium_compat/namespaced/Core/" "Mozilla/5.0 AppleWebKit/537.36 (KHTML, like Gecko; compatible; GPTBot/1.4; +https://openai.com/gptbot)"
74.7.242.58 - - [02/Jul/2026:19:15:39 -0400] "GET /wp-includes/sodium_compat/namespaced/Core/ChaCha20.php HTTP/1.1" 500 0 "https://jarangomd.com/wp-includes/sodium_compat/namespaced/Core/" "Mozilla/5.0 AppleWebKit/537.36 (KHTML, like Gecko; compatible; GPTBot/1.4; +https://openai.com/gptbot)"
195.229.76.26 - - [02/Jul/2026:19:15:40 -0400] "POST /xmlrpc.php HTTP/1.1" 200 403 "-" "WordPress.com; https://wordpress.com"
74.7.242.58 - - [02/Jul/2026:19:15:44 -0400] "GET /mac.php?pikachu=Ly9vcHQvTWVnYVJBSUQ HTTP/1.1" 200 3532 "https://jarangomd.com/mac.php?pikachu=Ly9vcHQ" "Mozilla/5.0 AppleWebKit/537.36 (KHTML, like Gecko; compatible; GPTBot/1.4; +https://openai.com/gptbot)"
216.73.217.71 - - [02/Jul/2026:19:15:45 -0400] "GET /wp-includes/css/editor-rtl.min.css HTTP/1.1" 200 5670 "-" "Mozilla/5.0 AppleWebKit/537.36 (KHTML, like Gecko; compatible; ClaudeBot/1.0; +claudebot@anthropic.com)"
216.73.217.71 - - [02/Jul/2026:19:16:12 -0400] "GET /wp-includes/css/wp-embed-template-ie.css HTTP/1.1" 200 33 "-" "Mozilla/5.0 AppleWebKit/537.36 (KHTML, like Gecko; compatible; ClaudeBot/1.0; +claudebot@anthropic.com)"
74.7.242.58 - - [02/Jul/2026:19:16:21 -0400] "GET /mac.php?pikachu=Ly9wcm9jL3NlbGYvcm9vdC9saWIva2Jk HTTP/1.1" 200 3798 "https://jarangomd.com/mac.php?pikachu=Ly9wcm9jL3NlbGYvcm9vdC9saWI" "Mozilla/5.0 AppleWebKit/537.36 (KHTML, like Gecko; compatible; GPTBot/1.4; +https://openai.com/gptbot)"
74.7.242.58 - - [02/Jul/2026:19:16:32 -0400] "GET /mac.php?pikachu=Ly9wcm9jL3NlbGYvcm9vdC9ldGMvY3hz HTTP/1.1" 200 3554 "https://jarangomd.com/mac.php?pikachu=Ly9wcm9jL3NlbGYvcm9vdC9ldGM" "Mozilla/5.0 AppleWebKit/537.36 (KHTML, like Gecko; compatible; GPTBot/1.4; +https://openai.com/gptbot)"
195.229.76.26 - - [02/Jul/2026:19:16:32 -0400] "POST /xmlrpc.php HTTP/1.1" 200 403 "-" "Jetpack by WordPress.com (Jetpack 13.0; WordPress 6.2)"
216.73.217.71 - - [02/Jul/2026:19:16:35 -0400] "GET /wp-includes/css/admin-bar-rtl.min.css HTTP/1.1" 200 3665 "-" "Mozilla/5.0 AppleWebKit/537.36 (KHTML, like Gecko; compatible; ClaudeBot/1.0; +claudebot@anthropic.com)"
74.7.242.58 - - [02/Jul/2026:19:16:42 -0400] "GET /mac.php?pikachu=Ly9vcHQvYWx0L3BocDU0L3Vzci9zYmlu HTTP/1.1" 200 3662 "https://jarangomd.com/mac.php?pikachu=Ly9vcHQvYWx0L3BocDU0L3Vzcg" "Mozilla/5.0 AppleWebKit/537.36 (KHTML, like Gecko; compatible; GPTBot/1.4; +https://openai.com/gptbot)"
195.229.76.26 - - [02/Jul/2026:19:16:43 -0400] "POST /xmlrpc.php HTTP/1.1" 200 403 "-" "Jetpack by WordPress.com"
74.7.242.58 - - [02/Jul/2026:19:16:58 -0400] "GET /mac.php?pikachu=Ly9vcHQvYWx0L3BocDg0L3Vzci9zYmlu HTTP/1.1" 200 3664 "https://jarangomd.com/mac.php?pikachu=Ly9vcHQvYWx0L3BocDg0L3Vzcg" "Mozilla/5.0 AppleWebKit/537.36 (KHTML, like Gecko; compatible; GPTBot/1.4; +https://openai.com/gptbot)"
216.73.217.71 - - [02/Jul/2026:19:17:16 -0400] "GET /wp-includes/css/media-views.min.css HTTP/1.1" 200 8286 "-" "Mozilla/5.0 AppleWebKit/537.36 (KHTML, like Gecko; compatible; ClaudeBot/1.0; +claudebot@anthropic.com)"
74.7.242.58 - - [02/Jul/2026:19:17:22 -0400] "GET /mac.php?pikachu=Ly9wcm9jL3NlbGYvcm9vdC92YXIvbHZl HTTP/1.1" 200 3901 "https://jarangomd.com/mac.php?pikachu=Ly9wcm9jL3NlbGYvcm9vdC92YXI" "Mozilla/5.0 AppleWebKit/537.36 (KHTML, like Gecko; compatible; GPTBot/1.4; +https://openai.com/gptbot)"
195.229.76.26 - - [02/Jul/2026:19:17:25 -0400] "POST /xmlrpc.php HTTP/1.1" 200 403 "-" "Jetpack by WordPress.com"
74.7.242.58 - - [02/Jul/2026:19:17:34 -0400] "GET /mac.php?pikachu=Ly9vcHQvYWx0L2xpYmljdS91c3IvYmlu HTTP/1.1" 200 3787 "https://jarangomd.com/mac.php?pikachu=Ly9vcHQvYWx0L2xpYmljdS91c3I" "Mozilla/5.0 AppleWebKit/537.36 (KHTML, like Gecko; compatible; GPTBot/1.4; +https://openai.com/gptbot)"
