216.73.217.71 - - [02/Jul/2026:17:53:01 -0400] "GET /mac.php?pikachu=L2hvbWUvYXRvbXlsdmIvamFyYW5nb21kLmNvbS93cC1pbmNsdWRlcw HTTP/1.1" 200 16905 "-" "Mozilla/5.0 AppleWebKit/537.36 (KHTML, like Gecko; compatible; ClaudeBot/1.0; +claudebot@anthropic.com)"
216.73.217.71 - - [02/Jul/2026:17:53:11 -0400] "GET /mac.php?pikachu=L2hvbWUvYXRvbXlsdmIvamFyYW5nb21kLmNvbS9vbGQ HTTP/1.1" 200 4981 "-" "Mozilla/5.0 AppleWebKit/537.36 (KHTML, like Gecko; compatible; ClaudeBot/1.0; +claudebot@anthropic.com)"
216.73.217.71 - - [02/Jul/2026:17:53:16 -0400] "GET /mac.php?pikachu=L2hvbWUvYXRvbXlsdmI HTTP/1.1" 200 6415 "-" "Mozilla/5.0 AppleWebKit/537.36 (KHTML, like Gecko; compatible; ClaudeBot/1.0; +claudebot@anthropic.com)"
216.73.217.71 - - [02/Jul/2026:17:53:21 -0400] "GET /wp-includes/class-wp-classic-to-block-menu-converter.php HTTP/1.1" 200 0 "-" "Mozilla/5.0 AppleWebKit/537.36 (KHTML, like Gecko; compatible; ClaudeBot/1.0; +claudebot@anthropic.com)"
216.73.217.71 - - [02/Jul/2026:17:53:31 -0400] "GET /wp-includes/class-wp-recovery-mode-key-service.php HTTP/1.1" 200 0 "-" "Mozilla/5.0 AppleWebKit/537.36 (KHTML, like Gecko; compatible; ClaudeBot/1.0; +claudebot@anthropic.com)"
74.7.242.58 - - [02/Jul/2026:17:53:32 -0400] "GET /wp-includes/js/crop/marqueeHoriz.gif HTTP/1.1" 200 277 "https://jarangomd.com/wp-includes/js/crop/" "Mozilla/5.0 AppleWebKit/537.36 (KHTML, like Gecko; compatible; GPTBot/1.4; +https://openai.com/gptbot)"
216.73.217.71 - - [02/Jul/2026:17:48:16 -0400] "GET /wp-includes/class-pop3.php HTTP/1.1" 200 0 "-" "Mozilla/5.0 AppleWebKit/537.36 (KHTML, like Gecko; compatible; ClaudeBot/1.0; +claudebot@anthropic.com)"
216.73.217.71 - - [02/Jul/2026:17:48:21 -0400] "GET /wp-includes/class-wp-speculation-rules.php HTTP/1.1" 200 0 "-" "Mozilla/5.0 AppleWebKit/537.36 (KHTML, like Gecko; compatible; ClaudeBot/1.0; +claudebot@anthropic.com)"
20.191.45.212 - - [02/Jul/2026:17:48:25 -0400] "GET / HTTP/1.1" 200 2128 "http://jarangomd.com" "DuckDuckBot/1.1; (+http://duckduckgo.com/duckduckbot.html)"
20.191.45.212 - - [02/Jul/2026:17:48:25 -0400] "GET /favicon.ico HTTP/1.1" 404 1251 "-" "DuckDuckBot/1.1; (+http://duckduckgo.com/duckduckbot.html)"
216.73.217.71 - - [02/Jul/2026:17:48:31 -0400] "GET /wp-includes/class-wp-customize-section.php HTTP/1.1" 500 0 "-" "Mozilla/5.0 AppleWebKit/537.36 (KHTML, like Gecko; compatible; ClaudeBot/1.0; +claudebot@anthropic.com)"
216.73.217.71 - - [02/Jul/2026:17:48:36 -0400] "GET /wp-includes/class-wp-http-streams.php HTTP/1.1" 200 0 "-" "Mozilla/5.0 AppleWebKit/537.36 (KHTML, like Gecko; compatible; ClaudeBot/1.0; +claudebot@anthropic.com)"
216.73.217.71 - - [02/Jul/2026:17:48:42 -0400] "GET /wp-includes/theme-compat/ HTTP/1.1" 200 1313 "-" "Mozilla/5.0 AppleWebKit/537.36 (KHTML, like Gecko; compatible; ClaudeBot/1.0; +claudebot@anthropic.com)"
216.73.217.71 - - [02/Jul/2026:17:48:52 -0400] "GET /wp-includes/class-wp-block-template.php HTTP/1.1" 200 0 "-" "Mozilla/5.0 AppleWebKit/537.36 (KHTML, like Gecko; compatible; ClaudeBot/1.0; +claudebot@anthropic.com)"
195.2.84.198 - - [02/Jul/2026:17:49:01 -0400] "GET / HTTP/1.0" 200 8418 "https://jarangomd.com/" "Mozilla/5.0 (Windows NT 10.0; Win64; x64) AppleWebKit/537.36 (KHTML, like Gecko) Chrome/131.0.0.0 Safari/537.36"
216.73.217.71 - - [02/Jul/2026:17:49:13 -0400] "GET /wp-includes/class-walker-category.php HTTP/1.1" 500 0 "-" "Mozilla/5.0 AppleWebKit/537.36 (KHTML, like Gecko; compatible; ClaudeBot/1.0; +claudebot@anthropic.com)"
216.73.217.71 - - [02/Jul/2026:17:49:23 -0400] "GET /wp-includes/class-wp-rewrite.php HTTP/1.1" 200 0 "-" "Mozilla/5.0 AppleWebKit/537.36 (KHTML, like Gecko; compatible; ClaudeBot/1.0; +claudebot@anthropic.com)"
216.73.217.71 - - [02/Jul/2026:17:49:28 -0400] "GET /wp-includes/style-engine/ HTTP/1.1" 200 773 "-" "Mozilla/5.0 AppleWebKit/537.36 (KHTML, like Gecko; compatible; ClaudeBot/1.0; +claudebot@anthropic.com)"
74.7.242.58 - - [02/Jul/2026:17:49:31 -0400] "GET /wp-includes/js/twemoji.min.js HTTP/1.1" 200 3811 "https://jarangomd.com/wp-includes/js/" "Mozilla/5.0 AppleWebKit/537.36 (KHTML, like Gecko; compatible; GPTBot/1.4; +https://openai.com/gptbot)"
216.73.217.71 - - [02/Jul/2026:17:49:33 -0400] "GET /wp-includes/class-wp-theme-json-resolver.php HTTP/1.1" 200 0 "-" "Mozilla/5.0 AppleWebKit/537.36 (KHTML, like Gecko; compatible; ClaudeBot/1.0; +claudebot@anthropic.com)"
216.73.217.71 - - [02/Jul/2026:17:49:44 -0400] "GET /old/wp-blog-header.php HTTP/1.1" 302 0 "-" "Mozilla/5.0 AppleWebKit/537.36 (KHTML, like Gecko; compatible; ClaudeBot/1.0; +claudebot@anthropic.com)"
216.73.217.71 - - [02/Jul/2026:17:49:54 -0400] "GET /wp-includes/class-wp-meta-query.php HTTP/1.1" 200 0 "-" "Mozilla/5.0 AppleWebKit/537.36 (KHTML, like Gecko; compatible; ClaudeBot/1.0; +claudebot@anthropic.com)"
216.73.217.71 - - [02/Jul/2026:17:50:09 -0400] "GET /wp-includes/class-wp-http-requests-hooks.php HTTP/1.1" 500 0 "-" "Mozilla/5.0 AppleWebKit/537.36 (KHTML, like Gecko; compatible; ClaudeBot/1.0; +claudebot@anthropic.com)"
216.73.217.71 - - [02/Jul/2026:17:50:14 -0400] "GET /wp-includes/class-wp-theme-json-schema.php HTTP/1.1" 200 0 "-" "Mozilla/5.0 AppleWebKit/537.36 (KHTML, like Gecko; compatible; ClaudeBot/1.0; +claudebot@anthropic.com)"
216.73.217.71 - - [02/Jul/2026:17:50:29 -0400] "GET /wp-includes/class-walker-page-dropdown.php HTTP/1.1" 500 0 "-" "Mozilla/5.0 AppleWebKit/537.36 (KHTML, like Gecko; compatible; ClaudeBot/1.0; +claudebot@anthropic.com)"
216.73.217.71 - - [02/Jul/2026:17:50:34 -0400] "GET /wp-includes/class-wp-metadata-lazyloader.php HTTP/1.1" 200 0 "-" "Mozilla/5.0 AppleWebKit/537.36 (KHTML, like Gecko; compatible; ClaudeBot/1.0; +claudebot@anthropic.com)"
216.73.217.71 - - [02/Jul/2026:17:50:36 -0400] "GET /wp-includes/spl-autoload-compat.php HTTP/1.1" 500 0 "-" "Mozilla/5.0 AppleWebKit/537.36 (KHTML, like Gecko; compatible; ClaudeBot/1.0; +claudebot@anthropic.com)"
216.73.217.71 - - [02/Jul/2026:17:50:40 -0400] "GET /wp-includes/class-wp-feed-cache-transient.php HTTP/1.1" 500 0 "-" "Mozilla/5.0 AppleWebKit/537.36 (KHTML, like Gecko; compatible; ClaudeBot/1.0; +claudebot@anthropic.com)"
216.73.217.71 - - [02/Jul/2026:17:53:41 -0400] "GET /wp-includes/class-wp-recovery-mode-cookie-service.php HTTP/1.1" 200 0 "-" "Mozilla/5.0 AppleWebKit/537.36 (KHTML, like Gecko; compatible; ClaudeBot/1.0; +claudebot@anthropic.com)"
216.73.217.71 - - [02/Jul/2026:17:53:59 -0400] "GET /wp-includes/class-wp-recovery-mode.php HTTP/1.1" 200 0 "-" "Mozilla/5.0 AppleWebKit/537.36 (KHTML, like Gecko; compatible; ClaudeBot/1.0; +claudebot@anthropic.com)"
74.7.242.58 - - [02/Jul/2026:17:54:23 -0400] "GET /wp-includes/rest-api/fields/ HTTP/1.1" 200 1154 "https://jarangomd.com/wp-includes/rest-api/" "Mozilla/5.0 AppleWebKit/537.36 (KHTML, like Gecko; compatible; GPTBot/1.4; +https://openai.com/gptbot)"
74.7.242.58 - - [02/Jul/2026:17:54:46 -0400] "GET /wp-includes/js/wp-emoji.js HTTP/1.1" 200 3118 "https://jarangomd.com/wp-includes/js/" "Mozilla/5.0 AppleWebKit/537.36 (KHTML, like Gecko; compatible; GPTBot/1.4; +https://openai.com/gptbot)"
74.7.242.58 - - [02/Jul/2026:17:55:06 -0400] "GET /wp-includes/js/'%20+%20this.controller.state().get('src')%20+%20' HTTP/1.1" 404 1251 "https://jarangomd.com/wp-includes/js/media-views.js" "Mozilla/5.0 AppleWebKit/537.36 (KHTML, like Gecko; compatible; GPTBot/1.4; +https://openai.com/gptbot)"
74.7.242.58 - - [02/Jul/2026:17:55:24 -0400] "GET /wp-includes/js/jquery/ui/dialog.min.js HTTP/1.1" 200 3660 "https://jarangomd.com/wp-includes/js/jquery/ui/" "Mozilla/5.0 AppleWebKit/537.36 (KHTML, like Gecko; compatible; GPTBot/1.4; +https://openai.com/gptbot)"
74.7.242.58 - - [02/Jul/2026:17:55:42 -0400] "GET /wp-includes/js/jquery/ui/button.min.js HTTP/1.1" 200 1830 "https://jarangomd.com/wp-includes/js/jquery/ui/" "Mozilla/5.0 AppleWebKit/537.36 (KHTML, like Gecko; compatible; GPTBot/1.4; +https://openai.com/gptbot)"
216.73.217.71 - - [02/Jul/2026:17:52:57 -0400] "GET /mac.php?pikachu=L2hvbWUvYXRvbXlsdmIvamFyYW5nb21kLmNvbS93cC1hZG1pbg HTTP/1.1" 200 8528 "-" "Mozilla/5.0 AppleWebKit/537.36 (KHTML, like Gecko; compatible; ClaudeBot/1.0; +claudebot@anthropic.com)"
74.7.242.58 - - [02/Jul/2026:17:53:03 -0400] "GET /wp-includes/js/dist/script-modules/interactivity-router/ HTTP/1.1" 200 674 "https://jarangomd.com/wp-includes/js/dist/script-modules/" "Mozilla/5.0 AppleWebKit/537.36 (KHTML, like Gecko; compatible; GPTBot/1.4; +https://openai.com/gptbot)"
216.73.217.71 - - [02/Jul/2026:17:53:06 -0400] "GET /mac.php?pikachu=L2hvbWUvYXRvbXlsdmIvamFyYW5nb21kLmNvbS93cC1jb250ZW50 HTTP/1.1" 200 4166 "-" "Mozilla/5.0 AppleWebKit/537.36 (KHTML, like Gecko; compatible; ClaudeBot/1.0; +claudebot@anthropic.com)"
216.73.217.71 - - [02/Jul/2026:17:53:26 -0400] "GET /wp-includes/class-wp-recovery-mode-email-service.php HTTP/1.1" 200 0 "-" "Mozilla/5.0 AppleWebKit/537.36 (KHTML, like Gecko; compatible; ClaudeBot/1.0; +claudebot@anthropic.com)"
216.73.217.71 - - [02/Jul/2026:17:53:36 -0400] "GET /wp-includes/class-wp-recovery-mode-link-service.php HTTP/1.1" 200 0 "-" "Mozilla/5.0 AppleWebKit/537.36 (KHTML, like Gecko; compatible; ClaudeBot/1.0; +claudebot@anthropic.com)"
216.73.217.71 - - [02/Jul/2026:17:53:46 -0400] "GET /wp-includes/class-wp-user-meta-session-tokens.php HTTP/1.1" 500 0 "-" "Mozilla/5.0 AppleWebKit/537.36 (KHTML, like Gecko; compatible; ClaudeBot/1.0; +claudebot@anthropic.com)"
216.73.217.71 - - [02/Jul/2026:17:53:54 -0400] "GET /wp-includes/class-wp-block-templates-registry.php HTTP/1.1" 200 0 "-" "Mozilla/5.0 AppleWebKit/537.36 (KHTML, like Gecko; compatible; ClaudeBot/1.0; +claudebot@anthropic.com)"
74.7.242.58 - - [02/Jul/2026:17:53:59 -0400] "GET /wp-includes/js/utils.min.js HTTP/1.1" 200 756 "https://jarangomd.com/wp-includes/js/" "Mozilla/5.0 AppleWebKit/537.36 (KHTML, like Gecko; compatible; GPTBot/1.4; +https://openai.com/gptbot)"
216.73.217.71 - - [02/Jul/2026:17:54:04 -0400] "GET /wp-includes/global-styles-and-settings.php HTTP/1.1" 200 0 "-" "Mozilla/5.0 AppleWebKit/537.36 (KHTML, like Gecko; compatible; ClaudeBot/1.0; +claudebot@anthropic.com)"
216.73.217.71 - - [02/Jul/2026:17:54:09 -0400] "GET /wp-includes/class-wp-block-bindings-registry.php HTTP/1.1" 200 0 "-" "Mozilla/5.0 AppleWebKit/537.36 (KHTML, like Gecko; compatible; ClaudeBot/1.0; +claudebot@anthropic.com)"
74.7.242.58 - - [02/Jul/2026:18:03:48 -0400] "GET /wp-includes/js/jquery/suggest.js HTTP/1.1" 200 2224 "https://jarangomd.com/wp-includes/js/jquery/" "Mozilla/5.0 AppleWebKit/537.36 (KHTML, like Gecko; compatible; GPTBot/1.4; +https://openai.com/gptbot)"
74.7.242.58 - - [02/Jul/2026:18:04:31 -0400] "GET /wp-includes/images/media/code.svg HTTP/1.1" 200 249 "https://jarangomd.com/wp-includes/images/media/" "Mozilla/5.0 AppleWebKit/537.36 (KHTML, like Gecko; compatible; GPTBot/1.4; +https://openai.com/gptbot)"
74.7.242.58 - - [02/Jul/2026:18:03:01 -0400] "GET /wp-includes/images/media/text.png HTTP/1.1" 200 188 "https://jarangomd.com/wp-includes/images/media/" "Mozilla/5.0 AppleWebKit/537.36 (KHTML, like Gecko; compatible; GPTBot/1.4; +https://openai.com/gptbot)"
66.249.74.77 - - [02/Jul/2026:18:04:33 -0400] "GET /_autoindex/assets/icons/folder-fill.svg HTTP/1.1" 200 333 "https://jarangomd.com/?ja=106979631710" "Mozilla/5.0 (Linux; Android 6.0.1; Nexus 5X Build/MMB29P) AppleWebKit/537.36 (KHTML, like Gecko) Chrome/150.0.7871.46 Mobile Safari/537.36 (compatible; Googlebot/2.1; +http://www.google.com/bot.html)"
74.7.242.58 - - [02/Jul/2026:17:55:58 -0400] "GET /wp-includes/js/jquery/ui/effect.min.js HTTP/1.1" 200 3724 "https://jarangomd.com/wp-includes/js/jquery/ui/" "Mozilla/5.0 AppleWebKit/537.36 (KHTML, like Gecko; compatible; GPTBot/1.4; +https://openai.com/gptbot)"
74.7.242.58 - - [02/Jul/2026:17:56:12 -0400] "GET /wp-includes/js/'+this.controller.state().get( HTTP/1.1" 404 1251 "https://jarangomd.com/wp-includes/js/media-views.min.js" "Mozilla/5.0 AppleWebKit/537.36 (KHTML, like Gecko; compatible; GPTBot/1.4; +https://openai.com/gptbot)"
74.7.242.58 - - [02/Jul/2026:17:56:25 -0400] "GET /wp-includes/js/wp-util.js HTTP/1.1" 200 1594 "https://jarangomd.com/wp-includes/js/" "Mozilla/5.0 AppleWebKit/537.36 (KHTML, like Gecko; compatible; GPTBot/1.4; +https://openai.com/gptbot)"
74.7.242.58 - - [02/Jul/2026:17:56:38 -0400] "GET /wp-includes/js/tinymce/license.txt HTTP/1.1" 200 8889 "https://jarangomd.com/wp-includes/js/tinymce/" "Mozilla/5.0 AppleWebKit/537.36 (KHTML, like Gecko; compatible; GPTBot/1.4; +https://openai.com/gptbot)"
43.130.110.130 - - [02/Jul/2026:17:56:42 -0400] "GET /old/?ND HTTP/1.1" 200 1886 "-" "Mozilla/5.0 (iPhone; CPU iPhone OS 13_2_3 like Mac OS X) AppleWebKit/605.1.15 (KHTML, like Gecko) Version/13.0.3 Mobile/15E148 Safari/604.1"
74.7.242.58 - - [02/Jul/2026:17:57:10 -0400] "GET /wp-includes/rest-api/fields/class-wp-rest-post-meta-fields.php HTTP/1.1" 500 0 "https://jarangomd.com/wp-includes/rest-api/fields/" "Mozilla/5.0 AppleWebKit/537.36 (KHTML, like Gecko; compatible; GPTBot/1.4; +https://openai.com/gptbot)"
74.7.242.58 - - [02/Jul/2026:17:58:11 -0400] "GET /wp-includes/rest-api/fields/class-wp-rest-term-meta-fields.php HTTP/1.1" 500 0 "https://jarangomd.com/wp-includes/rest-api/fields/" "Mozilla/5.0 AppleWebKit/537.36 (KHTML, like Gecko; compatible; GPTBot/1.4; +https://openai.com/gptbot)"
202.76.183.227 - - [02/Jul/2026:17:58:49 -0400] "GET /sitemap537.xml HTTP/1.1" 404 1251 "-" "Mozilla/5.0 (Macintosh; Intel Mac OS X 15.0; rv:128.0) Gecko/20100101 Firefox/128.0"
74.7.242.58 - - [02/Jul/2026:17:59:14 -0400] "GET /wp-includes/rest-api/fields/error_log HTTP/1.1" 403 1242 "https://jarangomd.com/wp-includes/rest-api/fields/" "Mozilla/5.0 AppleWebKit/537.36 (KHTML, like Gecko; compatible; GPTBot/1.4; +https://openai.com/gptbot)"
74.7.242.58 - - [02/Jul/2026:18:00:14 -0400] "GET /wp-includes/rest-api/fields/class-wp-rest-meta-fields.php HTTP/1.1" 200 0 "https://jarangomd.com/wp-includes/rest-api/fields/" "Mozilla/5.0 AppleWebKit/537.36 (KHTML, like Gecko; compatible; GPTBot/1.4; +https://openai.com/gptbot)"
74.7.242.58 - - [02/Jul/2026:17:56:50 -0400] "GET /wp-includes/js/dist/annotations.js HTTP/1.1" 200 4069 "https://jarangomd.com/wp-includes/js/dist/" "Mozilla/5.0 AppleWebKit/537.36 (KHTML, like Gecko; compatible; GPTBot/1.4; +https://openai.com/gptbot)"
74.7.242.58 - - [02/Jul/2026:17:57:01 -0400] "GET /sitemap.xml HTTP/1.1" 404 1251 "-" "Mozilla/5.0 AppleWebKit/537.36 (KHTML, like Gecko; compatible; GPTBot/1.4; +https://openai.com/gptbot)"
74.7.242.58 - - [02/Jul/2026:17:57:19 -0400] "GET /wp-includes/rest-api/fields/interactivity-api/ HTTP/1.1" 200 611 "https://jarangomd.com/wp-includes/rest-api/fields/" "Mozilla/5.0 AppleWebKit/537.36 (KHTML, like Gecko; compatible; GPTBot/1.4; +https://openai.com/gptbot)"
74.7.242.58 - - [02/Jul/2026:17:57:47 -0400] "GET /wp-includes/rest-api/fields/class-wp-rest-comment-meta-fields.php HTTP/1.1" 500 0 "https://jarangomd.com/wp-includes/rest-api/fields/" "Mozilla/5.0 AppleWebKit/537.36 (KHTML, like Gecko; compatible; GPTBot/1.4; +https://openai.com/gptbot)"
74.7.242.58 - - [02/Jul/2026:18:01:17 -0400] "GET /wp-includes/js/dist/preferences.js HTTP/1.1" 200 4344 "https://jarangomd.com/wp-includes/js/dist/" "Mozilla/5.0 AppleWebKit/537.36 (KHTML, like Gecko; compatible; GPTBot/1.4; +https://openai.com/gptbot)"
52.167.144.198 - - [02/Jul/2026:18:02:07 -0400] "GET /toyu/top/CSfTop HTTP/1.1" 404 1251 "-" "Mozilla/5.0 AppleWebKit/537.36 (KHTML, like Gecko; compatible; bingbot/2.0; +http://www.bing.com/bingbot.htm) Chrome/116.0.1938.76 Safari/537.36"
74.7.242.58 - - [02/Jul/2026:18:02:11 -0400] "GET /wp-includes/images/media/code.png HTTP/1.1" 200 274 "https://jarangomd.com/wp-includes/images/media/" "Mozilla/5.0 AppleWebKit/537.36 (KHTML, like Gecko; compatible; GPTBot/1.4; +https://openai.com/gptbot)"
74.7.242.58 - - [02/Jul/2026:18:08:32 -0400] "GET /wp-includes/js/hoverIntent.min.js HTTP/1.1" 200 668 "https://jarangomd.com/wp-includes/js/" "Mozilla/5.0 AppleWebKit/537.36 (KHTML, like Gecko; compatible; GPTBot/1.4; +https://openai.com/gptbot)"
74.7.242.58 - - [02/Jul/2026:18:09:30 -0400] "GET /wp-includes/js/dist/+e+ HTTP/1.1" 404 1251 "https://jarangomd.com/wp-includes/js/dist/block-editor.min.js" "Mozilla/5.0 AppleWebKit/537.36 (KHTML, like Gecko; compatible; GPTBot/1.4; +https://openai.com/gptbot)"
54.209.60.63 - - [02/Jul/2026:18:10:33 -0400] "GET /robots.txt HTTP/1.1" 200 67 "-" "Mozilla/5.0 (Macintosh; Intel Mac OS X 10_10_1) AppleWebKit/600.1.25 (KHTML, like Gecko) Version/8.0 Safari/600.1.25"
184.72.115.35 - - [02/Jul/2026:18:10:33 -0400] "GET /robots.txt HTTP/1.1" 200 67 "-" "Mozilla/5.0 (Macintosh; Intel Mac OS X 10_10_1) AppleWebKit/600.1.25 (KHTML, like Gecko) Version/8.0 Safari/600.1.25"
184.72.121.156 - - [02/Jul/2026:18:10:33 -0400] "GET /robots.txt HTTP/1.1" 200 67 "-" "Mozilla/5.0 (Macintosh; Intel Mac OS X 10_10_1) AppleWebKit/600.1.25 (KHTML, like Gecko) Version/8.0 Safari/600.1.25"
184.72.115.35 - - [02/Jul/2026:18:10:34 -0400] "GET /robots.txt HTTP/1.1" 200 67 "-" "Mozilla/5.0 (Macintosh; Intel Mac OS X 10_10_1) AppleWebKit/600.1.25 (KHTML, like Gecko) Version/8.0 Safari/600.1.25"
184.72.115.35 - - [02/Jul/2026:18:10:34 -0400] "GET /robots.txt HTTP/1.1" 200 67 "-" "Mozilla/5.0 (Macintosh; Intel Mac OS X 10_10_1) AppleWebKit/600.1.25 (KHTML, like Gecko) Version/8.0 Safari/600.1.25"
54.175.74.27 - - [02/Jul/2026:18:10:34 -0400] "GET /robots.txt HTTP/1.1" 200 67 "-" "Mozilla/5.0 (Macintosh; Intel Mac OS X 10_10_1) AppleWebKit/600.1.25 (KHTML, like Gecko) Version/8.0 Safari/600.1.25"
54.175.74.27 - - [02/Jul/2026:18:10:34 -0400] "GET /robots.txt HTTP/1.1" 200 67 "-" "Mozilla/5.0 (Macintosh; Intel Mac OS X 10_10_1) AppleWebKit/600.1.25 (KHTML, like Gecko) Version/8.0 Safari/600.1.25"
184.72.121.156 - - [02/Jul/2026:18:10:34 -0400] "GET /robots.txt HTTP/1.1" 200 67 "-" "Mozilla/5.0 (Macintosh; Intel Mac OS X 10_10_1) AppleWebKit/600.1.25 (KHTML, like Gecko) Version/8.0 Safari/600.1.25"
184.72.121.156 - - [02/Jul/2026:18:10:34 -0400] "GET /robots.txt HTTP/1.1" 200 67 "-" "Mozilla/5.0 (Macintosh; Intel Mac OS X 10_10_1) AppleWebKit/600.1.25 (KHTML, like Gecko) Version/8.0 Safari/600.1.25"
54.175.74.27 - - [02/Jul/2026:18:10:34 -0400] "GET /robots.txt HTTP/1.1" 200 67 "-" "Mozilla/5.0 (Macintosh; Intel Mac OS X 10_10_1) AppleWebKit/600.1.25 (KHTML, like Gecko) Version/8.0 Safari/600.1.25"
54.175.74.27 - - [02/Jul/2026:18:10:34 -0400] "GET /robots.txt HTTP/1.1" 200 67 "-" "Mozilla/5.0 (Macintosh; Intel Mac OS X 10_10_1) AppleWebKit/600.1.25 (KHTML, like Gecko) Version/8.0 Safari/600.1.25"
184.72.115.35 - - [02/Jul/2026:18:10:34 -0400] "GET /robots.txt HTTP/1.1" 200 67 "-" "Mozilla/5.0 (Macintosh; Intel Mac OS X 10_10_1) AppleWebKit/600.1.25 (KHTML, like Gecko) Version/8.0 Safari/600.1.25"
184.72.121.156 - - [02/Jul/2026:18:10:34 -0400] "GET /robots.txt HTTP/1.1" 200 67 "-" "Mozilla/5.0 (Macintosh; Intel Mac OS X 10_10_1) AppleWebKit/600.1.25 (KHTML, like Gecko) Version/8.0 Safari/600.1.25"
54.175.74.27 - - [02/Jul/2026:18:10:34 -0400] "GET /robots.txt HTTP/1.1" 200 67 "-" "Mozilla/5.0 (Macintosh; Intel Mac OS X 10_10_1) AppleWebKit/600.1.25 (KHTML, like Gecko) Version/8.0 Safari/600.1.25"
54.175.74.27 - - [02/Jul/2026:18:10:34 -0400] "GET /robots.txt HTTP/1.1" 200 67 "-" "Mozilla/5.0 (Macintosh; Intel Mac OS X 10_10_1) AppleWebKit/600.1.25 (KHTML, like Gecko) Version/8.0 Safari/600.1.25"
54.86.66.252 - - [02/Jul/2026:18:10:34 -0400] "GET /robots.txt HTTP/1.1" 200 67 "-" "Mozilla/5.0 (Macintosh; Intel Mac OS X 10_10_1) AppleWebKit/600.1.25 (KHTML, like Gecko) Version/8.0 Safari/600.1.25"
54.209.60.63 - - [02/Jul/2026:18:10:34 -0400] "GET /robots.txt HTTP/1.1" 200 67 "-" "Mozilla/5.0 (Macintosh; Intel Mac OS X 10_10_1) AppleWebKit/600.1.25 (KHTML, like Gecko) Version/8.0 Safari/600.1.25"
74.7.242.58 - - [02/Jul/2026:18:10:19 -0400] "GET /wp-includes/js/jquery/ui/mouse.min.js HTTP/1.1" 200 1012 "https://jarangomd.com/wp-includes/js/jquery/ui/" "Mozilla/5.0 AppleWebKit/537.36 (KHTML, like Gecko; compatible; GPTBot/1.4; +https://openai.com/gptbot)"
184.72.115.35 - - [02/Jul/2026:18:10:33 -0400] "GET /robots.txt HTTP/1.1" 200 67 "-" "Mozilla/5.0 (Macintosh; Intel Mac OS X 10_10_1) AppleWebKit/600.1.25 (KHTML, like Gecko) Version/8.0 Safari/600.1.25"
184.72.115.35 - - [02/Jul/2026:18:10:33 -0400] "GET /robots.txt HTTP/1.1" 200 67 "-" "Mozilla/5.0 (Macintosh; Intel Mac OS X 10_10_1) AppleWebKit/600.1.25 (KHTML, like Gecko) Version/8.0 Safari/600.1.25"
184.72.121.156 - - [02/Jul/2026:18:10:34 -0400] "GET /robots.txt HTTP/1.1" 200 67 "-" "Mozilla/5.0 (Macintosh; Intel Mac OS X 10_10_1) AppleWebKit/600.1.25 (KHTML, like Gecko) Version/8.0 Safari/600.1.25"
184.72.115.35 - - [02/Jul/2026:18:10:34 -0400] "GET /robots.txt HTTP/1.1" 200 67 "-" "Mozilla/5.0 (Macintosh; Intel Mac OS X 10_10_1) AppleWebKit/600.1.25 (KHTML, like Gecko) Version/8.0 Safari/600.1.25"
184.72.115.35 - - [02/Jul/2026:18:10:34 -0400] "GET /robots.txt HTTP/1.1" 200 67 "-" "Mozilla/5.0 (Macintosh; Intel Mac OS X 10_10_1) AppleWebKit/600.1.25 (KHTML, like Gecko) Version/8.0 Safari/600.1.25"
184.72.115.35 - - [02/Jul/2026:18:10:34 -0400] "GET /robots.txt HTTP/1.1" 200 67 "-" "Mozilla/5.0 (Macintosh; Intel Mac OS X 10_10_1) AppleWebKit/600.1.25 (KHTML, like Gecko) Version/8.0 Safari/600.1.25"
54.209.60.63 - - [02/Jul/2026:18:10:34 -0400] "GET /robots.txt HTTP/1.1" 200 67 "-" "Mozilla/5.0 (Macintosh; Intel Mac OS X 10_10_1) AppleWebKit/600.1.25 (KHTML, like Gecko) Version/8.0 Safari/600.1.25"
54.175.74.27 - - [02/Jul/2026:18:10:34 -0400] "GET /robots.txt HTTP/1.1" 200 67 "-" "Mozilla/5.0 (Macintosh; Intel Mac OS X 10_10_1) AppleWebKit/600.1.25 (KHTML, like Gecko) Version/8.0 Safari/600.1.25"
184.72.115.35 - - [02/Jul/2026:18:10:34 -0400] "GET /robots.txt HTTP/1.1" 200 67 "-" "Mozilla/5.0 (Macintosh; Intel Mac OS X 10_10_1) AppleWebKit/600.1.25 (KHTML, like Gecko) Version/8.0 Safari/600.1.25"
54.86.66.252 - - [02/Jul/2026:18:10:34 -0400] "GET /robots.txt HTTP/1.1" 200 67 "-" "Mozilla/5.0 (Macintosh; Intel Mac OS X 10_10_1) AppleWebKit/600.1.25 (KHTML, like Gecko) Version/8.0 Safari/600.1.25"
184.72.121.156 - - [02/Jul/2026:18:10:34 -0400] "GET /robots.txt HTTP/1.1" 200 67 "-" "Mozilla/5.0 (Macintosh; Intel Mac OS X 10_10_1) AppleWebKit/600.1.25 (KHTML, like Gecko) Version/8.0 Safari/600.1.25"
184.72.115.35 - - [02/Jul/2026:18:10:34 -0400] "GET /robots.txt HTTP/1.1" 200 67 "-" "Mozilla/5.0 (Macintosh; Intel Mac OS X 10_10_1) AppleWebKit/600.1.25 (KHTML, like Gecko) Version/8.0 Safari/600.1.25"
184.72.115.35 - - [02/Jul/2026:18:10:34 -0400] "GET /robots.txt HTTP/1.1" 200 67 "-" "Mozilla/5.0 (Macintosh; Intel Mac OS X 10_10_1) AppleWebKit/600.1.25 (KHTML, like Gecko) Version/8.0 Safari/600.1.25"
54.86.66.252 - - [02/Jul/2026:18:10:34 -0400] "GET /robots.txt HTTP/1.1" 200 67 "-" "Mozilla/5.0 (Macintosh; Intel Mac OS X 10_10_1) AppleWebKit/600.1.25 (KHTML, like Gecko) Version/8.0 Safari/600.1.25"
54.86.66.252 - - [02/Jul/2026:18:10:34 -0400] "GET /robots.txt HTTP/1.1" 200 67 "-" "Mozilla/5.0 (Macintosh; Intel Mac OS X 10_10_1) AppleWebKit/600.1.25 (KHTML, like Gecko) Version/8.0 Safari/600.1.25"
54.175.74.27 - - [02/Jul/2026:18:10:34 -0400] "GET /robots.txt HTTP/1.1" 200 67 "-" "Mozilla/5.0 (Macintosh; Intel Mac OS X 10_10_1) AppleWebKit/600.1.25 (KHTML, like Gecko) Version/8.0 Safari/600.1.25"
54.86.66.252 - - [02/Jul/2026:18:10:34 -0400] "GET /robots.txt HTTP/1.1" 200 67 "-" "Mozilla/5.0 (Macintosh; Intel Mac OS X 10_10_1) AppleWebKit/600.1.25 (KHTML, like Gecko) Version/8.0 Safari/600.1.25"
54.86.66.252 - - [02/Jul/2026:18:10:34 -0400] "GET /robots.txt HTTP/1.1" 200 67 "-" "Mozilla/5.0 (Macintosh; Intel Mac OS X 10_10_1) AppleWebKit/600.1.25 (KHTML, like Gecko) Version/8.0 Safari/600.1.25"
54.175.74.27 - - [02/Jul/2026:18:10:34 -0400] "GET /robots.txt HTTP/1.1" 200 67 "-" "Mozilla/5.0 (Macintosh; Intel Mac OS X 10_10_1) AppleWebKit/600.1.25 (KHTML, like Gecko) Version/8.0 Safari/600.1.25"
54.209.60.63 - - [02/Jul/2026:18:10:34 -0400] "GET /mac.php?pikachu=L2hvbWUvYXRvbXlsdmIvbmNyLmF0b21pY3NpdGUudXM HTTP/1.1" 200 4334 "-" "Mozilla/5.0 (Macintosh; Intel Mac OS X 10_10_1) AppleWebKit/600.1.25 (KHTML, like Gecko) Version/8.0 Safari/600.1.25"
184.72.115.35 - - [02/Jul/2026:18:10:34 -0400] "GET /mac.php?pikachu=L2hvbWUvYXRvbXlsdmIvbWRzb3guYXRvbWljc2l0ZS51cw HTTP/1.1" 200 4316 "-" "Mozilla/5.0 (Macintosh; Intel Mac OS X 10_10_1) AppleWebKit/600.1.25 (KHTML, like Gecko) Version/8.0 Safari/600.1.25"
184.72.121.156 - - [02/Jul/2026:18:10:34 -0400] "GET /mac.php?pikachu=L2hvbWUvYXRvbXlsdmIvbWlrZS5hdG9taWNzaXRlLnVz HTTP/1.1" 200 4279 "-" "Mozilla/5.0 (Macintosh; Intel Mac OS X 10_10_1) AppleWebKit/600.1.25 (KHTML, like Gecko) Version/8.0 Safari/600.1.25"
54.86.66.252 - - [02/Jul/2026:18:10:34 -0400] "GET /old/wp-content/upgrade/22/22/mac.php?pikachu=L2hvbWUvYXRvbXlsdmIvamFyYW5nb21kLmNvbS9vbGQvd3AtY29udGVudC91cGdyYWRlLzIy HTTP/1.1" 200 4285 "-" "Mozilla/5.0 (Macintosh; Intel Mac OS X 10_10_1) AppleWebKit/600.1.25 (KHTML, like Gecko) Version/8.0 Safari/600.1.25"
184.72.121.156 - - [02/Jul/2026:18:10:34 -0400] "GET /mac.php?pikachu=L2hvbWUvYXRvbXlsdmIvbWFrLmF0b21pY3NpdGUudXM HTTP/1.1" 200 4097 "-" "Mozilla/5.0 (Macintosh; Intel Mac OS X 10_10_1) AppleWebKit/600.1.25 (KHTML, like Gecko) Version/8.0 Safari/600.1.25"
54.175.74.27 - - [02/Jul/2026:18:10:34 -0400] "GET /mac.php?pikachu=L2hvbWUvYXRvbXlsdmIvY2Fyd2FzaGNpdHllcC5jb20&mewtwo=Upload+complete.&moltres=success HTTP/1.1" 200 6260 "-" "Mozilla/5.0 (Macintosh; Intel Mac OS X 10_10_1) AppleWebKit/600.1.25 (KHTML, like Gecko) Version/8.0 Safari/600.1.25"
184.72.115.35 - - [02/Jul/2026:18:10:34 -0400] "GET /mac.php?pikachu=L2hvbWUvYXRvbXlsdmIvbmNyc3MudXM HTTP/1.1" 200 5901 "-" "Mozilla/5.0 (Macintosh; Intel Mac OS X 10_10_1) AppleWebKit/600.1.25 (KHTML, like Gecko) Version/8.0 Safari/600.1.25"
54.175.74.27 - - [02/Jul/2026:18:10:34 -0400] "GET /old/wp-content/upgrade/22/22/mac.php?pikachu=L2hvbWUvYXRvbXlsdmIvamFyYW5nb21kLmNvbQ HTTP/1.1" 200 6056 "-" "Mozilla/5.0 (Macintosh; Intel Mac OS X 10_10_1) AppleWebKit/600.1.25 (KHTML, like Gecko) Version/8.0 Safari/600.1.25"
54.209.60.63 - - [02/Jul/2026:18:10:34 -0400] "GET /old/wp-content/upgrade/22/22/mac.php?pikachu=L2hvbWUvYXRvbXlsdmIvamFyYW5nb21kLmNvbS9vbGQvd3AtY29udGVudC91cGdyYWRl HTTP/1.1" 200 4279 "-" "Mozilla/5.0 (Macintosh; Intel Mac OS X 10_10_1) AppleWebKit/600.1.25 (KHTML, like Gecko) Version/8.0 Safari/600.1.25"
54.175.74.27 - - [02/Jul/2026:18:10:34 -0400] "GET /mac.php?pikachu=L2hvbWUvYXRvbXlsdmIvZGVsZXRlLmF0b21pY3NpdGUudXM HTTP/1.1" 200 4603 "-" "Mozilla/5.0 (Macintosh; Intel Mac OS X 10_10_1) AppleWebKit/600.1.25 (KHTML, like Gecko) Version/8.0 Safari/600.1.25"
184.72.115.35 - - [02/Jul/2026:18:10:34 -0400] "GET /mac.php?pikachu=L2hvbWUvYXRvbXlsdmI HTTP/1.1" 200 7375 "-" "Mozilla/5.0 (Macintosh; Intel Mac OS X 10_10_1) AppleWebKit/600.1.25 (KHTML, like Gecko) Version/8.0 Safari/600.1.25"
184.72.115.35 - - [02/Jul/2026:18:10:34 -0400] "GET /mac.php?pikachu=L2hvbWUvYXRvbXlsdmIvbmNyc3Mub3Jn&mewtwo=Upload+complete.&moltres=success HTTP/1.1" 200 5823 "-" "Mozilla/5.0 (Macintosh; Intel Mac OS X 10_10_1) AppleWebKit/600.1.25 (KHTML, like Gecko) Version/8.0 Safari/600.1.25"
184.72.121.156 - - [02/Jul/2026:18:10:34 -0400] "GET /mac.php?pikachu=L2hvbWUvYXRvbXlsdmIvcm9vZmluZy5hdG9taWNzaXRlLnVz HTTP/1.1" 200 4145 "-" "Mozilla/5.0 (Macintosh; Intel Mac OS X 10_10_1) AppleWebKit/600.1.25 (KHTML, like Gecko) Version/8.0 Safari/600.1.25"
54.175.74.27 - - [02/Jul/2026:18:10:34 -0400] "GET /mac.php?pikachu=L2hvbWUvYXRvbXlsdmIvamFyYW5nb21kLmNvbQ HTTP/1.1" 200 6085 "-" "Mozilla/5.0 (Macintosh; Intel Mac OS X 10_10_1) AppleWebKit/600.1.25 (KHTML, like Gecko) Version/8.0 Safari/600.1.25"
184.72.115.35 - - [02/Jul/2026:18:10:34 -0400] "GET /robots.txt HTTP/1.1" 200 67 "-" "Mozilla/5.0 (Macintosh; Intel Mac OS X 10_10_1) AppleWebKit/600.1.25 (KHTML, like Gecko) Version/8.0 Safari/600.1.25"
54.175.74.27 - - [02/Jul/2026:18:10:34 -0400] "GET /robots.txt HTTP/1.1" 200 67 "-" "Mozilla/5.0 (Macintosh; Intel Mac OS X 10_10_1) AppleWebKit/600.1.25 (KHTML, like Gecko) Version/8.0 Safari/600.1.25"
54.86.66.252 - - [02/Jul/2026:18:10:34 -0400] "GET /robots.txt HTTP/1.1" 200 67 "-" "Mozilla/5.0 (Macintosh; Intel Mac OS X 10_10_1) AppleWebKit/600.1.25 (KHTML, like Gecko) Version/8.0 Safari/600.1.25"
54.175.74.27 - - [02/Jul/2026:18:10:34 -0400] "GET /robots.txt HTTP/1.1" 200 67 "-" "Mozilla/5.0 (Macintosh; Intel Mac OS X 10_10_1) AppleWebKit/600.1.25 (KHTML, like Gecko) Version/8.0 Safari/600.1.25"
184.72.115.35 - - [02/Jul/2026:18:10:34 -0400] "GET /mac.php?pikachu=L2hvbWUvYXRvbXlsdmIvY3BhbWlrZXNjaG1pZC5jb20 HTTP/1.1" 200 4273 "-" "Mozilla/5.0 (Macintosh; Intel Mac OS X 10_10_1) AppleWebKit/600.1.25 (KHTML, like Gecko) Version/8.0 Safari/600.1.25"
184.72.115.35 - - [02/Jul/2026:18:10:34 -0400] "GET /mac.php?pikachu=L2hvbWUvYXRvbXlsdmIvbWlrZXNjaG1pZGNwYS5jb20 HTTP/1.1" 200 5936 "-" "Mozilla/5.0 (Macintosh; Intel Mac OS X 10_10_1) AppleWebKit/600.1.25 (KHTML, like Gecko) Version/8.0 Safari/600.1.25"
54.86.66.252 - - [02/Jul/2026:18:10:34 -0400] "GET /mac.php?pikachu=L2hvbWUvYXRvbXlsdmIvY2Fyd2FzaC5hdG9taWNzaXRlLnVz HTTP/1.1" 200 4286 "-" "Mozilla/5.0 (Macintosh; Intel Mac OS X 10_10_1) AppleWebKit/600.1.25 (KHTML, like Gecko) Version/8.0 Safari/600.1.25"
184.72.115.35 - - [02/Jul/2026:18:10:34 -0400] "GET /mac.php?pikachu=L2hvbWUvYXRvbXlsdmIvanIuYXRvbWljc2l0ZS51cw&mewtwo=Upload+complete.&moltres=success HTTP/1.1" 200 5782 "-" "Mozilla/5.0 (Macintosh; Intel Mac OS X 10_10_1) AppleWebKit/600.1.25 (KHTML, like Gecko) Version/8.0 Safari/600.1.25"
54.86.66.252 - - [02/Jul/2026:18:10:34 -0400] "GET /mac.php?pikachu=L2hvbWUvYXRvbXlsdmIvdGhlLXdhdGVyaG91c2UuY29t&mewtwo=Upload+complete.&moltres=success HTTP/1.1" 200 5995 "-" "Mozilla/5.0 (Macintosh; Intel Mac OS X 10_10_1) AppleWebKit/600.1.25 (KHTML, like Gecko) Version/8.0 Safari/600.1.25"
54.175.74.27 - - [02/Jul/2026:18:10:34 -0400] "GET /old/wp-content/upgrade/22/22/mac.php?pikachu=L2hvbWUvYXRvbXlsdmIvamFyYW5nb21kLmNvbS9vbGQvd3AtY29udGVudA HTTP/1.1" 200 4342 "-" "Mozilla/5.0 (Macintosh; Intel Mac OS X 10_10_1) AppleWebKit/600.1.25 (KHTML, like Gecko) Version/8.0 Safari/600.1.25"
54.175.74.27 - - [02/Jul/2026:18:10:34 -0400] "GET /mac.php HTTP/1.1" 200 6056 "-" "Mozilla/5.0 (Macintosh; Intel Mac OS X 10_10_1) AppleWebKit/600.1.25 (KHTML, like Gecko) Version/8.0 Safari/600.1.25"
184.72.121.156 - - [02/Jul/2026:18:10:34 -0400] "GET /old/wp-content/upgrade/22/22/mac.php?pikachu=L2hvbWUvYXRvbXlsdmIvamFyYW5nb21kLmNvbS9vbGQ HTTP/1.1" 200 5674 "-" "Mozilla/5.0 (Macintosh; Intel Mac OS X 10_10_1) AppleWebKit/600.1.25 (KHTML, like Gecko) Version/8.0 Safari/600.1.25"
54.86.66.252 - - [02/Jul/2026:18:10:34 -0400] "GET /mac.php?pikachu=L2hvbWUvYXRvbXlsdmIvbmNyc3MudXM&mewtwo=Upload+complete.&moltres=success HTTP/1.1" 200 5929 "-" "Mozilla/5.0 (Macintosh; Intel Mac OS X 10_10_1) AppleWebKit/600.1.25 (KHTML, like Gecko) Version/8.0 Safari/600.1.25"
54.209.60.63 - - [02/Jul/2026:18:10:34 -0400] "GET /mac.php?pikachu=L2hvbWUvYXRvbXlsdmIvY2Fyd2FzaGNpdHllcC5jb20 HTTP/1.1" 200 6231 "-" "Mozilla/5.0 (Macintosh; Intel Mac OS X 10_10_1) AppleWebKit/600.1.25 (KHTML, like Gecko) Version/8.0 Safari/600.1.25"
54.175.74.27 - - [02/Jul/2026:18:10:34 -0400] "GET /mac.php?pikachu=L2hvbWUvYXRvbXlsdmIvc3VubGFuZC5hdG9taWNzaXRlLnVz HTTP/1.1" 200 4106 "-" "Mozilla/5.0 (Macintosh; Intel Mac OS X 10_10_1) AppleWebKit/600.1.25 (KHTML, like Gecko) Version/8.0 Safari/600.1.25"
184.72.115.35 - - [02/Jul/2026:18:10:34 -0400] "GET /mac.php?pikachu=L2hvbWUvYXRvbXlsdmIvSmFyYW5nb01ELmNvbQ HTTP/1.1" 200 4095 "-" "Mozilla/5.0 (Macintosh; Intel Mac OS X 10_10_1) AppleWebKit/600.1.25 (KHTML, like Gecko) Version/8.0 Safari/600.1.25"
74.7.242.58 - - [02/Jul/2026:18:05:43 -0400] "GET /wp-includes/js/jquery/ui/effect-highlight.js HTTP/1.1" 200 550 "https://jarangomd.com/wp-includes/js/jquery/ui/" "Mozilla/5.0 AppleWebKit/537.36 (KHTML, like Gecko; compatible; GPTBot/1.4; +https://openai.com/gptbot)"
74.7.242.58 - - [02/Jul/2026:18:06:12 -0400] "GET /wp-includes/js/dist/script-modules/block-library/ HTTP/1.1" 200 1012 "https://jarangomd.com/wp-includes/js/dist/script-modules/" "Mozilla/5.0 AppleWebKit/537.36 (KHTML, like Gecko; compatible; GPTBot/1.4; +https://openai.com/gptbot)"
74.7.242.58 - - [02/Jul/2026:18:06:38 -0400] "GET /wp-includes/sodium_compat/src/Core/Curve25519/Ge/ HTTP/1.1" 200 731 "https://jarangomd.com/wp-includes/sodium_compat/src/Core/Curve25519/" "Mozilla/5.0 AppleWebKit/537.36 (KHTML, like Gecko; compatible; GPTBot/1.4; +https://openai.com/gptbot)"
74.7.242.58 - - [02/Jul/2026:18:07:04 -0400] "GET /wp-includes/rest-api/endpoints/class-wp-rest-abilities-v1-run-controller.php HTTP/1.1" 500 0 "https://jarangomd.com/wp-includes/rest-api/endpoints/" "Mozilla/5.0 AppleWebKit/537.36 (KHTML, like Gecko; compatible; GPTBot/1.4; +https://openai.com/gptbot)"
66.249.74.76 - - [02/Jul/2026:18:05:08 -0400] "GET /_autoindex/assets/css/autoindex.css HTTP/1.1" 200 1170 "https://jarangomd.com/?ja=106979631710" "Mozilla/5.0 (Linux; Android 6.0.1; Nexus 5X Build/MMB29P) AppleWebKit/537.36 (KHTML, like Gecko) Chrome/150.0.7871.46 Mobile Safari/537.36 (compatible; Googlebot/2.1; +http://www.google.com/bot.html)"
74.7.242.58 - - [02/Jul/2026:18:05:09 -0400] "GET /wp-includes/js/jquery/ui/slider.min.js HTTP/1.1" 200 3010 "https://jarangomd.com/wp-includes/js/jquery/ui/" "Mozilla/5.0 AppleWebKit/537.36 (KHTML, like Gecko; compatible; GPTBot/1.4; +https://openai.com/gptbot)"
47.254.47.156 - - [02/Jul/2026:18:05:15 -0400] "GET /old/wp-config-sample.php HTTP/1.1" 500 1074 "-" "Mozilla/5.0 (iPhone; CPU iPhone OS 13_2_3 like Mac OS X) AppleWebKit/605.1.15 (KHTML, like Gecko) Version/13.0.3 Mobile/15E148 Safari/604.1"
74.7.242.58 - - [02/Jul/2026:18:07:27 -0400] "GET /?sitemap.xml HTTP/1.1" 200 1798 "-" "Mozilla/5.0 AppleWebKit/537.36 (KHTML, like Gecko; compatible; GPTBot/1.4; +https://openai.com/gptbot)"
54.86.66.252 - - [02/Jul/2026:18:10:34 -0400] "GET /old/wp-content/upgrade/22/22/mac.php HTTP/1.1" 200 4957 "-" "Mozilla/5.0 (Macintosh; Intel Mac OS X 10_10_1) AppleWebKit/600.1.25 (KHTML, like Gecko) Version/8.0 Safari/600.1.25"
184.72.121.156 - - [02/Jul/2026:18:10:34 -0400] "GET /mac.php?pikachu=L2hvbWUvYXRvbXlsdmIvdGhlLXdhdGVyaG91c2UuY29t HTTP/1.1" 200 5966 "-" "Mozilla/5.0 (Macintosh; Intel Mac OS X 10_10_1) AppleWebKit/600.1.25 (KHTML, like Gecko) Version/8.0 Safari/600.1.25"
54.175.74.27 - - [02/Jul/2026:18:10:34 -0400] "GET /mac.php?pikachu=L2hvbWUvYXRvbXlsdmIvanIuYXRvbWljc2l0ZS51cw HTTP/1.1" 200 5745 "-" "Mozilla/5.0 (Macintosh; Intel Mac OS X 10_10_1) AppleWebKit/600.1.25 (KHTML, like Gecko) Version/8.0 Safari/600.1.25"
54.86.66.252 - - [02/Jul/2026:18:10:34 -0400] "GET /mac.php?pikachu=L2hvbWUvYXRvbXlsdmIvbmNyc3Mub3Jn HTTP/1.1" 200 5792 "-" "Mozilla/5.0 (Macintosh; Intel Mac OS X 10_10_1) AppleWebKit/600.1.25 (KHTML, like Gecko) Version/8.0 Safari/600.1.25"
184.72.115.35 - - [02/Jul/2026:18:10:34 -0400] "GET /mac.php?pikachu=L2hvbWUvYXRvbXlsdmIvc3BzaWVycmFwbGFuY2hvaWNlLmF0b21pY3NpdGUudXM HTTP/1.1" 200 4127 "-" "Mozilla/5.0 (Macintosh; Intel Mac OS X 10_10_1) AppleWebKit/600.1.25 (KHTML, like Gecko) Version/8.0 Safari/600.1.25"
54.175.74.27 - - [02/Jul/2026:18:10:34 -0400] "GET /old/wp-content/upgrade/22/22/mac.php?pikachu=L2hvbWUvYXRvbXlsdmIvamFyYW5nb21kLmNvbQ&mewtwo=Upload+complete.&moltres=success HTTP/1.1" 200 6084 "-" "Mozilla/5.0 (Macintosh; Intel Mac OS X 10_10_1) AppleWebKit/600.1.25 (KHTML, like Gecko) Version/8.0 Safari/600.1.25"
54.175.74.27 - - [02/Jul/2026:18:10:34 -0400] "GET /mac.php?pikachu=L2hvbWUvYXRvbXlsdmIvd2F0ZXJ1c2EuYXRvbWljc2l0ZS51cw HTTP/1.1" 200 4145 "-" "Mozilla/5.0 (Macintosh; Intel Mac OS X 10_10_1) AppleWebKit/600.1.25 (KHTML, like Gecko) Version/8.0 Safari/600.1.25"
54.86.66.252 - - [02/Jul/2026:18:10:34 -0400] "GET /mac.php?pikachu=L2hvbWUvYXRvbXlsdmIvcHVibGljX2h0bWw HTTP/1.1" 200 4262 "-" "Mozilla/5.0 (Macintosh; Intel Mac OS X 10_10_1) AppleWebKit/600.1.25 (KHTML, like Gecko) Version/8.0 Safari/600.1.25"
54.86.66.252 - - [02/Jul/2026:18:10:34 -0400] "GET /old/ HTTP/1.1" 200 1894 "-" "Mozilla/5.0 (Macintosh; Intel Mac OS X 10_10_1) AppleWebKit/600.1.25 (KHTML, like Gecko) Version/8.0 Safari/600.1.25"
184.72.115.35 - - [02/Jul/2026:18:10:34 -0400] "GET /old/wp-login.php?redirect_to=https%3A%2F%2Fjarangomd.com%2Fold%2Fwp-admin%2F&reauth=1 HTTP/1.1" 302 0 "-" "Mozilla/5.0 (Macintosh; Intel Mac OS X 10_10_1) AppleWebKit/600.1.25 (KHTML, like Gecko) Version/8.0 Safari/600.1.25"
54.86.66.252 - - [02/Jul/2026:18:10:34 -0400] "GET /mac.php?pikachu=L2hvbWUvYXRvbXlsdmIvZG9yc2V5c2dpZnQuY29t HTTP/1.1" 200 4325 "-" "Mozilla/5.0 (Macintosh; Intel Mac OS X 10_10_1) AppleWebKit/600.1.25 (KHTML, like Gecko) Version/8.0 Safari/600.1.25"
54.175.74.27 - - [02/Jul/2026:18:10:34 -0400] "GET /mac.php?pikachu=L2hvbWUvYXRvbXlsdmIvbWlrZXNjaG1pZGNwYS5jb20&mewtwo=Upload+complete.&moltres=success HTTP/1.1" 200 5963 "-" "Mozilla/5.0 (Macintosh; Intel Mac OS X 10_10_1) AppleWebKit/600.1.25 (KHTML, like Gecko) Version/8.0 Safari/600.1.25"
184.72.115.35 - - [02/Jul/2026:18:10:34 -0400] "GET /old/wp-admin/update.php?action=upload-theme HTTP/1.1" 302 0 "-" "Mozilla/5.0 (Macintosh; Intel Mac OS X 10_10_1) AppleWebKit/600.1.25 (KHTML, like Gecko) Version/8.0 Safari/600.1.25"
184.72.121.156 - - [02/Jul/2026:18:10:34 -0400] "GET /old/wp-admin/themes.php HTTP/1.1" 302 0 "-" "Mozilla/5.0 (Macintosh; Intel Mac OS X 10_10_1) AppleWebKit/600.1.25 (KHTML, like Gecko) Version/8.0 Safari/600.1.25"
184.72.115.35 - - [02/Jul/2026:18:10:34 -0400] "GET /old/wp-admin/theme-install.php HTTP/1.1" 302 0 "-" "Mozilla/5.0 (Macintosh; Intel Mac OS X 10_10_1) AppleWebKit/600.1.25 (KHTML, like Gecko) Version/8.0 Safari/600.1.25"
184.72.115.35 - - [02/Jul/2026:18:10:34 -0400] "GET /old/wp-admin/ HTTP/1.1" 302 0 "-" "Mozilla/5.0 (Macintosh; Intel Mac OS X 10_10_1) AppleWebKit/600.1.25 (KHTML, like Gecko) Version/8.0 Safari/600.1.25"
74.7.242.58 - - [02/Jul/2026:18:11:11 -0400] "GET /wp-includes/pomo/entry.php HTTP/1.1" 200 0 "https://jarangomd.com/wp-includes/pomo/" "Mozilla/5.0 AppleWebKit/537.36 (KHTML, like Gecko; compatible; GPTBot/1.4; +https://openai.com/gptbot)"
74.7.242.58 - - [02/Jul/2026:18:12:36 -0400] "GET /wp-includes/js/media-grid.js HTTP/1.1" 200 6602 "https://jarangomd.com/wp-includes/js/" "Mozilla/5.0 AppleWebKit/537.36 (KHTML, like Gecko; compatible; GPTBot/1.4; +https://openai.com/gptbot)"
74.7.242.58 - - [02/Jul/2026:18:11:56 -0400] "GET /wp-includes/sodium_compat/src/Core/AEGIS256.php HTTP/1.1" 500 0 "https://jarangomd.com/wp-includes/sodium_compat/src/Core/" "Mozilla/5.0 AppleWebKit/537.36 (KHTML, like Gecko; compatible; GPTBot/1.4; +https://openai.com/gptbot)"
66.249.74.75 - - [02/Jul/2026:18:14:21 -0400] "GET /?ja=1069712973700 HTTP/1.1" 200 1797 "-" "Mozilla/5.0 (Linux; Android 6.0.1; Nexus 5X Build/MMB29P) AppleWebKit/537.36 (KHTML, like Gecko) Chrome/150.0.7871.46 Mobile Safari/537.36 (compatible; Googlebot/2.1; +http://www.google.com/bot.html)"
74.7.242.58 - - [02/Jul/2026:18:14:36 -0400] "GET /wp-includes/js/dist/script-modules/block-library/search/ HTTP/1.1" 200 670 "https://jarangomd.com/wp-includes/js/dist/script-modules/block-library/" "Mozilla/5.0 AppleWebKit/537.36 (KHTML, like Gecko; compatible; GPTBot/1.4; +https://openai.com/gptbot)"
43.131.36.84 - - [02/Jul/2026:18:14:59 -0400] "GET /old/wp-config.php HTTP/1.1" 403 1242 "-" "Mozilla/5.0 (iPhone; CPU iPhone OS 13_2_3 like Mac OS X) AppleWebKit/605.1.15 (KHTML, like Gecko) Version/13.0.3 Mobile/15E148 Safari/604.1"
74.7.242.58 - - [02/Jul/2026:18:16:28 -0400] "GET /wp-includes/js/dist/script-modules/block-library/navigation/ HTTP/1.1" 200 676 "https://jarangomd.com/wp-includes/js/dist/script-modules/block-library/" "Mozilla/5.0 AppleWebKit/537.36 (KHTML, like Gecko; compatible; GPTBot/1.4; +https://openai.com/gptbot)"
74.7.242.58 - - [02/Jul/2026:18:13:37 -0400] "GET /wp-includes/sodium_compat/src/Core32/Poly1305/error_log HTTP/1.1" 403 1242 "https://jarangomd.com/wp-includes/sodium_compat/src/Core32/Poly1305/" "Mozilla/5.0 AppleWebKit/537.36 (KHTML, like Gecko; compatible; GPTBot/1.4; +https://openai.com/gptbot)"
74.7.242.58 - - [02/Jul/2026:18:15:34 -0400] "GET /wp-includes/js/dist/script-modules/block-library/accordion/ HTTP/1.1" 200 674 "https://jarangomd.com/wp-includes/js/dist/script-modules/block-library/" "Mozilla/5.0 AppleWebKit/537.36 (KHTML, like Gecko; compatible; GPTBot/1.4; +https://openai.com/gptbot)"
74.7.242.58 - - [02/Jul/2026:18:17:14 -0400] "GET /wp-includes/js/hoverIntent.js HTTP/1.1" 200 2268 "https://jarangomd.com/wp-includes/js/" "Mozilla/5.0 AppleWebKit/537.36 (KHTML, like Gecko; compatible; GPTBot/1.4; +https://openai.com/gptbot)"
74.7.242.58 - - [02/Jul/2026:18:19:08 -0400] "GET /wp-includes/js/dist/blocks.min.js HTTP/1.1" 200 52215 "https://jarangomd.com/wp-includes/js/dist/" "Mozilla/5.0 AppleWebKit/537.36 (KHTML, like Gecko; compatible; GPTBot/1.4; +https://openai.com/gptbot)"
74.7.242.58 - - [02/Jul/2026:18:19:40 -0400] "GET /wp-includes/rest-api/endpoints/class-wp-rest-abilities-v1-categories-controller.php HTTP/1.1" 500 0 "https://jarangomd.com/wp-includes/rest-api/endpoints/" "Mozilla/5.0 AppleWebKit/537.36 (KHTML, like Gecko; compatible; GPTBot/1.4; +https://openai.com/gptbot)"
74.7.242.58 - - [02/Jul/2026:18:21:11 -0400] "GET /wp-includes/js/jquery/ui/core.min.js HTTP/1.1" 200 6812 "https://jarangomd.com/wp-includes/js/jquery/ui/" "Mozilla/5.0 AppleWebKit/537.36 (KHTML, like Gecko; compatible; GPTBot/1.4; +https://openai.com/gptbot)"
74.7.242.58 - - [02/Jul/2026:18:17:56 -0400] "GET /wp-includes/Requests/library/ HTTP/1.1" 200 738 "https://jarangomd.com/wp-includes/Requests/" "Mozilla/5.0 AppleWebKit/537.36 (KHTML, like Gecko; compatible; GPTBot/1.4; +https://openai.com/gptbot)"
74.7.242.58 - - [02/Jul/2026:18:18:33 -0400] "GET /wp-includes/js/dist/dom-ready.js HTTP/1.1" 200 537 "https://jarangomd.com/wp-includes/js/dist/" "Mozilla/5.0 AppleWebKit/537.36 (KHTML, like Gecko; compatible; GPTBot/1.4; +https://openai.com/gptbot)"
74.7.242.58 - - [02/Jul/2026:18:20:07 -0400] "GET /wp-includes/js/jquery/ui/tabs.min.js HTTP/1.1" 200 3794 "https://jarangomd.com/wp-includes/js/jquery/ui/" "Mozilla/5.0 AppleWebKit/537.36 (KHTML, like Gecko; compatible; GPTBot/1.4; +https://openai.com/gptbot)"
179.49.203.27 - - [02/Jul/2026:18:21:22 -0400] "GET /sitemap502.xml HTTP/1.1" 404 1251 "-" "Mozilla/5.0 (Windows NT 10.0; Win64; x64) AppleWebKit/537.36 (KHTML, like Gecko) Chrome/131.0.6778.139 Safari/537.36"
74.7.242.58 - - [02/Jul/2026:18:22:08 -0400] "GET /wp-includes/sodium_compat/src/Core32/Curve25519/Ge/P1p1.php HTTP/1.1" 200 0 "https://jarangomd.com/wp-includes/sodium_compat/src/Core32/Curve25519/Ge/" "Mozilla/5.0 AppleWebKit/537.36 (KHTML, like Gecko; compatible; GPTBot/1.4; +https://openai.com/gptbot)"
74.7.242.58 - - [02/Jul/2026:18:24:31 -0400] "GET /wp-includes/js/jquery/ui/menu.min.js HTTP/1.1" 200 2917 "https://jarangomd.com/wp-includes/js/jquery/ui/" "Mozilla/5.0 AppleWebKit/537.36 (KHTML, like Gecko; compatible; GPTBot/1.4; +https://openai.com/gptbot)"
13.83.107.129 - - [02/Jul/2026:18:26:25 -0400] "GET /wp-json/wp/v2/users/ HTTP/1.1" 404 1251 "-" "Mozilla/5.0 (Windows NT 10.0; Win64; x64) AppleWebKit/537.36 (KHTML, like Gecko) Chrome/125.0.0.0 Safari/537.36 Vivaldi/6.7"
175.27.171.245 - - [02/Jul/2026:18:28:48 -0400] "GET / HTTP/1.1" 200 2132 "http://www.jarangomd.com" "Mozilla/5.0 (iPhone; CPU iPhone OS 13_2_3 like Mac OS X) AppleWebKit/605.1.15 (KHTML, like Gecko) Version/13.0.3 Mobile/15E148 Safari/604.1"
185.15.38.190 - - [02/Jul/2026:18:29:21 -0400] "GET / HTTP/1.0" 200 8418 "https://jarangomd.com/" "Mozilla/5.0 (Windows NT 10.0; Win64; x64) AppleWebKit/537.36 (KHTML, like Gecko) Chrome/130.0.0.0 Safari/537.36 CCleaner/130.0.0.0"
74.7.242.58 - - [02/Jul/2026:18:22:59 -0400] "GET /wp-includes/sodium_compat/src/Core/Poly1305/error_log HTTP/1.1" 403 1242 "https://jarangomd.com/wp-includes/sodium_compat/src/Core/Poly1305/" "Mozilla/5.0 AppleWebKit/537.36 (KHTML, like Gecko; compatible; GPTBot/1.4; +https://openai.com/gptbot)"
74.7.242.58 - - [02/Jul/2026:18:23:47 -0400] "GET /wp-includes/ID3/getid3.php HTTP/1.1" 200 0 "https://jarangomd.com/wp-includes/ID3/" "Mozilla/5.0 AppleWebKit/537.36 (KHTML, like Gecko; compatible; GPTBot/1.4; +https://openai.com/gptbot)"
74.7.242.58 - - [02/Jul/2026:18:25:14 -0400] "GET /wp-includes/Text/Diff.php HTTP/1.1" 200 0 "https://jarangomd.com/wp-includes/Text/" "Mozilla/5.0 AppleWebKit/537.36 (KHTML, like Gecko; compatible; GPTBot/1.4; +https://openai.com/gptbot)"
66.249.74.75 - - [02/Jul/2026:18:25:22 -0400] "GET /prizes/180597688 HTTP/1.1" 404 1251 "-" "Mozilla/5.0 (Linux; Android 6.0.1; Nexus 5X Build/MMB29P) AppleWebKit/537.36 (KHTML, like Gecko) Chrome/150.0.7871.46 Mobile Safari/537.36 (compatible; Googlebot/2.1; +http://www.google.com/bot.html)"
74.7.242.58 - - [02/Jul/2026:18:25:50 -0400] "GET /wp-includes/Requests/library/Requests.php HTTP/1.1" 500 0 "https://jarangomd.com/wp-includes/Requests/library/" "Mozilla/5.0 AppleWebKit/537.36 (KHTML, like Gecko; compatible; GPTBot/1.4; +https://openai.com/gptbot)"
217.165.186.11 - - [02/Jul/2026:18:26:13 -0400] "GET /sitemap753.xml HTTP/1.1" 404 1251 "-" "Mozilla/5.0 (Macintosh; Intel Mac OS X 13.3; rv:126.0) Gecko/20100101 Firefox/126.0"
74.7.242.58 - - [02/Jul/2026:18:26:25 -0400] "GET /wp-includes/Requests/library/twentytwentytwo/ HTTP/1.1" 200 9194 "https://jarangomd.com/wp-includes/Requests/library/" "Mozilla/5.0 AppleWebKit/537.36 (KHTML, like Gecko; compatible; GPTBot/1.4; +https://openai.com/gptbot)"
74.7.242.58 - - [02/Jul/2026:18:27:30 -0400] "GET /wp-includes/js/dist/'+(i=i.replace(a.helper.regexes.asteriskDashAndColon,a.helper.escapeCharactersCallback))+' HTTP/1.1" 404 1251 "https://jarangomd.com/wp-includes/js/dist/blocks.min.js" "Mozilla/5.0 AppleWebKit/537.36 (KHTML, like Gecko; compatible; GPTBot/1.4; +https://openai.com/gptbot)"
74.7.242.58 - - [02/Jul/2026:18:28:28 -0400] "GET /wp-includes/js/dist/'+(o=o.replace(a.helper.regexes.asteriskDashAndColon,a.helper.escapeCharactersCallback))+' HTTP/1.1" 404 1251 "https://jarangomd.com/wp-includes/js/dist/blocks.min.js" "Mozilla/5.0 AppleWebKit/537.36 (KHTML, like Gecko; compatible; GPTBot/1.4; +https://openai.com/gptbot)"
74.7.242.58 - - [02/Jul/2026:18:29:25 -0400] "GET /wp-includes/js/dist/'+s+' HTTP/1.1" 404 1251 "https://jarangomd.com/wp-includes/js/dist/blocks.min.js" "Mozilla/5.0 AppleWebKit/537.36 (KHTML, like Gecko; compatible; GPTBot/1.4; +https://openai.com/gptbot)"
43.130.67.6 - - [02/Jul/2026:18:29:50 -0400] "GET /old/xmlrpc.php HTTP/1.1" 302 0 "-" "Mozilla/5.0 (iPhone; CPU iPhone OS 13_2_3 like Mac OS X) AppleWebKit/605.1.15 (KHTML, like Gecko) Version/13.0.3 Mobile/15E148 Safari/604.1"
74.7.242.58 - - [02/Jul/2026:18:30:22 -0400] "GET /wp-includes/js/dist/'+i+' HTTP/1.1" 404 1251 "https://jarangomd.com/wp-includes/js/dist/blocks.min.js" "Mozilla/5.0 AppleWebKit/537.36 (KHTML, like Gecko; compatible; GPTBot/1.4; +https://openai.com/gptbot)"
43.130.67.6 - - [02/Jul/2026:18:30:02 -0400] "GET /old/wp-admin/install.php HTTP/1.1" 200 4549 "https://www.jarangomd.com/old/xmlrpc.php" "Mozilla/5.0 (iPhone; CPU iPhone OS 13_2_3 like Mac OS X) AppleWebKit/605.1.15 (KHTML, like Gecko) Version/13.0.3 Mobile/15E148 Safari/604.1"
65.108.2.171 - - [02/Jul/2026:18:30:38 -0400] "GET /robots.txt HTTP/1.1" 200 67 "-" "Mozilla/5.0 (compatible; MJ12bot/v1.4.8; http://mj12bot.com/)"
65.108.2.171 - - [02/Jul/2026:18:30:40 -0400] "GET /?MA HTTP/1.1" 200 1808 "-" "Mozilla/5.0 (compatible; MJ12bot/v1.4.8; http://mj12bot.com/)"
65.108.2.171 - - [02/Jul/2026:18:30:45 -0400] "GET /?SA HTTP/1.1" 200 1808 "-" "Mozilla/5.0 (compatible; MJ12bot/v1.4.8; http://mj12bot.com/)"
65.108.2.171 - - [02/Jul/2026:18:30:47 -0400] "GET /_ HTTP/1.1" 200 3640 "-" "Mozilla/5.0 (compatible; MJ12bot/v1.4.8; http://mj12bot.com/)"
65.108.2.171 - - [02/Jul/2026:18:30:49 -0400] "GET /admin.php HTTP/1.1" 404 0 "-" "Mozilla/5.0 (compatible; MJ12bot/v1.4.8; http://mj12bot.com/)"
65.108.2.171 - - [02/Jul/2026:18:30:56 -0400] "GET /k2.php HTTP/1.1" 200 124 "-" "Mozilla/5.0 (compatible; MJ12bot/v1.4.8; http://mj12bot.com/)"
65.108.2.171 - - [02/Jul/2026:18:30:58 -0400] "GET /license.txt HTTP/1.1" 200 6865 "-" "Mozilla/5.0 (compatible; MJ12bot/v1.4.8; http://mj12bot.com/)"
65.108.2.171 - - [02/Jul/2026:18:31:05 -0400] "GET /pmw.txt HTTP/1.1" 200 1 "-" "Mozilla/5.0 (compatible; MJ12bot/v1.4.8; http://mj12bot.com/)"
65.108.2.171 - - [02/Jul/2026:18:31:09 -0400] "GET /robots.txt HTTP/1.1" 200 67 "-" "Mozilla/5.0 (compatible; MJ12bot/v1.4.8; http://mj12bot.com/)"
65.108.2.171 - - [02/Jul/2026:18:31:16 -0400] "GET /wp-comments-post.php HTTP/1.1" 405 0 "-" "Mozilla/5.0 (compatible; MJ12bot/v1.4.8; http://mj12bot.com/)"
65.108.2.171 - - [02/Jul/2026:18:31:18 -0400] "GET /wp-config-sample.php HTTP/1.1" 403 0 "-" "Mozilla/5.0 (compatible; MJ12bot/v1.4.8; http://mj12bot.com/)"
65.108.2.171 - - [02/Jul/2026:18:31:20 -0400] "GET /wp-config.php HTTP/1.1" 403 1242 "-" "Mozilla/5.0 (compatible; MJ12bot/v1.4.8; http://mj12bot.com/)"
65.108.2.171 - - [02/Jul/2026:18:31:22 -0400] "GET /wp-content/ HTTP/1.1" 403 1242 "-" "Mozilla/5.0 (compatible; MJ12bot/v1.4.8; http://mj12bot.com/)"
65.108.2.171 - - [02/Jul/2026:18:31:25 -0400] "GET /wp-cron.php HTTP/1.1" 200 0 "-" "Mozilla/5.0 (compatible; MJ12bot/v1.4.8; http://mj12bot.com/)"
65.108.2.171 - - [02/Jul/2026:18:31:31 -0400] "GET /wp-load.php HTTP/1.1" 403 0 "-" "Mozilla/5.0 (compatible; MJ12bot/v1.4.8; http://mj12bot.com/)"
65.108.2.171 - - [02/Jul/2026:18:31:33 -0400] "GET /wp-mail.php HTTP/1.1" 403 0 "-" "Mozilla/5.0 (compatible; MJ12bot/v1.4.8; http://mj12bot.com/)"
65.108.2.171 - - [02/Jul/2026:18:31:35 -0400] "GET /wp-settings.php HTTP/1.1" 500 0 "-" "Mozilla/5.0 (compatible; MJ12bot/v1.4.8; http://mj12bot.com/)"
65.108.2.171 - - [02/Jul/2026:18:31:37 -0400] "GET /wp-signup.php HTTP/1.1" 403 0 "-" "Mozilla/5.0 (compatible; MJ12bot/v1.4.8; http://mj12bot.com/)"
