72.183.210.124 - - [02/Jul/2026:14:17:25 -0400] "GET /wp-includes/css/dashicons.min.css?ver=6.9.4 HTTP/1.1" 200 35101 "https://jarangomd.com/wp-login.php?redirect_to=https%3A%2F%2Fjarangomd.com%2Fwp-admin%2F&reauth=1" "Mozilla/5.0 (Windows NT 10.0; Win64; x64) AppleWebKit/537.36 (KHTML, like Gecko) Chrome/149.0.0.0 Safari/537.36"
72.183.210.124 - - [02/Jul/2026:14:17:25 -0400] "GET /wp-includes/js/jquery/jquery-migrate.min.js?ver=3.4.1 HTTP/1.1" 200 4678 "https://jarangomd.com/wp-login.php?redirect_to=https%3A%2F%2Fjarangomd.com%2Fwp-admin%2F&reauth=1" "Mozilla/5.0 (Windows NT 10.0; Win64; x64) AppleWebKit/537.36 (KHTML, like Gecko) Chrome/149.0.0.0 Safari/537.36"
72.183.210.124 - - [02/Jul/2026:14:17:25 -0400] "GET /wp-includes/js/zxcvbn-async.min.js?ver=1.0 HTTP/1.1" 200 187 "https://jarangomd.com/wp-login.php?redirect_to=https%3A%2F%2Fjarangomd.com%2Fwp-admin%2F&reauth=1" "Mozilla/5.0 (Windows NT 10.0; Win64; x64) AppleWebKit/537.36 (KHTML, like Gecko) Chrome/149.0.0.0 Safari/537.36"
72.183.210.124 - - [02/Jul/2026:14:17:25 -0400] "GET /wp-admin/css/l10n.min.css?ver=6.9.4 HTTP/1.1" 200 675 "https://jarangomd.com/wp-login.php?redirect_to=https%3A%2F%2Fjarangomd.com%2Fwp-admin%2F&reauth=1" "Mozilla/5.0 (Windows NT 10.0; Win64; x64) AppleWebKit/537.36 (KHTML, like Gecko) Chrome/149.0.0.0 Safari/537.36"
72.183.210.124 - - [02/Jul/2026:14:17:25 -0400] "GET /wp-includes/js/jquery/jquery.min.js?ver=3.7.1 HTTP/1.1" 200 29744 "https://jarangomd.com/wp-login.php?redirect_to=https%3A%2F%2Fjarangomd.com%2Fwp-admin%2F&reauth=1" "Mozilla/5.0 (Windows NT 10.0; Win64; x64) AppleWebKit/537.36 (KHTML, like Gecko) Chrome/149.0.0.0 Safari/537.36"
72.183.210.124 - - [02/Jul/2026:14:17:25 -0400] "GET /wp-admin/images/wordpress-logo.svg?ver=20131107 HTTP/1.1" 200 759 "https://jarangomd.com/wp-admin/css/login.min.css?ver=6.9.4" "Mozilla/5.0 (Windows NT 10.0; Win64; x64) AppleWebKit/537.36 (KHTML, like Gecko) Chrome/149.0.0.0 Safari/537.36"
72.183.210.124 - - [02/Jul/2026:14:17:25 -0400] "GET /wp-includes/js/zxcvbn.min.js HTTP/1.1" 200 389493 "https://jarangomd.com/wp-login.php?redirect_to=https%3A%2F%2Fjarangomd.com%2Fwp-admin%2F&reauth=1" "Mozilla/5.0 (Windows NT 10.0; Win64; x64) AppleWebKit/537.36 (KHTML, like Gecko) Chrome/149.0.0.0 Safari/537.36"
74.7.242.58 - - [02/Jul/2026:14:19:09 -0400] "GET /wp-includes/customize/class-wp-customize-media-control.php HTTP/1.1" 500 0 "https://jarangomd.com/wp-includes/customize/" "Mozilla/5.0 AppleWebKit/537.36 (KHTML, like Gecko; compatible; GPTBot/1.4; +https://openai.com/gptbot)"
74.7.242.58 - - [02/Jul/2026:14:20:14 -0400] "GET /wp-includes/customize/class-wp-customize-image-control.php HTTP/1.1" 500 0 "https://jarangomd.com/wp-includes/customize/" "Mozilla/5.0 AppleWebKit/537.36 (KHTML, like Gecko; compatible; GPTBot/1.4; +https://openai.com/gptbot)"
74.7.242.58 - - [02/Jul/2026:14:21:19 -0400] "GET /wp-includes/customize/class-wp-customize-color-control.php HTTP/1.1" 500 0 "https://jarangomd.com/wp-includes/customize/" "Mozilla/5.0 AppleWebKit/537.36 (KHTML, like Gecko; compatible; GPTBot/1.4; +https://openai.com/gptbot)"
74.7.242.58 - - [02/Jul/2026:14:22:20 -0400] "GET /wp-includes/customize/class-wp-customize-nav-menu-item-control.php HTTP/1.1" 500 0 "https://jarangomd.com/wp-includes/customize/" "Mozilla/5.0 AppleWebKit/537.36 (KHTML, like Gecko; compatible; GPTBot/1.4; +https://openai.com/gptbot)"
15.235.98.250 - - [02/Jul/2026:14:22:54 -0400] "GET /wp-sitemap.xml HTTP/1.1" 404 1251 "-" "Mozilla/5.0 (compatible; AhrefsBot/7.0; +http://ahrefs.com/robot/)"
74.7.242.58 - - [02/Jul/2026:14:23:23 -0400] "GET /wp-includes/customize/class-wp-customize-nav-menu-item-setting.php HTTP/1.1" 500 0 "https://jarangomd.com/wp-includes/customize/" "Mozilla/5.0 AppleWebKit/537.36 (KHTML, like Gecko; compatible; GPTBot/1.4; +https://openai.com/gptbot)"
74.7.242.58 - - [02/Jul/2026:14:18:09 -0400] "GET /wp-includes/customize/class-wp-customize-upload-control.php HTTP/1.1" 500 0 "https://jarangomd.com/wp-includes/customize/" "Mozilla/5.0 AppleWebKit/537.36 (KHTML, like Gecko; compatible; GPTBot/1.4; +https://openai.com/gptbot)"
66.249.74.77 - - [02/Jul/2026:14:19:13 -0400] "GET /_autoindex/assets/css/autoindex.css HTTP/1.1" 200 1170 "https://jarangomd.com/?ja=1069712653078" "Mozilla/5.0 (Linux; Android 6.0.1; Nexus 5X Build/MMB29P) AppleWebKit/537.36 (KHTML, like Gecko) Chrome/150.0.7871.46 Mobile Safari/537.36 (compatible; Googlebot/2.1; +http://www.google.com/bot.html)"
66.249.74.76 - - [02/Jul/2026:14:19:23 -0400] "GET /_autoindex/assets/icons/folder-fill.svg HTTP/1.1" 200 333 "https://jarangomd.com/?ja=1069712653078" "Mozilla/5.0 (Linux; Android 6.0.1; Nexus 5X Build/MMB29P) AppleWebKit/537.36 (KHTML, like Gecko) Chrome/150.0.7871.46 Mobile Safari/537.36 (compatible; Googlebot/2.1; +http://www.google.com/bot.html)"
66.249.74.75 - - [02/Jul/2026:14:19:56 -0400] "GET /?ja=1069728243 HTTP/1.1" 200 1801 "-" "Mozilla/5.0 (Linux; Android 6.0.1; Nexus 5X Build/MMB29P) AppleWebKit/537.36 (KHTML, like Gecko) Chrome/150.0.7871.46 Mobile Safari/537.36 (compatible; Googlebot/2.1; +http://www.google.com/bot.html)"
66.249.74.75 - - [02/Jul/2026:14:22:12 -0400] "GET /?ja=1069760397 HTTP/1.1" 200 1801 "-" "Mozilla/5.0 (Linux; Android 6.0.1; Nexus 5X Build/MMB29P) AppleWebKit/537.36 (KHTML, like Gecko) Chrome/150.0.7871.46 Mobile Safari/537.36 (compatible; Googlebot/2.1; +http://www.google.com/bot.html)"
74.7.242.58 - - [02/Jul/2026:14:24:28 -0400] "GET /wp-includes/customize/class-wp-customize-nav-menu-locations-control.php HTTP/1.1" 500 0 "https://jarangomd.com/wp-includes/customize/" "Mozilla/5.0 AppleWebKit/537.36 (KHTML, like Gecko; compatible; GPTBot/1.4; +https://openai.com/gptbot)"
74.7.242.58 - - [02/Jul/2026:14:25:32 -0400] "GET /wp-includes/customize/class-wp-customize-nav-menu-location-control.php HTTP/1.1" 500 0 "https://jarangomd.com/wp-includes/customize/" "Mozilla/5.0 AppleWebKit/537.36 (KHTML, like Gecko; compatible; GPTBot/1.4; +https://openai.com/gptbot)"
119.195.102.159 - - [02/Jul/2026:14:25:47 -0400] "GET /wp-login.php HTTP/1.1" 200 1809 "-" "Mozilla/5.0 (Windows NT 10.0; Win64; x64) AppleWebKit/537.36 (KHTML, like Gecko) Chrome/120.0.0.0 Safari/537.36"
74.7.242.58 - - [02/Jul/2026:14:26:36 -0400] "GET /wp-includes/customize/class-wp-customize-background-image-control.php HTTP/1.1" 500 0 "https://jarangomd.com/wp-includes/customize/" "Mozilla/5.0 AppleWebKit/537.36 (KHTML, like Gecko; compatible; GPTBot/1.4; +https://openai.com/gptbot)"
74.7.242.58 - - [02/Jul/2026:14:27:38 -0400] "GET /wp-includes/customize/class-wp-customize-themes-panel.php HTTP/1.1" 500 0 "https://jarangomd.com/wp-includes/customize/" "Mozilla/5.0 AppleWebKit/537.36 (KHTML, like Gecko; compatible; GPTBot/1.4; +https://openai.com/gptbot)"
52.167.144.182 - - [02/Jul/2026:14:28:39 -0400] "GET /about-us HTTP/1.1" 404 1251 "-" "Mozilla/5.0 AppleWebKit/537.36 (KHTML, like Gecko; compatible; bingbot/2.0; +http://www.bing.com/bingbot.htm) Chrome/116.0.1938.76 Safari/537.36"
74.7.242.58 - - [02/Jul/2026:14:28:43 -0400] "GET /wp-includes/customize/class-wp-customize-background-position-control.php HTTP/1.1" 500 0 "https://jarangomd.com/wp-includes/customize/" "Mozilla/5.0 AppleWebKit/537.36 (KHTML, like Gecko; compatible; GPTBot/1.4; +https://openai.com/gptbot)"
74.7.242.58 - - [02/Jul/2026:14:29:45 -0400] "GET /wp-includes/customize/class-wp-widget-form-customize-control.php HTTP/1.1" 500 0 "https://jarangomd.com/wp-includes/customize/" "Mozilla/5.0 AppleWebKit/537.36 (KHTML, like Gecko; compatible; GPTBot/1.4; +https://openai.com/gptbot)"
74.7.242.58 - - [02/Jul/2026:14:30:46 -0400] "GET /wp-includes/customize/class-wp-customize-partial.php HTTP/1.1" 200 0 "https://jarangomd.com/wp-includes/customize/" "Mozilla/5.0 AppleWebKit/537.36 (KHTML, like Gecko; compatible; GPTBot/1.4; +https://openai.com/gptbot)"
119.195.102.159 - - [02/Jul/2026:14:25:47 -0400] "POST /wp-login.php HTTP/1.1" 200 1935 "https://jarangomd.com/wp-login.php" "Mozilla/5.0 (Windows NT 10.0; Win64; x64) AppleWebKit/537.36 (KHTML, like Gecko) Chrome/120.0.0.0 Safari/537.36"
43.153.48.240 - - [02/Jul/2026:14:29:57 -0400] "GET /?MA HTTP/1.1" 200 2120 "-" "Mozilla/5.0 (iPhone; CPU iPhone OS 13_2_3 like Mac OS X) AppleWebKit/605.1.15 (KHTML, like Gecko) Version/13.0.3 Mobile/15E148 Safari/604.1"
52.167.144.182 - - [02/Jul/2026:14:30:04 -0400] "GET /shop/pg/1sancyoku/ HTTP/1.1" 404 1251 "-" "Mozilla/5.0 AppleWebKit/537.36 (KHTML, like Gecko; compatible; bingbot/2.0; +http://www.bing.com/bingbot.htm) Chrome/116.0.1938.76 Safari/537.36"
74.7.242.58 - - [02/Jul/2026:14:31:47 -0400] "GET /wp-includes/customize/class-wp-customize-header-image-setting.php HTTP/1.1" 500 0 "https://jarangomd.com/wp-includes/customize/" "Mozilla/5.0 AppleWebKit/537.36 (KHTML, like Gecko; compatible; GPTBot/1.4; +https://openai.com/gptbot)"
74.7.242.58 - - [02/Jul/2026:14:32:42 -0400] "GET /wp-includes/customize/class-wp-customize-cropped-image-control.php HTTP/1.1" 500 0 "https://jarangomd.com/wp-includes/customize/" "Mozilla/5.0 AppleWebKit/537.36 (KHTML, like Gecko; compatible; GPTBot/1.4; +https://openai.com/gptbot)"
74.7.242.58 - - [02/Jul/2026:14:33:43 -0400] "GET /wp-includes/customize/class-wp-customize-selective-refresh.php HTTP/1.1" 200 0 "https://jarangomd.com/wp-includes/customize/" "Mozilla/5.0 AppleWebKit/537.36 (KHTML, like Gecko; compatible; GPTBot/1.4; +https://openai.com/gptbot)"
74.7.242.58 - - [02/Jul/2026:14:34:48 -0400] "GET /wp-includes/customize/class-wp-widget-area-customize-control.php HTTP/1.1" 500 0 "https://jarangomd.com/wp-includes/customize/" "Mozilla/5.0 AppleWebKit/537.36 (KHTML, like Gecko; compatible; GPTBot/1.4; +https://openai.com/gptbot)"
43.157.156.190 - - [02/Jul/2026:14:35:15 -0400] "GET /wp-admin/import.php HTTP/1.1" 302 0 "-" "Mozilla/5.0 (iPhone; CPU iPhone OS 13_2_3 like Mac OS X) AppleWebKit/605.1.15 (KHTML, like Gecko) Version/13.0.3 Mobile/15E148 Safari/604.1"
74.7.242.58 - - [02/Jul/2026:14:35:46 -0400] "GET /wp-includes/customize/class-wp-sidebar-block-editor-control.php HTTP/1.1" 500 0 "https://jarangomd.com/wp-includes/customize/" "Mozilla/5.0 AppleWebKit/537.36 (KHTML, like Gecko; compatible; GPTBot/1.4; +https://openai.com/gptbot)"
74.7.242.58 - - [02/Jul/2026:14:36:48 -0400] "GET /wp-includes/sodium_compat/src/Compat.php HTTP/1.1" 200 0 "https://jarangomd.com/wp-includes/sodium_compat/src/" "Mozilla/5.0 AppleWebKit/537.36 (KHTML, like Gecko; compatible; GPTBot/1.4; +https://openai.com/gptbot)"
74.7.242.58 - - [02/Jul/2026:14:37:50 -0400] "GET /wp-includes/customize/class-wp-customize-filter-setting.php HTTP/1.1" 500 0 "https://jarangomd.com/wp-includes/customize/" "Mozilla/5.0 AppleWebKit/537.36 (KHTML, like Gecko; compatible; GPTBot/1.4; +https://openai.com/gptbot)"
74.7.242.58 - - [02/Jul/2026:14:38:44 -0400] "GET /wp-includes/rest-api/endpoints/class-wp-rest-search-controller.php HTTP/1.1" 500 0 "https://jarangomd.com/wp-includes/rest-api/endpoints/" "Mozilla/5.0 AppleWebKit/537.36 (KHTML, like Gecko; compatible; GPTBot/1.4; +https://openai.com/gptbot)"
74.7.242.58 - - [02/Jul/2026:14:41:51 -0400] "GET /wp-includes/rest-api/endpoints/class-wp-rest-site-health-controller.php HTTP/1.1" 500 0 "https://jarangomd.com/wp-includes/rest-api/endpoints/" "Mozilla/5.0 AppleWebKit/537.36 (KHTML, like Gecko; compatible; GPTBot/1.4; +https://openai.com/gptbot)"
74.7.242.58 - - [02/Jul/2026:14:44:55 -0400] "GET /wp-includes/rest-api/endpoints/class-wp-rest-users-controller.php HTTP/1.1" 500 0 "https://jarangomd.com/wp-includes/rest-api/endpoints/" "Mozilla/5.0 AppleWebKit/537.36 (KHTML, like Gecko; compatible; GPTBot/1.4; +https://openai.com/gptbot)"
198.54.125.222 - - [02/Jul/2026:14:45:40 -0400] "POST /wp-cron.php?doing_wp_cron=1783017940.2429430484771728515625 HTTP/1.1" 200 0 "-" "WordPress/6.9.4; https://jarangomd.com"
74.7.242.58 - - [02/Jul/2026:14:45:53 -0400] "GET /wp-includes/rest-api/endpoints/class-wp-rest-posts-controller.php HTTP/1.1" 500 0 "https://jarangomd.com/wp-includes/rest-api/endpoints/" "Mozilla/5.0 AppleWebKit/537.36 (KHTML, like Gecko; compatible; GPTBot/1.4; +https://openai.com/gptbot)"
74.7.242.58 - - [02/Jul/2026:14:46:59 -0400] "GET /wp-includes/sodium_compat/src/SodiumException.php HTTP/1.1" 200 0 "https://jarangomd.com/wp-includes/sodium_compat/src/" "Mozilla/5.0 AppleWebKit/537.36 (KHTML, like Gecko; compatible; GPTBot/1.4; +https://openai.com/gptbot)"
74.7.242.58 - - [02/Jul/2026:14:48:03 -0400] "GET /wp-includes/sodium_compat/src/Crypto.php HTTP/1.1" 200 0 "https://jarangomd.com/wp-includes/sodium_compat/src/" "Mozilla/5.0 AppleWebKit/537.36 (KHTML, like Gecko; compatible; GPTBot/1.4; +https://openai.com/gptbot)"
74.7.242.58 - - [02/Jul/2026:14:49:02 -0400] "GET /wp-includes/sodium_compat/src/Crypto32.php HTTP/1.1" 200 0 "https://jarangomd.com/wp-includes/sodium_compat/src/" "Mozilla/5.0 AppleWebKit/537.36 (KHTML, like Gecko; compatible; GPTBot/1.4; +https://openai.com/gptbot)"
216.244.66.233 - - [02/Jul/2026:14:50:04 -0400] "GET /robots.txt HTTP/1.1" 200 67 "-" "Mozilla/5.0 (compatible; DotBot/1.2; +https://opensiteexplorer.org/dotbot; help@moz.com)"
198.54.125.222 - - [02/Jul/2026:14:35:15 -0400] "POST /wp-cron.php?doing_wp_cron=1783017315.8991289138793945312500 HTTP/1.1" 200 0 "-" "WordPress/6.9.4; https://jarangomd.com"
43.157.156.190 - - [02/Jul/2026:14:35:18 -0400] "GET /wp-login.php?redirect_to=https%3A%2F%2Fjarangomd.com%2Fwp-admin%2Fimport.php&reauth=1 HTTP/1.1" 200 2055 "https://jarangomd.com/wp-admin/import.php" "Mozilla/5.0 (iPhone; CPU iPhone OS 13_2_3 like Mac OS X) AppleWebKit/605.1.15 (KHTML, like Gecko) Version/13.0.3 Mobile/15E148 Safari/604.1"
74.7.242.58 - - [02/Jul/2026:14:39:49 -0400] "GET /wp-includes/sodium_compat/src/error_log HTTP/1.1" 403 1242 "https://jarangomd.com/wp-includes/sodium_compat/src/" "Mozilla/5.0 AppleWebKit/537.36 (KHTML, like Gecko; compatible; GPTBot/1.4; +https://openai.com/gptbot)"
74.7.242.58 - - [02/Jul/2026:14:40:50 -0400] "GET /wp-includes/rest-api/endpoints/class-wp-rest-edit-site-export-controller.php HTTP/1.1" 500 0 "https://jarangomd.com/wp-includes/rest-api/endpoints/" "Mozilla/5.0 AppleWebKit/537.36 (KHTML, like Gecko; compatible; GPTBot/1.4; +https://openai.com/gptbot)"
74.7.242.58 - - [02/Jul/2026:14:42:56 -0400] "GET /wp-includes/rest-api/endpoints/class-wp-rest-controller.php HTTP/1.1" 200 0 "https://jarangomd.com/wp-includes/rest-api/endpoints/" "Mozilla/5.0 AppleWebKit/537.36 (KHTML, like Gecko; compatible; GPTBot/1.4; +https://openai.com/gptbot)"
119.131.146.115 - - [02/Jul/2026:14:43:51 -0400] "GET / HTTP/1.0" 200 8418 "https://jarangomd.com/" "Mozilla/5.0 (Windows NT 6.3; Win64; x64) AppleWebKit/537.36 (KHTML, like Gecko) Chrome/103.0.5060.66 Safari/537.36"
74.7.242.58 - - [02/Jul/2026:14:43:58 -0400] "GET /wp-includes/rest-api/endpoints/error_log HTTP/1.1" 403 1242 "https://jarangomd.com/wp-includes/rest-api/endpoints/" "Mozilla/5.0 AppleWebKit/537.36 (KHTML, like Gecko; compatible; GPTBot/1.4; +https://openai.com/gptbot)"
43.133.220.37 - - [02/Jul/2026:14:45:39 -0400] "GET /wp-admin/upgrade.php HTTP/1.1" 200 496 "-" "Mozilla/5.0 (iPhone; CPU iPhone OS 13_2_3 like Mac OS X) AppleWebKit/605.1.15 (KHTML, like Gecko) Version/13.0.3 Mobile/15E148 Safari/604.1"
74.7.242.58 - - [02/Jul/2026:14:49:52 -0400] "GET /wp-includes/sitemaps/?SD HTTP/1.1" 200 1144 "https://jarangomd.com/wp-includes/sitemaps/?SA" "Mozilla/5.0 AppleWebKit/537.36 (KHTML, like Gecko; compatible; GPTBot/1.4; +https://openai.com/gptbot)"
74.7.242.58 - - [02/Jul/2026:14:50:36 -0400] "GET /wp-includes/Requests/?ND HTTP/1.1" 200 654 "https://jarangomd.com/wp-includes/Requests/" "Mozilla/5.0 AppleWebKit/537.36 (KHTML, like Gecko; compatible; GPTBot/1.4; +https://openai.com/gptbot)"
74.7.242.58 - - [02/Jul/2026:14:51:17 -0400] "GET /wp-includes/Requests/?SA HTTP/1.1" 200 653 "https://jarangomd.com/wp-includes/Requests/" "Mozilla/5.0 AppleWebKit/537.36 (KHTML, like Gecko; compatible; GPTBot/1.4; +https://openai.com/gptbot)"
93.123.118.208 - - [02/Jul/2026:14:51:39 -0400] "GET /wp-content/plugins/synchrony-payments/assets/js/syfcart.js HTTP/1.1" 404 1251 "-" "firefox"
74.7.242.58 - - [02/Jul/2026:14:51:54 -0400] "GET /wp-includes/sitemaps/?MD HTTP/1.1" 200 1146 "https://jarangomd.com/wp-includes/sitemaps/?MA" "Mozilla/5.0 AppleWebKit/537.36 (KHTML, like Gecko; compatible; GPTBot/1.4; +https://openai.com/gptbot)"
74.7.242.58 - - [02/Jul/2026:14:53:23 -0400] "GET /wp-includes/Text/ HTTP/1.1" 200 733 "https://jarangomd.com/wp-includes/" "Mozilla/5.0 AppleWebKit/537.36 (KHTML, like Gecko; compatible; GPTBot/1.4; +https://openai.com/gptbot)"
74.7.242.58 - - [02/Jul/2026:14:53:48 -0400] "GET /wp-includes/fonts/dashicons.svg HTTP/1.1" 200 38972 "https://jarangomd.com/wp-includes/fonts/" "Mozilla/5.0 AppleWebKit/537.36 (KHTML, like Gecko; compatible; GPTBot/1.4; +https://openai.com/gptbot)"
52.167.144.211 - - [02/Jul/2026:14:51:20 -0400] "GET /shop/e/e009001036001/ HTTP/1.1" 404 1251 "-" "Mozilla/5.0 AppleWebKit/537.36 (KHTML, like Gecko; compatible; bingbot/2.0; +http://www.bing.com/bingbot.htm) Chrome/116.0.1938.76 Safari/537.36"
74.7.242.58 - - [02/Jul/2026:14:52:26 -0400] "GET /wp-includes/Requests/?MA HTTP/1.1" 200 659 "https://jarangomd.com/wp-includes/Requests/" "Mozilla/5.0 AppleWebKit/537.36 (KHTML, like Gecko; compatible; GPTBot/1.4; +https://openai.com/gptbot)"
74.7.242.58 - - [02/Jul/2026:14:52:57 -0400] "GET /wp-includes/sitemaps/?NA HTTP/1.1" 200 1135 "https://jarangomd.com/wp-includes/sitemaps/?ND" "Mozilla/5.0 AppleWebKit/537.36 (KHTML, like Gecko; compatible; GPTBot/1.4; +https://openai.com/gptbot)"
74.7.242.58 - - [02/Jul/2026:14:54:09 -0400] "GET /wp-includes/customize/error_log HTTP/1.1" 403 1242 "https://jarangomd.com/wp-includes/customize/" "Mozilla/5.0 AppleWebKit/537.36 (KHTML, like Gecko; compatible; GPTBot/1.4; +https://openai.com/gptbot)"
74.7.242.58 - - [02/Jul/2026:14:54:29 -0400] "GET /wp-includes/update.php HTTP/1.1" 200 6 "https://jarangomd.com/wp-includes/" "Mozilla/5.0 AppleWebKit/537.36 (KHTML, like Gecko; compatible; GPTBot/1.4; +https://openai.com/gptbot)"
66.249.74.76 - - [02/Jul/2026:14:54:43 -0400] "GET /prizes/219786163/ HTTP/1.1" 404 1251 "-" "Mozilla/5.0 (Linux; Android 6.0.1; Nexus 5X Build/MMB29P) AppleWebKit/537.36 (KHTML, like Gecko) Chrome/150.0.7871.46 Mobile Safari/537.36 (compatible; Googlebot/2.1; +http://www.google.com/bot.html)"
74.7.242.58 - - [02/Jul/2026:14:54:47 -0400] "GET /wp-includes/query.php HTTP/1.1" 200 0 "https://jarangomd.com/wp-includes/" "Mozilla/5.0 AppleWebKit/537.36 (KHTML, like Gecko; compatible; GPTBot/1.4; +https://openai.com/gptbot)"
74.7.242.58 - - [02/Jul/2026:14:55:04 -0400] "GET /wp-includes/media.php HTTP/1.1" 200 6 "https://jarangomd.com/wp-includes/" "Mozilla/5.0 AppleWebKit/537.36 (KHTML, like Gecko; compatible; GPTBot/1.4; +https://openai.com/gptbot)"
74.7.242.58 - - [02/Jul/2026:14:55:21 -0400] "GET /wp-includes/Requests/?NA HTTP/1.1" 200 650 "https://jarangomd.com/wp-includes/Requests/?ND" "Mozilla/5.0 AppleWebKit/537.36 (KHTML, like Gecko; compatible; GPTBot/1.4; +https://openai.com/gptbot)"
74.7.242.58 - - [02/Jul/2026:14:55:35 -0400] "GET /wp-includes/Requests/?SD HTTP/1.1" 200 660 "https://jarangomd.com/wp-includes/Requests/?SA" "Mozilla/5.0 AppleWebKit/537.36 (KHTML, like Gecko; compatible; GPTBot/1.4; +https://openai.com/gptbot)"
74.7.242.58 - - [02/Jul/2026:15:07:11 -0400] "GET /wp-includes/rest-api/endpoints/class-wp-rest-block-types-controller.php HTTP/1.1" 500 0 "https://jarangomd.com/wp-includes/rest-api/endpoints/" "Mozilla/5.0 AppleWebKit/537.36 (KHTML, like Gecko; compatible; GPTBot/1.4; +https://openai.com/gptbot)"
74.7.242.58 - - [02/Jul/2026:15:06:18 -0400] "GET /wp-includes/class-wp-duotone.php HTTP/1.1" 200 0 "https://jarangomd.com/wp-includes/" "Mozilla/5.0 AppleWebKit/537.36 (KHTML, like Gecko; compatible; GPTBot/1.4; +https://openai.com/gptbot)"
74.7.242.58 - - [02/Jul/2026:15:04:17 -0400] "GET /wp-includes/sodium_compat/LICENSE HTTP/1.1" 200 860 "https://jarangomd.com/wp-includes/sodium_compat/" "Mozilla/5.0 AppleWebKit/537.36 (KHTML, like Gecko; compatible; GPTBot/1.4; +https://openai.com/gptbot)"
74.7.242.58 - - [02/Jul/2026:15:05:20 -0400] "GET /wp-includes/class-wp-rewrite.php HTTP/1.1" 200 0 "https://jarangomd.com/wp-includes/" "Mozilla/5.0 AppleWebKit/537.36 (KHTML, like Gecko; compatible; GPTBot/1.4; +https://openai.com/gptbot)"
74.7.242.58 - - [02/Jul/2026:14:55:48 -0400] "GET /wp-includes/load.php HTTP/1.1" 200 0 "https://jarangomd.com/wp-includes/" "Mozilla/5.0 AppleWebKit/537.36 (KHTML, like Gecko; compatible; GPTBot/1.4; +https://openai.com/gptbot)"
74.7.242.58 - - [02/Jul/2026:14:56:35 -0400] "GET /wp-includes/Text/?ND HTTP/1.1" 200 731 "https://jarangomd.com/wp-includes/Text/" "Mozilla/5.0 AppleWebKit/537.36 (KHTML, like Gecko; compatible; GPTBot/1.4; +https://openai.com/gptbot)"
74.7.242.58 - - [02/Jul/2026:14:56:47 -0400] "GET /wp-includes/date.php HTTP/1.1" 500 0 "https://jarangomd.com/wp-includes/" "Mozilla/5.0 AppleWebKit/537.36 (KHTML, like Gecko; compatible; GPTBot/1.4; +https://openai.com/gptbot)"
74.7.242.58 - - [02/Jul/2026:14:56:53 -0400] "GET /wp-includes/vars.php HTTP/1.1" 200 6 "https://jarangomd.com/wp-includes/" "Mozilla/5.0 AppleWebKit/537.36 (KHTML, like Gecko; compatible; GPTBot/1.4; +https://openai.com/gptbot)"
74.7.242.58 - - [02/Jul/2026:14:58:50 -0400] "GET /wp-includes/PHPMailer/SMTP.php HTTP/1.1" 200 0 "https://jarangomd.com/wp-includes/PHPMailer/" "Mozilla/5.0 AppleWebKit/537.36 (KHTML, like Gecko; compatible; GPTBot/1.4; +https://openai.com/gptbot)"
198.54.125.222 - - [02/Jul/2026:14:59:17 -0400] "POST /wp-cron.php?doing_wp_cron=1783018757.9079821109771728515625 HTTP/1.1" 200 0 "-" "WordPress/6.9.4; https://jarangomd.com"
170.106.161.78 - - [02/Jul/2026:14:59:17 -0400] "GET /wp-admin/install.php HTTP/1.1" 200 519 "-" "Mozilla/5.0 (iPhone; CPU iPhone OS 13_2_3 like Mac OS X) AppleWebKit/605.1.15 (KHTML, like Gecko) Version/13.0.3 Mobile/15E148 Safari/604.1"
74.7.242.58 - - [02/Jul/2026:15:01:38 -0400] "GET /wp-includes/Text/?NA HTTP/1.1" 200 733 "https://jarangomd.com/wp-includes/Text/?MA" "Mozilla/5.0 AppleWebKit/537.36 (KHTML, like Gecko; compatible; GPTBot/1.4; +https://openai.com/gptbot)"
74.7.242.58 - - [02/Jul/2026:15:02:23 -0400] "GET /wp-includes/Text/?SD HTTP/1.1" 200 735 "https://jarangomd.com/wp-includes/Text/?SA" "Mozilla/5.0 AppleWebKit/537.36 (KHTML, like Gecko; compatible; GPTBot/1.4; +https://openai.com/gptbot)"
216.244.66.233 - - [02/Jul/2026:15:02:52 -0400] "GET /wp-content/uploads/2020/10/Patient-Reg.-SPANISH.pdf HTTP/1.1" 200 941792 "-" "Mozilla/5.0 (compatible; DotBot/1.2; +https://opensiteexplorer.org/dotbot; help@moz.com)"
74.7.242.58 - - [02/Jul/2026:15:03:42 -0400] "GET /wp-includes/rest-api/endpoints/class-wp-rest-font-families-controller.php HTTP/1.1" 500 0 "https://jarangomd.com/wp-includes/rest-api/endpoints/" "Mozilla/5.0 AppleWebKit/537.36 (KHTML, like Gecko; compatible; GPTBot/1.4; +https://openai.com/gptbot)"
74.7.242.58 - - [02/Jul/2026:14:55:59 -0400] "GET /wp-includes/Requests/?MD HTTP/1.1" 200 655 "https://jarangomd.com/wp-includes/Requests/?MA" "Mozilla/5.0 AppleWebKit/537.36 (KHTML, like Gecko; compatible; GPTBot/1.4; +https://openai.com/gptbot)"
74.7.242.58 - - [02/Jul/2026:14:56:10 -0400] "GET /wp-includes/fonts.php HTTP/1.1" 200 0 "https://jarangomd.com/wp-includes/" "Mozilla/5.0 AppleWebKit/537.36 (KHTML, like Gecko; compatible; GPTBot/1.4; +https://openai.com/gptbot)"
74.7.242.58 - - [02/Jul/2026:14:56:19 -0400] "GET /wp-includes/Text/?MA HTTP/1.1" 200 737 "https://jarangomd.com/wp-includes/Text/" "Mozilla/5.0 AppleWebKit/537.36 (KHTML, like Gecko; compatible; GPTBot/1.4; +https://openai.com/gptbot)"
74.7.242.58 - - [02/Jul/2026:14:56:27 -0400] "GET /wp-includes/Text/?SA HTTP/1.1" 200 737 "https://jarangomd.com/wp-includes/Text/" "Mozilla/5.0 AppleWebKit/537.36 (KHTML, like Gecko; compatible; GPTBot/1.4; +https://openai.com/gptbot)"
74.7.242.58 - - [02/Jul/2026:14:56:41 -0400] "GET /wp-includes/cron.php HTTP/1.1" 200 0 "https://jarangomd.com/wp-includes/" "Mozilla/5.0 AppleWebKit/537.36 (KHTML, like Gecko; compatible; GPTBot/1.4; +https://openai.com/gptbot)"
74.7.242.58 - - [02/Jul/2026:14:57:10 -0400] "GET /wp-includes/meta.php HTTP/1.1" 500 0 "https://jarangomd.com/wp-includes/" "Mozilla/5.0 AppleWebKit/537.36 (KHTML, like Gecko; compatible; GPTBot/1.4; +https://openai.com/gptbot)"
74.7.242.58 - - [02/Jul/2026:14:57:26 -0400] "GET /wp-includes/author-template.php HTTP/1.1" 200 0 "https://jarangomd.com/wp-includes/" "Mozilla/5.0 AppleWebKit/537.36 (KHTML, like Gecko; compatible; GPTBot/1.4; +https://openai.com/gptbot)"
47.128.22.44 - - [02/Jul/2026:14:58:02 -0400] "GET /robots.txt HTTP/1.1" 200 67 "-" "Mozilla/5.0 (Linux; Android 5.0) AppleWebKit/537.36 (KHTML, like Gecko) Mobile Safari/537.36 (compatible; Bytespider; spider-feedback@bytedance.com)"
74.7.242.58 - - [02/Jul/2026:14:58:09 -0400] "GET /wp-includes/widgets/class-wp-widget-media-video.php HTTP/1.1" 500 0 "https://jarangomd.com/wp-includes/widgets/" "Mozilla/5.0 AppleWebKit/537.36 (KHTML, like Gecko; compatible; GPTBot/1.4; +https://openai.com/gptbot)"
74.7.242.58 - - [02/Jul/2026:14:59:52 -0400] "GET /wp-includes/pomo/ HTTP/1.1" 200 1100 "https://jarangomd.com/wp-includes/" "Mozilla/5.0 AppleWebKit/537.36 (KHTML, like Gecko; compatible; GPTBot/1.4; +https://openai.com/gptbot)"
74.7.242.58 - - [02/Jul/2026:15:00:48 -0400] "GET /wp-includes/Text/?MD HTTP/1.1" 200 737 "https://jarangomd.com/wp-includes/Text/?MA" "Mozilla/5.0 AppleWebKit/537.36 (KHTML, like Gecko; compatible; GPTBot/1.4; +https://openai.com/gptbot)"
74.7.242.58 - - [02/Jul/2026:15:03:06 -0400] "GET /wp-includes/PHPMailer/Exception.php HTTP/1.1" 200 0 "https://jarangomd.com/wp-includes/PHPMailer/" "Mozilla/5.0 AppleWebKit/537.36 (KHTML, like Gecko; compatible; GPTBot/1.4; +https://openai.com/gptbot)"
198.54.125.222 - - [02/Jul/2026:15:07:46 -0400] "POST /wp-cron.php?doing_wp_cron=1783019266.0638439655303955078125 HTTP/1.1" 200 0 "-" "WordPress/6.9.4; https://jarangomd.com"
43.155.27.244 - - [02/Jul/2026:15:07:44 -0400] "GET /wp-admin/update-core.php HTTP/1.1" 302 0 "-" "Mozilla/5.0 (iPhone; CPU iPhone OS 13_2_3 like Mac OS X) AppleWebKit/605.1.15 (KHTML, like Gecko) Version/13.0.3 Mobile/15E148 Safari/604.1"
43.155.27.244 - - [02/Jul/2026:15:07:50 -0400] "GET /wp-login.php?redirect_to=https%3A%2F%2Fjarangomd.com%2Fwp-admin%2Fupdate-core.php&reauth=1 HTTP/1.1" 200 2058 "https://jarangomd.com/wp-admin/update-core.php" "Mozilla/5.0 (iPhone; CPU iPhone OS 13_2_3 like Mac OS X) AppleWebKit/605.1.15 (KHTML, like Gecko) Version/13.0.3 Mobile/15E148 Safari/604.1"
74.7.242.58 - - [02/Jul/2026:15:07:56 -0400] "GET /wp-includes/rest-api/endpoints/class-wp-rest-widget-types-controller.php HTTP/1.1" 500 0 "https://jarangomd.com/wp-includes/rest-api/endpoints/" "Mozilla/5.0 AppleWebKit/537.36 (KHTML, like Gecko; compatible; GPTBot/1.4; +https://openai.com/gptbot)"
74.7.242.58 - - [02/Jul/2026:15:10:57 -0400] "GET /wp-includes/pomo/?SA HTTP/1.1" 200 1101 "https://jarangomd.com/wp-includes/pomo/" "Mozilla/5.0 AppleWebKit/537.36 (KHTML, like Gecko; compatible; GPTBot/1.4; +https://openai.com/gptbot)"
74.7.242.58 - - [02/Jul/2026:15:11:46 -0400] "GET /wp-includes/pomo/po.php HTTP/1.1" 200 0 "https://jarangomd.com/wp-includes/pomo/" "Mozilla/5.0 AppleWebKit/537.36 (KHTML, like Gecko; compatible; GPTBot/1.4; +https://openai.com/gptbot)"
173.175.176.132 - - [02/Jul/2026:15:11:59 -0400] "GET /_autoindex/assets/css/autoindex.css HTTP/1.1" 200 1170 "https://jarangomd.com/" "Mozilla/5.0 (Windows NT 10.0; Win64; x64) AppleWebKit/537.36 (KHTML, like Gecko) Chrome/149.0.0.0 Safari/537.36 Edg/149.0.0.0"
173.175.176.132 - - [02/Jul/2026:15:11:59 -0400] "GET /_autoindex/assets/js/tablesort.number.js HTTP/1.1" 200 322 "https://jarangomd.com/" "Mozilla/5.0 (Windows NT 10.0; Win64; x64) AppleWebKit/537.36 (KHTML, like Gecko) Chrome/149.0.0.0 Safari/537.36 Edg/149.0.0.0"
173.175.176.132 - - [02/Jul/2026:15:11:59 -0400] "GET /_autoindex/assets/icons/folder-fill.svg HTTP/1.1" 200 333 "https://jarangomd.com/" "Mozilla/5.0 (Windows NT 10.0; Win64; x64) AppleWebKit/537.36 (KHTML, like Gecko) Chrome/149.0.0.0 Safari/537.36 Edg/149.0.0.0"
173.175.176.132 - - [02/Jul/2026:15:11:59 -0400] "GET /_autoindex/assets/icons/file-text.svg HTTP/1.1" 200 394 "https://jarangomd.com/" "Mozilla/5.0 (Windows NT 10.0; Win64; x64) AppleWebKit/537.36 (KHTML, like Gecko) Chrome/149.0.0.0 Safari/537.36 Edg/149.0.0.0"
173.175.176.132 - - [02/Jul/2026:15:12:00 -0400] "GET /favicon.ico HTTP/1.1" 404 1251 "https://jarangomd.com/" "Mozilla/5.0 (Windows NT 10.0; Win64; x64) AppleWebKit/537.36 (KHTML, like Gecko) Chrome/149.0.0.0 Safari/537.36 Edg/149.0.0.0"
173.175.176.132 - - [02/Jul/2026:15:12:08 -0400] "GET / HTTP/1.1" 200 1802 "https://www.bing.com/" "Mozilla/5.0 (Windows NT 10.0; Win64; x64) AppleWebKit/537.36 (KHTML, like Gecko) Chrome/149.0.0.0 Safari/537.36 Edg/149.0.0.0"
66.249.74.76 - - [02/Jul/2026:15:12:21 -0400] "GET /prizes/151823800/ HTTP/1.1" 404 1251 "-" "Mozilla/5.0 (Linux; Android 6.0.1; Nexus 5X Build/MMB29P) AppleWebKit/537.36 (KHTML, like Gecko) Chrome/150.0.7871.46 Mobile Safari/537.36 (compatible; Googlebot/2.1; +http://www.google.com/bot.html)"
74.7.242.58 - - [02/Jul/2026:15:12:30 -0400] "GET /wp-includes/rest-api/endpoints/class-wp-rest-themes-controller.php HTTP/1.1" 500 0 "https://jarangomd.com/wp-includes/rest-api/endpoints/" "Mozilla/5.0 AppleWebKit/537.36 (KHTML, like Gecko; compatible; GPTBot/1.4; +https://openai.com/gptbot)"
54.87.62.248 - - [02/Jul/2026:15:12:36 -0400] "GET /robots.txt HTTP/1.1" 200 67 "-" "Mozilla/5.0 AppleWebKit/537.36 (KHTML, like Gecko; compatible; Amazonbot/0.1; +https://developer.amazon.com/support/amazonbot) Chrome/119.0.6045.214 Safari/537.36"
74.7.242.58 - - [02/Jul/2026:15:17:25 -0400] "GET /wp-includes/rest-api/endpoints/class-wp-rest-block-patterns-controller.php HTTP/1.1" 500 0 "https://jarangomd.com/wp-includes/rest-api/endpoints/" "Mozilla/5.0 AppleWebKit/537.36 (KHTML, like Gecko; compatible; GPTBot/1.4; +https://openai.com/gptbot)"
74.7.242.58 - - [02/Jul/2026:15:16:24 -0400] "GET /wp-includes/rest-api/endpoints/class-wp-rest-menu-locations-controller.php HTTP/1.1" 500 0 "https://jarangomd.com/wp-includes/rest-api/endpoints/" "Mozilla/5.0 AppleWebKit/537.36 (KHTML, like Gecko; compatible; GPTBot/1.4; +https://openai.com/gptbot)"
34.205.163.103 - - [02/Jul/2026:15:12:40 -0400] "GET / HTTP/1.1" 200 2136 "-" "Mozilla/5.0 AppleWebKit/537.36 (KHTML, like Gecko; compatible; Amazonbot/0.1; +https://developer.amazon.com/support/amazonbot) Chrome/119.0.6045.214 Safari/537.36"
54.197.178.107 - - [02/Jul/2026:15:12:48 -0400] "GET /_autoindex/assets/icons/file.svg HTTP/1.1" 200 428 "-" "Mozilla/5.0 AppleWebKit/537.36 (KHTML, like Gecko; compatible; Amazonbot/0.1; +https://developer.amazon.com/support/amazonbot) Chrome/119.0.6045.214 Safari/537.36"
34.231.118.144 - - [02/Jul/2026:15:12:53 -0400] "GET /_autoindex/assets/icons/folder-fill.svg HTTP/1.1" 200 411 "-" "Mozilla/5.0 AppleWebKit/537.36 (KHTML, like Gecko; compatible; Amazonbot/0.1; +https://developer.amazon.com/support/amazonbot) Chrome/119.0.6045.214 Safari/537.36"
51.161.37.49 - - [02/Jul/2026:15:13:35 -0400] "GET /departments/ HTTP/1.1" 404 1251 "-" "Mozilla/5.0 (compatible; AhrefsBot/7.0; +http://ahrefs.com/robot/)"
74.7.242.58 - - [02/Jul/2026:15:09:01 -0400] "GET /wp-includes/pomo/?MA HTTP/1.1" 200 1099 "https://jarangomd.com/wp-includes/pomo/" "Mozilla/5.0 AppleWebKit/537.36 (KHTML, like Gecko; compatible; GPTBot/1.4; +https://openai.com/gptbot)"
74.7.242.58 - - [02/Jul/2026:15:10:02 -0400] "GET /wp-includes/pomo/?ND HTTP/1.1" 200 1103 "https://jarangomd.com/wp-includes/pomo/" "Mozilla/5.0 AppleWebKit/537.36 (KHTML, like Gecko; compatible; GPTBot/1.4; +https://openai.com/gptbot)"
173.175.176.132 - - [02/Jul/2026:15:11:59 -0400] "GET / HTTP/1.1" 200 1802 "https://www.bing.com/" "Mozilla/5.0 (Windows NT 10.0; Win64; x64) AppleWebKit/537.36 (KHTML, like Gecko) Chrome/149.0.0.0 Safari/537.36 Edg/149.0.0.0"
173.175.176.132 - - [02/Jul/2026:15:11:59 -0400] "GET /_autoindex/assets/js/tablesort.js HTTP/1.1" 200 2137 "https://jarangomd.com/" "Mozilla/5.0 (Windows NT 10.0; Win64; x64) AppleWebKit/537.36 (KHTML, like Gecko) Chrome/149.0.0.0 Safari/537.36 Edg/149.0.0.0"
173.175.176.132 - - [02/Jul/2026:15:11:59 -0400] "GET /_autoindex/assets/icons/file.svg HTTP/1.1" 200 354 "https://jarangomd.com/" "Mozilla/5.0 (Windows NT 10.0; Win64; x64) AppleWebKit/537.36 (KHTML, like Gecko) Chrome/149.0.0.0 Safari/537.36 Edg/149.0.0.0"
52.3.104.214 - - [02/Jul/2026:15:12:45 -0400] "GET /_autoindex/assets/icons/file-text.svg HTTP/1.1" 200 469 "-" "Mozilla/5.0 AppleWebKit/537.36 (KHTML, like Gecko; compatible; Amazonbot/0.1; +https://developer.amazon.com/support/amazonbot) Chrome/119.0.6045.214 Safari/537.36"
74.7.242.58 - - [02/Jul/2026:15:13:13 -0400] "GET /wp-includes/rest-api/endpoints/class-wp-rest-font-faces-controller.php HTTP/1.1" 500 0 "https://jarangomd.com/wp-includes/rest-api/endpoints/" "Mozilla/5.0 AppleWebKit/537.36 (KHTML, like Gecko; compatible; GPTBot/1.4; +https://openai.com/gptbot)"
54.152.198.76 - - [02/Jul/2026:15:13:22 -0400] "GET /robots.txt HTTP/1.1" 200 67 "-" "Mozilla/5.0 (Macintosh; Intel Mac OS X 10_10_1) AppleWebKit/600.2.5 (KHTML, like Gecko) Version/8.0.2 Safari/600.2.5 (Gort)"
124.156.206.145 - - [02/Jul/2026:15:13:29 -0400] "GET /mac.php?pikachu=L2hvbWUvYXRvbXlsdmIvamFyYW5nb21kLmNvbS9vbGQvd3AtY29udGVudC91cGxvYWRzLzIwMjYvMDY HTTP/1.1" 200 4419 "-" "Mozilla/5.0 (iPhone; CPU iPhone OS 13_2_3 like Mac OS X) AppleWebKit/605.1.15 (KHTML, like Gecko) Version/13.0.3 Mobile/15E148 Safari/604.1"
74.7.242.58 - - [02/Jul/2026:15:14:17 -0400] "GET /wp-includes/rest-api/endpoints/class-wp-rest-menu-items-controller.php HTTP/1.1" 500 0 "https://jarangomd.com/wp-includes/rest-api/endpoints/" "Mozilla/5.0 AppleWebKit/537.36 (KHTML, like Gecko; compatible; GPTBot/1.4; +https://openai.com/gptbot)"
198.54.125.222 - - [02/Jul/2026:15:15:04 -0400] "POST /wp-cron.php?doing_wp_cron=1783019704.1821389198303222656250 HTTP/1.1" 200 0 "-" "WordPress/6.9.4; https://jarangomd.com"
172.59.228.62 - - [02/Jul/2026:15:15:02 -0400] "GET /wp-admin/ HTTP/1.1" 302 0 "-" "Mozilla/5.0 (Macintosh; Intel Mac OS X 10_15_7) AppleWebKit/537.36 (KHTML, like Gecko) Chrome/119.0.0.0 Safari/537.36"
172.59.228.62 - - [02/Jul/2026:15:15:04 -0400] "GET /wp-login.php?redirect_to=https%3A%2F%2Fjarangomd.com%2Fwp-admin%2F&reauth=1 HTTP/1.1" 200 1809 "-" "Mozilla/5.0 (Macintosh; Intel Mac OS X 10_15_7) AppleWebKit/537.36 (KHTML, like Gecko) Chrome/119.0.0.0 Safari/537.36"
74.7.242.58 - - [02/Jul/2026:15:15:21 -0400] "GET /wp-includes/rest-api/endpoints/class-wp-rest-block-directory-controller.php HTTP/1.1" 500 0 "https://jarangomd.com/wp-includes/rest-api/endpoints/" "Mozilla/5.0 AppleWebKit/537.36 (KHTML, like Gecko; compatible; GPTBot/1.4; +https://openai.com/gptbot)"
74.7.242.58 - - [02/Jul/2026:15:18:30 -0400] "GET /wp-includes/sodium_compat/namespaced/Core/ HTTP/1.1" 200 1314 "https://jarangomd.com/wp-includes/sodium_compat/namespaced/" "Mozilla/5.0 AppleWebKit/537.36 (KHTML, like Gecko; compatible; GPTBot/1.4; +https://openai.com/gptbot)"
74.7.242.58 - - [02/Jul/2026:15:21:16 -0400] "GET /wp-includes/pomo/?SD HTTP/1.1" 200 1103 "https://jarangomd.com/wp-includes/pomo/?SA" "Mozilla/5.0 AppleWebKit/537.36 (KHTML, like Gecko; compatible; GPTBot/1.4; +https://openai.com/gptbot)"
74.7.242.58 - - [02/Jul/2026:15:22:01 -0400] "GET /wp-includes/rest-api/endpoints/class-wp-rest-global-styles-revisions-controller.php HTTP/1.1" 500 0 "https://jarangomd.com/wp-includes/rest-api/endpoints/" "Mozilla/5.0 AppleWebKit/537.36 (KHTML, like Gecko; compatible; GPTBot/1.4; +https://openai.com/gptbot)"
74.7.242.58 - - [02/Jul/2026:15:22:42 -0400] "GET /wp-includes/rest-api/endpoints/class-wp-rest-block-pattern-categories-controller.php HTTP/1.1" 500 0 "https://jarangomd.com/wp-includes/rest-api/endpoints/" "Mozilla/5.0 AppleWebKit/537.36 (KHTML, like Gecko; compatible; GPTBot/1.4; +https://openai.com/gptbot)"
74.7.242.58 - - [02/Jul/2026:15:23:46 -0400] "GET /wp-includes/compat-utf8.php HTTP/1.1" 200 0 "https://jarangomd.com/wp-includes/" "Mozilla/5.0 AppleWebKit/537.36 (KHTML, like Gecko; compatible; GPTBot/1.4; +https://openai.com/gptbot)"
172.215.218.97 - - [02/Jul/2026:15:24:27 -0400] "GET / HTTP/1.1" 200 1801 "-" "Mozilla/5.0 AppleWebKit/537.36 (KHTML, like Gecko); compatible; ChatGPT-User/1.0; +https://openai.com/bot"
188.26.192.73 - - [02/Jul/2026:15:25:26 -0400] "GET /sitemap490.xml HTTP/1.1" 404 1251 "-" "Mozilla/5.0 (Macintosh; Intel Mac OS X 12.6; rv:125.0) Gecko/20100101 Firefox/125.0"
74.7.242.58 - - [02/Jul/2026:15:25:46 -0400] "GET /wp-includes/SimplePie/ HTTP/1.1" 200 711 "https://jarangomd.com/wp-includes/" "Mozilla/5.0 AppleWebKit/537.36 (KHTML, like Gecko; compatible; GPTBot/1.4; +https://openai.com/gptbot)"
74.7.242.58 - - [02/Jul/2026:15:26:37 -0400] "GET /wp-includes/class-pop3.php HTTP/1.1" 200 0 "https://jarangomd.com/wp-includes/" "Mozilla/5.0 AppleWebKit/537.36 (KHTML, like Gecko; compatible; GPTBot/1.4; +https://openai.com/gptbot)"
74.7.242.58 - - [02/Jul/2026:15:27:24 -0400] "GET /wp-includes/rest-api/endpoints/class-wp-rest-global-styles-controller.php HTTP/1.1" 500 0 "https://jarangomd.com/wp-includes/rest-api/endpoints/" "Mozilla/5.0 AppleWebKit/537.36 (KHTML, like Gecko; compatible; GPTBot/1.4; +https://openai.com/gptbot)"
74.7.242.58 - - [02/Jul/2026:15:30:08 -0400] "GET /wp-includes/js/ HTTP/1.1" 200 4035 "https://jarangomd.com/wp-includes/" "Mozilla/5.0 AppleWebKit/537.36 (KHTML, like Gecko; compatible; GPTBot/1.4; +https://openai.com/gptbot)"
74.7.242.58 - - [02/Jul/2026:15:31:10 -0400] "GET /wp-includes/sodium_compat/src/File.php HTTP/1.1" 500 0 "https://jarangomd.com/wp-includes/sodium_compat/src/" "Mozilla/5.0 AppleWebKit/537.36 (KHTML, like Gecko; compatible; GPTBot/1.4; +https://openai.com/gptbot)"
172.241.237.9 - - [02/Jul/2026:15:32:04 -0400] "GET /departments/allergy/ HTTP/1.1" 404 1251 "-" "Mozilla/5.0 (Macintosh; Intel Mac OS X 10_15_7) AppleWebKit/537.36 (KHTML, like Gecko) Chrome/146.0.0.0 Safari/537.36 Edg/146.0.0.0"
172.241.237.9 - - [02/Jul/2026:15:32:04 -0400] "GET / HTTP/1.1" 200 1801 "-" "Mozilla/5.0 (Macintosh; Intel Mac OS X 10_15_7) AppleWebKit/537.36 (KHTML, like Gecko) Chrome/146.0.0.0 Safari/537.36 Edg/146.0.0.0"
172.241.237.9 - - [02/Jul/2026:15:32:05 -0400] "GET /?ND HTTP/1.1" 200 1815 "https://jarangomd.com/" "Mozilla/5.0 (Macintosh; Intel Mac OS X 10_15_7) AppleWebKit/537.36 (KHTML, like Gecko) Chrome/146.0.0.0 Safari/537.36 Edg/146.0.0.0"
172.241.237.9 - - [02/Jul/2026:15:32:05 -0400] "GET /xmlrpc.php HTTP/1.1" 405 46 "https://jarangomd.com/" "Mozilla/5.0 (Macintosh; Intel Mac OS X 10_15_7) AppleWebKit/537.36 (KHTML, like Gecko) Chrome/146.0.0.0 Safari/537.36 Edg/146.0.0.0"
74.7.242.58 - - [02/Jul/2026:15:19:31 -0400] "GET /wp-includes/pomo/?MD HTTP/1.1" 200 1094 "https://jarangomd.com/wp-includes/pomo/?MA" "Mozilla/5.0 AppleWebKit/537.36 (KHTML, like Gecko; compatible; GPTBot/1.4; +https://openai.com/gptbot)"
74.7.242.58 - - [02/Jul/2026:15:20:26 -0400] "GET /wp-includes/pomo/?NA HTTP/1.1" 200 1100 "https://jarangomd.com/wp-includes/pomo/?MA" "Mozilla/5.0 AppleWebKit/537.36 (KHTML, like Gecko; compatible; GPTBot/1.4; +https://openai.com/gptbot)"
198.54.125.222 - - [02/Jul/2026:15:24:19 -0400] "GET /new HTTP/1.1" 404 1251 "-" "Mozilla/5.0 (Windows NT 10.0; Win64; x64; rv:122.0) Gecko/20100101 Firefox/122.0"
172.215.218.110 - - [02/Jul/2026:15:24:22 -0400] "GET / HTTP/1.1" 200 1801 "-" "Mozilla/5.0 AppleWebKit/537.36 (KHTML, like Gecko); compatible; ChatGPT-User/1.0; +https://openai.com/bot"
74.7.242.58 - - [02/Jul/2026:15:24:52 -0400] "GET /wp-includes/Text/Exception.php HTTP/1.1" 200 0 "https://jarangomd.com/wp-includes/Text/" "Mozilla/5.0 AppleWebKit/537.36 (KHTML, like Gecko; compatible; GPTBot/1.4; +https://openai.com/gptbot)"
152.53.111.131 - adminjamd [02/Jul/2026:15:25:29 -0400] "GET /wp-json/wp/v2/users/me HTTP/1.1" 404 1251 "-" "Mozilla/5.0 (X11; Linux x86_64) AppleWebKit/537.36 (KHTML, like Gecko) Chrome/133.0.0.0 Safari/537.36"
43.153.96.233 - - [02/Jul/2026:15:27:57 -0400] "GET /mac.php?pikachu=L2hvbWUvYXRvbXlsdmIvamFyYW5nb21kLmNvbS9vbGQvd3AtY29udGVudC91cGdyYWRlLzIyLzIy HTTP/1.1" 200 4957 "-" "Mozilla/5.0 (iPhone; CPU iPhone OS 13_2_3 like Mac OS X) AppleWebKit/605.1.15 (KHTML, like Gecko) Version/13.0.3 Mobile/15E148 Safari/604.1"
74.7.242.58 - - [02/Jul/2026:15:28:07 -0400] "GET /wp-includes/sodium_compat/namespaced/Core/Curve25519/ HTTP/1.1" 200 715 "https://jarangomd.com/wp-includes/sodium_compat/namespaced/Core/" "Mozilla/5.0 AppleWebKit/537.36 (KHTML, like Gecko; compatible; GPTBot/1.4; +https://openai.com/gptbot)"
74.7.242.58 - - [02/Jul/2026:15:29:12 -0400] "GET /wp-includes/sodium_compat/namespaced/Core/Poly1305.php HTTP/1.1" 500 0 "https://jarangomd.com/wp-includes/sodium_compat/namespaced/Core/" "Mozilla/5.0 AppleWebKit/537.36 (KHTML, like Gecko; compatible; GPTBot/1.4; +https://openai.com/gptbot)"
172.241.237.9 - - [02/Jul/2026:15:32:08 -0400] "GET /?SA HTTP/1.1" 200 1815 "https://jarangomd.com/" "Mozilla/5.0 (Macintosh; Intel Mac OS X 10_15_7) AppleWebKit/537.36 (KHTML, like Gecko) Chrome/146.0.0.0 Safari/537.36 Edg/146.0.0.0"
172.241.237.9 - - [02/Jul/2026:15:32:09 -0400] "GET /wp-login.php?registration=disabled HTTP/1.1" 200 1876 "https://jarangomd.com/wp-signup.php" "Mozilla/5.0 (Macintosh; Intel Mac OS X 10_15_7) AppleWebKit/537.36 (KHTML, like Gecko) Chrome/146.0.0.0 Safari/537.36 Edg/146.0.0.0"
172.241.237.9 - - [02/Jul/2026:15:32:10 -0400] "GET /old/ HTTP/1.1" 200 1621 "https://jarangomd.com/" "Mozilla/5.0 (Macintosh; Intel Mac OS X 10_15_7) AppleWebKit/537.36 (KHTML, like Gecko) Chrome/146.0.0.0 Safari/537.36 Edg/146.0.0.0"
172.241.237.9 - - [02/Jul/2026:15:32:11 -0400] "GET /wp-login.php?redirect_to=https%3A%2F%2Fjarangomd.com%2Fwp-admin%2F&reauth=1 HTTP/1.1" 200 1809 "https://jarangomd.com/wp-admin/" "Mozilla/5.0 (Macintosh; Intel Mac OS X 10_15_7) AppleWebKit/537.36 (KHTML, like Gecko) Chrome/146.0.0.0 Safari/537.36 Edg/146.0.0.0"
172.241.237.9 - - [02/Jul/2026:15:32:12 -0400] "GET /wp-mail.php HTTP/1.1" 403 958 "https://jarangomd.com/" "Mozilla/5.0 (Macintosh; Intel Mac OS X 10_15_7) AppleWebKit/537.36 (KHTML, like Gecko) Chrome/146.0.0.0 Safari/537.36 Edg/146.0.0.0"
172.241.236.64 - - [02/Jul/2026:15:32:13 -0400] "GET /wp-mail.php HTTP/1.1" 403 958 "https://jarangomd.com/" "Mozilla/5.0 (Macintosh; Intel Mac OS X 10_15_7) AppleWebKit/537.36 (KHTML, like Gecko) Chrome/146.0.0.0 Safari/537.36 Edg/146.0.0.0"
23.105.4.120 - - [02/Jul/2026:15:32:14 -0400] "GET /wp-content/ HTTP/1.1" 403 1242 "https://jarangomd.com/" "Mozilla/5.0 (Macintosh; Intel Mac OS X 10_15_7) AppleWebKit/537.36 (KHTML, like Gecko) Chrome/146.0.0.0 Safari/537.36 Edg/146.0.0.0"
172.241.237.9 - - [02/Jul/2026:15:32:07 -0400] "GET /?MA HTTP/1.1" 200 1816 "https://jarangomd.com/" "Mozilla/5.0 (Macintosh; Intel Mac OS X 10_15_7) AppleWebKit/537.36 (KHTML, like Gecko) Chrome/146.0.0.0 Safari/537.36 Edg/146.0.0.0"
172.241.237.9 - - [02/Jul/2026:15:32:07 -0400] "GET /wp-trackback.php HTTP/1.1" 404 91 "https://jarangomd.com/" "Mozilla/5.0 (Macintosh; Intel Mac OS X 10_15_7) AppleWebKit/537.36 (KHTML, like Gecko) Chrome/146.0.0.0 Safari/537.36 Edg/146.0.0.0"
172.241.237.9 - - [02/Jul/2026:15:32:08 -0400] "GET /wp-signup.php HTTP/1.1" 302 0 "https://jarangomd.com/" "Mozilla/5.0 (Macintosh; Intel Mac OS X 10_15_7) AppleWebKit/537.36 (KHTML, like Gecko) Chrome/146.0.0.0 Safari/537.36 Edg/146.0.0.0"
74.7.242.58 - - [02/Jul/2026:15:32:08 -0400] "GET /wp-includes/rest-api/endpoints/class-wp-rest-navigation-fallback-controller.php HTTP/1.1" 500 0 "https://jarangomd.com/wp-includes/rest-api/endpoints/" "Mozilla/5.0 AppleWebKit/537.36 (KHTML, like Gecko; compatible; GPTBot/1.4; +https://openai.com/gptbot)"
172.241.237.9 - - [02/Jul/2026:15:32:09 -0400] "GET /wp-login.php?action=register HTTP/1.1" 302 0 "https://jarangomd.com/wp-signup.php" "Mozilla/5.0 (Macintosh; Intel Mac OS X 10_15_7) AppleWebKit/537.36 (KHTML, like Gecko) Chrome/146.0.0.0 Safari/537.36 Edg/146.0.0.0"
172.241.237.9 - - [02/Jul/2026:15:32:10 -0400] "GET /wp-settings.php HTTP/1.1" 500 0 "https://jarangomd.com/" "Mozilla/5.0 (Macintosh; Intel Mac OS X 10_15_7) AppleWebKit/537.36 (KHTML, like Gecko) Chrome/146.0.0.0 Safari/537.36 Edg/146.0.0.0"
172.241.237.9 - - [02/Jul/2026:15:32:10 -0400] "GET /wp-admin/ HTTP/1.1" 302 0 "https://jarangomd.com/" "Mozilla/5.0 (Macintosh; Intel Mac OS X 10_15_7) AppleWebKit/537.36 (KHTML, like Gecko) Chrome/146.0.0.0 Safari/537.36 Edg/146.0.0.0"
172.241.237.9 - - [02/Jul/2026:15:32:13 -0400] "GET /wp-mail.php HTTP/1.1" 403 958 "https://jarangomd.com/" "Mozilla/5.0 (Macintosh; Intel Mac OS X 10_15_7) AppleWebKit/537.36 (KHTML, like Gecko) Chrome/146.0.0.0 Safari/537.36 Edg/146.0.0.0"
23.105.3.67 - - [02/Jul/2026:15:32:14 -0400] "GET /wp-mail.php HTTP/1.1" 403 958 "https://jarangomd.com/" "Mozilla/5.0 (Macintosh; Intel Mac OS X 10_15_7) AppleWebKit/537.36 (KHTML, like Gecko) Chrome/146.0.0.0 Safari/537.36 Edg/146.0.0.0"
172.255.93.77 - - [02/Jul/2026:15:32:15 -0400] "GET /wp-content/ HTTP/1.1" 403 1242 "https://jarangomd.com/" "Mozilla/5.0 (Macintosh; Intel Mac OS X 10_15_7) AppleWebKit/537.36 (KHTML, like Gecko) Chrome/146.0.0.0 Safari/537.36 Edg/146.0.0.0"
23.105.3.23 - - [02/Jul/2026:15:32:17 -0400] "GET /wp-load.php HTTP/1.1" 200 0 "https://jarangomd.com/" "Mozilla/5.0 (Macintosh; Intel Mac OS X 10_15_7) AppleWebKit/537.36 (KHTML, like Gecko) Chrome/146.0.0.0 Safari/537.36 Edg/146.0.0.0"
23.105.3.23 - - [02/Jul/2026:15:32:19 -0400] "GET /admin.php HTTP/1.1" 404 0 "https://jarangomd.com/" "Mozilla/5.0 (Macintosh; Intel Mac OS X 10_15_7) AppleWebKit/537.36 (KHTML, like Gecko) Chrome/146.0.0.0 Safari/537.36 Edg/146.0.0.0"
23.105.3.23 - - [02/Jul/2026:15:32:19 -0400] "GET /error_log HTTP/1.1" 403 1242 "https://jarangomd.com/" "Mozilla/5.0 (Macintosh; Intel Mac OS X 10_15_7) AppleWebKit/537.36 (KHTML, like Gecko) Chrome/146.0.0.0 Safari/537.36 Edg/146.0.0.0"
172.255.93.206 - - [02/Jul/2026:15:32:20 -0400] "GET /error_log HTTP/1.1" 403 1242 "https://jarangomd.com/" "Mozilla/5.0 (Macintosh; Intel Mac OS X 10_15_7) AppleWebKit/537.36 (KHTML, like Gecko) Chrome/146.0.0.0 Safari/537.36 Edg/146.0.0.0"
172.241.237.9 - - [02/Jul/2026:15:32:21 -0400] "GET /wp-config.php HTTP/1.1" 403 1242 "https://jarangomd.com/" "Mozilla/5.0 (Macintosh; Intel Mac OS X 10_15_7) AppleWebKit/537.36 (KHTML, like Gecko) Chrome/146.0.0.0 Safari/537.36 Edg/146.0.0.0"
172.241.236.64 - - [02/Jul/2026:15:32:21 -0400] "GET /wp-config.php HTTP/1.1" 403 1242 "https://jarangomd.com/" "Mozilla/5.0 (Macintosh; Intel Mac OS X 10_15_7) AppleWebKit/537.36 (KHTML, like Gecko) Chrome/146.0.0.0 Safari/537.36 Edg/146.0.0.0"
69.46.64.122 - - [02/Jul/2026:15:32:15 -0400] "GET /wp-content/ HTTP/1.1" 403 1242 "https://jarangomd.com/" "Mozilla/5.0 (Macintosh; Intel Mac OS X 10_15_7) AppleWebKit/537.36 (KHTML, like Gecko) Chrome/146.0.0.0 Safari/537.36 Edg/146.0.0.0"
69.46.64.223 - - [02/Jul/2026:15:32:16 -0400] "GET /wp-content/ HTTP/1.1" 403 1242 "https://jarangomd.com/" "Mozilla/5.0 (Macintosh; Intel Mac OS X 10_15_7) AppleWebKit/537.36 (KHTML, like Gecko) Chrome/146.0.0.0 Safari/537.36 Edg/146.0.0.0"
23.105.3.23 - - [02/Jul/2026:15:32:16 -0400] "GET /wp-login.php HTTP/1.1" 200 1809 "https://jarangomd.com/" "Mozilla/5.0 (Macintosh; Intel Mac OS X 10_15_7) AppleWebKit/537.36 (KHTML, like Gecko) Chrome/146.0.0.0 Safari/537.36 Edg/146.0.0.0"
23.105.3.23 - - [02/Jul/2026:15:32:17 -0400] "GET /wp-includes/ HTTP/1.1" 200 9701 "https://jarangomd.com/" "Mozilla/5.0 (Macintosh; Intel Mac OS X 10_15_7) AppleWebKit/537.36 (KHTML, like Gecko) Chrome/146.0.0.0 Safari/537.36 Edg/146.0.0.0"
23.105.3.23 - - [02/Jul/2026:15:32:18 -0400] "GET /_ HTTP/1.1" 200 3640 "https://jarangomd.com/" "Mozilla/5.0 (Macintosh; Intel Mac OS X 10_15_7) AppleWebKit/537.36 (KHTML, like Gecko) Chrome/146.0.0.0 Safari/537.36 Edg/146.0.0.0"
23.105.3.23 - - [02/Jul/2026:15:32:18 -0400] "GET /wp-links-opml.php HTTP/1.1" 200 162 "https://jarangomd.com/" "Mozilla/5.0 (Macintosh; Intel Mac OS X 10_15_7) AppleWebKit/537.36 (KHTML, like Gecko) Chrome/146.0.0.0 Safari/537.36 Edg/146.0.0.0"
23.105.3.23 - - [02/Jul/2026:15:32:19 -0400] "GET /wp-cron.php HTTP/1.1" 200 0 "https://jarangomd.com/" "Mozilla/5.0 (Macintosh; Intel Mac OS X 10_15_7) AppleWebKit/537.36 (KHTML, like Gecko) Chrome/146.0.0.0 Safari/537.36 Edg/146.0.0.0"
23.105.4.164 - - [02/Jul/2026:15:32:20 -0400] "GET /error_log HTTP/1.1" 403 1242 "https://jarangomd.com/" "Mozilla/5.0 (Macintosh; Intel Mac OS X 10_15_7) AppleWebKit/537.36 (KHTML, like Gecko) Chrome/146.0.0.0 Safari/537.36 Edg/146.0.0.0"
172.241.236.15 - - [02/Jul/2026:15:32:21 -0400] "GET /error_log HTTP/1.1" 403 1242 "https://jarangomd.com/" "Mozilla/5.0 (Macintosh; Intel Mac OS X 10_15_7) AppleWebKit/537.36 (KHTML, like Gecko) Chrome/146.0.0.0 Safari/537.36 Edg/146.0.0.0"
23.105.3.67 - - [02/Jul/2026:15:32:22 -0400] "GET /wp-config.php HTTP/1.1" 403 1242 "https://jarangomd.com/" "Mozilla/5.0 (Macintosh; Intel Mac OS X 10_15_7) AppleWebKit/537.36 (KHTML, like Gecko) Chrome/146.0.0.0 Safari/537.36 Edg/146.0.0.0"
69.46.64.122 - - [02/Jul/2026:15:32:23 -0400] "GET /k2.php HTTP/1.1" 200 124 "https://jarangomd.com/" "Mozilla/5.0 (Macintosh; Intel Mac OS X 10_15_7) AppleWebKit/537.36 (KHTML, like Gecko) Chrome/146.0.0.0 Safari/537.36 Edg/146.0.0.0"
69.46.64.122 - - [02/Jul/2026:15:32:25 -0400] "GET /license.txt HTTP/1.1" 200 6865 "https://jarangomd.com/" "Mozilla/5.0 (Macintosh; Intel Mac OS X 10_15_7) AppleWebKit/537.36 (KHTML, like Gecko) Chrome/146.0.0.0 Safari/537.36 Edg/146.0.0.0"
69.46.64.122 - - [02/Jul/2026:15:32:25 -0400] "GET /wp-blog-header.php HTTP/1.1" 404 0 "https://jarangomd.com/" "Mozilla/5.0 (Macintosh; Intel Mac OS X 10_15_7) AppleWebKit/537.36 (KHTML, like Gecko) Chrome/146.0.0.0 Safari/537.36 Edg/146.0.0.0"
