216.73.217.71 - - [02/Jul/2026:19:34:47 -0400] "GET /wp-includes/Requests/ HTTP/1.1" 200 650 "-" "Mozilla/5.0 AppleWebKit/537.36 (KHTML, like Gecko; compatible; ClaudeBot/1.0; +claudebot@anthropic.com)"
216.73.217.71 - - [02/Jul/2026:19:34:48 -0400] "GET /wp-includes/assets/script-loader-react-refresh-entry.php HTTP/1.1" 200 0 "-" "Mozilla/5.0 AppleWebKit/537.36 (KHTML, like Gecko; compatible; ClaudeBot/1.0; +claudebot@anthropic.com)"
216.73.217.71 - - [02/Jul/2026:19:34:48 -0400] "GET /wp-includes/class-phpass.php HTTP/1.1" 200 0 "-" "Mozilla/5.0 AppleWebKit/537.36 (KHTML, like Gecko; compatible; ClaudeBot/1.0; +claudebot@anthropic.com)"
216.73.217.71 - - [02/Jul/2026:19:34:50 -0400] "GET /wp-includes/taxonomy.php HTTP/1.1" 200 0 "-" "Mozilla/5.0 AppleWebKit/537.36 (KHTML, like Gecko; compatible; ClaudeBot/1.0; +claudebot@anthropic.com)"
216.73.217.71 - - [02/Jul/2026:19:34:51 -0400] "GET /wp-includes/class-wp-embed.php HTTP/1.1" 200 0 "-" "Mozilla/5.0 AppleWebKit/537.36 (KHTML, like Gecko; compatible; ClaudeBot/1.0; +claudebot@anthropic.com)"
216.73.217.71 - - [02/Jul/2026:19:34:51 -0400] "GET /wp-includes/block-patterns/query-offset-posts.php HTTP/1.1" 500 0 "-" "Mozilla/5.0 AppleWebKit/537.36 (KHTML, like Gecko; compatible; ClaudeBot/1.0; +claudebot@anthropic.com)"
216.73.217.71 - - [02/Jul/2026:19:34:49 -0400] "GET /old/wp-admin/import.php HTTP/1.1" 302 0 "-" "Mozilla/5.0 AppleWebKit/537.36 (KHTML, like Gecko; compatible; ClaudeBot/1.0; +claudebot@anthropic.com)"
216.73.217.71 - - [02/Jul/2026:19:34:52 -0400] "GET /old/wp-admin/install.php HTTP/1.1" 200 0 "-" "Mozilla/5.0 AppleWebKit/537.36 (KHTML, like Gecko; compatible; ClaudeBot/1.0; +claudebot@anthropic.com)"
216.73.217.71 - - [02/Jul/2026:19:35:24 -0400] "GET /robots.txt HTTP/1.1" 200 67 "-" "Mozilla/5.0 AppleWebKit/537.36 (KHTML, like Gecko; compatible; ClaudeBot/1.0; +claudebot@anthropic.com)"
216.73.217.71 - - [02/Jul/2026:19:35:24 -0400] "GET /wp-includes/customize/error_log HTTP/1.1" 403 1242 "-" "Mozilla/5.0 AppleWebKit/537.36 (KHTML, like Gecko; compatible; ClaudeBot/1.0; +claudebot@anthropic.com)"
216.73.217.71 - - [02/Jul/2026:19:35:26 -0400] "GET /wp-includes/block-patterns/error_log HTTP/1.1" 403 1242 "-" "Mozilla/5.0 AppleWebKit/537.36 (KHTML, like Gecko; compatible; ClaudeBot/1.0; +claudebot@anthropic.com)"
216.73.217.71 - - [02/Jul/2026:19:35:27 -0400] "GET /wp-includes/block-patterns/query-small-posts.php HTTP/1.1" 500 0 "-" "Mozilla/5.0 AppleWebKit/537.36 (KHTML, like Gecko; compatible; ClaudeBot/1.0; +claudebot@anthropic.com)"
216.73.217.71 - - [02/Jul/2026:19:35:28 -0400] "GET /wp-includes/feed-atom-comments.php HTTP/1.1" 500 0 "-" "Mozilla/5.0 AppleWebKit/537.36 (KHTML, like Gecko; compatible; ClaudeBot/1.0; +claudebot@anthropic.com)"
216.73.217.71 - - [02/Jul/2026:19:35:28 -0400] "GET /wp-includes/kses.php HTTP/1.1" 200 0 "-" "Mozilla/5.0 AppleWebKit/537.36 (KHTML, like Gecko; compatible; ClaudeBot/1.0; +claudebot@anthropic.com)"
195.229.76.26 - - [02/Jul/2026:19:33:44 -0400] "POST /xmlrpc.php HTTP/1.1" 200 403 "-" "Jetpack by WordPress.com"
195.229.76.26 - - [02/Jul/2026:19:33:55 -0400] "POST /xmlrpc.php HTTP/1.1" 200 403 "-" "Jetpack by WordPress.com (Jetpack 12.5; WordPress 6.1)"
195.229.76.26 - - [02/Jul/2026:19:34:26 -0400] "POST /xmlrpc.php HTTP/1.1" 200 403 "-" "Jetpack by WordPress.com"
74.7.242.58 - - [02/Jul/2026:19:34:33 -0400] "GET /mac.php?pikachu=Ly92YXIvc29mdGFjdWxvdXMvYW5ndWxhcg HTTP/1.1" 200 4236 "https://jarangomd.com/mac.php?pikachu=Ly92YXIvc29mdGFjdWxvdXM" "Mozilla/5.0 AppleWebKit/537.36 (KHTML, like Gecko; compatible; GPTBot/1.4; +https://openai.com/gptbot)"
216.73.217.71 - - [02/Jul/2026:19:34:44 -0400] "GET /wp-includes/block-patterns/query-medium-posts.php HTTP/1.1" 500 0 "-" "Mozilla/5.0 AppleWebKit/537.36 (KHTML, like Gecko; compatible; ClaudeBot/1.0; +claudebot@anthropic.com)"
216.73.217.71 - - [02/Jul/2026:19:34:46 -0400] "GET /wp-includes/js/shortcode.js HTTP/1.1" 200 3352 "-" "Mozilla/5.0 AppleWebKit/537.36 (KHTML, like Gecko; compatible; ClaudeBot/1.0; +claudebot@anthropic.com)"
216.73.217.71 - - [02/Jul/2026:19:34:46 -0400] "GET /wp-includes/assets/script-modules-packages.php HTTP/1.1" 200 0 "-" "Mozilla/5.0 AppleWebKit/537.36 (KHTML, like Gecko; compatible; ClaudeBot/1.0; +claudebot@anthropic.com)"
216.73.217.71 - - [02/Jul/2026:19:34:47 -0400] "GET /wp-includes/default-constants.php HTTP/1.1" 200 0 "-" "Mozilla/5.0 AppleWebKit/537.36 (KHTML, like Gecko; compatible; ClaudeBot/1.0; +claudebot@anthropic.com)"
216.73.217.71 - - [02/Jul/2026:19:34:49 -0400] "GET /wp-includes/interactivity-api/ HTTP/1.1" 200 832 "-" "Mozilla/5.0 AppleWebKit/537.36 (KHTML, like Gecko; compatible; ClaudeBot/1.0; +claudebot@anthropic.com)"
216.73.217.71 - - [02/Jul/2026:19:34:50 -0400] "GET /wp-includes/Text/ HTTP/1.1" 200 733 "-" "Mozilla/5.0 AppleWebKit/537.36 (KHTML, like Gecko; compatible; ClaudeBot/1.0; +claudebot@anthropic.com)"
216.73.217.71 - - [02/Jul/2026:19:34:53 -0400] "GET /old/wp-admin/install.php HTTP/1.1" 200 0 "https://jarangomd.com/old/wp-admin/import.php" "Mozilla/5.0 AppleWebKit/537.36 (KHTML, like Gecko; compatible; ClaudeBot/1.0; +claudebot@anthropic.com)"
216.73.217.71 - - [02/Jul/2026:19:34:59 -0400] "GET /wp-includes/assets/script-loader-react-refresh-runtime.php HTTP/1.1" 200 0 "-" "Mozilla/5.0 AppleWebKit/537.36 (KHTML, like Gecko; compatible; ClaudeBot/1.0; +claudebot@anthropic.com)"
216.73.217.71 - - [02/Jul/2026:19:35:25 -0400] "GET /wp-includes/assets/script-loader-react-refresh-runtime.min.php HTTP/1.1" 200 0 "-" "Mozilla/5.0 AppleWebKit/537.36 (KHTML, like Gecko; compatible; ClaudeBot/1.0; +claudebot@anthropic.com)"
216.73.217.71 - - [02/Jul/2026:19:35:25 -0400] "GET /wp-includes/locale.php HTTP/1.1" 500 0 "-" "Mozilla/5.0 AppleWebKit/537.36 (KHTML, like Gecko; compatible; ClaudeBot/1.0; +claudebot@anthropic.com)"
216.73.217.71 - - [02/Jul/2026:19:35:26 -0400] "GET /wp-includes/block-patterns/query-grid-posts.php HTTP/1.1" 500 0 "-" "Mozilla/5.0 AppleWebKit/537.36 (KHTML, like Gecko; compatible; ClaudeBot/1.0; +claudebot@anthropic.com)"
216.73.217.71 - - [02/Jul/2026:19:35:27 -0400] "GET /wp-includes/assets/script-loader-packages.php HTTP/1.1" 200 0 "-" "Mozilla/5.0 AppleWebKit/537.36 (KHTML, like Gecko; compatible; ClaudeBot/1.0; +claudebot@anthropic.com)"
23.100.100.46 - - [02/Jul/2026:19:35:27 -0400] "GET /wp-content/plugins/fix/up.php HTTP/1.1" 404 1251 "http://jarangomd.com/wp-content/plugins/fix/up.php" "Mozilla/5.0"
23.100.100.46 - - [02/Jul/2026:19:35:27 -0400] "GET /wp-content/plugins/fix/up.php HTTP/1.1" 404 1251 "-" "Mozilla/5.0"
216.73.217.71 - - [02/Jul/2026:19:35:29 -0400] "GET /wp-includes/class-wp-dependency.php HTTP/1.1" 200 0 "-" "Mozilla/5.0 AppleWebKit/537.36 (KHTML, like Gecko; compatible; ClaudeBot/1.0; +claudebot@anthropic.com)"
74.7.242.58 - - [02/Jul/2026:19:35:29 -0400] "GET /mac.php?pikachu=Ly9wcm9jLzQxMTMzODIvcm9vdC9saWI2NA HTTP/1.1" 200 66182 "https://jarangomd.com/mac.php?pikachu=Ly9wcm9jLzQxMTMzODIvcm9vdA" "Mozilla/5.0 AppleWebKit/537.36 (KHTML, like Gecko; compatible; GPTBot/1.4; +https://openai.com/gptbot)"
216.73.217.71 - - [02/Jul/2026:19:35:31 -0400] "GET /old/wp-admin/css/install.css HTTP/1.1" 200 1829 "-" "Mozilla/5.0 AppleWebKit/537.36 (KHTML, like Gecko; compatible; ClaudeBot/1.0; +claudebot@anthropic.com)"
216.73.217.71 - - [02/Jul/2026:19:35:32 -0400] "GET /wp-includes/class-wp-network.php HTTP/1.1" 200 0 "-" "Mozilla/5.0 AppleWebKit/537.36 (KHTML, like Gecko; compatible; ClaudeBot/1.0; +claudebot@anthropic.com)"
216.73.217.71 - - [02/Jul/2026:19:35:39 -0400] "GET /wp-includes/feed-rss2-comments.php HTTP/1.1" 500 0 "-" "Mozilla/5.0 AppleWebKit/537.36 (KHTML, like Gecko; compatible; ClaudeBot/1.0; +claudebot@anthropic.com)"
216.73.217.71 - - [02/Jul/2026:19:35:40 -0400] "GET /wp-includes/pluggable-deprecated.php HTTP/1.1" 200 0 "-" "Mozilla/5.0 AppleWebKit/537.36 (KHTML, like Gecko; compatible; ClaudeBot/1.0; +claudebot@anthropic.com)"
216.73.217.71 - - [02/Jul/2026:19:35:40 -0400] "GET /wp-includes/class-wp-post-type.php HTTP/1.1" 200 0 "-" "Mozilla/5.0 AppleWebKit/537.36 (KHTML, like Gecko; compatible; ClaudeBot/1.0; +claudebot@anthropic.com)"
216.73.217.71 - - [02/Jul/2026:19:35:42 -0400] "GET /wp-includes/class-wp-oembed.php HTTP/1.1" 200 0 "-" "Mozilla/5.0 AppleWebKit/537.36 (KHTML, like Gecko; compatible; ClaudeBot/1.0; +claudebot@anthropic.com)"
216.73.217.71 - - [02/Jul/2026:19:35:43 -0400] "GET /wp-includes/class-wp-image-editor.php HTTP/1.1" 200 0 "-" "Mozilla/5.0 AppleWebKit/537.36 (KHTML, like Gecko; compatible; ClaudeBot/1.0; +claudebot@anthropic.com)"
216.73.217.71 - - [02/Jul/2026:19:35:45 -0400] "GET /wp-includes/class-wp-text-diff-renderer-inline.php HTTP/1.1" 500 0 "-" "Mozilla/5.0 AppleWebKit/537.36 (KHTML, like Gecko; compatible; ClaudeBot/1.0; +claudebot@anthropic.com)"
216.73.217.71 - - [02/Jul/2026:19:35:45 -0400] "GET /wp-includes/js/api-request.js HTTP/1.1" 200 1227 "-" "Mozilla/5.0 AppleWebKit/537.36 (KHTML, like Gecko; compatible; ClaudeBot/1.0; +claudebot@anthropic.com)"
216.73.217.71 - - [02/Jul/2026:19:35:46 -0400] "GET /wp-includes/class-wp-exception.php HTTP/1.1" 200 0 "-" "Mozilla/5.0 AppleWebKit/537.36 (KHTML, like Gecko; compatible; ClaudeBot/1.0; +claudebot@anthropic.com)"
74.7.242.58 - - [02/Jul/2026:19:36:20 -0400] "GET /mac.php?pikachu=Ly9wcm9jL3NlbGYvcm9vdC9kZXYvZmQvNw HTTP/1.1" 200 5262 "https://jarangomd.com/mac.php?pikachu=Ly9wcm9jL3NlbGYvcm9vdC9kZXYvZmQ" "Mozilla/5.0 AppleWebKit/537.36 (KHTML, like Gecko; compatible; GPTBot/1.4; +https://openai.com/gptbot)"
216.73.217.71 - - [02/Jul/2026:19:36:20 -0400] "GET /wp-includes/class-wp-customize-setting.php HTTP/1.1" 200 6 "-" "Mozilla/5.0 AppleWebKit/537.36 (KHTML, like Gecko; compatible; ClaudeBot/1.0; +claudebot@anthropic.com)"
216.73.217.71 - - [02/Jul/2026:19:36:20 -0400] "GET /wp-includes/class-wp-block-parser-block.php HTTP/1.1" 200 0 "-" "Mozilla/5.0 AppleWebKit/537.36 (KHTML, like Gecko; compatible; ClaudeBot/1.0; +claudebot@anthropic.com)"
216.73.217.71 - - [02/Jul/2026:19:36:21 -0400] "GET /wp-includes/class-wp-admin-bar.php HTTP/1.1" 200 0 "-" "Mozilla/5.0 AppleWebKit/537.36 (KHTML, like Gecko; compatible; ClaudeBot/1.0; +claudebot@anthropic.com)"
216.73.217.71 - - [02/Jul/2026:19:36:22 -0400] "GET /wp-includes/assets/script-loader-react-refresh-entry.min.php HTTP/1.1" 200 0 "-" "Mozilla/5.0 AppleWebKit/537.36 (KHTML, like Gecko; compatible; ClaudeBot/1.0; +claudebot@anthropic.com)"
216.73.217.71 - - [02/Jul/2026:19:36:23 -0400] "GET /wp-includes/block-patterns/query-standard-posts.php HTTP/1.1" 500 0 "-" "Mozilla/5.0 AppleWebKit/537.36 (KHTML, like Gecko; compatible; ClaudeBot/1.0; +claudebot@anthropic.com)"
216.73.217.71 - - [02/Jul/2026:19:36:22 -0400] "GET /old/wp-admin/upgrade.php HTTP/1.1" 200 0 "-" "Mozilla/5.0 AppleWebKit/537.36 (KHTML, like Gecko; compatible; ClaudeBot/1.0; +claudebot@anthropic.com)"
216.73.217.71 - - [02/Jul/2026:19:35:29 -0400] "GET /wp-includes/blocks/ HTTP/1.1" 200 6 "-" "Mozilla/5.0 AppleWebKit/537.36 (KHTML, like Gecko; compatible; ClaudeBot/1.0; +claudebot@anthropic.com)"
216.73.217.71 - - [02/Jul/2026:19:35:30 -0400] "GET /wp-includes/widgets/ HTTP/1.1" 200 1548 "-" "Mozilla/5.0 AppleWebKit/537.36 (KHTML, like Gecko; compatible; ClaudeBot/1.0; +claudebot@anthropic.com)"
216.73.217.71 - - [02/Jul/2026:19:35:30 -0400] "GET /wp-includes/theme-compat/header.php HTTP/1.1" 500 0 "-" "Mozilla/5.0 AppleWebKit/537.36 (KHTML, like Gecko; compatible; ClaudeBot/1.0; +claudebot@anthropic.com)"
216.73.217.71 - - [02/Jul/2026:19:35:31 -0400] "GET /wp-includes/theme-compat/embed.php HTTP/1.1" 500 0 "-" "Mozilla/5.0 AppleWebKit/537.36 (KHTML, like Gecko; compatible; ClaudeBot/1.0; +claudebot@anthropic.com)"
216.73.217.71 - - [02/Jul/2026:19:35:32 -0400] "GET /wp-includes/js/wp-pointer.js HTTP/1.1" 200 2822 "-" "Mozilla/5.0 AppleWebKit/537.36 (KHTML, like Gecko; compatible; ClaudeBot/1.0; +claudebot@anthropic.com)"
216.73.217.71 - - [02/Jul/2026:19:35:38 -0400] "GET /wp-includes/rest-api/ HTTP/1.1" 200 1149 "-" "Mozilla/5.0 AppleWebKit/537.36 (KHTML, like Gecko; compatible; ClaudeBot/1.0; +claudebot@anthropic.com)"
216.73.217.71 - - [02/Jul/2026:19:35:39 -0400] "GET /wp-includes/js/hoverIntent.js HTTP/1.1" 200 2268 "-" "Mozilla/5.0 AppleWebKit/537.36 (KHTML, like Gecko; compatible; ClaudeBot/1.0; +claudebot@anthropic.com)"
216.73.217.71 - - [02/Jul/2026:19:35:41 -0400] "GET /wp-includes/class-wp-styles.php HTTP/1.1" 500 0 "-" "Mozilla/5.0 AppleWebKit/537.36 (KHTML, like Gecko; compatible; ClaudeBot/1.0; +claudebot@anthropic.com)"
216.73.217.71 - - [02/Jul/2026:19:35:41 -0400] "GET /wp-includes/class-wp-theme-json-data.php HTTP/1.1" 200 0 "-" "Mozilla/5.0 AppleWebKit/537.36 (KHTML, like Gecko; compatible; ClaudeBot/1.0; +claudebot@anthropic.com)"
216.73.217.71 - - [02/Jul/2026:19:35:42 -0400] "GET /wp-includes/ms-blogs.php HTTP/1.1" 200 6 "-" "Mozilla/5.0 AppleWebKit/537.36 (KHTML, like Gecko; compatible; ClaudeBot/1.0; +claudebot@anthropic.com)"
216.73.217.71 - - [02/Jul/2026:19:35:43 -0400] "GET /wp-includes/class-wp-theme-json.php HTTP/1.1" 200 0 "-" "Mozilla/5.0 AppleWebKit/537.36 (KHTML, like Gecko; compatible; ClaudeBot/1.0; +claudebot@anthropic.com)"
216.73.217.71 - - [02/Jul/2026:19:35:44 -0400] "GET /wp-includes/class-wp-user-request.php HTTP/1.1" 200 0 "-" "Mozilla/5.0 AppleWebKit/537.36 (KHTML, like Gecko; compatible; ClaudeBot/1.0; +claudebot@anthropic.com)"
216.73.217.71 - - [02/Jul/2026:19:35:44 -0400] "GET /wp-includes/category-template.php HTTP/1.1" 200 0 "-" "Mozilla/5.0 AppleWebKit/537.36 (KHTML, like Gecko; compatible; ClaudeBot/1.0; +claudebot@anthropic.com)"
216.73.217.71 - - [02/Jul/2026:19:35:46 -0400] "GET /wp-includes/class-smtp.php HTTP/1.1" 500 0 "-" "Mozilla/5.0 AppleWebKit/537.36 (KHTML, like Gecko; compatible; ClaudeBot/1.0; +claudebot@anthropic.com)"
216.73.217.71 - - [02/Jul/2026:19:36:23 -0400] "GET /wp-includes/js/utils.js HTTP/1.1" 200 1549 "-" "Mozilla/5.0 AppleWebKit/537.36 (KHTML, like Gecko; compatible; ClaudeBot/1.0; +claudebot@anthropic.com)"
216.73.217.71 - - [02/Jul/2026:19:36:24 -0400] "GET /old/wp-admin/update-core.php HTTP/1.1" 302 0 "-" "Mozilla/5.0 AppleWebKit/537.36 (KHTML, like Gecko; compatible; ClaudeBot/1.0; +claudebot@anthropic.com)"
216.73.217.71 - - [02/Jul/2026:19:36:27 -0400] "GET /old/wp-admin/install.php HTTP/1.1" 200 0 "https://jarangomd.com/old/wp-admin/update-core.php" "Mozilla/5.0 AppleWebKit/537.36 (KHTML, like Gecko; compatible; ClaudeBot/1.0; +claudebot@anthropic.com)"
216.73.217.71 - - [02/Jul/2026:19:36:37 -0400] "GET /wp-includes/abilities-api/class-wp-ability.php HTTP/1.1" 200 0 "-" "Mozilla/5.0 AppleWebKit/537.36 (KHTML, like Gecko; compatible; ClaudeBot/1.0; +claudebot@anthropic.com)"
216.73.217.71 - - [02/Jul/2026:19:36:38 -0400] "GET /wp-includes/post-thumbnail-template.php HTTP/1.1" 200 0 "-" "Mozilla/5.0 AppleWebKit/537.36 (KHTML, like Gecko; compatible; ClaudeBot/1.0; +claudebot@anthropic.com)"
195.229.76.26 - - [02/Jul/2026:19:33:13 -0400] "POST /xmlrpc.php HTTP/1.1" 200 403 "-" "Jetpack by WordPress.com (Jetpack 13.0; WordPress 6.1)"
195.229.76.26 - - [02/Jul/2026:19:33:23 -0400] "POST /xmlrpc.php HTTP/1.1" 200 403 "-" "Jetpack by WordPress.com"
74.7.242.58 - - [02/Jul/2026:19:33:31 -0400] "GET /mac.php?pikachu=Ly91c3IvbG9jYWwvbGliNjQvcGVybDUvTmV0 HTTP/1.1" 200 3675 "https://jarangomd.com/mac.php?pikachu=Ly91c3IvbG9jYWwvbGliNjQvcGVybDU" "Mozilla/5.0 AppleWebKit/537.36 (KHTML, like Gecko; compatible; GPTBot/1.4; +https://openai.com/gptbot)"
195.229.76.26 - - [02/Jul/2026:19:33:34 -0400] "POST /xmlrpc.php HTTP/1.1" 200 403 "-" "WordPress.com; https://wordpress.com"
195.229.76.26 - - [02/Jul/2026:19:27:04 -0400] "POST /xmlrpc.php HTTP/1.1" 200 403 "-" "Jetpack by WordPress.com (Jetpack 12.0; WordPress 6.4)"
195.229.76.26 - - [02/Jul/2026:19:27:15 -0400] "POST /xmlrpc.php HTTP/1.1" 200 403 "-" "Jetpack/13.0; WordPress/6.2; http://site25585552.com"
195.229.76.26 - - [02/Jul/2026:19:27:36 -0400] "POST /xmlrpc.php HTTP/1.1" 200 403 "-" "Jetpack by WordPress.com"
74.7.242.58 - - [02/Jul/2026:19:27:53 -0400] "GET /wp-includes/SimplePie/src/Net/ HTTP/1.1" 200 634 "https://jarangomd.com/wp-includes/SimplePie/src/" "Mozilla/5.0 AppleWebKit/537.36 (KHTML, like Gecko; compatible; GPTBot/1.4; +https://openai.com/gptbot)"
195.229.76.26 - - [02/Jul/2026:19:28:07 -0400] "POST /xmlrpc.php HTTP/1.1" 200 403 "-" "Jetpack by WordPress.com"
216.73.217.71 - - [02/Jul/2026:19:28:20 -0400] "GET /wp-includes/SimplePie/src/ HTTP/1.1" 200 1678 "-" "Mozilla/5.0 AppleWebKit/537.36 (KHTML, like Gecko; compatible; ClaudeBot/1.0; +claudebot@anthropic.com)"
195.229.76.26 - - [02/Jul/2026:19:28:28 -0400] "POST /xmlrpc.php HTTP/1.1" 200 403 "-" "WordPress.com; https://wordpress.com"
74.7.242.58 - - [02/Jul/2026:19:28:44 -0400] "GET /wp-includes/SimplePie/src/XML/ HTTP/1.1" 200 626 "https://jarangomd.com/wp-includes/SimplePie/src/" "Mozilla/5.0 AppleWebKit/537.36 (KHTML, like Gecko; compatible; GPTBot/1.4; +https://openai.com/gptbot)"
195.229.76.26 - - [02/Jul/2026:19:28:49 -0400] "POST /xmlrpc.php HTTP/1.1" 200 403 "-" "Jetpack/12.5; WordPress/6.3; http://site27434927.com"
216.73.217.71 - - [02/Jul/2026:19:29:02 -0400] "GET /wp-includes/class-wp-http-cookie.php HTTP/1.1" 200 0 "-" "Mozilla/5.0 AppleWebKit/537.36 (KHTML, like Gecko; compatible; ClaudeBot/1.0; +claudebot@anthropic.com)"
195.229.76.26 - - [02/Jul/2026:19:29:10 -0400] "POST /xmlrpc.php HTTP/1.1" 200 403 "-" "Jetpack by WordPress.com (Jetpack 12.1; WordPress 6.1)"
195.229.76.26 - - [02/Jul/2026:19:30:03 -0400] "POST /xmlrpc.php HTTP/1.1" 200 403 "-" "Jetpack by WordPress.com (Jetpack 13.0; WordPress 6.2)"
195.229.76.26 - - [02/Jul/2026:19:30:24 -0400] "POST /xmlrpc.php HTTP/1.1" 200 403 "-" "WordPress.com; https://wordpress.com"
74.7.242.58 - - [02/Jul/2026:19:30:49 -0400] "GET /wp-includes/SimplePie/src/File.php HTTP/1.1" 500 0 "https://jarangomd.com/wp-includes/SimplePie/src/" "Mozilla/5.0 AppleWebKit/537.36 (KHTML, like Gecko; compatible; GPTBot/1.4; +https://openai.com/gptbot)"
74.7.242.58 - - [02/Jul/2026:19:31:24 -0400] "GET /wp-includes/SimplePie/src/Cache/Psr16.php HTTP/1.1" 500 0 "https://jarangomd.com/wp-includes/SimplePie/src/Cache/" "Mozilla/5.0 AppleWebKit/537.36 (KHTML, like Gecko; compatible; GPTBot/1.4; +https://openai.com/gptbot)"
195.229.76.26 - - [02/Jul/2026:19:31:48 -0400] "POST /xmlrpc.php HTTP/1.1" 200 403 "-" "WordPress.com; https://wordpress.com"
195.229.76.26 - - [02/Jul/2026:19:31:59 -0400] "POST /xmlrpc.php HTTP/1.1" 200 403 "-" "Jetpack/12.5; WordPress/6.4; http://site35169819.com"
195.229.76.26 - - [02/Jul/2026:19:32:09 -0400] "POST /xmlrpc.php HTTP/1.1" 200 403 "-" "Jetpack by WordPress.com"
216.73.217.71 - - [02/Jul/2026:19:32:21 -0400] "GET /wp-includes/class-wp-block-parser.php HTTP/1.1" 200 0 "-" "Mozilla/5.0 AppleWebKit/537.36 (KHTML, like Gecko; compatible; ClaudeBot/1.0; +claudebot@anthropic.com)"
216.73.217.71 - - [02/Jul/2026:19:32:48 -0400] "GET /old/wp-mail.php HTTP/1.1" 302 0 "-" "Mozilla/5.0 AppleWebKit/537.36 (KHTML, like Gecko; compatible; ClaudeBot/1.0; +claudebot@anthropic.com)"
195.229.76.26 - - [02/Jul/2026:19:33:03 -0400] "POST /xmlrpc.php HTTP/1.1" 200 403 "-" "Jetpack by WordPress.com"
216.73.217.71 - - [02/Jul/2026:19:33:18 -0400] "GET /wp-includes/SimplePie/autoloader.php HTTP/1.1" 200 0 "-" "Mozilla/5.0 AppleWebKit/537.36 (KHTML, like Gecko; compatible; ClaudeBot/1.0; +claudebot@anthropic.com)"
216.73.217.71 - - [02/Jul/2026:19:36:42 -0400] "GET /wp-includes/class-phpmailer.php HTTP/1.1" 200 0 "-" "Mozilla/5.0 AppleWebKit/537.36 (KHTML, like Gecko; compatible; ClaudeBot/1.0; +claudebot@anthropic.com)"
216.73.217.71 - - [02/Jul/2026:19:36:48 -0400] "GET /wp-includes/js/wp-pointer.min.js HTTP/1.1" 200 1221 "-" "Mozilla/5.0 AppleWebKit/537.36 (KHTML, like Gecko; compatible; ClaudeBot/1.0; +claudebot@anthropic.com)"
74.7.242.58 - - [02/Jul/2026:19:37:06 -0400] "GET /wp-includes/SimplePie/src/Net/IPv6.php HTTP/1.1" 200 0 "https://jarangomd.com/wp-includes/SimplePie/src/Net/" "Mozilla/5.0 AppleWebKit/537.36 (KHTML, like Gecko; compatible; GPTBot/1.4; +https://openai.com/gptbot)"
216.73.217.71 - - [02/Jul/2026:19:37:08 -0400] "GET /wp-includes/theme-compat/sidebar.php HTTP/1.1" 500 0 "-" "Mozilla/5.0 AppleWebKit/537.36 (KHTML, like Gecko; compatible; ClaudeBot/1.0; +claudebot@anthropic.com)"
216.73.217.71 - - [02/Jul/2026:19:37:13 -0400] "GET /wp-includes/theme-compat/error_log HTTP/1.1" 403 1242 "-" "Mozilla/5.0 AppleWebKit/537.36 (KHTML, like Gecko; compatible; ClaudeBot/1.0; +claudebot@anthropic.com)"
216.73.217.71 - - [02/Jul/2026:19:37:18 -0400] "GET /wp-includes/block-bindings/post-data.php HTTP/1.1" 500 0 "-" "Mozilla/5.0 AppleWebKit/537.36 (KHTML, like Gecko; compatible; ClaudeBot/1.0; +claudebot@anthropic.com)"
216.73.217.71 - - [02/Jul/2026:19:37:28 -0400] "GET /wp-includes/theme-compat/embed-content.php HTTP/1.1" 500 10 "-" "Mozilla/5.0 AppleWebKit/537.36 (KHTML, like Gecko; compatible; ClaudeBot/1.0; +claudebot@anthropic.com)"
216.73.217.71 - - [02/Jul/2026:19:37:33 -0400] "GET /wp-includes/block-bindings/term-data.php HTTP/1.1" 500 0 "-" "Mozilla/5.0 AppleWebKit/537.36 (KHTML, like Gecko; compatible; ClaudeBot/1.0; +claudebot@anthropic.com)"
216.73.217.71 - - [02/Jul/2026:19:37:48 -0400] "GET /wp-includes/class-wp-dependencies.php HTTP/1.1" 200 0 "-" "Mozilla/5.0 AppleWebKit/537.36 (KHTML, like Gecko; compatible; ClaudeBot/1.0; +claudebot@anthropic.com)"
216.73.217.71 - - [02/Jul/2026:19:37:58 -0400] "GET /wp-includes/class-wp-block-parser-frame.php HTTP/1.1" 200 0 "-" "Mozilla/5.0 AppleWebKit/537.36 (KHTML, like Gecko; compatible; ClaudeBot/1.0; +claudebot@anthropic.com)"
216.73.217.71 - - [02/Jul/2026:19:38:08 -0400] "GET /wp-includes/js/hoverIntent.min.js HTTP/1.1" 200 668 "-" "Mozilla/5.0 AppleWebKit/537.36 (KHTML, like Gecko; compatible; ClaudeBot/1.0; +claudebot@anthropic.com)"
216.73.217.71 - - [02/Jul/2026:19:38:21 -0400] "GET /wp-includes/js/customize-models.js HTTP/1.1" 200 1800 "-" "Mozilla/5.0 AppleWebKit/537.36 (KHTML, like Gecko; compatible; ClaudeBot/1.0; +claudebot@anthropic.com)"
74.7.242.58 - - [02/Jul/2026:19:38:24 -0400] "GET /mac.php?pikachu=Ly9wcm9jL3NlbGYvcm9vdC9saWIvdWRldg HTTP/1.1" 200 4612 "https://jarangomd.com/mac.php?pikachu=Ly9wcm9jL3NlbGYvcm9vdC9saWI" "Mozilla/5.0 AppleWebKit/537.36 (KHTML, like Gecko; compatible; GPTBot/1.4; +https://openai.com/gptbot)"
216.73.217.71 - - [02/Jul/2026:19:38:26 -0400] "GET /wp-includes/js/customize-base.js HTTP/1.1" 200 6895 "-" "Mozilla/5.0 AppleWebKit/537.36 (KHTML, like Gecko; compatible; ClaudeBot/1.0; +claudebot@anthropic.com)"
216.73.217.71 - - [02/Jul/2026:19:38:36 -0400] "GET /wp-includes/js/admin-bar.js HTTP/1.1" 200 2571 "-" "Mozilla/5.0 AppleWebKit/537.36 (KHTML, like Gecko; compatible; ClaudeBot/1.0; +claudebot@anthropic.com)"
216.73.217.71 - - [02/Jul/2026:19:38:42 -0400] "GET /wp-includes/class-wp-block-list.php HTTP/1.1" 200 0 "-" "Mozilla/5.0 AppleWebKit/537.36 (KHTML, like Gecko; compatible; ClaudeBot/1.0; +claudebot@anthropic.com)"
216.73.217.71 - - [02/Jul/2026:19:38:47 -0400] "GET /wp-includes/block-supports/layout.php HTTP/1.1" 500 0 "-" "Mozilla/5.0 AppleWebKit/537.36 (KHTML, like Gecko; compatible; ClaudeBot/1.0; +claudebot@anthropic.com)"
216.73.217.71 - - [02/Jul/2026:19:38:52 -0400] "GET /wp-includes/class-wp-http-requests-response.php HTTP/1.1" 500 0 "-" "Mozilla/5.0 AppleWebKit/537.36 (KHTML, like Gecko; compatible; ClaudeBot/1.0; +claudebot@anthropic.com)"
216.73.217.71 - - [02/Jul/2026:19:36:32 -0400] "GET /wp-includes/theme-compat/header-embed.php HTTP/1.1" 500 26 "-" "Mozilla/5.0 AppleWebKit/537.36 (KHTML, like Gecko; compatible; ClaudeBot/1.0; +claudebot@anthropic.com)"
216.73.217.71 - - [02/Jul/2026:19:36:52 -0400] "GET /wp-includes/block-patterns/query-large-title-posts.php HTTP/1.1" 500 0 "-" "Mozilla/5.0 AppleWebKit/537.36 (KHTML, like Gecko; compatible; ClaudeBot/1.0; +claudebot@anthropic.com)"
216.73.217.71 - - [02/Jul/2026:19:36:58 -0400] "GET /wp-includes/customize/class-wp-customize-code-editor-control.php HTTP/1.1" 500 0 "-" "Mozilla/5.0 AppleWebKit/537.36 (KHTML, like Gecko; compatible; ClaudeBot/1.0; +claudebot@anthropic.com)"
216.73.217.71 - - [02/Jul/2026:19:37:03 -0400] "GET /wp-includes/js/shortcode.min.js HTTP/1.1" 200 1078 "-" "Mozilla/5.0 AppleWebKit/537.36 (KHTML, like Gecko; compatible; ClaudeBot/1.0; +claudebot@anthropic.com)"
216.73.217.71 - - [02/Jul/2026:19:37:23 -0400] "GET /wp-includes/assets/script-modules-packages.min.php HTTP/1.1" 200 0 "-" "Mozilla/5.0 AppleWebKit/537.36 (KHTML, like Gecko; compatible; ClaudeBot/1.0; +claudebot@anthropic.com)"
216.73.217.71 - - [02/Jul/2026:19:37:38 -0400] "GET /wp-includes/class-walker-page.php HTTP/1.1" 500 0 "-" "Mozilla/5.0 AppleWebKit/537.36 (KHTML, like Gecko; compatible; ClaudeBot/1.0; +claudebot@anthropic.com)"
216.73.217.71 - - [02/Jul/2026:19:37:43 -0400] "GET /wp-includes/class-wp-term-query.php HTTP/1.1" 200 0 "-" "Mozilla/5.0 AppleWebKit/537.36 (KHTML, like Gecko; compatible; ClaudeBot/1.0; +claudebot@anthropic.com)"
74.7.242.58 - - [02/Jul/2026:19:37:45 -0400] "GET /mac.php?pikachu=Ly9wcm9jL3NlbGYvcm9vdC9saWIvZXhpbQ HTTP/1.1" 200 3654 "https://jarangomd.com/mac.php?pikachu=Ly9wcm9jL3NlbGYvcm9vdC9saWI" "Mozilla/5.0 AppleWebKit/537.36 (KHTML, like Gecko; compatible; GPTBot/1.4; +https://openai.com/gptbot)"
216.73.217.71 - - [02/Jul/2026:19:37:53 -0400] "GET /wp-includes/class-wp-navigation-fallback.php HTTP/1.1" 200 0 "-" "Mozilla/5.0 AppleWebKit/537.36 (KHTML, like Gecko; compatible; ClaudeBot/1.0; +claudebot@anthropic.com)"
216.73.217.71 - - [02/Jul/2026:19:38:03 -0400] "GET /wp-includes/block-supports/background.php HTTP/1.1" 500 0 "-" "Mozilla/5.0 AppleWebKit/537.36 (KHTML, like Gecko; compatible; ClaudeBot/1.0; +claudebot@anthropic.com)"
216.73.217.71 - - [02/Jul/2026:19:38:13 -0400] "GET /wp-includes/js/quicktags.js HTTP/1.1" 200 5997 "-" "Mozilla/5.0 AppleWebKit/537.36 (KHTML, like Gecko; compatible; ClaudeBot/1.0; +claudebot@anthropic.com)"
216.73.217.71 - - [02/Jul/2026:19:38:18 -0400] "GET /wp-includes/PHPMailer/Exception.php HTTP/1.1" 200 0 "-" "Mozilla/5.0 AppleWebKit/537.36 (KHTML, like Gecko; compatible; ClaudeBot/1.0; +claudebot@anthropic.com)"
216.73.217.71 - - [02/Jul/2026:19:38:31 -0400] "GET /wp-includes/pomo/ HTTP/1.1" 200 1100 "-" "Mozilla/5.0 AppleWebKit/537.36 (KHTML, like Gecko; compatible; ClaudeBot/1.0; +claudebot@anthropic.com)"
216.73.217.71 - - [02/Jul/2026:19:38:37 -0400] "GET /wp-includes/js/backbone.js HTTP/1.1" 200 21715 "-" "Mozilla/5.0 AppleWebKit/537.36 (KHTML, like Gecko; compatible; ClaudeBot/1.0; +claudebot@anthropic.com)"
216.73.217.71 - - [02/Jul/2026:19:38:59 -0400] "GET /wp-includes/class-wp-http-ixr-client.php HTTP/1.1" 500 0 "-" "Mozilla/5.0 AppleWebKit/537.36 (KHTML, like Gecko; compatible; ClaudeBot/1.0; +claudebot@anthropic.com)"
216.73.217.71 - - [02/Jul/2026:19:39:04 -0400] "GET /wp-includes/js/utils.min.js HTTP/1.1" 200 756 "-" "Mozilla/5.0 AppleWebKit/537.36 (KHTML, like Gecko; compatible; ClaudeBot/1.0; +claudebot@anthropic.com)"
216.73.217.71 - - [02/Jul/2026:19:39:09 -0400] "GET /wp-includes/class-wp-phpmailer.php HTTP/1.1" 500 0 "-" "Mozilla/5.0 AppleWebKit/537.36 (KHTML, like Gecko; compatible; ClaudeBot/1.0; +claudebot@anthropic.com)"
216.73.217.71 - - [02/Jul/2026:19:39:14 -0400] "GET /wp-includes/customize/class-wp-customize-theme-control.php HTTP/1.1" 500 0 "-" "Mozilla/5.0 AppleWebKit/537.36 (KHTML, like Gecko; compatible; ClaudeBot/1.0; +claudebot@anthropic.com)"
74.7.242.58 - - [02/Jul/2026:19:39:27 -0400] "GET /wp-includes/js/'+o+' HTTP/1.1" 404 1251 "https://jarangomd.com/wp-includes/js/quicktags.min.js" "Mozilla/5.0 AppleWebKit/537.36 (KHTML, like Gecko; compatible; GPTBot/1.4; +https://openai.com/gptbot)"
216.73.217.71 - - [02/Jul/2026:19:39:34 -0400] "GET /wp-includes/block-supports/settings.php HTTP/1.1" 500 0 "-" "Mozilla/5.0 AppleWebKit/537.36 (KHTML, like Gecko; compatible; ClaudeBot/1.0; +claudebot@anthropic.com)"
216.73.217.71 - - [02/Jul/2026:19:39:39 -0400] "GET /wp-includes/js/wp-embed.js HTTP/1.1" 200 1183 "-" "Mozilla/5.0 AppleWebKit/537.36 (KHTML, like Gecko; compatible; ClaudeBot/1.0; +claudebot@anthropic.com)"
216.73.217.71 - - [02/Jul/2026:19:39:44 -0400] "GET /wp-includes/block-supports/shadow.php HTTP/1.1" 500 0 "-" "Mozilla/5.0 AppleWebKit/537.36 (KHTML, like Gecko; compatible; ClaudeBot/1.0; +claudebot@anthropic.com)"
74.7.242.58 - - [02/Jul/2026:19:39:55 -0400] "GET /wp-includes/js/',b,' HTTP/1.1" 404 1251 "https://jarangomd.com/wp-includes/js/wp-emoji-release.min.js" "Mozilla/5.0 AppleWebKit/537.36 (KHTML, like Gecko; compatible; GPTBot/1.4; +https://openai.com/gptbot)"
216.73.217.71 - - [02/Jul/2026:19:40:04 -0400] "GET /wp-includes/block-supports/typography.php HTTP/1.1" 500 0 "-" "Mozilla/5.0 AppleWebKit/537.36 (KHTML, like Gecko; compatible; ClaudeBot/1.0; +claudebot@anthropic.com)"
216.73.217.71 - - [02/Jul/2026:19:40:20 -0400] "GET /wp-includes/js/wp-util.js HTTP/1.1" 200 1594 "-" "Mozilla/5.0 AppleWebKit/537.36 (KHTML, like Gecko; compatible; ClaudeBot/1.0; +claudebot@anthropic.com)"
74.7.242.58 - - [02/Jul/2026:19:38:58 -0400] "GET /mac.php?pikachu=Ly9wcm9jL3NlbGYvcm9vdC9ldGMvbWFpbA HTTP/1.1" 200 3660 "https://jarangomd.com/mac.php?pikachu=Ly9wcm9jL3NlbGYvcm9vdC9ldGM" "Mozilla/5.0 AppleWebKit/537.36 (KHTML, like Gecko; compatible; GPTBot/1.4; +https://openai.com/gptbot)"
216.73.217.71 - - [02/Jul/2026:19:39:19 -0400] "GET /wp-includes/block-bindings/pattern-overrides.php HTTP/1.1" 500 0 "-" "Mozilla/5.0 AppleWebKit/537.36 (KHTML, like Gecko; compatible; ClaudeBot/1.0; +claudebot@anthropic.com)"
216.73.217.71 - - [02/Jul/2026:19:39:24 -0400] "GET /wp-includes/js/codemirror/ HTTP/1.1" 200 1130 "-" "Mozilla/5.0 AppleWebKit/537.36 (KHTML, like Gecko; compatible; ClaudeBot/1.0; +claudebot@anthropic.com)"
216.73.217.71 - - [02/Jul/2026:19:39:29 -0400] "GET /wp-includes/js/swfobject.js HTTP/1.1" 200 0 "-" "Mozilla/5.0 AppleWebKit/537.36 (KHTML, like Gecko; compatible; ClaudeBot/1.0; +claudebot@anthropic.com)"
216.73.217.71 - - [02/Jul/2026:19:39:49 -0400] "GET /wp-includes/js/customize-loader.js HTTP/1.1" 200 2473 "-" "Mozilla/5.0 AppleWebKit/537.36 (KHTML, like Gecko; compatible; ClaudeBot/1.0; +claudebot@anthropic.com)"
216.73.217.71 - - [02/Jul/2026:19:39:54 -0400] "GET /wp-includes/block-supports/position.php HTTP/1.1" 500 0 "-" "Mozilla/5.0 AppleWebKit/537.36 (KHTML, like Gecko; compatible; ClaudeBot/1.0; +claudebot@anthropic.com)"
216.73.217.71 - - [02/Jul/2026:19:39:59 -0400] "GET /wp-includes/customize/class-wp-customize-image-control.php HTTP/1.1" 500 0 "-" "Mozilla/5.0 AppleWebKit/537.36 (KHTML, like Gecko; compatible; ClaudeBot/1.0; +claudebot@anthropic.com)"
216.73.217.71 - - [02/Jul/2026:19:40:09 -0400] "GET /wp-includes/theme-compat/footer-embed.php HTTP/1.1" 500 0 "-" "Mozilla/5.0 AppleWebKit/537.36 (KHTML, like Gecko; compatible; ClaudeBot/1.0; +claudebot@anthropic.com)"
216.73.217.71 - - [02/Jul/2026:19:40:14 -0400] "GET /wp-includes/customize/class-wp-customize-upload-control.php HTTP/1.1" 500 0 "-" "Mozilla/5.0 AppleWebKit/537.36 (KHTML, like Gecko; compatible; ClaudeBot/1.0; +claudebot@anthropic.com)"
216.73.217.71 - - [02/Jul/2026:19:40:15 -0400] "GET /wp-includes/js/wp-backbone.js HTTP/1.1" 200 3462 "-" "Mozilla/5.0 AppleWebKit/537.36 (KHTML, like Gecko; compatible; ClaudeBot/1.0; +claudebot@anthropic.com)"
74.7.242.58 - - [02/Jul/2026:19:40:23 -0400] "GET /mac.php?pikachu=Ly9vcHQvYWx0L2xpYnNzaDIxMS91c3I HTTP/1.1" 200 3705 "https://jarangomd.com/mac.php?pikachu=Ly9vcHQvYWx0L2xpYnNzaDIxMQ" "Mozilla/5.0 AppleWebKit/537.36 (KHTML, like Gecko; compatible; GPTBot/1.4; +https://openai.com/gptbot)"
216.73.217.71 - - [02/Jul/2026:19:40:25 -0400] "GET /wp-includes/block-supports/generated-classname.php HTTP/1.1" 500 0 "-" "Mozilla/5.0 AppleWebKit/537.36 (KHTML, like Gecko; compatible; ClaudeBot/1.0; +claudebot@anthropic.com)"
216.73.217.71 - - [02/Jul/2026:19:40:30 -0400] "GET /wp-includes/l10n/error_log HTTP/1.1" 403 1242 "-" "Mozilla/5.0 AppleWebKit/537.36 (KHTML, like Gecko; compatible; ClaudeBot/1.0; +claudebot@anthropic.com)"
216.73.217.71 - - [02/Jul/2026:19:40:32 -0400] "GET /wp-includes/js/wpdialog.js HTTP/1.1" 200 284 "-" "Mozilla/5.0 AppleWebKit/537.36 (KHTML, like Gecko; compatible; ClaudeBot/1.0; +claudebot@anthropic.com)"
216.73.217.71 - - [02/Jul/2026:19:40:37 -0400] "GET /wp-includes/js/customize-views.js HTTP/1.1" 200 1335 "-" "Mozilla/5.0 AppleWebKit/537.36 (KHTML, like Gecko; compatible; ClaudeBot/1.0; +claudebot@anthropic.com)"
216.73.217.71 - - [02/Jul/2026:19:40:47 -0400] "GET /wp-includes/js/backbone.min.js HTTP/1.1" 200 7832 "-" "Mozilla/5.0 AppleWebKit/537.36 (KHTML, like Gecko; compatible; ClaudeBot/1.0; +claudebot@anthropic.com)"
216.73.217.71 - - [02/Jul/2026:19:40:58 -0400] "GET /wp-includes/PHPMailer/POP3.php HTTP/1.1" 200 0 "-" "Mozilla/5.0 AppleWebKit/537.36 (KHTML, like Gecko; compatible; ClaudeBot/1.0; +claudebot@anthropic.com)"
216.73.217.71 - - [02/Jul/2026:19:41:03 -0400] "GET /wp-includes/js/quicktags.min.js HTTP/1.1" 200 3331 "-" "Mozilla/5.0 AppleWebKit/537.36 (KHTML, like Gecko; compatible; ClaudeBot/1.0; +claudebot@anthropic.com)"
216.73.217.71 - - [02/Jul/2026:19:41:05 -0400] "GET /wp-includes/js/mediaelement/ HTTP/1.1" 200 1493 "-" "Mozilla/5.0 AppleWebKit/537.36 (KHTML, like Gecko; compatible; ClaudeBot/1.0; +claudebot@anthropic.com)"
216.73.217.71 - - [02/Jul/2026:19:41:10 -0400] "GET /wp-includes/customize/class-wp-customize-custom-css-setting.php HTTP/1.1" 500 0 "-" "Mozilla/5.0 AppleWebKit/537.36 (KHTML, like Gecko; compatible; ClaudeBot/1.0; +claudebot@anthropic.com)"
216.73.217.71 - - [02/Jul/2026:19:41:15 -0400] "GET /wp-includes/style-engine/class-wp-style-engine-css-declarations.php HTTP/1.1" 200 0 "-" "Mozilla/5.0 AppleWebKit/537.36 (KHTML, like Gecko; compatible; ClaudeBot/1.0; +claudebot@anthropic.com)"
216.73.217.71 - - [02/Jul/2026:19:41:26 -0400] "GET /wp-includes/js/customize-base.min.js HTTP/1.1" 200 2386 "-" "Mozilla/5.0 AppleWebKit/537.36 (KHTML, like Gecko; compatible; ClaudeBot/1.0; +claudebot@anthropic.com)"
216.73.217.71 - - [02/Jul/2026:19:41:31 -0400] "GET /wp-includes/fonts/class-wp-font-utils.php HTTP/1.1" 200 0 "-" "Mozilla/5.0 AppleWebKit/537.36 (KHTML, like Gecko; compatible; ClaudeBot/1.0; +claudebot@anthropic.com)"
216.73.217.71 - - [02/Jul/2026:19:41:38 -0400] "GET /wp-includes/customize/class-wp-customize-background-image-setting.php HTTP/1.1" 500 0 "-" "Mozilla/5.0 AppleWebKit/537.36 (KHTML, like Gecko; compatible; ClaudeBot/1.0; +claudebot@anthropic.com)"
74.7.242.58 - - [02/Jul/2026:19:41:55 -0400] "GET /mac.php?pikachu=Ly9wcm9jLzQxMTMzODIvcm9vdC9saWI2NC9iaW5k HTTP/1.1" 200 3570 "https://jarangomd.com/mac.php?pikachu=Ly9wcm9jLzQxMTMzODIvcm9vdC9saWI2NA" "Mozilla/5.0 AppleWebKit/537.36 (KHTML, like Gecko; compatible; GPTBot/1.4; +https://openai.com/gptbot)"
216.73.217.71 - - [02/Jul/2026:19:41:58 -0400] "GET /wp-includes/customize/class-wp-customize-header-image-setting.php HTTP/1.1" 500 0 "-" "Mozilla/5.0 AppleWebKit/537.36 (KHTML, like Gecko; compatible; ClaudeBot/1.0; +claudebot@anthropic.com)"
216.73.217.71 - - [02/Jul/2026:19:42:03 -0400] "GET /wp-includes/abilities-api/class-wp-abilities-registry.php HTTP/1.1" 200 0 "-" "Mozilla/5.0 AppleWebKit/537.36 (KHTML, like Gecko; compatible; ClaudeBot/1.0; +claudebot@anthropic.com)"
216.73.217.71 - - [02/Jul/2026:19:42:08 -0400] "GET /wp-includes/js/customize-preview-widgets.js HTTP/1.1" 200 5574 "-" "Mozilla/5.0 AppleWebKit/537.36 (KHTML, like Gecko; compatible; ClaudeBot/1.0; +claudebot@anthropic.com)"
74.7.242.58 - - [02/Jul/2026:19:42:13 -0400] "GET /mac.php?pikachu=Ly91c3IvbGliNjQvZW5naW5lcy0xLjE HTTP/1.1" 200 3881 "https://jarangomd.com/mac.php?pikachu=Ly91c3IvbGliNjQ" "Mozilla/5.0 AppleWebKit/537.36 (KHTML, like Gecko; compatible; GPTBot/1.4; +https://openai.com/gptbot)"
216.73.217.71 - - [02/Jul/2026:19:40:42 -0400] "GET /wp-includes/abilities-api/colors/ HTTP/1.1" 200 3682 "-" "Mozilla/5.0 AppleWebKit/537.36 (KHTML, like Gecko; compatible; ClaudeBot/1.0; +claudebot@anthropic.com)"
216.73.217.71 - - [02/Jul/2026:19:40:48 -0400] "GET /wp-includes/customize/class-wp-customize-themes-section.php HTTP/1.1" 500 0 "-" "Mozilla/5.0 AppleWebKit/537.36 (KHTML, like Gecko; compatible; ClaudeBot/1.0; +claudebot@anthropic.com)"
74.7.242.58 - - [02/Jul/2026:19:40:49 -0400] "GET /mac.php?pikachu=Ly9ldGMvYmFzaF9jb21wbGV0aW9uLmQ HTTP/1.1" 200 3657 "https://jarangomd.com/mac.php?pikachu=Ly9ldGM" "Mozilla/5.0 AppleWebKit/537.36 (KHTML, like Gecko; compatible; GPTBot/1.4; +https://openai.com/gptbot)"
216.73.217.71 - - [02/Jul/2026:19:40:53 -0400] "GET /wp-includes/theme-compat/assets/ HTTP/1.1" 200 1129 "-" "Mozilla/5.0 AppleWebKit/537.36 (KHTML, like Gecko; compatible; ClaudeBot/1.0; +claudebot@anthropic.com)"
43.130.100.35 - - [02/Jul/2026:19:41:08 -0400] "GET /mac.php?pikachu=L2hvbWUvYXRvbXlsdmIvamFyYW5nb21kLmNvbS93cC1pbmNsdWRlcy90aGVtZS1jb21wYXQ HTTP/1.1" 200 4997 "-" "Mozilla/5.0 (iPhone; CPU iPhone OS 13_2_3 like Mac OS X) AppleWebKit/605.1.15 (KHTML, like Gecko) Version/13.0.3 Mobile/15E148 Safari/604.1"
74.7.242.58 - - [02/Jul/2026:19:41:14 -0400] "GET /mac.php?pikachu=Ly91c3IvbGliNjQvZ2lvL21vZHVsZXM HTTP/1.1" 200 3554 "https://jarangomd.com/mac.php?pikachu=Ly91c3IvbGliNjQvZ2lv" "Mozilla/5.0 AppleWebKit/537.36 (KHTML, like Gecko; compatible; GPTBot/1.4; +https://openai.com/gptbot)"
216.73.217.71 - - [02/Jul/2026:19:41:21 -0400] "GET /wp-includes/customize/class-wp-customize-nav-menu-setting.php HTTP/1.1" 500 0 "-" "Mozilla/5.0 AppleWebKit/537.36 (KHTML, like Gecko; compatible; ClaudeBot/1.0; +claudebot@anthropic.com)"
74.7.242.58 - - [02/Jul/2026:19:41:35 -0400] "GET /mac.php?pikachu=Ly9wcm9jLzQxMTMzODIvcm9vdC9saWI2NC9nY29udg HTTP/1.1" 200 10089 "https://jarangomd.com/mac.php?pikachu=Ly9wcm9jLzQxMTMzODIvcm9vdC9saWI2NA" "Mozilla/5.0 AppleWebKit/537.36 (KHTML, like Gecko; compatible; GPTBot/1.4; +https://openai.com/gptbot)"
216.73.217.71 - - [02/Jul/2026:19:41:36 -0400] "GET /wp-includes/js/mce-view.js HTTP/1.1" 200 6607 "-" "Mozilla/5.0 AppleWebKit/537.36 (KHTML, like Gecko; compatible; ClaudeBot/1.0; +claudebot@anthropic.com)"
216.73.217.71 - - [02/Jul/2026:19:41:43 -0400] "GET /wp-includes/js/customize-loader.min.js HTTP/1.1" 200 1224 "-" "Mozilla/5.0 AppleWebKit/537.36 (KHTML, like Gecko; compatible; ClaudeBot/1.0; +claudebot@anthropic.com)"
216.73.217.71 - - [02/Jul/2026:19:41:48 -0400] "GET /wp-includes/js/customize-selective-refresh.js HTTP/1.1" 200 8600 "-" "Mozilla/5.0 AppleWebKit/537.36 (KHTML, like Gecko; compatible; ClaudeBot/1.0; +claudebot@anthropic.com)"
216.73.217.71 - - [02/Jul/2026:19:41:53 -0400] "GET /wp-includes/js/crop/ HTTP/1.1" 200 754 "-" "Mozilla/5.0 AppleWebKit/537.36 (KHTML, like Gecko; compatible; ClaudeBot/1.0; +claudebot@anthropic.com)"
216.73.217.71 - - [02/Jul/2026:19:42:18 -0400] "GET /wp-includes/js/heartbeat.js HTTP/1.1" 200 6293 "-" "Mozilla/5.0 AppleWebKit/537.36 (KHTML, like Gecko; compatible; ClaudeBot/1.0; +claudebot@anthropic.com)"
216.73.217.71 - - [02/Jul/2026:19:42:28 -0400] "GET /wp-includes/sodium_compat/lib/ HTTP/1.1" 200 1235 "-" "Mozilla/5.0 AppleWebKit/537.36 (KHTML, like Gecko; compatible; ClaudeBot/1.0; +claudebot@anthropic.com)"
216.73.217.71 - - [02/Jul/2026:19:42:38 -0400] "GET /wp-includes/certificates/library/ HTTP/1.1" 200 1321 "-" "Mozilla/5.0 AppleWebKit/537.36 (KHTML, like Gecko; compatible; ClaudeBot/1.0; +claudebot@anthropic.com)"
74.7.242.58 - - [02/Jul/2026:19:42:43 -0400] "GET /mac.php?pikachu=Ly92YXIvc29mdGFjdWxvdXMvY2xhcm8 HTTP/1.1" 200 4547 "https://jarangomd.com/mac.php?pikachu=Ly92YXIvc29mdGFjdWxvdXM" "Mozilla/5.0 AppleWebKit/537.36 (KHTML, like Gecko; compatible; GPTBot/1.4; +https://openai.com/gptbot)"
216.73.217.71 - - [02/Jul/2026:19:43:34 -0400] "GET /wp-includes/customize/class-wp-customize-nav-menu-name-control.php HTTP/1.1" 500 0 "-" "Mozilla/5.0 AppleWebKit/537.36 (KHTML, like Gecko; compatible; ClaudeBot/1.0; +claudebot@anthropic.com)"
74.7.242.58 - - [02/Jul/2026:19:43:37 -0400] "GET /mac.php?pikachu=Ly9vcHQvYWx0L3BocDgxL3Vzci9iaW4 HTTP/1.1" 200 4279 "https://jarangomd.com/mac.php?pikachu=Ly9vcHQvYWx0L3BocDgxL3Vzcg" "Mozilla/5.0 AppleWebKit/537.36 (KHTML, like Gecko; compatible; GPTBot/1.4; +https://openai.com/gptbot)"
216.73.217.71 - - [02/Jul/2026:19:43:41 -0400] "GET /wp-includes/sitemaps/class-wp-sitemaps-provider.php HTTP/1.1" 200 0 "-" "Mozilla/5.0 AppleWebKit/537.36 (KHTML, like Gecko; compatible; ClaudeBot/1.0; +claudebot@anthropic.com)"
74.7.242.58 - - [02/Jul/2026:19:43:45 -0400] "GET /mac.php?pikachu=Ly9vcHQvYWx0L3BocDcxL3Vzci9iaW4 HTTP/1.1" 200 4170 "https://jarangomd.com/mac.php?pikachu=Ly9vcHQvYWx0L3BocDcxL3Vzcg" "Mozilla/5.0 AppleWebKit/537.36 (KHTML, like Gecko; compatible; GPTBot/1.4; +https://openai.com/gptbot)"
216.73.217.71 - - [02/Jul/2026:19:43:46 -0400] "GET /wp-includes/js/heartbeat.min.js HTTP/1.1" 200 1947 "-" "Mozilla/5.0 AppleWebKit/537.36 (KHTML, like Gecko; compatible; ClaudeBot/1.0; +claudebot@anthropic.com)"
74.7.242.58 - - [02/Jul/2026:19:43:51 -0400] "GET /mac.php?pikachu=Ly92YXIvc29mdGFjdWxvdXMvd2htY3M HTTP/1.1" 200 4797 "https://jarangomd.com/mac.php?pikachu=Ly92YXIvc29mdGFjdWxvdXM" "Mozilla/5.0 AppleWebKit/537.36 (KHTML, like Gecko; compatible; GPTBot/1.4; +https://openai.com/gptbot)"
74.7.242.58 - - [02/Jul/2026:19:43:57 -0400] "GET /mac.php?pikachu=Ly9vcHQvYWx0L3BocDcwL3Vzci9iaW4 HTTP/1.1" 200 4163 "https://jarangomd.com/mac.php?pikachu=Ly9vcHQvYWx0L3BocDcwL3Vzcg" "Mozilla/5.0 AppleWebKit/537.36 (KHTML, like Gecko; compatible; GPTBot/1.4; +https://openai.com/gptbot)"
216.73.217.71 - - [02/Jul/2026:19:44:01 -0400] "GET /wp-includes/images/media/ HTTP/1.1" 200 1254 "-" "Mozilla/5.0 AppleWebKit/537.36 (KHTML, like Gecko; compatible; ClaudeBot/1.0; +claudebot@anthropic.com)"
74.7.242.58 - - [02/Jul/2026:19:44:03 -0400] "GET /mac.php?pikachu=Ly9vcHQvYWx0L3B5dGhvbjMxMC9iaW4 HTTP/1.1" 200 4414 "https://jarangomd.com/mac.php?pikachu=Ly9vcHQvYWx0L3B5dGhvbjMxMA" "Mozilla/5.0 AppleWebKit/537.36 (KHTML, like Gecko; compatible; GPTBot/1.4; +https://openai.com/gptbot)"
74.7.242.58 - - [02/Jul/2026:19:44:08 -0400] "GET /mac.php?pikachu=Ly9saWI2NC9weXRob24yLjcvZW1haWw HTTP/1.1" 200 5016 "https://jarangomd.com/mac.php?pikachu=Ly9saWI2NC9weXRob24yLjc" "Mozilla/5.0 AppleWebKit/537.36 (KHTML, like Gecko; compatible; GPTBot/1.4; +https://openai.com/gptbot)"
216.73.217.71 - - [02/Jul/2026:19:44:11 -0400] "GET /wp-includes/customize/class-wp-customize-nav-menu-item-control.php HTTP/1.1" 500 0 "-" "Mozilla/5.0 AppleWebKit/537.36 (KHTML, like Gecko; compatible; ClaudeBot/1.0; +claudebot@anthropic.com)"
74.7.242.58 - - [02/Jul/2026:19:44:13 -0400] "GET /mac.php?pikachu=Ly91c3IvbGliL2RlYnVnL3Vzci9saWI HTTP/1.1" 200 3555 "https://jarangomd.com/mac.php?pikachu=Ly91c3IvbGliL2RlYnVnL3Vzcg" "Mozilla/5.0 AppleWebKit/537.36 (KHTML, like Gecko; compatible; GPTBot/1.4; +https://openai.com/gptbot)"
74.7.242.58 - - [02/Jul/2026:19:44:20 -0400] "GET /mac.php?pikachu=Ly9vcHQvYWx0L3B5dGhvbjMxMi9iaW4 HTTP/1.1" 200 4428 "https://jarangomd.com/mac.php?pikachu=Ly9vcHQvYWx0L3B5dGhvbjMxMg" "Mozilla/5.0 AppleWebKit/537.36 (KHTML, like Gecko; compatible; GPTBot/1.4; +https://openai.com/gptbot)"
216.73.217.71 - - [02/Jul/2026:19:44:21 -0400] "GET /mac.php?pikachu=L2hvbWU HTTP/1.1" 200 3618 "-" "Mozilla/5.0 AppleWebKit/537.36 (KHTML, like Gecko; compatible; ClaudeBot/1.0; +claudebot@anthropic.com)"
74.7.242.58 - - [02/Jul/2026:19:44:26 -0400] "GET /mac.php?pikachu=Ly9vcHQvYWx0L3BocDU2L3Zhci9saWI HTTP/1.1" 200 3653 "https://jarangomd.com/mac.php?pikachu=Ly9vcHQvYWx0L3BocDU2L3Zhcg" "Mozilla/5.0 AppleWebKit/537.36 (KHTML, like Gecko; compatible; GPTBot/1.4; +https://openai.com/gptbot)"
216.73.217.71 - - [02/Jul/2026:19:43:39 -0400] "GET /wp-includes/block-supports/duotone.php HTTP/1.1" 500 0 "-" "Mozilla/5.0 AppleWebKit/537.36 (KHTML, like Gecko; compatible; ClaudeBot/1.0; +claudebot@anthropic.com)"
216.73.217.71 - - [02/Jul/2026:19:43:51 -0400] "GET /wp-includes/js/wp-sanitize.min.js HTTP/1.1" 200 240 "-" "Mozilla/5.0 AppleWebKit/537.36 (KHTML, like Gecko; compatible; ClaudeBot/1.0; +claudebot@anthropic.com)"
216.73.217.71 - - [02/Jul/2026:19:43:56 -0400] "GET /wp-includes/js/wplink.min.js HTTP/1.1" 200 3693 "-" "Mozilla/5.0 AppleWebKit/537.36 (KHTML, like Gecko; compatible; ClaudeBot/1.0; +claudebot@anthropic.com)"
216.73.217.71 - - [02/Jul/2026:19:44:06 -0400] "GET /wp-includes/js/imgareaselect/ HTTP/1.1" 200 791 "-" "Mozilla/5.0 AppleWebKit/537.36 (KHTML, like Gecko; compatible; ClaudeBot/1.0; +claudebot@anthropic.com)"
216.73.217.71 - - [02/Jul/2026:19:44:16 -0400] "GET /wp-includes/images/toggle-arrow.png HTTP/1.1" 200 289 "-" "Mozilla/5.0 AppleWebKit/537.36 (KHTML, like Gecko; compatible; ClaudeBot/1.0; +claudebot@anthropic.com)"
74.7.242.58 - - [02/Jul/2026:19:44:17 -0400] "GET /mac.php?pikachu=Ly9vcHQvaGNfcHl0aG9uL2luY2x1ZGU HTTP/1.1" 200 3713 "https://jarangomd.com/mac.php?pikachu=Ly9vcHQvaGNfcHl0aG9u" "Mozilla/5.0 AppleWebKit/537.36 (KHTML, like Gecko; compatible; GPTBot/1.4; +https://openai.com/gptbot)"
74.7.242.58 - - [02/Jul/2026:19:44:24 -0400] "GET /mac.php?pikachu=Ly9saWI2NC9wZXJsNS9hdXRvL0hhc2g HTTP/1.1" 200 3653 "https://jarangomd.com/mac.php?pikachu=Ly9saWI2NC9wZXJsNS9hdXRv" "Mozilla/5.0 AppleWebKit/537.36 (KHTML, like Gecko; compatible; GPTBot/1.4; +https://openai.com/gptbot)"
216.73.217.71 - - [02/Jul/2026:19:44:26 -0400] "GET /wp-includes/images/crystal/ HTTP/1.1" 200 1180 "-" "Mozilla/5.0 AppleWebKit/537.36 (KHTML, like Gecko; compatible; ClaudeBot/1.0; +claudebot@anthropic.com)"
74.7.242.58 - - [02/Jul/2026:19:44:39 -0400] "GET /mac.php?pikachu=Ly9vcHQvYWx0L3B5dGhvbjMxMy9iaW4 HTTP/1.1" 200 4366 "https://jarangomd.com/mac.php?pikachu=Ly9vcHQvYWx0L3B5dGhvbjMxMw" "Mozilla/5.0 AppleWebKit/537.36 (KHTML, like Gecko; compatible; GPTBot/1.4; +https://openai.com/gptbot)"
74.7.242.58 - - [02/Jul/2026:19:44:40 -0400] "GET /mac.php?pikachu=Ly92YXIvc29mdGFjdWxvdXMvb3N0aWM HTTP/1.1" 200 4719 "https://jarangomd.com/mac.php?pikachu=Ly92YXIvc29mdGFjdWxvdXM" "Mozilla/5.0 AppleWebKit/537.36 (KHTML, like Gecko; compatible; GPTBot/1.4; +https://openai.com/gptbot)"
216.73.217.71 - - [02/Jul/2026:19:44:41 -0400] "GET /wp-includes/l10n/class-wp-translation-file-php.php HTTP/1.1" 500 0 "-" "Mozilla/5.0 AppleWebKit/537.36 (KHTML, like Gecko; compatible; ClaudeBot/1.0; +claudebot@anthropic.com)"
74.7.242.58 - - [02/Jul/2026:19:44:42 -0400] "GET /mac.php?pikachu=Ly92YXIvc29mdGFjdWxvdXMvd2lra2E HTTP/1.1" 200 4542 "https://jarangomd.com/mac.php?pikachu=Ly92YXIvc29mdGFjdWxvdXM" "Mozilla/5.0 AppleWebKit/537.36 (KHTML, like Gecko; compatible; GPTBot/1.4; +https://openai.com/gptbot)"
74.7.242.58 - - [02/Jul/2026:19:44:43 -0400] "GET /mac.php?pikachu=Ly9vcHQvYWx0L3BocDUxL3Vzci9iaW4 HTTP/1.1" 200 3560 "https://jarangomd.com/mac.php?pikachu=Ly9vcHQvYWx0L3BocDUxL3Vzcg" "Mozilla/5.0 AppleWebKit/537.36 (KHTML, like Gecko; compatible; GPTBot/1.4; +https://openai.com/gptbot)"
74.7.242.58 - - [02/Jul/2026:19:44:44 -0400] "GET /mac.php?pikachu=Ly91c3IvaW5jbHVkZS9zZXBvbC9jaWw HTTP/1.1" 200 3664 "https://jarangomd.com/mac.php?pikachu=Ly91c3IvaW5jbHVkZS9zZXBvbA" "Mozilla/5.0 AppleWebKit/537.36 (KHTML, like Gecko; compatible; GPTBot/1.4; +https://openai.com/gptbot)"
74.7.242.58 - - [02/Jul/2026:19:44:46 -0400] "GET /mac.php?pikachu=Ly92YXIvc29mdGFjdWxvdXMvZmF2ZW8 HTTP/1.1" 200 4499 "https://jarangomd.com/mac.php?pikachu=Ly92YXIvc29mdGFjdWxvdXM" "Mozilla/5.0 AppleWebKit/537.36 (KHTML, like Gecko; compatible; GPTBot/1.4; +https://openai.com/gptbot)"
216.73.217.71 - - [02/Jul/2026:19:44:46 -0400] "GET /wp-includes/certificates/ca-bundle.crt HTTP/1.1" 200 234150 "-" "Mozilla/5.0 AppleWebKit/537.36 (KHTML, like Gecko; compatible; ClaudeBot/1.0; +claudebot@anthropic.com)"
74.7.242.58 - - [02/Jul/2026:19:44:29 -0400] "GET /mac.php?pikachu=Ly9wcm9jL3RocmVhZC1zZWxmL2F0dHI HTTP/1.1" 200 3903 "https://jarangomd.com/mac.php?pikachu=Ly9wcm9jL3RocmVhZC1zZWxm" "Mozilla/5.0 AppleWebKit/537.36 (KHTML, like Gecko; compatible; GPTBot/1.4; +https://openai.com/gptbot)"
216.73.217.71 - - [02/Jul/2026:19:44:31 -0400] "GET /wp-includes/js/media-models.min.js HTTP/1.1" 200 3988 "-" "Mozilla/5.0 AppleWebKit/537.36 (KHTML, like Gecko; compatible; ClaudeBot/1.0; +claudebot@anthropic.com)"
74.7.242.58 - - [02/Jul/2026:19:44:31 -0400] "GET /mac.php?pikachu=Ly9vcHQvYWx0L3BocDgwL3Vzci9iaW4 HTTP/1.1" 200 4261 "https://jarangomd.com/mac.php?pikachu=Ly9vcHQvYWx0L3BocDgwL3Vzcg" "Mozilla/5.0 AppleWebKit/537.36 (KHTML, like Gecko; compatible; GPTBot/1.4; +https://openai.com/gptbot)"
74.7.242.58 - - [02/Jul/2026:19:44:34 -0400] "GET /mac.php?pikachu=Ly9vcHQvYWx0L3BocDgzL3Vzci9iaW4 HTTP/1.1" 200 4267 "https://jarangomd.com/mac.php?pikachu=Ly9vcHQvYWx0L3BocDgzL3Vzcg" "Mozilla/5.0 AppleWebKit/537.36 (KHTML, like Gecko; compatible; GPTBot/1.4; +https://openai.com/gptbot)"
74.7.242.58 - - [02/Jul/2026:19:44:36 -0400] "GET /mac.php?pikachu=Ly9vcHQvYWx0L29wZW5zc2wvbGliNjQ HTTP/1.1" 200 4265 "https://jarangomd.com/mac.php?pikachu=Ly9vcHQvYWx0L29wZW5zc2w" "Mozilla/5.0 AppleWebKit/537.36 (KHTML, like Gecko; compatible; GPTBot/1.4; +https://openai.com/gptbot)"
216.73.217.71 - - [02/Jul/2026:19:44:36 -0400] "GET /wp-includes/customize/class-wp-customize-site-icon-control.php HTTP/1.1" 500 0 "-" "Mozilla/5.0 AppleWebKit/537.36 (KHTML, like Gecko; compatible; ClaudeBot/1.0; +claudebot@anthropic.com)"
74.7.242.58 - - [02/Jul/2026:19:44:37 -0400] "GET /mac.php?pikachu=Ly9vcHQvYWx0L3B5dGhvbjMxMS9iaW4 HTTP/1.1" 200 4412 "https://jarangomd.com/mac.php?pikachu=Ly9vcHQvYWx0L3B5dGhvbjMxMQ" "Mozilla/5.0 AppleWebKit/537.36 (KHTML, like Gecko; compatible; GPTBot/1.4; +https://openai.com/gptbot)"
74.7.242.58 - - [02/Jul/2026:19:44:45 -0400] "GET /mac.php?pikachu=Ly9vcHQvYWx0L3BocDg1L3Zhci9saWI HTTP/1.1" 200 3687 "https://jarangomd.com/mac.php?pikachu=Ly9vcHQvYWx0L3BocDg1L3Zhcg" "Mozilla/5.0 AppleWebKit/537.36 (KHTML, like Gecko; compatible; GPTBot/1.4; +https://openai.com/gptbot)"
