74.7.242.58 - - [02/Jul/2026:10:54:52 -0400] "GET /wp-includes/class.wp-dependencies.php HTTP/1.1" 500 0 "https://jarangomd.com/wp-includes/" "Mozilla/5.0 AppleWebKit/537.36 (KHTML, like Gecko; compatible; GPTBot/1.4; +https://openai.com/gptbot)"
39.57.198.140 - - [02/Jul/2026:10:54:55 -0400] "POST /xmlrpc.php HTTP/1.1" 200 403 "-" "Jetpack by WordPress.com (Jetpack 12.5; WordPress 6.2)"
39.57.198.140 - - [02/Jul/2026:10:55:27 -0400] "POST /xmlrpc.php HTTP/1.1" 200 403 "-" "Jetpack by WordPress.com"
74.7.242.58 - - [02/Jul/2026:10:55:31 -0400] "GET /wp-includes/class-wp-phpmailer.php HTTP/1.1" 500 0 "https://jarangomd.com/wp-includes/" "Mozilla/5.0 AppleWebKit/537.36 (KHTML, like Gecko; compatible; GPTBot/1.4; +https://openai.com/gptbot)"
39.57.198.140 - - [02/Jul/2026:10:55:37 -0400] "POST /xmlrpc.php HTTP/1.1" 200 403 "-" "Jetpack by WordPress.com"
39.57.198.140 - - [02/Jul/2026:10:55:48 -0400] "POST /xmlrpc.php HTTP/1.1" 200 403 "-" "WordPress.com; https://wordpress.com"
39.57.198.140 - - [02/Jul/2026:10:55:58 -0400] "POST /xmlrpc.php HTTP/1.1" 200 403 "-" "Jetpack by WordPress.com"
39.57.198.140 - - [02/Jul/2026:10:56:19 -0400] "POST /xmlrpc.php HTTP/1.1" 200 403 "-" "Jetpack by WordPress.com"
39.57.198.140 - - [02/Jul/2026:10:56:40 -0400] "POST /xmlrpc.php HTTP/1.1" 200 403 "-" "Jetpack by WordPress.com (Jetpack 12.5; WordPress 6.2)"
39.57.198.140 - - [02/Jul/2026:10:56:51 -0400] "POST /xmlrpc.php HTTP/1.1" 200 403 "-" "Jetpack/12.0; WordPress/6.4; http://site34504708.com"
39.57.198.140 - - [02/Jul/2026:10:57:02 -0400] "POST /xmlrpc.php HTTP/1.1" 200 403 "-" "Jetpack by WordPress.com (Jetpack 13.0; WordPress 6.4)"
39.57.198.140 - - [02/Jul/2026:10:57:12 -0400] "POST /xmlrpc.php HTTP/1.1" 200 403 "-" "Jetpack by WordPress.com (Jetpack 12.0; WordPress 6.2)"
39.57.198.140 - - [02/Jul/2026:10:57:23 -0400] "POST /xmlrpc.php HTTP/1.1" 200 403 "-" "Jetpack by WordPress.com (Jetpack 12.0; WordPress 6.2)"
74.7.242.58 - - [02/Jul/2026:10:57:35 -0400] "GET /wp-includes/class-wp-textdomain-registry.php HTTP/1.1" 200 0 "https://jarangomd.com/wp-includes/" "Mozilla/5.0 AppleWebKit/537.36 (KHTML, like Gecko; compatible; GPTBot/1.4; +https://openai.com/gptbot)"
39.57.198.140 - - [02/Jul/2026:10:57:44 -0400] "POST /xmlrpc.php HTTP/1.1" 200 403 "-" "Jetpack by WordPress.com (Jetpack 12.5; WordPress 6.3)"
39.57.198.140 - - [02/Jul/2026:10:57:55 -0400] "POST /xmlrpc.php HTTP/1.1" 200 403 "-" "Jetpack by WordPress.com (Jetpack 13.0; WordPress 6.2)"
74.7.242.58 - - [02/Jul/2026:10:58:32 -0400] "GET /wp-includes/class-wp-theme-json-data.php HTTP/1.1" 200 0 "https://jarangomd.com/wp-includes/" "Mozilla/5.0 AppleWebKit/537.36 (KHTML, like Gecko; compatible; GPTBot/1.4; +https://openai.com/gptbot)"
39.57.198.140 - - [02/Jul/2026:10:52:49 -0400] "POST /xmlrpc.php HTTP/1.1" 200 403 "-" "Jetpack by WordPress.com"
39.57.198.140 - - [02/Jul/2026:10:53:00 -0400] "POST /xmlrpc.php HTTP/1.1" 200 403 "-" "Jetpack by WordPress.com (Jetpack 12.1; WordPress 6.2)"
39.57.198.140 - - [02/Jul/2026:10:53:10 -0400] "POST /xmlrpc.php HTTP/1.1" 200 403 "-" "WordPress.com; https://wordpress.com"
39.57.198.140 - - [02/Jul/2026:10:53:31 -0400] "POST /xmlrpc.php HTTP/1.1" 200 403 "-" "WordPress.com; https://wordpress.com"
39.57.198.140 - - [02/Jul/2026:10:53:52 -0400] "POST /xmlrpc.php HTTP/1.1" 200 403 "-" "Jetpack by WordPress.com (Jetpack 12.1; WordPress 6.1)"
74.7.242.58 - - [02/Jul/2026:10:54:05 -0400] "GET /wp-includes/class-requests.php HTTP/1.1" 200 0 "https://jarangomd.com/wp-includes/" "Mozilla/5.0 AppleWebKit/537.36 (KHTML, like Gecko; compatible; GPTBot/1.4; +https://openai.com/gptbot)"
39.57.198.140 - - [02/Jul/2026:10:54:24 -0400] "POST /xmlrpc.php HTTP/1.1" 200 403 "-" "Jetpack by WordPress.com"
39.57.198.140 - - [02/Jul/2026:10:54:34 -0400] "POST /xmlrpc.php HTTP/1.1" 200 403 "-" "Jetpack/12.5; WordPress/6.3; http://site80846592.com"
39.57.198.140 - - [02/Jul/2026:10:54:45 -0400] "POST /xmlrpc.php HTTP/1.1" 200 403 "-" "Jetpack by WordPress.com (Jetpack 12.5; WordPress 6.1)"
39.57.198.140 - - [02/Jul/2026:10:55:06 -0400] "POST /xmlrpc.php HTTP/1.1" 200 403 "-" "Jetpack/12.5; WordPress/6.4; http://site38150665.com"
39.57.198.140 - - [02/Jul/2026:10:55:16 -0400] "POST /xmlrpc.php HTTP/1.1" 200 403 "-" "WordPress.com; https://wordpress.com"
39.57.198.140 - - [02/Jul/2026:10:56:09 -0400] "POST /xmlrpc.php HTTP/1.1" 200 403 "-" "Jetpack/12.1; WordPress/6.4; http://site34650172.com"
39.57.198.140 - - [02/Jul/2026:10:56:30 -0400] "POST /xmlrpc.php HTTP/1.1" 200 403 "-" "WordPress.com; https://wordpress.com"
74.7.242.58 - - [02/Jul/2026:10:56:35 -0400] "GET /wp-includes/class-wp-dependencies.php HTTP/1.1" 200 0 "https://jarangomd.com/wp-includes/" "Mozilla/5.0 AppleWebKit/537.36 (KHTML, like Gecko; compatible; GPTBot/1.4; +https://openai.com/gptbot)"
39.57.198.140 - - [02/Jul/2026:10:57:34 -0400] "POST /xmlrpc.php HTTP/1.1" 200 403 "-" "Jetpack by WordPress.com (Jetpack 12.1; WordPress 6.2)"
39.57.198.140 - - [02/Jul/2026:10:58:06 -0400] "POST /xmlrpc.php HTTP/1.1" 200 403 "-" "Jetpack by WordPress.com (Jetpack 13.0; WordPress 6.1)"
74.7.242.58 - - [02/Jul/2026:11:01:12 -0400] "GET /wp-includes/https-migration.php HTTP/1.1" 200 0 "https://jarangomd.com/wp-includes/" "Mozilla/5.0 AppleWebKit/537.36 (KHTML, like Gecko; compatible; GPTBot/1.4; +https://openai.com/gptbot)"
74.7.242.58 - - [02/Jul/2026:11:02:07 -0400] "GET /wp-includes/template-canvas.php HTTP/1.1" 500 0 "https://jarangomd.com/wp-includes/" "Mozilla/5.0 AppleWebKit/537.36 (KHTML, like Gecko; compatible; GPTBot/1.4; +https://openai.com/gptbot)"
43.157.170.126 - - [02/Jul/2026:11:02:22 -0400] "GET /wp-cron.php HTTP/1.1" 200 0 "-" "Mozilla/5.0 (iPhone; CPU iPhone OS 13_2_3 like Mac OS X) AppleWebKit/605.1.15 (KHTML, like Gecko) Version/13.0.3 Mobile/15E148 Safari/604.1"
74.7.242.58 - - [02/Jul/2026:11:05:06 -0400] "GET /wp-includes/https-detection.php HTTP/1.1" 200 0 "https://jarangomd.com/wp-includes/" "Mozilla/5.0 AppleWebKit/537.36 (KHTML, like Gecko; compatible; GPTBot/1.4; +https://openai.com/gptbot)"
74.7.242.58 - - [02/Jul/2026:11:07:42 -0400] "GET /old/one.gz HTTP/1.1" 200 782 "https://jarangomd.com/old/" "Mozilla/5.0 AppleWebKit/537.36 (KHTML, like Gecko; compatible; GPTBot/1.4; +https://openai.com/gptbot)"
74.7.242.58 - - [02/Jul/2026:11:08:25 -0400] "GET /wp-includes/admin-bar.php HTTP/1.1" 200 0 "https://jarangomd.com/wp-includes/" "Mozilla/5.0 AppleWebKit/537.36 (KHTML, like Gecko; compatible; GPTBot/1.4; +https://openai.com/gptbot)"
74.7.242.58 - - [02/Jul/2026:11:09:35 -0400] "GET /wp-includes/class-wp-dependency.php HTTP/1.1" 200 0 "https://jarangomd.com/wp-includes/" "Mozilla/5.0 AppleWebKit/537.36 (KHTML, like Gecko; compatible; GPTBot/1.4; +https://openai.com/gptbot)"
74.7.242.58 - - [02/Jul/2026:10:59:23 -0400] "GET /wp-includes/template-loader.php HTTP/1.1" 500 0 "https://jarangomd.com/wp-includes/" "Mozilla/5.0 AppleWebKit/537.36 (KHTML, like Gecko; compatible; GPTBot/1.4; +https://openai.com/gptbot)"
74.7.242.58 - - [02/Jul/2026:11:00:09 -0400] "GET /wp-includes/robots-template.php HTTP/1.1" 200 0 "https://jarangomd.com/wp-includes/" "Mozilla/5.0 AppleWebKit/537.36 (KHTML, like Gecko; compatible; GPTBot/1.4; +https://openai.com/gptbot)"
74.7.242.58 - - [02/Jul/2026:11:02:55 -0400] "GET /wp-includes/class-simplepie.php HTTP/1.1" 500 0 "https://jarangomd.com/wp-includes/" "Mozilla/5.0 AppleWebKit/537.36 (KHTML, like Gecko; compatible; GPTBot/1.4; +https://openai.com/gptbot)"
74.7.242.58 - - [02/Jul/2026:11:04:00 -0400] "GET /wp-includes/theme-templates.php HTTP/1.1" 200 0 "https://jarangomd.com/wp-includes/" "Mozilla/5.0 AppleWebKit/537.36 (KHTML, like Gecko; compatible; GPTBot/1.4; +https://openai.com/gptbot)"
74.7.242.58 - - [02/Jul/2026:11:06:05 -0400] "GET /old/wp-admin/ HTTP/1.1" 302 0 "https://jarangomd.com/old/" "Mozilla/5.0 AppleWebKit/537.36 (KHTML, like Gecko; compatible; GPTBot/1.4; +https://openai.com/gptbot)"
74.7.242.58 - - [02/Jul/2026:11:06:09 -0400] "GET /old/wp-admin/install.php HTTP/1.1" 200 4112 "https://jarangomd.com/old/wp-admin/" "Mozilla/5.0 AppleWebKit/537.36 (KHTML, like Gecko; compatible; GPTBot/1.4; +https://openai.com/gptbot)"
74.7.242.58 - - [02/Jul/2026:11:06:55 -0400] "GET /wp-includes/class-wp-theme-json-schema.php HTTP/1.1" 200 0 "https://jarangomd.com/wp-includes/" "Mozilla/5.0 AppleWebKit/537.36 (KHTML, like Gecko; compatible; GPTBot/1.4; +https://openai.com/gptbot)"
74.7.242.58 - - [02/Jul/2026:11:09:02 -0400] "GET /wp-includes/class-wp-recovery-mode-key-service.php HTTP/1.1" 200 0 "https://jarangomd.com/wp-includes/" "Mozilla/5.0 AppleWebKit/537.36 (KHTML, like Gecko; compatible; GPTBot/1.4; +https://openai.com/gptbot)"
74.7.242.58 - - [02/Jul/2026:11:10:04 -0400] "GET /wp-includes/class-wp-http-streams.php HTTP/1.1" 200 0 "https://jarangomd.com/wp-includes/" "Mozilla/5.0 AppleWebKit/537.36 (KHTML, like Gecko; compatible; GPTBot/1.4; +https://openai.com/gptbot)"
74.7.242.58 - - [02/Jul/2026:11:10:31 -0400] "GET /wp-includes/class-wp-roles.php HTTP/1.1" 200 0 "https://jarangomd.com/wp-includes/" "Mozilla/5.0 AppleWebKit/537.36 (KHTML, like Gecko; compatible; GPTBot/1.4; +https://openai.com/gptbot)"
172.59.42.101 - - [02/Jul/2026:11:10:55 -0400] "GET /_autoindex/assets/css/autoindex.css HTTP/1.1" 200 1170 "https://jarangomd.com/" "Mozilla/5.0 (iPhone; CPU iPhone OS 26_5_0 like Mac OS X) AppleWebKit/605.1.15 (KHTML, like Gecko) GSA/426.7.931869700 Mobile/15E148 Safari/604.1"
172.59.42.101 - - [02/Jul/2026:11:10:55 -0400] "GET /_autoindex/assets/js/tablesort.js HTTP/1.1" 200 2137 "https://jarangomd.com/" "Mozilla/5.0 (iPhone; CPU iPhone OS 26_5_0 like Mac OS X) AppleWebKit/605.1.15 (KHTML, like Gecko) GSA/426.7.931869700 Mobile/15E148 Safari/604.1"
172.59.42.101 - - [02/Jul/2026:11:10:55 -0400] "GET /_autoindex/assets/js/tablesort.number.js HTTP/1.1" 200 322 "https://jarangomd.com/" "Mozilla/5.0 (iPhone; CPU iPhone OS 26_5_0 like Mac OS X) AppleWebKit/605.1.15 (KHTML, like Gecko) GSA/426.7.931869700 Mobile/15E148 Safari/604.1"
172.59.42.101 - - [02/Jul/2026:11:10:56 -0400] "GET /_autoindex/assets/icons/file.svg HTTP/1.1" 200 354 "https://jarangomd.com/" "Mozilla/5.0 (iPhone; CPU iPhone OS 26_5_0 like Mac OS X) AppleWebKit/605.1.15 (KHTML, like Gecko) GSA/426.7.931869700 Mobile/15E148 Safari/604.1"
172.59.42.101 - - [02/Jul/2026:11:10:56 -0400] "GET /_autoindex/assets/icons/file-text.svg HTTP/1.1" 200 394 "https://jarangomd.com/" "Mozilla/5.0 (iPhone; CPU iPhone OS 26_5_0 like Mac OS X) AppleWebKit/605.1.15 (KHTML, like Gecko) GSA/426.7.931869700 Mobile/15E148 Safari/604.1"
74.7.242.58 - - [02/Jul/2026:11:10:56 -0400] "GET /wp-includes/class-wp-block.php HTTP/1.1" 200 0 "https://jarangomd.com/wp-includes/" "Mozilla/5.0 AppleWebKit/537.36 (KHTML, like Gecko; compatible; GPTBot/1.4; +https://openai.com/gptbot)"
74.7.242.58 - - [02/Jul/2026:11:12:24 -0400] "GET /wp-includes/functions.wp-scripts.php HTTP/1.1" 200 0 "https://jarangomd.com/wp-includes/" "Mozilla/5.0 AppleWebKit/537.36 (KHTML, like Gecko; compatible; GPTBot/1.4; +https://openai.com/gptbot)"
43.157.175.122 - - [02/Jul/2026:11:12:34 -0400] "GET /wp-login.php?action=lostpassword HTTP/1.1" 200 1157 "-" "Mozilla/5.0 (iPhone; CPU iPhone OS 13_2_3 like Mac OS X) AppleWebKit/605.1.15 (KHTML, like Gecko) Version/13.0.3 Mobile/15E148 Safari/604.1"
74.7.242.58 - - [02/Jul/2026:11:12:37 -0400] "GET /wp-includes/default-widgets.php HTTP/1.1" 200 6 "https://jarangomd.com/wp-includes/" "Mozilla/5.0 AppleWebKit/537.36 (KHTML, like Gecko; compatible; GPTBot/1.4; +https://openai.com/gptbot)"
74.7.242.58 - - [02/Jul/2026:11:13:09 -0400] "GET /wp-includes/class-wp-styles.php HTTP/1.1" 500 0 "https://jarangomd.com/wp-includes/" "Mozilla/5.0 AppleWebKit/537.36 (KHTML, like Gecko; compatible; GPTBot/1.4; +https://openai.com/gptbot)"
74.7.242.58 - - [02/Jul/2026:11:13:17 -0400] "GET /old/wp-admin/import.php HTTP/1.1" 302 0 "https://jarangomd.com/old/readme.html" "Mozilla/5.0 AppleWebKit/537.36 (KHTML, like Gecko; compatible; GPTBot/1.4; +https://openai.com/gptbot)"
74.7.242.58 - - [02/Jul/2026:11:14:30 -0400] "GET /old/wp-admin/install.php HTTP/1.1" 200 4112 "https://jarangomd.com/old/wp-admin/update-core.php" "Mozilla/5.0 AppleWebKit/537.36 (KHTML, like Gecko; compatible; GPTBot/1.4; +https://openai.com/gptbot)"
170.64.203.104 - - [02/Jul/2026:11:15:09 -0400] "GET /.git/config HTTP/1.1" 403 1242 "-" "Mozilla/5.0 (X11; Linux x86_64) AppleWebKit/537.36 (KHTML, like Gecko) Chrome/81.0.4044.129 Safari/537.36"
74.7.242.58 - - [02/Jul/2026:11:15:10 -0400] "GET /wp-includes/class-wp-http-curl.php HTTP/1.1" 200 0 "https://jarangomd.com/wp-includes/" "Mozilla/5.0 AppleWebKit/537.36 (KHTML, like Gecko; compatible; GPTBot/1.4; +https://openai.com/gptbot)"
74.7.242.58 - - [02/Jul/2026:11:15:25 -0400] "GET /wp-includes/html-api/class-wp-html-span.php HTTP/1.1" 200 0 "https://jarangomd.com/wp-includes/html-api/" "Mozilla/5.0 AppleWebKit/537.36 (KHTML, like Gecko; compatible; GPTBot/1.4; +https://openai.com/gptbot)"
66.249.74.76 - - [02/Jul/2026:11:15:28 -0400] "GET /?ja=106974578579 HTTP/1.1" 200 1798 "-" "Mozilla/5.0 (Linux; Android 6.0.1; Nexus 5X Build/MMB29P) AppleWebKit/537.36 (KHTML, like Gecko) Chrome/149.0.7827.200 Mobile Safari/537.36 (compatible; Googlebot/2.1; +http://www.google.com/bot.html)"
74.7.242.58 - - [02/Jul/2026:11:15:39 -0400] "GET /wp-includes/class-walker-comment.php HTTP/1.1" 500 0 "https://jarangomd.com/wp-includes/" "Mozilla/5.0 AppleWebKit/537.36 (KHTML, like Gecko; compatible; GPTBot/1.4; +https://openai.com/gptbot)"
74.7.242.58 - - [02/Jul/2026:11:15:51 -0400] "GET /wp-includes/class-wp-walker.php HTTP/1.1" 200 0 "https://jarangomd.com/wp-includes/" "Mozilla/5.0 AppleWebKit/537.36 (KHTML, like Gecko; compatible; GPTBot/1.4; +https://openai.com/gptbot)"
74.7.242.58 - - [02/Jul/2026:11:16:27 -0400] "GET /wp-includes/class.wp-styles.php HTTP/1.1" 500 0 "https://jarangomd.com/wp-includes/" "Mozilla/5.0 AppleWebKit/537.36 (KHTML, like Gecko; compatible; GPTBot/1.4; +https://openai.com/gptbot)"
52.167.144.161 - - [02/Jul/2026:11:16:40 -0400] "GET /information/privacy_policy.html HTTP/1.1" 404 1251 "-" "Mozilla/5.0 AppleWebKit/537.36 (KHTML, like Gecko; compatible; bingbot/2.0; +http://www.bing.com/bingbot.htm) Chrome/116.0.1938.76 Safari/537.36"
74.7.242.58 - - [02/Jul/2026:11:17:00 -0400] "GET /wp-includes/class-wp-widget.php HTTP/1.1" 200 0 "https://jarangomd.com/wp-includes/" "Mozilla/5.0 AppleWebKit/537.36 (KHTML, like Gecko; compatible; GPTBot/1.4; +https://openai.com/gptbot)"
74.7.242.58 - - [02/Jul/2026:11:18:03 -0400] "GET /wp-includes/class-wp-oembed.php HTTP/1.1" 200 0 "https://jarangomd.com/wp-includes/" "Mozilla/5.0 AppleWebKit/537.36 (KHTML, like Gecko; compatible; GPTBot/1.4; +https://openai.com/gptbot)"
172.59.42.101 - - [02/Jul/2026:11:10:54 -0400] "GET / HTTP/1.1" 200 1796 "-" "Mozilla/5.0 (iPhone; CPU iPhone OS 26_5_0 like Mac OS X) AppleWebKit/605.1.15 (KHTML, like Gecko) GSA/426.7.931869700 Mobile/15E148 Safari/604.1"
172.59.42.101 - - [02/Jul/2026:11:10:56 -0400] "GET /_autoindex/assets/icons/folder-fill.svg HTTP/1.1" 200 333 "https://jarangomd.com/" "Mozilla/5.0 (iPhone; CPU iPhone OS 26_5_0 like Mac OS X) AppleWebKit/605.1.15 (KHTML, like Gecko) GSA/426.7.931869700 Mobile/15E148 Safari/604.1"
74.7.242.58 - - [02/Jul/2026:11:11:18 -0400] "GET /wp-includes/class-wp-theme.php HTTP/1.1" 200 0 "https://jarangomd.com/wp-includes/" "Mozilla/5.0 AppleWebKit/537.36 (KHTML, like Gecko; compatible; GPTBot/1.4; +https://openai.com/gptbot)"
74.7.242.58 - - [02/Jul/2026:11:11:37 -0400] "GET /wp-includes/class-wp-query.php HTTP/1.1" 200 0 "https://jarangomd.com/wp-includes/" "Mozilla/5.0 AppleWebKit/537.36 (KHTML, like Gecko; compatible; GPTBot/1.4; +https://openai.com/gptbot)"
74.7.242.58 - - [02/Jul/2026:11:11:54 -0400] "GET /wp-includes/class-wp-block-metadata-registry.php HTTP/1.1" 200 0 "https://jarangomd.com/wp-includes/" "Mozilla/5.0 AppleWebKit/537.36 (KHTML, like Gecko; compatible; GPTBot/1.4; +https://openai.com/gptbot)"
74.7.242.58 - - [02/Jul/2026:11:12:10 -0400] "GET /wp-includes/class-wp-http-cookie.php HTTP/1.1" 200 0 "https://jarangomd.com/wp-includes/" "Mozilla/5.0 AppleWebKit/537.36 (KHTML, like Gecko; compatible; GPTBot/1.4; +https://openai.com/gptbot)"
74.7.242.58 - - [02/Jul/2026:11:12:49 -0400] "GET /wp-includes/default-filters.php HTTP/1.1" 200 6 "https://jarangomd.com/wp-includes/" "Mozilla/5.0 AppleWebKit/537.36 (KHTML, like Gecko; compatible; GPTBot/1.4; +https://openai.com/gptbot)"
74.7.242.58 - - [02/Jul/2026:11:12:59 -0400] "GET /wp-includes/class-wp-locale.php HTTP/1.1" 200 0 "https://jarangomd.com/wp-includes/" "Mozilla/5.0 AppleWebKit/537.36 (KHTML, like Gecko; compatible; GPTBot/1.4; +https://openai.com/gptbot)"
74.7.242.58 - - [02/Jul/2026:11:13:21 -0400] "GET /old/wp-admin/install.php HTTP/1.1" 200 4112 "https://jarangomd.com/old/wp-admin/import.php" "Mozilla/5.0 AppleWebKit/537.36 (KHTML, like Gecko; compatible; GPTBot/1.4; +https://openai.com/gptbot)"
74.7.242.58 - - [02/Jul/2026:11:13:43 -0400] "GET /wp-includes/PHPMailer/ HTTP/1.1" 200 1185 "https://jarangomd.com/wp-includes/" "Mozilla/5.0 AppleWebKit/537.36 (KHTML, like Gecko; compatible; GPTBot/1.4; +https://openai.com/gptbot)"
74.7.242.58 - - [02/Jul/2026:11:14:07 -0400] "GET /wp-includes/class-wp-theme-json-resolver.php HTTP/1.1" 200 0 "https://jarangomd.com/wp-includes/" "Mozilla/5.0 AppleWebKit/537.36 (KHTML, like Gecko; compatible; GPTBot/1.4; +https://openai.com/gptbot)"
74.7.242.58 - - [02/Jul/2026:11:14:27 -0400] "GET /old/wp-admin/update-core.php HTTP/1.1" 302 0 "https://jarangomd.com/old/readme.html" "Mozilla/5.0 AppleWebKit/537.36 (KHTML, like Gecko; compatible; GPTBot/1.4; +https://openai.com/gptbot)"
74.7.242.58 - - [02/Jul/2026:11:14:52 -0400] "GET /old/wp-admin/images/wordpress-logo.png HTTP/1.1" 200 2480 "https://jarangomd.com/old/readme.html" "Mozilla/5.0 AppleWebKit/537.36 (KHTML, like Gecko; compatible; GPTBot/1.4; +https://openai.com/gptbot)"
66.249.74.75 - - [02/Jul/2026:11:15:28 -0400] "GET /robots.txt HTTP/1.1" 200 67 "-" "Mozilla/5.0 (compatible; Googlebot/2.1; +http://www.google.com/bot.html)"
74.7.242.58 - - [02/Jul/2026:11:18:59 -0400] "GET /wp-includes/PHPMailer/PHPMailer.php HTTP/1.1" 200 0 "https://jarangomd.com/wp-includes/PHPMailer/" "Mozilla/5.0 AppleWebKit/537.36 (KHTML, like Gecko; compatible; GPTBot/1.4; +https://openai.com/gptbot)"
74.7.242.58 - - [02/Jul/2026:11:19:49 -0400] "GET /wp-includes/functions.wp-styles.php HTTP/1.1" 200 0 "https://jarangomd.com/wp-includes/" "Mozilla/5.0 AppleWebKit/537.36 (KHTML, like Gecko; compatible; GPTBot/1.4; +https://openai.com/gptbot)"
74.7.242.58 - - [02/Jul/2026:11:20:34 -0400] "GET /wp-includes/class-wp-image-editor.php HTTP/1.1" 200 0 "https://jarangomd.com/wp-includes/" "Mozilla/5.0 AppleWebKit/537.36 (KHTML, like Gecko; compatible; GPTBot/1.4; +https://openai.com/gptbot)"
74.7.242.58 - - [02/Jul/2026:11:21:17 -0400] "GET /wp-includes/class-walker-category-dropdown.php HTTP/1.1" 500 0 "https://jarangomd.com/wp-includes/" "Mozilla/5.0 AppleWebKit/537.36 (KHTML, like Gecko; compatible; GPTBot/1.4; +https://openai.com/gptbot)"
74.7.242.58 - - [02/Jul/2026:11:21:53 -0400] "GET /wp-includes/images/ HTTP/1.1" 200 1662 "https://jarangomd.com/wp-includes/" "Mozilla/5.0 AppleWebKit/537.36 (KHTML, like Gecko; compatible; GPTBot/1.4; +https://openai.com/gptbot)"
74.7.242.58 - - [02/Jul/2026:11:23:53 -0400] "GET /wp-includes/class-wp-object-cache.php HTTP/1.1" 200 0 "https://jarangomd.com/wp-includes/" "Mozilla/5.0 AppleWebKit/537.36 (KHTML, like Gecko; compatible; GPTBot/1.4; +https://openai.com/gptbot)"
170.106.165.76 - - [02/Jul/2026:11:24:46 -0400] "GET /?SD HTTP/1.1" 200 2122 "-" "Mozilla/5.0 (iPhone; CPU iPhone OS 13_2_3 like Mac OS X) AppleWebKit/605.1.15 (KHTML, like Gecko) Version/13.0.3 Mobile/15E148 Safari/604.1"
74.7.242.58 - - [02/Jul/2026:11:26:12 -0400] "GET /wp-includes/class-wp-date-query.php HTTP/1.1" 200 0 "https://jarangomd.com/wp-includes/" "Mozilla/5.0 AppleWebKit/537.36 (KHTML, like Gecko; compatible; GPTBot/1.4; +https://openai.com/gptbot)"
74.7.242.58 - - [02/Jul/2026:11:27:53 -0400] "GET /wp-includes/class-wp-site-query.php HTTP/1.1" 200 0 "https://jarangomd.com/wp-includes/" "Mozilla/5.0 AppleWebKit/537.36 (KHTML, like Gecko; compatible; GPTBot/1.4; +https://openai.com/gptbot)"
74.7.242.58 - - [02/Jul/2026:11:28:21 -0400] "GET /wp-admin/images/spinner-2x.gif HTTP/1.1" 200 7536 "https://jarangomd.com/wp-admin/css/install.css?ver=20100228" "Mozilla/5.0 AppleWebKit/537.36 (KHTML, like Gecko; compatible; GPTBot/1.4; +https://openai.com/gptbot)"
198.54.125.222 - - [02/Jul/2026:11:28:29 -0400] "POST /wp-cron.php?doing_wp_cron=1783006109.4008009433746337890625 HTTP/1.1" 200 0 "-" "WordPress/6.9.4; https://jarangomd.com"
74.7.242.58 - - [02/Jul/2026:11:30:27 -0400] "GET /wp-includes/images/arrow-pointer-blue.png HTTP/1.1" 200 793 "https://jarangomd.com/wp-includes/images/" "Mozilla/5.0 AppleWebKit/537.36 (KHTML, like Gecko; compatible; GPTBot/1.4; +https://openai.com/gptbot)"
74.7.242.58 - - [02/Jul/2026:11:30:39 -0400] "GET /wp-includes/images/arrow-pointer-blue-2x.png HTTP/1.1" 200 1666 "https://jarangomd.com/wp-includes/images/" "Mozilla/5.0 AppleWebKit/537.36 (KHTML, like Gecko; compatible; GPTBot/1.4; +https://openai.com/gptbot)"
74.7.242.58 - - [02/Jul/2026:11:22:58 -0400] "GET /wp-includes/class-wp-block-parser.php HTTP/1.1" 200 0 "https://jarangomd.com/wp-includes/" "Mozilla/5.0 AppleWebKit/537.36 (KHTML, like Gecko; compatible; GPTBot/1.4; +https://openai.com/gptbot)"
74.7.242.58 - - [02/Jul/2026:11:24:44 -0400] "GET /wp-includes/class-wp-block-type-registry.php HTTP/1.1" 200 0 "https://jarangomd.com/wp-includes/" "Mozilla/5.0 AppleWebKit/537.36 (KHTML, like Gecko; compatible; GPTBot/1.4; +https://openai.com/gptbot)"
74.7.242.58 - - [02/Jul/2026:11:25:29 -0400] "GET /wp-includes/class-wp-term-query.php HTTP/1.1" 200 0 "https://jarangomd.com/wp-includes/" "Mozilla/5.0 AppleWebKit/537.36 (KHTML, like Gecko; compatible; GPTBot/1.4; +https://openai.com/gptbot)"
74.7.242.58 - - [02/Jul/2026:11:26:50 -0400] "GET /wp-includes/class-wp-meta-query.php HTTP/1.1" 200 0 "https://jarangomd.com/wp-includes/" "Mozilla/5.0 AppleWebKit/537.36 (KHTML, like Gecko; compatible; GPTBot/1.4; +https://openai.com/gptbot)"
54.39.89.49 - - [02/Jul/2026:11:27:00 -0400] "GET /wp-sitemap.xml HTTP/1.1" 404 1251 "-" "Mozilla/5.0 (compatible; AhrefsBot/7.0; +http://ahrefs.com/robot/)"
74.7.242.58 - - [02/Jul/2026:11:27:24 -0400] "GET /wp-includes/class-wp-http-proxy.php HTTP/1.1" 200 0 "https://jarangomd.com/wp-includes/" "Mozilla/5.0 AppleWebKit/537.36 (KHTML, like Gecko; compatible; GPTBot/1.4; +https://openai.com/gptbot)"
213.171.208.62 - - [02/Jul/2026:11:28:28 -0400] "GET /wp-login.php HTTP/1.1" 200 1809 "-" "Mozilla/5.0 (X11; Linux i686) AppleWebKit/537.36 (KHTML, like Gecko) Chrome/133.0.0.0 Safari/537.36"
213.171.208.62 - - [02/Jul/2026:11:28:29 -0400] "POST /wp-login.php HTTP/1.1" 200 1935 "https://jarangomd.com/wp-login.php" "Mozilla/5.0 (X11; Linux i686) AppleWebKit/537.36 (KHTML, like Gecko) Chrome/133.0.0.0 Safari/537.36"
74.7.242.58 - - [02/Jul/2026:11:28:45 -0400] "GET /wp-includes/html-api/class-wp-html-token.php HTTP/1.1" 200 0 "https://jarangomd.com/wp-includes/html-api/" "Mozilla/5.0 AppleWebKit/537.36 (KHTML, like Gecko; compatible; GPTBot/1.4; +https://openai.com/gptbot)"
74.7.242.58 - - [02/Jul/2026:11:29:07 -0400] "GET /wp-includes/images/icon-pointer-flag.png HTTP/1.1" 200 783 "https://jarangomd.com/wp-includes/images/" "Mozilla/5.0 AppleWebKit/537.36 (KHTML, like Gecko; compatible; GPTBot/1.4; +https://openai.com/gptbot)"
74.7.242.58 - - [02/Jul/2026:11:29:28 -0400] "GET /wp-includes/images/admin-bar-sprite.png HTTP/1.1" 200 2467 "https://jarangomd.com/wp-includes/images/" "Mozilla/5.0 AppleWebKit/537.36 (KHTML, like Gecko; compatible; GPTBot/1.4; +https://openai.com/gptbot)"
74.7.242.58 - - [02/Jul/2026:11:29:45 -0400] "GET /wp-includes/images/icon-pointer-flag-2x.png HTTP/1.1" 200 1369 "https://jarangomd.com/wp-includes/images/" "Mozilla/5.0 AppleWebKit/537.36 (KHTML, like Gecko; compatible; GPTBot/1.4; +https://openai.com/gptbot)"
74.7.242.58 - - [02/Jul/2026:11:30:01 -0400] "GET /wp-includes/images/w-logo-blue-white-bg.png HTTP/1.1" 200 4119 "https://jarangomd.com/wp-includes/images/" "Mozilla/5.0 AppleWebKit/537.36 (KHTML, like Gecko; compatible; GPTBot/1.4; +https://openai.com/gptbot)"
74.7.242.58 - - [02/Jul/2026:11:30:15 -0400] "GET /wp-includes/images/admin-bar-sprite-2x.png HTTP/1.1" 200 3999 "https://jarangomd.com/wp-includes/images/" "Mozilla/5.0 AppleWebKit/537.36 (KHTML, like Gecko; compatible; GPTBot/1.4; +https://openai.com/gptbot)"
74.7.242.58 - - [02/Jul/2026:11:30:50 -0400] "GET /wp-includes/images/uploader-icons-2x.png HTTP/1.1" 200 3542 "https://jarangomd.com/wp-includes/images/" "Mozilla/5.0 AppleWebKit/537.36 (KHTML, like Gecko; compatible; GPTBot/1.4; +https://openai.com/gptbot)"
74.7.242.58 - - [02/Jul/2026:11:30:59 -0400] "GET /wp-includes/images/uploader-icons.png HTTP/1.1" 200 1556 "https://jarangomd.com/wp-includes/images/" "Mozilla/5.0 AppleWebKit/537.36 (KHTML, like Gecko; compatible; GPTBot/1.4; +https://openai.com/gptbot)"
74.7.242.58 - - [02/Jul/2026:11:31:07 -0400] "GET /wp-includes/images/rss-2x.png HTTP/1.1" 200 1306 "https://jarangomd.com/wp-includes/images/" "Mozilla/5.0 AppleWebKit/537.36 (KHTML, like Gecko; compatible; GPTBot/1.4; +https://openai.com/gptbot)"
74.7.242.58 - - [02/Jul/2026:11:31:15 -0400] "GET /wp-includes/images/xit-2x.gif HTTP/1.1" 200 825 "https://jarangomd.com/wp-includes/images/" "Mozilla/5.0 AppleWebKit/537.36 (KHTML, like Gecko; compatible; GPTBot/1.4; +https://openai.com/gptbot)"
74.7.242.58 - - [02/Jul/2026:11:31:22 -0400] "GET /wp-includes/bookmark-template.php HTTP/1.1" 200 0 "https://jarangomd.com/wp-includes/" "Mozilla/5.0 AppleWebKit/537.36 (KHTML, like Gecko; compatible; GPTBot/1.4; +https://openai.com/gptbot)"
74.7.242.58 - - [02/Jul/2026:11:31:28 -0400] "GET /wp-includes/certificates/ HTTP/1.1" 200 679 "https://jarangomd.com/wp-includes/" "Mozilla/5.0 AppleWebKit/537.36 (KHTML, like Gecko; compatible; GPTBot/1.4; +https://openai.com/gptbot)"
74.7.242.58 - - [02/Jul/2026:11:31:54 -0400] "GET /wp-includes/class-wp-tax-query.php HTTP/1.1" 200 0 "https://jarangomd.com/wp-includes/" "Mozilla/5.0 AppleWebKit/537.36 (KHTML, like Gecko; compatible; GPTBot/1.4; +https://openai.com/gptbot)"
74.7.242.58 - - [02/Jul/2026:11:31:57 -0400] "GET /wp-includes/class-wp-token-map.php HTTP/1.1" 200 0 "https://jarangomd.com/wp-includes/" "Mozilla/5.0 AppleWebKit/537.36 (KHTML, like Gecko; compatible; GPTBot/1.4; +https://openai.com/gptbot)"
74.7.242.58 - - [02/Jul/2026:11:32:02 -0400] "GET /wp-includes/images/blank.gif HTTP/1.1" 200 43 "https://jarangomd.com/wp-includes/images/" "Mozilla/5.0 AppleWebKit/537.36 (KHTML, like Gecko; compatible; GPTBot/1.4; +https://openai.com/gptbot)"
74.7.242.58 - - [02/Jul/2026:11:32:04 -0400] "GET /wp-includes/interactivity-api/error_log HTTP/1.1" 403 1242 "https://jarangomd.com/wp-includes/interactivity-api/" "Mozilla/5.0 AppleWebKit/537.36 (KHTML, like Gecko; compatible; GPTBot/1.4; +https://openai.com/gptbot)"
74.7.242.58 - - [02/Jul/2026:11:32:06 -0400] "GET /wp-includes/certificates/ca-bundle.crt HTTP/1.1" 200 234150 "https://jarangomd.com/wp-includes/certificates/" "Mozilla/5.0 AppleWebKit/537.36 (KHTML, like Gecko; compatible; GPTBot/1.4; +https://openai.com/gptbot)"
74.7.242.58 - - [02/Jul/2026:11:32:12 -0400] "GET /old/wp-admin/upgrade.php HTTP/1.1" 200 1236 "https://jarangomd.com/old/readme.html" "Mozilla/5.0 AppleWebKit/537.36 (KHTML, like Gecko; compatible; GPTBot/1.4; +https://openai.com/gptbot)"
74.7.242.58 - - [02/Jul/2026:11:32:33 -0400] "GET /wp-includes/images/?SA HTTP/1.1" 200 1748 "https://jarangomd.com/wp-includes/images/" "Mozilla/5.0 AppleWebKit/537.36 (KHTML, like Gecko; compatible; GPTBot/1.4; +https://openai.com/gptbot)"
74.7.242.58 - - [02/Jul/2026:11:32:35 -0400] "GET /wp-includes/shortcodes.php HTTP/1.1" 200 0 "https://jarangomd.com/wp-includes/" "Mozilla/5.0 AppleWebKit/537.36 (KHTML, like Gecko; compatible; GPTBot/1.4; +https://openai.com/gptbot)"
74.7.242.58 - - [02/Jul/2026:11:32:35 -0400] "GET /wp-includes/embed.php HTTP/1.1" 200 0 "https://jarangomd.com/wp-includes/" "Mozilla/5.0 AppleWebKit/537.36 (KHTML, like Gecko; compatible; GPTBot/1.4; +https://openai.com/gptbot)"
74.7.242.58 - - [02/Jul/2026:11:32:37 -0400] "GET /wp-includes/PHPMailer/DSNConfigurator.php HTTP/1.1" 200 0 "https://jarangomd.com/wp-includes/PHPMailer/" "Mozilla/5.0 AppleWebKit/537.36 (KHTML, like Gecko; compatible; GPTBot/1.4; +https://openai.com/gptbot)"
74.7.242.58 - - [02/Jul/2026:11:32:38 -0400] "GET /wp-includes/rest-api/class-wp-rest-request.php HTTP/1.1" 200 0 "https://jarangomd.com/wp-includes/rest-api/" "Mozilla/5.0 AppleWebKit/537.36 (KHTML, like Gecko; compatible; GPTBot/1.4; +https://openai.com/gptbot)"
74.7.242.58 - - [02/Jul/2026:11:32:38 -0400] "GET /wp-includes/class-wp-editor.php HTTP/1.1" 200 0 "https://jarangomd.com/wp-includes/" "Mozilla/5.0 AppleWebKit/537.36 (KHTML, like Gecko; compatible; GPTBot/1.4; +https://openai.com/gptbot)"
74.7.242.58 - - [02/Jul/2026:11:31:33 -0400] "GET /wp-includes/html-api/class-wp-html-stack-event.php HTTP/1.1" 200 0 "https://jarangomd.com/wp-includes/html-api/" "Mozilla/5.0 AppleWebKit/537.36 (KHTML, like Gecko; compatible; GPTBot/1.4; +https://openai.com/gptbot)"
74.7.242.58 - - [02/Jul/2026:11:31:38 -0400] "GET /wp-includes/general-template.php HTTP/1.1" 200 0 "https://jarangomd.com/wp-includes/" "Mozilla/5.0 AppleWebKit/537.36 (KHTML, like Gecko; compatible; GPTBot/1.4; +https://openai.com/gptbot)"
74.7.242.58 - - [02/Jul/2026:11:31:43 -0400] "GET /wp-includes/class-wp-exception.php HTTP/1.1" 200 0 "https://jarangomd.com/wp-includes/" "Mozilla/5.0 AppleWebKit/537.36 (KHTML, like Gecko; compatible; GPTBot/1.4; +https://openai.com/gptbot)"
74.7.242.58 - - [02/Jul/2026:11:31:47 -0400] "GET /wp-includes/html-api/class-wp-html-open-elements.php HTTP/1.1" 200 0 "https://jarangomd.com/wp-includes/html-api/" "Mozilla/5.0 AppleWebKit/537.36 (KHTML, like Gecko; compatible; GPTBot/1.4; +https://openai.com/gptbot)"
74.7.242.58 - - [02/Jul/2026:11:31:51 -0400] "GET /wp-includes/images/toggle-arrow-2x.png HTTP/1.1" 200 354 "https://jarangomd.com/wp-includes/images/" "Mozilla/5.0 AppleWebKit/537.36 (KHTML, like Gecko; compatible; GPTBot/1.4; +https://openai.com/gptbot)"
74.7.242.58 - - [02/Jul/2026:11:32:00 -0400] "GET /wp-includes/images/toggle-arrow.png HTTP/1.1" 200 289 "https://jarangomd.com/wp-includes/images/" "Mozilla/5.0 AppleWebKit/537.36 (KHTML, like Gecko; compatible; GPTBot/1.4; +https://openai.com/gptbot)"
74.7.242.58 - - [02/Jul/2026:11:32:08 -0400] "GET /wp-includes/images/w-logo-blue.png HTTP/1.1" 200 3113 "https://jarangomd.com/wp-includes/images/" "Mozilla/5.0 AppleWebKit/537.36 (KHTML, like Gecko; compatible; GPTBot/1.4; +https://openai.com/gptbot)"
74.7.242.58 - - [02/Jul/2026:11:32:10 -0400] "GET /wp-includes/rest-api/ HTTP/1.1" 200 1145 "https://jarangomd.com/wp-includes/" "Mozilla/5.0 AppleWebKit/537.36 (KHTML, like Gecko; compatible; GPTBot/1.4; +https://openai.com/gptbot)"
43.130.102.7 - - [02/Jul/2026:11:32:17 -0400] "GET /old/wp-load.php HTTP/1.1" 302 0 "-" "Mozilla/5.0 (iPhone; CPU iPhone OS 13_2_3 like Mac OS X) AppleWebKit/605.1.15 (KHTML, like Gecko) Version/13.0.3 Mobile/15E148 Safari/604.1"
74.7.242.58 - - [02/Jul/2026:11:32:29 -0400] "GET /_autoindex/assets/icons/image.svg HTTP/1.1" 200 388 "https://jarangomd.com/wp-includes/images/" "Mozilla/5.0 AppleWebKit/537.36 (KHTML, like Gecko; compatible; GPTBot/1.4; +https://openai.com/gptbot)"
74.7.242.58 - - [02/Jul/2026:11:32:31 -0400] "GET /wp-includes/images/?ND HTTP/1.1" 200 1705 "https://jarangomd.com/wp-includes/images/" "Mozilla/5.0 AppleWebKit/537.36 (KHTML, like Gecko; compatible; GPTBot/1.4; +https://openai.com/gptbot)"
74.7.242.58 - - [02/Jul/2026:11:32:32 -0400] "GET /wp-includes/images/?MA HTTP/1.1" 200 1701 "https://jarangomd.com/wp-includes/images/" "Mozilla/5.0 AppleWebKit/537.36 (KHTML, like Gecko; compatible; GPTBot/1.4; +https://openai.com/gptbot)"
74.7.242.58 - - [02/Jul/2026:11:32:34 -0400] "GET /wp-includes/html-api/class-wp-html-decoder.php HTTP/1.1" 200 0 "https://jarangomd.com/wp-includes/html-api/" "Mozilla/5.0 AppleWebKit/537.36 (KHTML, like Gecko; compatible; GPTBot/1.4; +https://openai.com/gptbot)"
74.7.242.58 - - [02/Jul/2026:11:32:36 -0400] "GET /wp-includes/default-constants.php HTTP/1.1" 200 0 "https://jarangomd.com/wp-includes/" "Mozilla/5.0 AppleWebKit/537.36 (KHTML, like Gecko; compatible; GPTBot/1.4; +https://openai.com/gptbot)"
74.7.242.58 - - [02/Jul/2026:11:32:37 -0400] "GET /wp-includes/rest-api/class-wp-rest-server.php HTTP/1.1" 200 0 "https://jarangomd.com/wp-includes/rest-api/" "Mozilla/5.0 AppleWebKit/537.36 (KHTML, like Gecko; compatible; GPTBot/1.4; +https://openai.com/gptbot)"
74.7.242.58 - - [02/Jul/2026:11:32:39 -0400] "GET /wp-includes/images/?MD HTTP/1.1" 200 1683 "https://jarangomd.com/wp-includes/images/?MA" "Mozilla/5.0 AppleWebKit/537.36 (KHTML, like Gecko; compatible; GPTBot/1.4; +https://openai.com/gptbot)"
74.7.242.58 - - [02/Jul/2026:11:32:40 -0400] "GET /wp-includes/images/?SD HTTP/1.1" 200 1694 "https://jarangomd.com/wp-includes/images/?SA" "Mozilla/5.0 AppleWebKit/537.36 (KHTML, like Gecko; compatible; GPTBot/1.4; +https://openai.com/gptbot)"
43.130.102.7 - - [02/Jul/2026:11:32:21 -0400] "GET /old/wp-admin/install.php HTTP/1.1" 200 4550 "https://jarangomd.com/old/wp-load.php" "Mozilla/5.0 (iPhone; CPU iPhone OS 13_2_3 like Mac OS X) AppleWebKit/605.1.15 (KHTML, like Gecko) Version/13.0.3 Mobile/15E148 Safari/604.1"
74.7.242.58 - - [02/Jul/2026:11:32:41 -0400] "GET /old/wp-trackback.php HTTP/1.1" 302 0 "https://jarangomd.com/old/" "Mozilla/5.0 AppleWebKit/537.36 (KHTML, like Gecko; compatible; GPTBot/1.4; +https://openai.com/gptbot)"
74.7.242.58 - - [02/Jul/2026:11:32:45 -0400] "GET /old/wp-admin/install.php HTTP/1.1" 200 4112 "https://jarangomd.com/old/wp-trackback.php" "Mozilla/5.0 AppleWebKit/537.36 (KHTML, like Gecko; compatible; GPTBot/1.4; +https://openai.com/gptbot)"
74.7.242.58 - - [02/Jul/2026:11:33:08 -0400] "GET /wp-includes/images/wpspin.gif HTTP/1.1" 200 2052 "https://jarangomd.com/wp-includes/images/" "Mozilla/5.0 AppleWebKit/537.36 (KHTML, like Gecko; compatible; GPTBot/1.4; +https://openai.com/gptbot)"
74.7.242.58 - - [02/Jul/2026:11:33:09 -0400] "GET /wp-includes/images/down_arrow-2x.gif HTTP/1.1" 200 84 "https://jarangomd.com/wp-includes/images/" "Mozilla/5.0 AppleWebKit/537.36 (KHTML, like Gecko; compatible; GPTBot/1.4; +https://openai.com/gptbot)"
74.7.242.58 - - [02/Jul/2026:11:33:09 -0400] "GET /old/wp-links-opml.php HTTP/1.1" 302 0 "https://jarangomd.com/old/" "Mozilla/5.0 AppleWebKit/537.36 (KHTML, like Gecko; compatible; GPTBot/1.4; +https://openai.com/gptbot)"
74.7.242.58 - - [02/Jul/2026:11:33:13 -0400] "GET /old/wp-admin/install.php HTTP/1.1" 200 4112 "https://jarangomd.com/old/wp-links-opml.php" "Mozilla/5.0 AppleWebKit/537.36 (KHTML, like Gecko; compatible; GPTBot/1.4; +https://openai.com/gptbot)"
74.7.242.58 - - [02/Jul/2026:11:33:36 -0400] "GET /wp-includes/html-api/class-wp-html-doctype-info.php HTTP/1.1" 200 0 "https://jarangomd.com/wp-includes/html-api/" "Mozilla/5.0 AppleWebKit/537.36 (KHTML, like Gecko; compatible; GPTBot/1.4; +https://openai.com/gptbot)"
74.7.242.58 - - [02/Jul/2026:11:33:36 -0400] "GET /wp-includes/images/wpicons.png HTTP/1.1" 200 7086 "https://jarangomd.com/wp-includes/images/" "Mozilla/5.0 AppleWebKit/537.36 (KHTML, like Gecko; compatible; GPTBot/1.4; +https://openai.com/gptbot)"
74.7.242.58 - - [02/Jul/2026:11:33:38 -0400] "GET /wp-includes/script-loader.php HTTP/1.1" 500 0 "https://jarangomd.com/wp-includes/" "Mozilla/5.0 AppleWebKit/537.36 (KHTML, like Gecko; compatible; GPTBot/1.4; +https://openai.com/gptbot)"
74.7.242.58 - - [02/Jul/2026:11:33:40 -0400] "GET /wp-includes/images/smilies/icon_confused.gif HTTP/1.1" 200 170 "https://jarangomd.com/wp-includes/images/smilies/" "Mozilla/5.0 AppleWebKit/537.36 (KHTML, like Gecko; compatible; GPTBot/1.4; +https://openai.com/gptbot)"
74.7.242.58 - - [02/Jul/2026:11:33:42 -0400] "GET /wp-includes/images/smilies/icon_neutral.gif HTTP/1.1" 200 167 "https://jarangomd.com/wp-includes/images/smilies/" "Mozilla/5.0 AppleWebKit/537.36 (KHTML, like Gecko; compatible; GPTBot/1.4; +https://openai.com/gptbot)"
74.7.242.58 - - [02/Jul/2026:11:33:43 -0400] "GET /wp-includes/images/smilies/icon_mrgreen.gif HTTP/1.1" 200 348 "https://jarangomd.com/wp-includes/images/smilies/" "Mozilla/5.0 AppleWebKit/537.36 (KHTML, like Gecko; compatible; GPTBot/1.4; +https://openai.com/gptbot)"
74.7.242.58 - - [02/Jul/2026:11:33:44 -0400] "GET /wp-includes/images/smilies/icon_twisted.gif HTTP/1.1" 200 241 "https://jarangomd.com/wp-includes/images/smilies/" "Mozilla/5.0 AppleWebKit/537.36 (KHTML, like Gecko; compatible; GPTBot/1.4; +https://openai.com/gptbot)"
74.7.242.58 - - [02/Jul/2026:11:33:46 -0400] "GET /wp-includes/images/smilies/icon_surprised.gif HTTP/1.1" 200 174 "https://jarangomd.com/wp-includes/images/smilies/" "Mozilla/5.0 AppleWebKit/537.36 (KHTML, like Gecko; compatible; GPTBot/1.4; +https://openai.com/gptbot)"
74.7.242.58 - - [02/Jul/2026:11:32:39 -0400] "GET /wp-includes/images/?NA HTTP/1.1" 200 1662 "https://jarangomd.com/wp-includes/images/?ND" "Mozilla/5.0 AppleWebKit/537.36 (KHTML, like Gecko; compatible; GPTBot/1.4; +https://openai.com/gptbot)"
74.7.242.58 - - [02/Jul/2026:11:32:40 -0400] "GET /wp-includes/nav-menu-template.php HTTP/1.1" 200 6 "https://jarangomd.com/wp-includes/" "Mozilla/5.0 AppleWebKit/537.36 (KHTML, like Gecko; compatible; GPTBot/1.4; +https://openai.com/gptbot)"
74.7.242.58 - - [02/Jul/2026:11:32:41 -0400] "GET /wp-includes/html-api/error_log HTTP/1.1" 403 1242 "https://jarangomd.com/wp-includes/html-api/" "Mozilla/5.0 AppleWebKit/537.36 (KHTML, like Gecko; compatible; GPTBot/1.4; +https://openai.com/gptbot)"
74.7.242.58 - - [02/Jul/2026:11:33:08 -0400] "GET /wp-includes/images/smilies/ HTTP/1.1" 200 1430 "https://jarangomd.com/wp-includes/images/" "Mozilla/5.0 AppleWebKit/537.36 (KHTML, like Gecko; compatible; GPTBot/1.4; +https://openai.com/gptbot)"
74.7.242.58 - - [02/Jul/2026:11:33:35 -0400] "GET /wp-includes/images/crystal/ HTTP/1.1" 200 1180 "https://jarangomd.com/wp-includes/images/" "Mozilla/5.0 AppleWebKit/537.36 (KHTML, like Gecko; compatible; GPTBot/1.4; +https://openai.com/gptbot)"
74.7.242.58 - - [02/Jul/2026:11:33:37 -0400] "GET /wp-includes/images/spinner.gif HTTP/1.1" 200 3656 "https://jarangomd.com/wp-includes/images/" "Mozilla/5.0 AppleWebKit/537.36 (KHTML, like Gecko; compatible; GPTBot/1.4; +https://openai.com/gptbot)"
74.7.242.58 - - [02/Jul/2026:11:33:38 -0400] "GET /wp-includes/class-wp-list-util.php HTTP/1.1" 200 0 "https://jarangomd.com/wp-includes/" "Mozilla/5.0 AppleWebKit/537.36 (KHTML, like Gecko; compatible; GPTBot/1.4; +https://openai.com/gptbot)"
74.7.242.58 - - [02/Jul/2026:11:33:39 -0400] "GET /wp-includes/ms-deprecated.php HTTP/1.1" 200 0 "https://jarangomd.com/wp-includes/" "Mozilla/5.0 AppleWebKit/537.36 (KHTML, like Gecko; compatible; GPTBot/1.4; +https://openai.com/gptbot)"
74.7.242.58 - - [02/Jul/2026:11:33:45 -0400] "GET /wp-includes/images/smilies/icon_redface.gif HTTP/1.1" 200 645 "https://jarangomd.com/wp-includes/images/smilies/" "Mozilla/5.0 AppleWebKit/537.36 (KHTML, like Gecko; compatible; GPTBot/1.4; +https://openai.com/gptbot)"
74.7.242.58 - - [02/Jul/2026:11:33:47 -0400] "GET /wp-includes/images/smilies/icon_question.gif HTTP/1.1" 200 247 "https://jarangomd.com/wp-includes/images/smilies/" "Mozilla/5.0 AppleWebKit/537.36 (KHTML, like Gecko; compatible; GPTBot/1.4; +https://openai.com/gptbot)"
74.7.242.58 - - [02/Jul/2026:11:33:50 -0400] "GET /wp-includes/images/smilies/simple-smile.png HTTP/1.1" 200 1008 "https://jarangomd.com/wp-includes/images/smilies/" "Mozilla/5.0 AppleWebKit/537.36 (KHTML, like Gecko; compatible; GPTBot/1.4; +https://openai.com/gptbot)"
74.7.242.58 - - [02/Jul/2026:11:33:50 -0400] "GET /wp-includes/images/smilies/icon_arrow.gif HTTP/1.1" 200 169 "https://jarangomd.com/wp-includes/images/smilies/" "Mozilla/5.0 AppleWebKit/537.36 (KHTML, like Gecko; compatible; GPTBot/1.4; +https://openai.com/gptbot)"
74.7.242.58 - - [02/Jul/2026:11:33:51 -0400] "GET /wp-includes/images/smilies/icon_razz.gif HTTP/1.1" 200 175 "https://jarangomd.com/wp-includes/images/smilies/" "Mozilla/5.0 AppleWebKit/537.36 (KHTML, like Gecko; compatible; GPTBot/1.4; +https://openai.com/gptbot)"
74.7.242.58 - - [02/Jul/2026:11:33:51 -0400] "GET /wp-includes/images/smilies/icon_smile.gif HTTP/1.1" 200 173 "https://jarangomd.com/wp-includes/images/smilies/" "Mozilla/5.0 AppleWebKit/537.36 (KHTML, like Gecko; compatible; GPTBot/1.4; +https://openai.com/gptbot)"
74.7.242.58 - - [02/Jul/2026:11:33:52 -0400] "GET /wp-includes/images/smilies/icon_cool.gif HTTP/1.1" 200 172 "https://jarangomd.com/wp-includes/images/smilies/" "Mozilla/5.0 AppleWebKit/537.36 (KHTML, like Gecko; compatible; GPTBot/1.4; +https://openai.com/gptbot)"
74.7.242.58 - - [02/Jul/2026:11:33:53 -0400] "GET /wp-includes/images/smilies/icon_evil.gif HTTP/1.1" 200 193 "https://jarangomd.com/wp-includes/images/smilies/" "Mozilla/5.0 AppleWebKit/537.36 (KHTML, like Gecko; compatible; GPTBot/1.4; +https://openai.com/gptbot)"
74.7.242.58 - - [02/Jul/2026:11:33:53 -0400] "GET /wp-includes/images/smilies/icon_idea.gif HTTP/1.1" 200 174 "https://jarangomd.com/wp-includes/images/smilies/" "Mozilla/5.0 AppleWebKit/537.36 (KHTML, like Gecko; compatible; GPTBot/1.4; +https://openai.com/gptbot)"
74.7.242.58 - - [02/Jul/2026:11:33:54 -0400] "GET /wp-includes/images/smilies/icon_cry.gif HTTP/1.1" 200 412 "https://jarangomd.com/wp-includes/images/smilies/" "Mozilla/5.0 AppleWebKit/537.36 (KHTML, like Gecko; compatible; GPTBot/1.4; +https://openai.com/gptbot)"
74.7.242.58 - - [02/Jul/2026:11:33:55 -0400] "GET /wp-includes/images/smilies/icon_sad.gif HTTP/1.1" 200 167 "https://jarangomd.com/wp-includes/images/smilies/" "Mozilla/5.0 AppleWebKit/537.36 (KHTML, like Gecko; compatible; GPTBot/1.4; +https://openai.com/gptbot)"
74.7.242.58 - - [02/Jul/2026:11:33:56 -0400] "GET /wp-includes/images/crystal/spreadsheet.png HTTP/1.1" 200 2408 "https://jarangomd.com/wp-includes/images/crystal/" "Mozilla/5.0 AppleWebKit/537.36 (KHTML, like Gecko; compatible; GPTBot/1.4; +https://openai.com/gptbot)"
74.7.242.58 - - [02/Jul/2026:11:33:57 -0400] "GET /wp-includes/images/crystal/interactive.png HTTP/1.1" 200 2217 "https://jarangomd.com/wp-includes/images/crystal/" "Mozilla/5.0 AppleWebKit/537.36 (KHTML, like Gecko; compatible; GPTBot/1.4; +https://openai.com/gptbot)"
74.7.242.58 - - [02/Jul/2026:11:33:57 -0400] "GET /wp-includes/images/crystal/default.png HTTP/1.1" 200 453 "https://jarangomd.com/wp-includes/images/crystal/" "Mozilla/5.0 AppleWebKit/537.36 (KHTML, like Gecko; compatible; GPTBot/1.4; +https://openai.com/gptbot)"
74.7.242.58 - - [02/Jul/2026:11:33:58 -0400] "GET /wp-includes/images/smilies/rolleyes.png HTTP/1.1" 200 1233 "https://jarangomd.com/wp-includes/images/smilies/" "Mozilla/5.0 AppleWebKit/537.36 (KHTML, like Gecko; compatible; GPTBot/1.4; +https://openai.com/gptbot)"
74.7.242.58 - - [02/Jul/2026:11:33:58 -0400] "GET /wp-includes/images/crystal/document.png HTTP/1.1" 200 2063 "https://jarangomd.com/wp-includes/images/crystal/" "Mozilla/5.0 AppleWebKit/537.36 (KHTML, like Gecko; compatible; GPTBot/1.4; +https://openai.com/gptbot)"
74.7.242.58 - - [02/Jul/2026:11:33:59 -0400] "GET /wp-includes/images/smilies/frownie.png HTTP/1.1" 200 1007 "https://jarangomd.com/wp-includes/images/smilies/" "Mozilla/5.0 AppleWebKit/537.36 (KHTML, like Gecko; compatible; GPTBot/1.4; +https://openai.com/gptbot)"
74.7.242.58 - - [02/Jul/2026:11:34:00 -0400] "GET /wp-includes/images/crystal/license.txt HTTP/1.1" 200 149 "https://jarangomd.com/wp-includes/images/crystal/" "Mozilla/5.0 AppleWebKit/537.36 (KHTML, like Gecko; compatible; GPTBot/1.4; +https://openai.com/gptbot)"
74.7.242.58 - - [02/Jul/2026:11:34:02 -0400] "GET /wp-includes/rss-functions.php HTTP/1.1" 200 0 "https://jarangomd.com/wp-includes/" "Mozilla/5.0 AppleWebKit/537.36 (KHTML, like Gecko; compatible; GPTBot/1.4; +https://openai.com/gptbot)"
74.7.242.58 - - [02/Jul/2026:11:34:03 -0400] "GET /wp-includes/link-template.php HTTP/1.1" 200 0 "https://jarangomd.com/wp-includes/" "Mozilla/5.0 AppleWebKit/537.36 (KHTML, like Gecko; compatible; GPTBot/1.4; +https://openai.com/gptbot)"
74.7.242.58 - - [02/Jul/2026:11:34:07 -0400] "GET /wp-includes/capabilities.php HTTP/1.1" 200 0 "https://jarangomd.com/wp-includes/" "Mozilla/5.0 AppleWebKit/537.36 (KHTML, like Gecko; compatible; GPTBot/1.4; +https://openai.com/gptbot)"
74.7.242.58 - - [02/Jul/2026:11:34:09 -0400] "GET /wp-includes/class-wp-comment-query.php HTTP/1.1" 200 0 "https://jarangomd.com/wp-includes/" "Mozilla/5.0 AppleWebKit/537.36 (KHTML, like Gecko; compatible; GPTBot/1.4; +https://openai.com/gptbot)"
74.7.242.58 - - [02/Jul/2026:11:33:48 -0400] "GET /wp-includes/images/smilies/icon_rolleyes.gif HTTP/1.1" 200 471 "https://jarangomd.com/wp-includes/images/smilies/" "Mozilla/5.0 AppleWebKit/537.36 (KHTML, like Gecko; compatible; GPTBot/1.4; +https://openai.com/gptbot)"
74.7.242.58 - - [02/Jul/2026:11:33:48 -0400] "GET /wp-includes/images/smilies/icon_exclaim.gif HTTP/1.1" 200 236 "https://jarangomd.com/wp-includes/images/smilies/" "Mozilla/5.0 AppleWebKit/537.36 (KHTML, like Gecko; compatible; GPTBot/1.4; +https://openai.com/gptbot)"
74.7.242.58 - - [02/Jul/2026:11:33:49 -0400] "GET /wp-includes/images/smilies/icon_biggrin.gif HTTP/1.1" 200 173 "https://jarangomd.com/wp-includes/images/smilies/" "Mozilla/5.0 AppleWebKit/537.36 (KHTML, like Gecko; compatible; GPTBot/1.4; +https://openai.com/gptbot)"
74.7.242.58 - - [02/Jul/2026:11:33:52 -0400] "GET /wp-includes/images/smilies/icon_wink.gif HTTP/1.1" 200 168 "https://jarangomd.com/wp-includes/images/smilies/" "Mozilla/5.0 AppleWebKit/537.36 (KHTML, like Gecko; compatible; GPTBot/1.4; +https://openai.com/gptbot)"
74.7.242.58 - - [02/Jul/2026:11:33:54 -0400] "GET /wp-includes/images/smilies/icon_mad.gif HTTP/1.1" 200 172 "https://jarangomd.com/wp-includes/images/smilies/" "Mozilla/5.0 AppleWebKit/537.36 (KHTML, like Gecko; compatible; GPTBot/1.4; +https://openai.com/gptbot)"
74.7.242.58 - - [02/Jul/2026:11:33:55 -0400] "GET /wp-includes/images/smilies/icon_eek.gif HTTP/1.1" 200 170 "https://jarangomd.com/wp-includes/images/smilies/" "Mozilla/5.0 AppleWebKit/537.36 (KHTML, like Gecko; compatible; GPTBot/1.4; +https://openai.com/gptbot)"
74.7.242.58 - - [02/Jul/2026:11:33:56 -0400] "GET /wp-includes/images/smilies/icon_lol.gif HTTP/1.1" 200 331 "https://jarangomd.com/wp-includes/images/smilies/" "Mozilla/5.0 AppleWebKit/537.36 (KHTML, like Gecko; compatible; GPTBot/1.4; +https://openai.com/gptbot)"
74.7.242.58 - - [02/Jul/2026:11:34:00 -0400] "GET /wp-includes/images/smilies/mrgreen.png HTTP/1.1" 200 1486 "https://jarangomd.com/wp-includes/images/smilies/" "Mozilla/5.0 AppleWebKit/537.36 (KHTML, like Gecko; compatible; GPTBot/1.4; +https://openai.com/gptbot)"
74.7.242.58 - - [02/Jul/2026:11:34:01 -0400] "GET /wp-includes/images/crystal/archive.png HTTP/1.1" 200 2454 "https://jarangomd.com/wp-includes/images/crystal/" "Mozilla/5.0 AppleWebKit/537.36 (KHTML, like Gecko; compatible; GPTBot/1.4; +https://openai.com/gptbot)"
74.7.242.58 - - [02/Jul/2026:11:34:01 -0400] "GET /wp-includes/images/crystal/text.png HTTP/1.1" 200 670 "https://jarangomd.com/wp-includes/images/crystal/" "Mozilla/5.0 AppleWebKit/537.36 (KHTML, like Gecko; compatible; GPTBot/1.4; +https://openai.com/gptbot)"
74.7.242.58 - - [02/Jul/2026:11:34:02 -0400] "GET /wp-includes/images/crystal/code.png HTTP/1.1" 200 1604 "https://jarangomd.com/wp-includes/images/crystal/" "Mozilla/5.0 AppleWebKit/537.36 (KHTML, like Gecko; compatible; GPTBot/1.4; +https://openai.com/gptbot)"
74.7.242.58 - - [02/Jul/2026:11:34:03 -0400] "GET /wp-includes/abilities-api.php HTTP/1.1" 200 0 "https://jarangomd.com/wp-includes/" "Mozilla/5.0 AppleWebKit/537.36 (KHTML, like Gecko; compatible; GPTBot/1.4; +https://openai.com/gptbot)"
74.7.242.58 - - [02/Jul/2026:11:34:04 -0400] "GET /wp-includes/registration.php HTTP/1.1" 500 0 "https://jarangomd.com/wp-includes/" "Mozilla/5.0 AppleWebKit/537.36 (KHTML, like Gecko; compatible; GPTBot/1.4; +https://openai.com/gptbot)"
74.7.242.58 - - [02/Jul/2026:11:34:04 -0400] "GET /wp-includes/html-api/class-wp-html-unsupported-exception.php HTTP/1.1" 200 0 "https://jarangomd.com/wp-includes/html-api/" "Mozilla/5.0 AppleWebKit/537.36 (KHTML, like Gecko; compatible; GPTBot/1.4; +https://openai.com/gptbot)"
74.7.242.58 - - [02/Jul/2026:11:34:06 -0400] "GET /wp-includes/class-wp-theme-json.php HTTP/1.1" 200 0 "https://jarangomd.com/wp-includes/" "Mozilla/5.0 AppleWebKit/537.36 (KHTML, like Gecko; compatible; GPTBot/1.4; +https://openai.com/gptbot)"
74.7.242.58 - - [02/Jul/2026:11:34:10 -0400] "GET /wp-includes/html-api/class-wp-html-processor-state.php HTTP/1.1" 200 0 "https://jarangomd.com/wp-includes/html-api/" "Mozilla/5.0 AppleWebKit/537.36 (KHTML, like Gecko; compatible; GPTBot/1.4; +https://openai.com/gptbot)"
74.7.242.58 - - [02/Jul/2026:11:34:11 -0400] "GET /wp-includes/html-api/class-wp-html-processor.php HTTP/1.1" 500 0 "https://jarangomd.com/wp-includes/html-api/" "Mozilla/5.0 AppleWebKit/537.36 (KHTML, like Gecko; compatible; GPTBot/1.4; +https://openai.com/gptbot)"
74.7.242.58 - - [02/Jul/2026:11:34:15 -0400] "GET /wp-admin/images/loading.gif HTTP/1.1" 200 1368 "https://jarangomd.com/wp-admin/css/forms.min.css?ver=6.9.4" "Mozilla/5.0 AppleWebKit/537.36 (KHTML, like Gecko; compatible; GPTBot/1.4; +https://openai.com/gptbot)"
74.7.242.58 - - [02/Jul/2026:11:34:19 -0400] "GET /wp-includes/ms-functions.php HTTP/1.1" 200 0 "https://jarangomd.com/wp-includes/" "Mozilla/5.0 AppleWebKit/537.36 (KHTML, like Gecko; compatible; GPTBot/1.4; +https://openai.com/gptbot)"
