216.73.217.71 - - [02/Jul/2026:19:17:16 -0400] "GET /wp-includes/css/buttons-rtl.min.css HTTP/1.1" 200 1273 "-" "Mozilla/5.0 AppleWebKit/537.36 (KHTML, like Gecko; compatible; ClaudeBot/1.0; +claudebot@anthropic.com)"
74.7.242.58 - - [02/Jul/2026:19:17:16 -0400] "GET /mac.php?pikachu=Ly92YXIvc29mdGFjdWxvdXMvY29udGFv HTTP/1.1" 200 4681 "https://jarangomd.com/mac.php?pikachu=Ly92YXIvc29mdGFjdWxvdXM" "Mozilla/5.0 AppleWebKit/537.36 (KHTML, like Gecko; compatible; GPTBot/1.4; +https://openai.com/gptbot)"
74.7.242.58 - - [02/Jul/2026:19:17:26 -0400] "GET /mac.php?pikachu=Ly9wcm9jL3NlbGYvcm9vdC92YXIvcnVu HTTP/1.1" 200 4267 "https://jarangomd.com/mac.php?pikachu=Ly9wcm9jL3NlbGYvcm9vdC92YXI" "Mozilla/5.0 AppleWebKit/537.36 (KHTML, like Gecko; compatible; GPTBot/1.4; +https://openai.com/gptbot)"
74.7.242.58 - - [02/Jul/2026:19:17:30 -0400] "GET /mac.php?pikachu=Ly9wcm9jL3NlbGYvcm9vdC9ldGMvc3Ns HTTP/1.1" 200 3666 "https://jarangomd.com/mac.php?pikachu=Ly9wcm9jL3NlbGYvcm9vdC9ldGM" "Mozilla/5.0 AppleWebKit/537.36 (KHTML, like Gecko; compatible; GPTBot/1.4; +https://openai.com/gptbot)"
195.229.76.26 - - [02/Jul/2026:19:17:36 -0400] "POST /xmlrpc.php HTTP/1.1" 200 403 "-" "WordPress.com; https://wordpress.com"
74.7.242.58 - - [02/Jul/2026:19:17:40 -0400] "GET /mac.php?pikachu=Ly92YXIvc29mdGFjdWxvdXMvc2F1cnVz HTTP/1.1" 200 4294 "https://jarangomd.com/mac.php?pikachu=Ly92YXIvc29mdGFjdWxvdXM" "Mozilla/5.0 AppleWebKit/537.36 (KHTML, like Gecko; compatible; GPTBot/1.4; +https://openai.com/gptbot)"
74.7.242.58 - - [02/Jul/2026:19:17:45 -0400] "GET /mac.php?pikachu=Ly9wcm9jL3NlbGYvcm9vdC9ldGMvc2Ns HTTP/1.1" 200 3897 "https://jarangomd.com/mac.php?pikachu=Ly9wcm9jL3NlbGYvcm9vdC9ldGM" "Mozilla/5.0 AppleWebKit/537.36 (KHTML, like Gecko; compatible; GPTBot/1.4; +https://openai.com/gptbot)"
195.229.76.26 - - [02/Jul/2026:19:17:46 -0400] "POST /xmlrpc.php HTTP/1.1" 200 403 "-" "Jetpack/12.5; WordPress/6.2; http://site31500591.com"
74.7.242.58 - - [02/Jul/2026:19:17:49 -0400] "GET /mac.php?pikachu=Ly9wcm9jL3NlbGYvcm9vdC9kZXYvc2ht HTTP/1.1" 200 6017 "https://jarangomd.com/mac.php?pikachu=Ly9wcm9jL3NlbGYvcm9vdC9kZXY" "Mozilla/5.0 AppleWebKit/537.36 (KHTML, like Gecko; compatible; GPTBot/1.4; +https://openai.com/gptbot)"
74.7.242.58 - - [02/Jul/2026:19:17:50 -0400] "GET /mac.php?pikachu=Ly9wcm9jLzQxMTMzODIvcm9vdC9ob21l HTTP/1.1" 200 3657 "https://jarangomd.com/mac.php?pikachu=Ly9wcm9jLzQxMTMzODIvcm9vdA" "Mozilla/5.0 AppleWebKit/537.36 (KHTML, like Gecko; compatible; GPTBot/1.4; +https://openai.com/gptbot)"
216.73.217.71 - - [02/Jul/2026:19:17:52 -0400] "GET /wp-includes/html-api/html5-named-character-references.php HTTP/1.1" 500 0 "-" "Mozilla/5.0 AppleWebKit/537.36 (KHTML, like Gecko; compatible; ClaudeBot/1.0; +claudebot@anthropic.com)"
74.7.242.58 - - [02/Jul/2026:19:17:52 -0400] "GET /mac.php?pikachu=Ly9vcHQvYWx0L3BocDc0L3Vzci9zYmlu HTTP/1.1" 200 3665 "https://jarangomd.com/mac.php?pikachu=Ly9vcHQvYWx0L3BocDc0L3Vzcg" "Mozilla/5.0 AppleWebKit/537.36 (KHTML, like Gecko; compatible; GPTBot/1.4; +https://openai.com/gptbot)"
74.7.242.58 - - [02/Jul/2026:19:17:54 -0400] "GET /mac.php?pikachu=Ly91c3Ivc2hhcmUvbWFuL3J1L21hbjE HTTP/1.1" 200 4674 "https://jarangomd.com/mac.php?pikachu=Ly91c3Ivc2hhcmUvbWFuL3J1" "Mozilla/5.0 AppleWebKit/537.36 (KHTML, like Gecko; compatible; GPTBot/1.4; +https://openai.com/gptbot)"
74.7.242.58 - - [02/Jul/2026:19:17:56 -0400] "GET /mac.php?pikachu=Ly91c3Ivc2hhcmUvbWFuL3B0L21hbjU HTTP/1.1" 200 3693 "https://jarangomd.com/mac.php?pikachu=Ly91c3Ivc2hhcmUvbWFuL3B0" "Mozilla/5.0 AppleWebKit/537.36 (KHTML, like Gecko; compatible; GPTBot/1.4; +https://openai.com/gptbot)"
74.7.242.58 - - [02/Jul/2026:19:17:57 -0400] "GET /mac.php?pikachu=Ly91c3Ivc2hhcmUvbWFuL3N2L21hbjE HTTP/1.1" 200 4377 "https://jarangomd.com/mac.php?pikachu=Ly91c3Ivc2hhcmUvbWFuL3N2" "Mozilla/5.0 AppleWebKit/537.36 (KHTML, like Gecko; compatible; GPTBot/1.4; +https://openai.com/gptbot)"
195.229.76.26 - - [02/Jul/2026:19:17:57 -0400] "POST /xmlrpc.php HTTP/1.1" 200 403 "-" "WordPress.com; https://wordpress.com"
74.7.242.58 - - [02/Jul/2026:19:17:37 -0400] "GET /mac.php?pikachu=Ly9wcm9jL3NlbGYvcm9vdC92YXIvcGhw HTTP/1.1" 200 3700 "https://jarangomd.com/mac.php?pikachu=Ly9wcm9jL3NlbGYvcm9vdC92YXI" "Mozilla/5.0 AppleWebKit/537.36 (KHTML, like Gecko; compatible; GPTBot/1.4; +https://openai.com/gptbot)"
74.7.242.58 - - [02/Jul/2026:19:17:42 -0400] "GET /mac.php?pikachu=Ly9wcm9jL3NlbGYvcm9vdC9vcHQvYWx0 HTTP/1.1" 200 6535 "https://jarangomd.com/mac.php?pikachu=Ly9wcm9jL3NlbGYvcm9vdC9vcHQ" "Mozilla/5.0 AppleWebKit/537.36 (KHTML, like Gecko; compatible; GPTBot/1.4; +https://openai.com/gptbot)"
74.7.242.58 - - [02/Jul/2026:19:17:47 -0400] "GET /mac.php?pikachu=Ly9wcm9jL3NlbGYvcm9vdC9ldGMvc3No HTTP/1.1" 200 3738 "https://jarangomd.com/mac.php?pikachu=Ly9wcm9jL3NlbGYvcm9vdC9ldGM" "Mozilla/5.0 AppleWebKit/537.36 (KHTML, like Gecko; compatible; GPTBot/1.4; +https://openai.com/gptbot)"
216.73.217.71 - - [02/Jul/2026:19:17:52 -0400] "GET /wp-includes/html-api/class-wp-html-unsupported-exception.php HTTP/1.1" 200 0 "-" "Mozilla/5.0 AppleWebKit/537.36 (KHTML, like Gecko; compatible; ClaudeBot/1.0; +claudebot@anthropic.com)"
74.7.242.58 - - [02/Jul/2026:19:17:53 -0400] "GET /mac.php?pikachu=Ly91c3Ivc2hhcmUvbWFuL2l0L21hbjg HTTP/1.1" 200 4575 "https://jarangomd.com/mac.php?pikachu=Ly91c3Ivc2hhcmUvbWFuL2l0" "Mozilla/5.0 AppleWebKit/537.36 (KHTML, like Gecko; compatible; GPTBot/1.4; +https://openai.com/gptbot)"
74.7.242.58 - - [02/Jul/2026:19:17:57 -0400] "GET /mac.php?pikachu=Ly92YXIvc29mdGFjdWxvdXMvc2F1cnVzL3BocDUz HTTP/1.1" 200 3837 "https://jarangomd.com/mac.php?pikachu=Ly92YXIvc29mdGFjdWxvdXMvc2F1cnVz" "Mozilla/5.0 AppleWebKit/537.36 (KHTML, like Gecko; compatible; GPTBot/1.4; +https://openai.com/gptbot)"
74.7.242.58 - - [02/Jul/2026:19:17:58 -0400] "GET /mac.php?pikachu=Ly9wcm9jL3NlbGYvcm9vdC9vcHQvYWx0L2xpYm1lbWNhY2hlZA HTTP/1.1" 200 3689 "https://jarangomd.com/mac.php?pikachu=Ly9wcm9jL3NlbGYvcm9vdC9vcHQvYWx0" "Mozilla/5.0 AppleWebKit/537.36 (KHTML, like Gecko; compatible; GPTBot/1.4; +https://openai.com/gptbot)"
74.7.242.58 - - [02/Jul/2026:19:17:59 -0400] "GET /mac.php?pikachu=Ly91c3Ivc2hhcmUvbWFuL25sL21hbjg HTTP/1.1" 200 4016 "https://jarangomd.com/mac.php?pikachu=Ly91c3Ivc2hhcmUvbWFuL25s" "Mozilla/5.0 AppleWebKit/537.36 (KHTML, like Gecko; compatible; GPTBot/1.4; +https://openai.com/gptbot)"
74.7.242.58 - - [02/Jul/2026:19:18:00 -0400] "GET /mac.php?pikachu=Ly91c3Ivc2hhcmUvbWFuL3N2L21hbjg HTTP/1.1" 200 4564 "https://jarangomd.com/mac.php?pikachu=Ly91c3Ivc2hhcmUvbWFuL3N2" "Mozilla/5.0 AppleWebKit/537.36 (KHTML, like Gecko; compatible; GPTBot/1.4; +https://openai.com/gptbot)"
74.7.242.58 - - [02/Jul/2026:19:18:00 -0400] "GET /mac.php?pikachu=Ly91c3Ivc2hhcmUvbWFuL3J1L21hbjM HTTP/1.1" 200 3692 "https://jarangomd.com/mac.php?pikachu=Ly91c3Ivc2hhcmUvbWFuL3J1" "Mozilla/5.0 AppleWebKit/537.36 (KHTML, like Gecko; compatible; GPTBot/1.4; +https://openai.com/gptbot)"
74.7.242.58 - - [02/Jul/2026:19:18:01 -0400] "GET /mac.php?pikachu=Ly91c3Ivc2hhcmUvbWFuL3J1L21hbjg HTTP/1.1" 200 6118 "https://jarangomd.com/mac.php?pikachu=Ly91c3Ivc2hhcmUvbWFuL3J1" "Mozilla/5.0 AppleWebKit/537.36 (KHTML, like Gecko; compatible; GPTBot/1.4; +https://openai.com/gptbot)"
74.7.242.58 - - [02/Jul/2026:19:18:01 -0400] "GET /mac.php?pikachu=Ly91c3Ivc2hhcmUvbWFuL2l0L21hbjM HTTP/1.1" 200 3690 "https://jarangomd.com/mac.php?pikachu=Ly91c3Ivc2hhcmUvbWFuL2l0" "Mozilla/5.0 AppleWebKit/537.36 (KHTML, like Gecko; compatible; GPTBot/1.4; +https://openai.com/gptbot)"
74.7.242.58 - - [02/Jul/2026:19:18:02 -0400] "GET /mac.php?pikachu=Ly91c3Ivc2hhcmUvbWFuL2l0L21hbjE HTTP/1.1" 200 4424 "https://jarangomd.com/mac.php?pikachu=Ly91c3Ivc2hhcmUvbWFuL2l0" "Mozilla/5.0 AppleWebKit/537.36 (KHTML, like Gecko; compatible; GPTBot/1.4; +https://openai.com/gptbot)"
74.7.242.58 - - [02/Jul/2026:19:18:03 -0400] "GET /mac.php?pikachu=Ly91c3Ivc2hhcmUvbWFuL3N2L21hbjM HTTP/1.1" 200 3690 "https://jarangomd.com/mac.php?pikachu=Ly91c3Ivc2hhcmUvbWFuL3N2" "Mozilla/5.0 AppleWebKit/537.36 (KHTML, like Gecko; compatible; GPTBot/1.4; +https://openai.com/gptbot)"
74.7.242.58 - - [02/Jul/2026:19:18:02 -0400] "GET /mac.php?pikachu=Ly91c3Ivc2hhcmUvbWFuL25sL21hbjE HTTP/1.1" 200 4434 "https://jarangomd.com/mac.php?pikachu=Ly91c3Ivc2hhcmUvbWFuL25s" "Mozilla/5.0 AppleWebKit/537.36 (KHTML, like Gecko; compatible; GPTBot/1.4; +https://openai.com/gptbot)"
74.7.242.58 - - [02/Jul/2026:19:18:04 -0400] "GET /mac.php?pikachu=Ly91c3Ivc2hhcmUvbWFuL2l0L21hbjU HTTP/1.1" 200 3870 "https://jarangomd.com/mac.php?pikachu=Ly91c3Ivc2hhcmUvbWFuL2l0" "Mozilla/5.0 AppleWebKit/537.36 (KHTML, like Gecko; compatible; GPTBot/1.4; +https://openai.com/gptbot)"
74.7.242.58 - - [02/Jul/2026:19:18:04 -0400] "GET /mac.php?pikachu=Ly91c3Ivc2hhcmUvZ2l0LWNvcmU HTTP/1.1" 200 3698 "https://jarangomd.com/mac.php?pikachu=Ly91c3Ivc2hhcmU" "Mozilla/5.0 AppleWebKit/537.36 (KHTML, like Gecko; compatible; GPTBot/1.4; +https://openai.com/gptbot)"
74.7.242.58 - - [02/Jul/2026:19:18:05 -0400] "GET /mac.php?pikachu=Ly9wcm9jL3N5cy9mcy9tcXVldWU HTTP/1.1" 200 3828 "https://jarangomd.com/mac.php?pikachu=Ly9wcm9jL3N5cy9mcw" "Mozilla/5.0 AppleWebKit/537.36 (KHTML, like Gecko; compatible; GPTBot/1.4; +https://openai.com/gptbot)"
74.7.242.58 - - [02/Jul/2026:19:18:07 -0400] "GET /mac.php?pikachu=Ly91c3Ivc2hhcmUvbWFuL2h1L21hbjg HTTP/1.1" 200 3687 "https://jarangomd.com/mac.php?pikachu=Ly91c3Ivc2hhcmUvbWFuL2h1" "Mozilla/5.0 AppleWebKit/537.36 (KHTML, like Gecko; compatible; GPTBot/1.4; +https://openai.com/gptbot)"
74.7.242.58 - - [02/Jul/2026:19:18:07 -0400] "GET /mac.php?pikachu=Ly91c3Ivc2hhcmUvbWFuL2h1L21hbjE HTTP/1.1" 200 3915 "https://jarangomd.com/mac.php?pikachu=Ly91c3Ivc2hhcmUvbWFuL2h1" "Mozilla/5.0 AppleWebKit/537.36 (KHTML, like Gecko; compatible; GPTBot/1.4; +https://openai.com/gptbot)"
74.7.242.58 - - [02/Jul/2026:19:18:08 -0400] "GET /mac.php?pikachu=Ly91c3Ivc2hhcmUvbWFuL3J1L21hbjc HTTP/1.1" 200 3759 "https://jarangomd.com/mac.php?pikachu=Ly91c3Ivc2hhcmUvbWFuL3J1" "Mozilla/5.0 AppleWebKit/537.36 (KHTML, like Gecko; compatible; GPTBot/1.4; +https://openai.com/gptbot)"
74.7.242.58 - - [02/Jul/2026:19:18:09 -0400] "GET /mac.php?pikachu=Ly91c3Ivc2hhcmUvbWFuL25sL21hbjc HTTP/1.1" 200 3711 "https://jarangomd.com/mac.php?pikachu=Ly91c3Ivc2hhcmUvbWFuL25s" "Mozilla/5.0 AppleWebKit/537.36 (KHTML, like Gecko; compatible; GPTBot/1.4; +https://openai.com/gptbot)"
74.7.242.58 - - [02/Jul/2026:19:18:11 -0400] "GET /wp-includes/js/dist/date.js HTTP/1.1" 200 40952 "https://jarangomd.com/wp-includes/js/dist/" "Mozilla/5.0 AppleWebKit/537.36 (KHTML, like Gecko; compatible; GPTBot/1.4; +https://openai.com/gptbot)"
74.7.242.58 - - [02/Jul/2026:19:18:14 -0400] "GET /wp-includes/js/dist/data.js HTTP/1.1" 200 20275 "https://jarangomd.com/wp-includes/js/dist/" "Mozilla/5.0 AppleWebKit/537.36 (KHTML, like Gecko; compatible; GPTBot/1.4; +https://openai.com/gptbot)"
74.7.242.58 - - [02/Jul/2026:19:18:16 -0400] "GET /wp-includes/js/dist/nux.js HTTP/1.1" 200 2468 "https://jarangomd.com/wp-includes/js/dist/" "Mozilla/5.0 AppleWebKit/537.36 (KHTML, like Gecko; compatible; GPTBot/1.4; +https://openai.com/gptbot)"
74.7.242.58 - - [02/Jul/2026:19:18:17 -0400] "GET /wp-includes/js/dist/dom.js HTTP/1.1" 200 7736 "https://jarangomd.com/wp-includes/js/dist/" "Mozilla/5.0 AppleWebKit/537.36 (KHTML, like Gecko; compatible; GPTBot/1.4; +https://openai.com/gptbot)"
195.229.76.26 - - [02/Jul/2026:19:18:18 -0400] "POST /xmlrpc.php HTTP/1.1" 200 403 "-" "Jetpack by WordPress.com"
74.7.242.58 - - [02/Jul/2026:19:18:19 -0400] "GET /mac.php?pikachu=Ly91c3Ivc2hhcmUvbWFuL2phL21hbjc HTTP/1.1" 200 3759 "https://jarangomd.com/mac.php?pikachu=Ly91c3Ivc2hhcmUvbWFuL2ph" "Mozilla/5.0 AppleWebKit/537.36 (KHTML, like Gecko; compatible; GPTBot/1.4; +https://openai.com/gptbot)"
74.7.242.58 - - [02/Jul/2026:19:18:21 -0400] "GET /mac.php?pikachu=Ly9saWIvZmlyZXdhbGxkL3pvbmVz HTTP/1.1" 200 4126 "https://jarangomd.com/mac.php?pikachu=Ly9saWIvZmlyZXdhbGxk" "Mozilla/5.0 AppleWebKit/537.36 (KHTML, like Gecko; compatible; GPTBot/1.4; +https://openai.com/gptbot)"
74.7.242.58 - - [02/Jul/2026:19:18:04 -0400] "GET /mac.php?pikachu=Ly91c3Ivc2hhcmUvbWFuL25sL21hbjU HTTP/1.1" 200 3888 "https://jarangomd.com/mac.php?pikachu=Ly91c3Ivc2hhcmUvbWFuL25s" "Mozilla/5.0 AppleWebKit/537.36 (KHTML, like Gecko; compatible; GPTBot/1.4; +https://openai.com/gptbot)"
74.7.242.58 - - [02/Jul/2026:19:18:06 -0400] "GET /mac.php?pikachu=Ly91c3IvbGliNjQvbGliaWJ2ZXJicw HTTP/1.1" 200 4235 "https://jarangomd.com/mac.php?pikachu=Ly91c3IvbGliNjQ" "Mozilla/5.0 AppleWebKit/537.36 (KHTML, like Gecko; compatible; GPTBot/1.4; +https://openai.com/gptbot)"
74.7.242.58 - - [02/Jul/2026:19:18:06 -0400] "GET /mac.php?pikachu=Ly91c3Ivc2hhcmUvbWFuL3J1L21hbjU HTTP/1.1" 200 5633 "https://jarangomd.com/mac.php?pikachu=Ly91c3Ivc2hhcmUvbWFuL3J1" "Mozilla/5.0 AppleWebKit/537.36 (KHTML, like Gecko; compatible; GPTBot/1.4; +https://openai.com/gptbot)"
195.229.76.26 - - [02/Jul/2026:19:18:07 -0400] "POST /xmlrpc.php HTTP/1.1" 200 403 "-" "WordPress.com; https://wordpress.com"
74.7.242.58 - - [02/Jul/2026:19:18:08 -0400] "GET /mac.php?pikachu=Ly91c3Ivc2hhcmUvbWFuL3N2L21hbjc HTTP/1.1" 200 3711 "https://jarangomd.com/mac.php?pikachu=Ly91c3Ivc2hhcmUvbWFuL3N2" "Mozilla/5.0 AppleWebKit/537.36 (KHTML, like Gecko; compatible; GPTBot/1.4; +https://openai.com/gptbot)"
74.7.242.58 - - [02/Jul/2026:19:18:09 -0400] "GET /mac.php?pikachu=Ly91c3Ivc2hhcmUvbWFuL3N2L21hbjU HTTP/1.1" 200 4294 "https://jarangomd.com/mac.php?pikachu=Ly91c3Ivc2hhcmUvbWFuL3N2" "Mozilla/5.0 AppleWebKit/537.36 (KHTML, like Gecko; compatible; GPTBot/1.4; +https://openai.com/gptbot)"
74.7.242.58 - - [02/Jul/2026:19:18:10 -0400] "GET /mac.php?pikachu=Ly9saWIvZmlyZXdhbGxk HTTP/1.1" 200 3840 "https://jarangomd.com/mac.php?pikachu=Ly9saWI" "Mozilla/5.0 AppleWebKit/537.36 (KHTML, like Gecko; compatible; GPTBot/1.4; +https://openai.com/gptbot)"
74.7.242.58 - - [02/Jul/2026:19:18:10 -0400] "GET /wp-includes/sodium_compat/namespaced/Core/BLAKE2b.php HTTP/1.1" 500 0 "https://jarangomd.com/wp-includes/sodium_compat/namespaced/Core/" "Mozilla/5.0 AppleWebKit/537.36 (KHTML, like Gecko; compatible; GPTBot/1.4; +https://openai.com/gptbot)"
74.7.242.58 - - [02/Jul/2026:19:18:12 -0400] "GET /wp-includes/js/dist/vendor/ HTTP/1.1" 200 1930 "https://jarangomd.com/wp-includes/js/dist/" "Mozilla/5.0 AppleWebKit/537.36 (KHTML, like Gecko; compatible; GPTBot/1.4; +https://openai.com/gptbot)"
74.7.242.58 - - [02/Jul/2026:19:18:15 -0400] "GET /wp-includes/js/dist/views.js HTTP/1.1" 200 2101 "https://jarangomd.com/wp-includes/js/dist/" "Mozilla/5.0 AppleWebKit/537.36 (KHTML, like Gecko; compatible; GPTBot/1.4; +https://openai.com/gptbot)"
74.7.242.58 - - [02/Jul/2026:19:18:18 -0400] "GET /wp-includes/Text/Diff/Renderer/ HTTP/1.1" 200 631 "https://jarangomd.com/wp-includes/Text/Diff/" "Mozilla/5.0 AppleWebKit/537.36 (KHTML, like Gecko; compatible; GPTBot/1.4; +https://openai.com/gptbot)"
74.7.242.58 - - [02/Jul/2026:19:18:20 -0400] "GET /wp-includes/js/dist/script-modules/interactivity/debug.js HTTP/1.1" 200 26620 "https://jarangomd.com/wp-includes/js/dist/script-modules/interactivity/" "Mozilla/5.0 AppleWebKit/537.36 (KHTML, like Gecko; compatible; GPTBot/1.4; +https://openai.com/gptbot)"
74.7.242.58 - - [02/Jul/2026:19:18:20 -0400] "GET /mac.php?pikachu=Ly9saWIvZmlyZXdhbGxkL2lwc2V0cw HTTP/1.1" 200 3654 "https://jarangomd.com/mac.php?pikachu=Ly9saWIvZmlyZXdhbGxk" "Mozilla/5.0 AppleWebKit/537.36 (KHTML, like Gecko; compatible; GPTBot/1.4; +https://openai.com/gptbot)"
74.7.242.58 - - [02/Jul/2026:19:18:22 -0400] "GET /mac.php?pikachu=Ly9saWIvZmlyZXdhbGxkL3NlcnZpY2Vz HTTP/1.1" 200 10117 "https://jarangomd.com/mac.php?pikachu=Ly9saWIvZmlyZXdhbGxk" "Mozilla/5.0 AppleWebKit/537.36 (KHTML, like Gecko; compatible; GPTBot/1.4; +https://openai.com/gptbot)"
74.7.242.58 - - [02/Jul/2026:19:18:22 -0400] "GET /wp-includes/js/dist/vendor/wp-polyfill-url.min.js HTTP/1.1" 200 13214 "https://jarangomd.com/wp-includes/js/dist/vendor/" "Mozilla/5.0 AppleWebKit/537.36 (KHTML, like Gecko; compatible; GPTBot/1.4; +https://openai.com/gptbot)"
74.7.242.58 - - [02/Jul/2026:19:18:23 -0400] "GET /wp-includes/js/dist/vendor/wp-polyfill-url.js HTTP/1.1" 200 23236 "https://jarangomd.com/wp-includes/js/dist/vendor/" "Mozilla/5.0 AppleWebKit/537.36 (KHTML, like Gecko; compatible; GPTBot/1.4; +https://openai.com/gptbot)"
74.7.242.58 - - [02/Jul/2026:19:18:23 -0400] "GET /wp-includes/js/dist/vendor/react-dom.js HTTP/1.1" 200 243173 "https://jarangomd.com/wp-includes/js/dist/vendor/" "Mozilla/5.0 AppleWebKit/537.36 (KHTML, like Gecko; compatible; GPTBot/1.4; +https://openai.com/gptbot)"
74.7.242.58 - - [02/Jul/2026:19:18:24 -0400] "GET /wp-includes/js/dist/vendor/react-dom.min.js HTTP/1.1" 200 40200 "https://jarangomd.com/wp-includes/js/dist/vendor/" "Mozilla/5.0 AppleWebKit/537.36 (KHTML, like Gecko; compatible; GPTBot/1.4; +https://openai.com/gptbot)"
74.7.242.58 - - [02/Jul/2026:19:18:25 -0400] "GET /wp-includes/js/dist/vendor/moment.min.js HTTP/1.1" 200 18383 "https://jarangomd.com/wp-includes/js/dist/vendor/" "Mozilla/5.0 AppleWebKit/537.36 (KHTML, like Gecko; compatible; GPTBot/1.4; +https://openai.com/gptbot)"
74.7.242.58 - - [02/Jul/2026:19:18:25 -0400] "GET /wp-includes/js/dist/vendor/lodash.min.js HTTP/1.1" 200 24100 "https://jarangomd.com/wp-includes/js/dist/vendor/" "Mozilla/5.0 AppleWebKit/537.36 (KHTML, like Gecko; compatible; GPTBot/1.4; +https://openai.com/gptbot)"
74.7.242.58 - - [02/Jul/2026:19:18:26 -0400] "GET /wp-includes/js/dist/vendor/regenerator-runtime.min.js HTTP/1.1" 200 2392 "https://jarangomd.com/wp-includes/js/dist/vendor/" "Mozilla/5.0 AppleWebKit/537.36 (KHTML, like Gecko; compatible; GPTBot/1.4; +https://openai.com/gptbot)"
74.7.242.58 - - [02/Jul/2026:19:18:28 -0400] "GET /wp-includes/js/dist/redux.mjs.map HTTP/1.1" 404 1251 "https://jarangomd.com/wp-includes/js/dist/data.js" "Mozilla/5.0 AppleWebKit/537.36 (KHTML, like Gecko; compatible; GPTBot/1.4; +https://openai.com/gptbot)"
74.7.242.58 - - [02/Jul/2026:19:18:29 -0400] "GET /mac.php?pikachu=Ly9saWIvZmlybXdhcmUvbXJ2bC9jcHQwNA HTTP/1.1" 200 3757 "https://jarangomd.com/mac.php?pikachu=Ly9saWIvZmlybXdhcmUvbXJ2bA" "Mozilla/5.0 AppleWebKit/537.36 (KHTML, like Gecko; compatible; GPTBot/1.4; +https://openai.com/gptbot)"
74.7.242.58 - - [02/Jul/2026:19:18:30 -0400] "GET /mac.php?pikachu=Ly9saWIvZmlybXdhcmUvbXJ2bC9jcHQwMg HTTP/1.1" 200 3758 "https://jarangomd.com/mac.php?pikachu=Ly9saWIvZmlybXdhcmUvbXJ2bA" "Mozilla/5.0 AppleWebKit/537.36 (KHTML, like Gecko; compatible; GPTBot/1.4; +https://openai.com/gptbot)"
74.7.242.58 - - [02/Jul/2026:19:18:30 -0400] "GET /wp-includes/html-api/class-wp-html-tag-processor.php HTTP/1.1" 200 0 "https://jarangomd.com/wp-includes/html-api/" "Mozilla/5.0 AppleWebKit/537.36 (KHTML, like Gecko; compatible; GPTBot/1.4; +https://openai.com/gptbot)"
74.7.242.58 - - [02/Jul/2026:19:18:31 -0400] "GET /wp-includes/js/dist/'%20+%20lnk%20+%20' HTTP/1.1" 404 1251 "https://jarangomd.com/wp-includes/js/dist/blocks.js" "Mozilla/5.0 AppleWebKit/537.36 (KHTML, like Gecko; compatible; GPTBot/1.4; +https://openai.com/gptbot)"
74.7.242.58 - - [02/Jul/2026:19:18:33 -0400] "GET /wp-includes/IXR/blue/?action=delete&dir=%2Fhome%2Fatomylvb%2Fjarangomd.com&item=admin.php HTTP/1.1" 200 1279 "https://jarangomd.com/wp-includes/IXR/blue/" "Mozilla/5.0 AppleWebKit/537.36 (KHTML, like Gecko; compatible; GPTBot/1.4; +https://openai.com/gptbot)"
74.7.242.58 - - [02/Jul/2026:19:18:34 -0400] "GET /mac.php?pikachu=Ly9saWI2NC9jbWFrZS9leHBhdC0yLjUuMA HTTP/1.1" 200 3845 "https://jarangomd.com/mac.php?pikachu=Ly9saWI2NC9jbWFrZQ" "Mozilla/5.0 AppleWebKit/537.36 (KHTML, like Gecko; compatible; GPTBot/1.4; +https://openai.com/gptbot)"
74.7.242.58 - - [02/Jul/2026:19:18:35 -0400] "GET /mac.php?pikachu=Ly92YXIvc29mdGFjdWxvdXMvbGVhZnB1Yg HTTP/1.1" 200 4457 "https://jarangomd.com/mac.php?pikachu=Ly92YXIvc29mdGFjdWxvdXM" "Mozilla/5.0 AppleWebKit/537.36 (KHTML, like Gecko; compatible; GPTBot/1.4; +https://openai.com/gptbot)"
74.7.242.58 - - [02/Jul/2026:19:18:24 -0400] "GET /wp-includes/js/dist/vendor/react.min.js HTTP/1.1" 200 4006 "https://jarangomd.com/wp-includes/js/dist/vendor/" "Mozilla/5.0 AppleWebKit/537.36 (KHTML, like Gecko; compatible; GPTBot/1.4; +https://openai.com/gptbot)"
74.7.242.58 - - [02/Jul/2026:19:18:26 -0400] "GET /wp-includes/js/dist/vendor/react-jsx-runtime.min.js HTTP/1.1" 200 518 "https://jarangomd.com/wp-includes/js/dist/vendor/" "Mozilla/5.0 AppleWebKit/537.36 (KHTML, like Gecko; compatible; GPTBot/1.4; +https://openai.com/gptbot)"
74.7.242.58 - - [02/Jul/2026:19:18:27 -0400] "GET /wp-includes/js/dist/vendor/regenerator-runtime.js HTTP/1.1" 200 6977 "https://jarangomd.com/wp-includes/js/dist/vendor/" "Mozilla/5.0 AppleWebKit/537.36 (KHTML, like Gecko; compatible; GPTBot/1.4; +https://openai.com/gptbot)"
74.7.242.58 - - [02/Jul/2026:19:18:27 -0400] "GET /wp-includes/js/dist/vendor/react-jsx-runtime.js HTTP/1.1" 200 12915 "https://jarangomd.com/wp-includes/js/dist/vendor/" "Mozilla/5.0 AppleWebKit/537.36 (KHTML, like Gecko; compatible; GPTBot/1.4; +https://openai.com/gptbot)"
195.229.76.26 - - [02/Jul/2026:19:18:28 -0400] "POST /xmlrpc.php HTTP/1.1" 200 403 "-" "WordPress.com; https://wordpress.com"
74.7.242.58 - - [02/Jul/2026:19:18:28 -0400] "GET /mac.php?pikachu=Ly9saWIvZmlyZXdhbGxkL2hlbHBlcnM HTTP/1.1" 200 4171 "https://jarangomd.com/mac.php?pikachu=Ly9saWIvZmlyZXdhbGxk" "Mozilla/5.0 AppleWebKit/537.36 (KHTML, like Gecko; compatible; GPTBot/1.4; +https://openai.com/gptbot)"
74.7.242.58 - - [02/Jul/2026:19:18:29 -0400] "GET /mac.php?pikachu=Ly9saWIvZmlybXdhcmUvTEVOT1ZPL2lzaA HTTP/1.1" 200 4015 "https://jarangomd.com/mac.php?pikachu=Ly9saWIvZmlybXdhcmUvTEVOT1ZP" "Mozilla/5.0 AppleWebKit/537.36 (KHTML, like Gecko; compatible; GPTBot/1.4; +https://openai.com/gptbot)"
74.7.242.58 - - [02/Jul/2026:19:18:31 -0400] "GET /wp-includes/js/comment-reply.js HTTP/1.1" 200 3483 "https://jarangomd.com/wp-includes/js/" "Mozilla/5.0 AppleWebKit/537.36 (KHTML, like Gecko; compatible; GPTBot/1.4; +https://openai.com/gptbot)"
74.7.242.58 - - [02/Jul/2026:19:18:32 -0400] "GET /wp-includes/js/dist/'%20+%20url%20+%20' HTTP/1.1" 404 1251 "https://jarangomd.com/wp-includes/js/dist/blocks.js" "Mozilla/5.0 AppleWebKit/537.36 (KHTML, like Gecko; compatible; GPTBot/1.4; +https://openai.com/gptbot)"
74.7.242.58 - - [02/Jul/2026:19:18:33 -0400] "GET /wp-includes/js/wp-list-revisions.js HTTP/1.1" 200 379 "https://jarangomd.com/wp-includes/js/" "Mozilla/5.0 AppleWebKit/537.36 (KHTML, like Gecko; compatible; GPTBot/1.4; +https://openai.com/gptbot)"
74.7.242.58 - - [02/Jul/2026:19:18:34 -0400] "GET /wp-includes/js/tinymce/plugins/colorpicker/ HTTP/1.1" 200 674 "https://jarangomd.com/wp-includes/js/tinymce/plugins/" "Mozilla/5.0 AppleWebKit/537.36 (KHTML, like Gecko; compatible; GPTBot/1.4; +https://openai.com/gptbot)"
74.7.242.58 - - [02/Jul/2026:19:18:35 -0400] "GET /mac.php?pikachu=Ly92YXIvc29mdGFjdWxvdXMvZHJ1cGFsOQ HTTP/1.1" 200 4587 "https://jarangomd.com/mac.php?pikachu=Ly92YXIvc29mdGFjdWxvdXM" "Mozilla/5.0 AppleWebKit/537.36 (KHTML, like Gecko; compatible; GPTBot/1.4; +https://openai.com/gptbot)"
74.7.242.58 - - [02/Jul/2026:19:18:36 -0400] "GET /mac.php?pikachu=Ly9saWI2NC9weXRob24zLjgvbGliMnRvMw HTTP/1.1" 200 4557 "https://jarangomd.com/mac.php?pikachu=Ly9saWI2NC9weXRob24zLjg" "Mozilla/5.0 AppleWebKit/537.36 (KHTML, like Gecko; compatible; GPTBot/1.4; +https://openai.com/gptbot)"
74.7.242.58 - - [02/Jul/2026:19:18:37 -0400] "GET /mac.php?pikachu=Ly9vcHQvYWx0L3B5dGhvbjMxMS9zaGFyZQ HTTP/1.1" 200 3881 "https://jarangomd.com/mac.php?pikachu=Ly9vcHQvYWx0L3B5dGhvbjMxMQ" "Mozilla/5.0 AppleWebKit/537.36 (KHTML, like Gecko; compatible; GPTBot/1.4; +https://openai.com/gptbot)"
74.7.242.58 - - [02/Jul/2026:19:18:39 -0400] "GET /mac.php?pikachu=Ly92YXIvc29mdGFjdWxvdXMvZXZlbnR1bQ HTTP/1.1" 200 4549 "https://jarangomd.com/mac.php?pikachu=Ly92YXIvc29mdGFjdWxvdXM" "Mozilla/5.0 AppleWebKit/537.36 (KHTML, like Gecko; compatible; GPTBot/1.4; +https://openai.com/gptbot)"
74.7.242.58 - - [02/Jul/2026:19:18:36 -0400] "GET /mac.php?pikachu=Ly92YXIvc29mdGFjdWxvdXMvZHJ1cGFsNg HTTP/1.1" 200 4495 "https://jarangomd.com/mac.php?pikachu=Ly92YXIvc29mdGFjdWxvdXM" "Mozilla/5.0 AppleWebKit/537.36 (KHTML, like Gecko; compatible; GPTBot/1.4; +https://openai.com/gptbot)"
74.7.242.58 - - [02/Jul/2026:19:18:37 -0400] "GET /mac.php?pikachu=Ly91c3IvbGliNjQvcGVybDUvYXV0by9JTw HTTP/1.1" 200 3665 "https://jarangomd.com/mac.php?pikachu=Ly91c3IvbGliNjQvcGVybDUvYXV0bw" "Mozilla/5.0 AppleWebKit/537.36 (KHTML, like Gecko; compatible; GPTBot/1.4; +https://openai.com/gptbot)"
74.7.242.58 - - [02/Jul/2026:19:18:38 -0400] "GET /mac.php?pikachu=Ly9saWI2NC9weXRob24zLjYvbGliMnRvMw HTTP/1.1" 200 4562 "https://jarangomd.com/mac.php?pikachu=Ly9saWI2NC9weXRob24zLjY" "Mozilla/5.0 AppleWebKit/537.36 (KHTML, like Gecko; compatible; GPTBot/1.4; +https://openai.com/gptbot)"
74.7.242.58 - - [02/Jul/2026:19:18:38 -0400] "GET /mac.php?pikachu=Ly92YXIvc29mdGFjdWxvdXMvZ2FsbGVyeQ HTTP/1.1" 200 4439 "https://jarangomd.com/mac.php?pikachu=Ly92YXIvc29mdGFjdWxvdXM" "Mozilla/5.0 AppleWebKit/537.36 (KHTML, like Gecko; compatible; GPTBot/1.4; +https://openai.com/gptbot)"
195.229.76.26 - - [02/Jul/2026:19:18:39 -0400] "POST /xmlrpc.php HTTP/1.1" 200 403 "-" "WordPress.com; https://wordpress.com"
74.7.242.58 - - [02/Jul/2026:19:18:40 -0400] "GET /wp-includes/js/tinymce/plugins/colorpicker/plugin.js HTTP/1.1" 200 865 "https://jarangomd.com/wp-includes/js/tinymce/plugins/colorpicker/" "Mozilla/5.0 AppleWebKit/537.36 (KHTML, like Gecko; compatible; GPTBot/1.4; +https://openai.com/gptbot)"
74.7.242.58 - - [02/Jul/2026:19:18:42 -0400] "GET /mac.php?pikachu=Ly92YXIvc29mdGFjdWxvdXMvb3BlbnNpcw HTTP/1.1" 200 4309 "https://jarangomd.com/mac.php?pikachu=Ly92YXIvc29mdGFjdWxvdXM" "Mozilla/5.0 AppleWebKit/537.36 (KHTML, like Gecko; compatible; GPTBot/1.4; +https://openai.com/gptbot)"
74.7.242.58 - - [02/Jul/2026:19:18:42 -0400] "GET /mac.php?pikachu=Ly92YXIvc29mdGFjdWxvdXMvZHJ1cGFsOA HTTP/1.1" 200 4794 "https://jarangomd.com/mac.php?pikachu=Ly92YXIvc29mdGFjdWxvdXM" "Mozilla/5.0 AppleWebKit/537.36 (KHTML, like Gecko; compatible; GPTBot/1.4; +https://openai.com/gptbot)"
74.7.242.58 - - [02/Jul/2026:19:18:45 -0400] "GET /mac.php?pikachu=Ly91c3IvbGliNjQvYXBhY2hlMi9idWlsZA HTTP/1.1" 200 4047 "https://jarangomd.com/mac.php?pikachu=Ly91c3IvbGliNjQvYXBhY2hlMg" "Mozilla/5.0 AppleWebKit/537.36 (KHTML, like Gecko; compatible; GPTBot/1.4; +https://openai.com/gptbot)"
74.7.242.58 - - [02/Jul/2026:19:18:46 -0400] "GET /mac.php?pikachu=Ly9vcHQvYWx0L3B5dGhvbjMxMi9zaGFyZQ HTTP/1.1" 200 3873 "https://jarangomd.com/mac.php?pikachu=Ly9vcHQvYWx0L3B5dGhvbjMxMg" "Mozilla/5.0 AppleWebKit/537.36 (KHTML, like Gecko; compatible; GPTBot/1.4; +https://openai.com/gptbot)"
74.7.242.58 - - [02/Jul/2026:19:18:48 -0400] "GET /wp-includes/Text/Diff/Engine/ HTTP/1.1" 200 711 "https://jarangomd.com/wp-includes/Text/Diff/" "Mozilla/5.0 AppleWebKit/537.36 (KHTML, like Gecko; compatible; GPTBot/1.4; +https://openai.com/gptbot)"
216.73.217.71 - - [02/Jul/2026:19:18:49 -0400] "GET /wp-includes/css/customize-preview-rtl.min.css HTTP/1.1" 200 751 "-" "Mozilla/5.0 AppleWebKit/537.36 (KHTML, like Gecko; compatible; ClaudeBot/1.0; +claudebot@anthropic.com)"
74.7.242.58 - - [02/Jul/2026:19:18:49 -0400] "GET /mac.php?pikachu=Ly9ob21lL2F0b215bHZiLy5wa2kvbnNzZGI HTTP/1.1" 200 3563 "https://jarangomd.com/mac.php?pikachu=Ly9ob21lL2F0b215bHZiLy5wa2k" "Mozilla/5.0 AppleWebKit/537.36 (KHTML, like Gecko; compatible; GPTBot/1.4; +https://openai.com/gptbot)"
74.7.242.58 - - [02/Jul/2026:19:18:51 -0400] "GET /mac.php?pikachu=Ly9ob21lL2F0b215bHZiL3Zhci9jcGFuZWw HTTP/1.1" 200 3716 "https://jarangomd.com/mac.php?pikachu=Ly9ob21lL2F0b215bHZiL3Zhcg" "Mozilla/5.0 AppleWebKit/537.36 (KHTML, like Gecko; compatible; GPTBot/1.4; +https://openai.com/gptbot)"
74.7.242.58 - - [02/Jul/2026:19:18:40 -0400] "GET /wp-includes/js/tinymce/plugins/colorpicker/plugin.min.js HTTP/1.1" 200 589 "https://jarangomd.com/wp-includes/js/tinymce/plugins/colorpicker/" "Mozilla/5.0 AppleWebKit/537.36 (KHTML, like Gecko; compatible; GPTBot/1.4; +https://openai.com/gptbot)"
74.7.242.58 - - [02/Jul/2026:19:18:41 -0400] "GET /mac.php?pikachu=Ly9saWIvc3lzdGVtZC91c2VyLXByZXNldA HTTP/1.1" 200 3745 "https://jarangomd.com/mac.php?pikachu=Ly9saWIvc3lzdGVtZA" "Mozilla/5.0 AppleWebKit/537.36 (KHTML, like Gecko; compatible; GPTBot/1.4; +https://openai.com/gptbot)"
74.7.242.58 - - [02/Jul/2026:19:18:41 -0400] "GET /mac.php?pikachu=Ly92YXIvc29mdGFjdWxvdXMvZHJ1cGFsOS9waHA4MQ HTTP/1.1" 200 3885 "https://jarangomd.com/mac.php?pikachu=Ly92YXIvc29mdGFjdWxvdXMvZHJ1cGFsOQ" "Mozilla/5.0 AppleWebKit/537.36 (KHTML, like Gecko; compatible; GPTBot/1.4; +https://openai.com/gptbot)"
74.7.242.58 - - [02/Jul/2026:19:18:43 -0400] "GET /mac.php?pikachu=Ly9saWI2NC9wZXJsNS9hdXRvL1BlcmxJTw HTTP/1.1" 200 3795 "https://jarangomd.com/mac.php?pikachu=Ly9saWI2NC9wZXJsNS9hdXRv" "Mozilla/5.0 AppleWebKit/537.36 (KHTML, like Gecko; compatible; GPTBot/1.4; +https://openai.com/gptbot)"
74.7.242.58 - - [02/Jul/2026:19:18:43 -0400] "GET /mac.php?pikachu=Ly9vcHQvYWx0L3B5dGhvbjMxMC9zaGFyZQ HTTP/1.1" 200 3878 "https://jarangomd.com/mac.php?pikachu=Ly9vcHQvYWx0L3B5dGhvbjMxMA" "Mozilla/5.0 AppleWebKit/537.36 (KHTML, like Gecko; compatible; GPTBot/1.4; +https://openai.com/gptbot)"
74.7.242.58 - - [02/Jul/2026:19:18:44 -0400] "GET /mac.php?pikachu=Ly9vcHQvYWx0L3BjcmU4MDIvdXNyL2Jpbg HTTP/1.1" 200 3784 "https://jarangomd.com/mac.php?pikachu=Ly9vcHQvYWx0L3BjcmU4MDIvdXNy" "Mozilla/5.0 AppleWebKit/537.36 (KHTML, like Gecko; compatible; GPTBot/1.4; +https://openai.com/gptbot)"
74.7.242.58 - - [02/Jul/2026:19:18:44 -0400] "GET /mac.php?pikachu=Ly9saWI2NC9weXRob24yLjcvaWRsZWxpYg HTTP/1.1" 200 9713 "https://jarangomd.com/mac.php?pikachu=Ly9saWI2NC9weXRob24yLjc" "Mozilla/5.0 AppleWebKit/537.36 (KHTML, like Gecko; compatible; GPTBot/1.4; +https://openai.com/gptbot)"
74.7.242.58 - - [02/Jul/2026:19:18:45 -0400] "GET /mac.php?pikachu=Ly9saWI2NC9weXRob24zLjgvdGtpbnRlcg HTTP/1.1" 200 4387 "https://jarangomd.com/mac.php?pikachu=Ly9saWI2NC9weXRob24zLjg" "Mozilla/5.0 AppleWebKit/537.36 (KHTML, like Gecko; compatible; GPTBot/1.4; +https://openai.com/gptbot)"
74.7.242.58 - - [02/Jul/2026:19:18:46 -0400] "GET /mac.php?pikachu=Ly9saWI2NC9weXRob24yLjcvbGliMnRvMw HTTP/1.1" 200 5045 "https://jarangomd.com/mac.php?pikachu=Ly9saWI2NC9weXRob24yLjc" "Mozilla/5.0 AppleWebKit/537.36 (KHTML, like Gecko; compatible; GPTBot/1.4; +https://openai.com/gptbot)"
74.7.242.58 - - [02/Jul/2026:19:18:47 -0400] "GET /mac.php?pikachu=Ly91c3IvbGliNjQvZ3N0cmVhbWVyLTEuMA HTTP/1.1" 200 8465 "https://jarangomd.com/mac.php?pikachu=Ly91c3IvbGliNjQ" "Mozilla/5.0 AppleWebKit/537.36 (KHTML, like Gecko; compatible; GPTBot/1.4; +https://openai.com/gptbot)"
74.7.242.58 - - [02/Jul/2026:19:18:47 -0400] "GET /wp-includes/js/tinymce/plugins/compat3x/plugin.js HTTP/1.1" 200 2620 "https://jarangomd.com/wp-includes/js/tinymce/plugins/compat3x/" "Mozilla/5.0 AppleWebKit/537.36 (KHTML, like Gecko; compatible; GPTBot/1.4; +https://openai.com/gptbot)"
74.7.242.58 - - [02/Jul/2026:19:18:48 -0400] "GET /wp-includes/sodium_compat/src/Core32/Util.php HTTP/1.1" 500 0 "https://jarangomd.com/wp-includes/sodium_compat/src/Core32/" "Mozilla/5.0 AppleWebKit/537.36 (KHTML, like Gecko; compatible; GPTBot/1.4; +https://openai.com/gptbot)"
216.73.217.71 - - [02/Jul/2026:19:18:49 -0400] "GET /wp-includes/css/wp-auth-check-rtl.css HTTP/1.1" 200 765 "-" "Mozilla/5.0 AppleWebKit/537.36 (KHTML, like Gecko; compatible; ClaudeBot/1.0; +claudebot@anthropic.com)"
195.229.76.26 - - [02/Jul/2026:19:18:49 -0400] "POST /xmlrpc.php HTTP/1.1" 200 403 "-" "Jetpack/13.0; WordPress/6.3; http://site75272075.com"
74.7.242.58 - - [02/Jul/2026:19:18:52 -0400] "GET /mac.php?pikachu=Ly9ob21lL2F0b215bHZiL21haWwvLlNlbnQ HTTP/1.1" 200 3907 "https://jarangomd.com/mac.php?pikachu=Ly9ob21lL2F0b215bHZiL21haWw" "Mozilla/5.0 AppleWebKit/537.36 (KHTML, like Gecko; compatible; GPTBot/1.4; +https://openai.com/gptbot)"
74.7.242.58 - - [02/Jul/2026:19:18:54 -0400] "GET /mac.php?pikachu=Ly9saWIvZmlybXdhcmUvYXIzay8zMDEwMQ HTTP/1.1" 200 3807 "https://jarangomd.com/mac.php?pikachu=Ly9saWIvZmlybXdhcmUvYXIzaw" "Mozilla/5.0 AppleWebKit/537.36 (KHTML, like Gecko; compatible; GPTBot/1.4; +https://openai.com/gptbot)"
74.7.242.58 - - [02/Jul/2026:19:18:56 -0400] "GET /wp-includes/abilities-api/colors/ HTTP/1.1" 200 3682 "https://jarangomd.com/wp-includes/abilities-api/" "Mozilla/5.0 AppleWebKit/537.36 (KHTML, like Gecko; compatible; GPTBot/1.4; +https://openai.com/gptbot)"
74.7.242.58 - - [02/Jul/2026:19:18:58 -0400] "GET /wp-includes/sodium_compat/src/Core32/SipHash.php HTTP/1.1" 500 0 "https://jarangomd.com/wp-includes/sodium_compat/src/Core32/" "Mozilla/5.0 AppleWebKit/537.36 (KHTML, like Gecko; compatible; GPTBot/1.4; +https://openai.com/gptbot)"
74.7.242.58 - - [02/Jul/2026:19:18:59 -0400] "GET /wp-includes/js/dist/$%7Bthis.src%7D HTTP/1.1" 404 1251 "https://jarangomd.com/wp-includes/js/dist/latex-to-mathml.js" "Mozilla/5.0 AppleWebKit/537.36 (KHTML, like Gecko; compatible; GPTBot/1.4; +https://openai.com/gptbot)"
195.229.76.26 - - [02/Jul/2026:19:19:00 -0400] "POST /xmlrpc.php HTTP/1.1" 200 403 "-" "Jetpack/12.1; WordPress/6.3; http://site42361758.com"
216.73.217.71 - - [02/Jul/2026:19:19:04 -0400] "GET /wp-includes/css/wp-embed-template-ie.min.css HTTP/1.1" 200 35 "-" "Mozilla/5.0 AppleWebKit/537.36 (KHTML, like Gecko; compatible; ClaudeBot/1.0; +claudebot@anthropic.com)"
74.7.242.58 - - [02/Jul/2026:19:19:03 -0400] "GET /old/wp-load.php HTTP/1.1" 302 0 "https://jarangomd.com/old/" "Mozilla/5.0 AppleWebKit/537.36 (KHTML, like Gecko; compatible; GPTBot/1.4; +https://openai.com/gptbot)"
74.7.242.58 - - [02/Jul/2026:19:19:07 -0400] "GET /old/wp-admin/install.php HTTP/1.1" 200 4112 "https://jarangomd.com/old/wp-load.php" "Mozilla/5.0 AppleWebKit/537.36 (KHTML, like Gecko; compatible; GPTBot/1.4; +https://openai.com/gptbot)"
74.7.242.58 - - [02/Jul/2026:19:19:29 -0400] "GET /mac.php?pikachu=Ly9vcHQvcGxlc2svcGhwLzguMS9saWI2NA HTTP/1.1" 200 3700 "https://jarangomd.com/mac.php?pikachu=Ly9vcHQvcGxlc2svcGhwLzguMQ" "Mozilla/5.0 AppleWebKit/537.36 (KHTML, like Gecko; compatible; GPTBot/1.4; +https://openai.com/gptbot)"
74.7.242.58 - - [02/Jul/2026:19:19:32 -0400] "GET /mac.php?pikachu=Ly9vcHQvcGxlc2svcGhwLzcuMi9saWI2NA HTTP/1.1" 200 3699 "https://jarangomd.com/mac.php?pikachu=Ly9vcHQvcGxlc2svcGhwLzcuMg" "Mozilla/5.0 AppleWebKit/537.36 (KHTML, like Gecko; compatible; GPTBot/1.4; +https://openai.com/gptbot)"
74.7.242.58 - - [02/Jul/2026:19:19:33 -0400] "GET /mac.php?pikachu=Ly9vcHQvcGxlc2svcGhwLzguMy9saWI2NA HTTP/1.1" 200 3643 "https://jarangomd.com/mac.php?pikachu=Ly9vcHQvcGxlc2svcGhwLzguMw" "Mozilla/5.0 AppleWebKit/537.36 (KHTML, like Gecko; compatible; GPTBot/1.4; +https://openai.com/gptbot)"
74.7.242.58 - - [02/Jul/2026:19:19:35 -0400] "GET /mac.php?pikachu=Ly9vcHQvcGxlc2svcGhwLzcuMy9saWI2NA HTTP/1.1" 200 3643 "https://jarangomd.com/mac.php?pikachu=Ly9vcHQvcGxlc2svcGhwLzcuMw" "Mozilla/5.0 AppleWebKit/537.36 (KHTML, like Gecko; compatible; GPTBot/1.4; +https://openai.com/gptbot)"
216.73.217.71 - - [02/Jul/2026:19:19:36 -0400] "GET /wp-includes/html-api/class-wp-html-doctype-info.php HTTP/1.1" 200 0 "-" "Mozilla/5.0 AppleWebKit/537.36 (KHTML, like Gecko; compatible; ClaudeBot/1.0; +claudebot@anthropic.com)"
216.73.217.71 - - [02/Jul/2026:19:19:36 -0400] "GET /wp-includes/css/media-views-rtl.css HTTP/1.1" 200 10099 "-" "Mozilla/5.0 AppleWebKit/537.36 (KHTML, like Gecko; compatible; ClaudeBot/1.0; +claudebot@anthropic.com)"
74.7.242.58 - - [02/Jul/2026:19:18:53 -0400] "GET /mac.php?pikachu=Ly91c3IvaW5jbHVkZS9saW51eC9nZW53cWU HTTP/1.1" 200 3692 "https://jarangomd.com/mac.php?pikachu=Ly91c3IvaW5jbHVkZS9saW51eA" "Mozilla/5.0 AppleWebKit/537.36 (KHTML, like Gecko; compatible; GPTBot/1.4; +https://openai.com/gptbot)"
74.7.242.58 - - [02/Jul/2026:19:18:55 -0400] "GET /wp-includes/js/underscore.min.js HTTP/1.1" 200 7185 "https://jarangomd.com/wp-includes/js/" "Mozilla/5.0 AppleWebKit/537.36 (KHTML, like Gecko; compatible; GPTBot/1.4; +https://openai.com/gptbot)"
74.7.242.58 - - [02/Jul/2026:19:18:57 -0400] "GET /wp-includes/theme-compat/assets/ HTTP/1.1" 200 1129 "https://jarangomd.com/wp-includes/theme-compat/" "Mozilla/5.0 AppleWebKit/537.36 (KHTML, like Gecko; compatible; GPTBot/1.4; +https://openai.com/gptbot)"
74.7.242.58 - - [02/Jul/2026:19:19:01 -0400] "GET /wp-includes/js/tinymce/plugins/wpeditimage/ HTTP/1.1" 200 686 "https://jarangomd.com/wp-includes/js/tinymce/plugins/" "Mozilla/5.0 AppleWebKit/537.36 (KHTML, like Gecko; compatible; GPTBot/1.4; +https://openai.com/gptbot)"
216.73.217.71 - - [02/Jul/2026:19:19:04 -0400] "GET /wp-includes/css/jquery-ui-dialog.min.css HTTP/1.1" 200 1340 "-" "Mozilla/5.0 AppleWebKit/537.36 (KHTML, like Gecko; compatible; ClaudeBot/1.0; +claudebot@anthropic.com)"
195.229.76.26 - - [02/Jul/2026:19:19:10 -0400] "POST /xmlrpc.php HTTP/1.1" 200 403 "-" "Jetpack by WordPress.com"
195.229.76.26 - - [02/Jul/2026:19:19:21 -0400] "POST /xmlrpc.php HTTP/1.1" 200 403 "-" "Jetpack by WordPress.com"
74.7.242.58 - - [02/Jul/2026:19:19:30 -0400] "GET /mac.php?pikachu=Ly92YXIvc29mdGFjdWxvdXMvcWxvYXBwcw HTTP/1.1" 200 4678 "https://jarangomd.com/mac.php?pikachu=Ly92YXIvc29mdGFjdWxvdXM" "Mozilla/5.0 AppleWebKit/537.36 (KHTML, like Gecko; compatible; GPTBot/1.4; +https://openai.com/gptbot)"
195.229.76.26 - - [02/Jul/2026:19:19:31 -0400] "POST /xmlrpc.php HTTP/1.1" 200 403 "-" "WordPress.com; https://wordpress.com"
74.7.242.58 - - [02/Jul/2026:19:19:34 -0400] "GET /mac.php?pikachu=Ly9vcHQvcGxlc2svcGhwLzUuNS9saWI2NA HTTP/1.1" 200 3645 "https://jarangomd.com/mac.php?pikachu=Ly9vcHQvcGxlc2svcGhwLzUuNQ" "Mozilla/5.0 AppleWebKit/537.36 (KHTML, like Gecko; compatible; GPTBot/1.4; +https://openai.com/gptbot)"
74.7.242.58 - - [02/Jul/2026:19:19:36 -0400] "GET /mac.php?pikachu=Ly9vcHQvcGxlc2svcGhwLzcuNC9saWI2NA HTTP/1.1" 200 3643 "https://jarangomd.com/mac.php?pikachu=Ly9vcHQvcGxlc2svcGhwLzcuNA" "Mozilla/5.0 AppleWebKit/537.36 (KHTML, like Gecko; compatible; GPTBot/1.4; +https://openai.com/gptbot)"
74.7.242.58 - - [02/Jul/2026:19:19:37 -0400] "GET /mac.php?pikachu=Ly9vcHQvcGxlc2svcGhwLzUuNC9saWI2NA HTTP/1.1" 200 3643 "https://jarangomd.com/mac.php?pikachu=Ly9vcHQvcGxlc2svcGhwLzUuNA" "Mozilla/5.0 AppleWebKit/537.36 (KHTML, like Gecko; compatible; GPTBot/1.4; +https://openai.com/gptbot)"
74.7.242.58 - - [02/Jul/2026:19:19:38 -0400] "GET /mac.php?pikachu=Ly9vcHQvcGxlc2svcGhwLzguNS9saWI2NA HTTP/1.1" 200 3644 "https://jarangomd.com/mac.php?pikachu=Ly9vcHQvcGxlc2svcGhwLzguNQ" "Mozilla/5.0 AppleWebKit/537.36 (KHTML, like Gecko; compatible; GPTBot/1.4; +https://openai.com/gptbot)"
74.7.242.58 - - [02/Jul/2026:19:19:39 -0400] "GET /wp-includes/js/tinymce/plugins/wpeditimage/plugin.js HTTP/1.1" 200 7004 "https://jarangomd.com/wp-includes/js/tinymce/plugins/wpeditimage/" "Mozilla/5.0 AppleWebKit/537.36 (KHTML, like Gecko; compatible; GPTBot/1.4; +https://openai.com/gptbot)"
74.7.242.58 - - [02/Jul/2026:19:19:39 -0400] "GET /mac.php?pikachu=Ly9vcHQvcGxlc2svcGhwLzcuMC9saWI2NA HTTP/1.1" 200 3642 "https://jarangomd.com/mac.php?pikachu=Ly9vcHQvcGxlc2svcGhwLzcuMA" "Mozilla/5.0 AppleWebKit/537.36 (KHTML, like Gecko; compatible; GPTBot/1.4; +https://openai.com/gptbot)"
74.7.242.58 - - [02/Jul/2026:19:19:41 -0400] "GET /mac.php?pikachu=Ly9vcHQvcGxlc2svcGhwLzcuMS9saWI2NA HTTP/1.1" 200 3643 "https://jarangomd.com/mac.php?pikachu=Ly9vcHQvcGxlc2svcGhwLzcuMQ" "Mozilla/5.0 AppleWebKit/537.36 (KHTML, like Gecko; compatible; GPTBot/1.4; +https://openai.com/gptbot)"
195.229.76.26 - - [02/Jul/2026:19:19:42 -0400] "POST /xmlrpc.php HTTP/1.1" 200 403 "-" "Jetpack by WordPress.com (Jetpack 12.0; WordPress 6.1)"
74.7.242.58 - - [02/Jul/2026:19:19:42 -0400] "GET /wp-includes/js/tinymce/plugins/tabfocus/plugin.js HTTP/1.1" 200 1062 "https://jarangomd.com/wp-includes/js/tinymce/plugins/tabfocus/" "Mozilla/5.0 AppleWebKit/537.36 (KHTML, like Gecko; compatible; GPTBot/1.4; +https://openai.com/gptbot)"
74.7.242.58 - - [02/Jul/2026:19:19:43 -0400] "GET /wp-includes/js/tinymce/plugins/fullscreen/plugin.min.js HTTP/1.1" 200 827 "https://jarangomd.com/wp-includes/js/tinymce/plugins/fullscreen/" "Mozilla/5.0 AppleWebKit/537.36 (KHTML, like Gecko; compatible; GPTBot/1.4; +https://openai.com/gptbot)"
74.7.242.58 - - [02/Jul/2026:19:19:44 -0400] "GET /mac.php?pikachu=Ly91c3Ivc2hhcmUvbWFuL2phL21hbjU HTTP/1.1" 200 4046 "https://jarangomd.com/mac.php?pikachu=Ly91c3Ivc2hhcmUvbWFuL2ph" "Mozilla/5.0 AppleWebKit/537.36 (KHTML, like Gecko; compatible; GPTBot/1.4; +https://openai.com/gptbot)"
74.7.242.58 - - [02/Jul/2026:19:19:44 -0400] "GET /wp-includes/js/dist/hooks.js HTTP/1.1" 200 3166 "https://jarangomd.com/wp-includes/js/dist/" "Mozilla/5.0 AppleWebKit/537.36 (KHTML, like Gecko; compatible; GPTBot/1.4; +https://openai.com/gptbot)"
74.7.242.58 - - [02/Jul/2026:19:19:45 -0400] "GET /wp-includes/js/dist/blob.js HTTP/1.1" 200 840 "https://jarangomd.com/wp-includes/js/dist/" "Mozilla/5.0 AppleWebKit/537.36 (KHTML, like Gecko; compatible; GPTBot/1.4; +https://openai.com/gptbot)"
74.7.242.58 - - [02/Jul/2026:19:19:46 -0400] "GET /mac.php?pikachu=Ly9wcm9jLzQxMTMzODIvcm9vdC92YXIvbGli HTTP/1.1" 200 3885 "https://jarangomd.com/mac.php?pikachu=Ly9wcm9jLzQxMTMzODIvcm9vdC92YXI" "Mozilla/5.0 AppleWebKit/537.36 (KHTML, like Gecko; compatible; GPTBot/1.4; +https://openai.com/gptbot)"
74.7.242.58 - - [02/Jul/2026:19:19:47 -0400] "GET /wp-includes/js/colorpicker.js HTTP/1.1" 200 7521 "https://jarangomd.com/wp-includes/js/" "Mozilla/5.0 AppleWebKit/537.36 (KHTML, like Gecko; compatible; GPTBot/1.4; +https://openai.com/gptbot)"
74.7.242.58 - - [02/Jul/2026:19:19:47 -0400] "GET /wp-includes/js/underscore.js HTTP/1.1" 200 18837 "https://jarangomd.com/wp-includes/js/" "Mozilla/5.0 AppleWebKit/537.36 (KHTML, like Gecko; compatible; GPTBot/1.4; +https://openai.com/gptbot)"
74.7.242.58 - - [02/Jul/2026:19:19:48 -0400] "GET /wp-includes/widgets/error_log HTTP/1.1" 403 1242 "https://jarangomd.com/wp-includes/widgets/" "Mozilla/5.0 AppleWebKit/537.36 (KHTML, like Gecko; compatible; GPTBot/1.4; +https://openai.com/gptbot)"
74.7.242.58 - - [02/Jul/2026:19:19:48 -0400] "GET /wp-includes/js/imgareaselect/ HTTP/1.1" 200 791 "https://jarangomd.com/wp-includes/js/" "Mozilla/5.0 AppleWebKit/537.36 (KHTML, like Gecko; compatible; GPTBot/1.4; +https://openai.com/gptbot)"
74.7.242.58 - - [02/Jul/2026:19:19:49 -0400] "GET /wp-includes/js/mediaelement/ HTTP/1.1" 200 1493 "https://jarangomd.com/wp-includes/js/" "Mozilla/5.0 AppleWebKit/537.36 (KHTML, like Gecko; compatible; GPTBot/1.4; +https://openai.com/gptbot)"
74.7.242.58 - - [02/Jul/2026:19:19:50 -0400] "GET /mac.php?pikachu=Ly9vcHQvYWx0L3BocDUxL2V0Yy9ycG0 HTTP/1.1" 200 3561 "https://jarangomd.com/mac.php?pikachu=Ly9vcHQvYWx0L3BocDUxL2V0Yw" "Mozilla/5.0 AppleWebKit/537.36 (KHTML, like Gecko; compatible; GPTBot/1.4; +https://openai.com/gptbot)"
216.73.217.71 - - [02/Jul/2026:19:19:51 -0400] "GET /wp-includes/css/wp-auth-check-rtl.min.css HTTP/1.1" 200 620 "-" "Mozilla/5.0 AppleWebKit/537.36 (KHTML, like Gecko; compatible; ClaudeBot/1.0; +claudebot@anthropic.com)"
216.73.217.71 - - [02/Jul/2026:19:19:51 -0400] "GET /wp-includes/css/jquery-ui-dialog-rtl.css HTTP/1.1" 200 1643 "-" "Mozilla/5.0 AppleWebKit/537.36 (KHTML, like Gecko; compatible; ClaudeBot/1.0; +claudebot@anthropic.com)"
74.7.242.58 - - [02/Jul/2026:19:19:52 -0400] "GET /mac.php?pikachu=Ly91c3IvbGliL2Zpcm13YXJlL2UxMDA HTTP/1.1" 200 3763 "https://jarangomd.com/mac.php?pikachu=Ly91c3IvbGliL2Zpcm13YXJl" "Mozilla/5.0 AppleWebKit/537.36 (KHTML, like Gecko; compatible; GPTBot/1.4; +https://openai.com/gptbot)"
74.7.242.58 - - [02/Jul/2026:19:19:40 -0400] "GET /mac.php?pikachu=Ly9vcHQvcGxlc2svcGhwLzguMi9saWI2NA HTTP/1.1" 200 3643 "https://jarangomd.com/mac.php?pikachu=Ly9vcHQvcGxlc2svcGhwLzguMg" "Mozilla/5.0 AppleWebKit/537.36 (KHTML, like Gecko; compatible; GPTBot/1.4; +https://openai.com/gptbot)"
74.7.242.58 - - [02/Jul/2026:19:19:40 -0400] "GET /mac.php?pikachu=Ly9vcHQvcGxlc2svcGhwLzguNC9saWI2NA HTTP/1.1" 200 3646 "https://jarangomd.com/mac.php?pikachu=Ly9vcHQvcGxlc2svcGhwLzguNA" "Mozilla/5.0 AppleWebKit/537.36 (KHTML, like Gecko; compatible; GPTBot/1.4; +https://openai.com/gptbot)"
74.7.242.58 - - [02/Jul/2026:19:19:41 -0400] "GET /mac.php?pikachu=Ly9vcHQvcGxlc2svcGhwLzguMC9saWI2NA HTTP/1.1" 200 3642 "https://jarangomd.com/mac.php?pikachu=Ly9vcHQvcGxlc2svcGhwLzguMA" "Mozilla/5.0 AppleWebKit/537.36 (KHTML, like Gecko; compatible; GPTBot/1.4; +https://openai.com/gptbot)"
74.7.242.58 - - [02/Jul/2026:19:19:42 -0400] "GET /mac.php?pikachu=Ly9vcHQvcGxlc2svcGhwLzUuNi9saWI2NA HTTP/1.1" 200 3644 "https://jarangomd.com/mac.php?pikachu=Ly9vcHQvcGxlc2svcGhwLzUuNg" "Mozilla/5.0 AppleWebKit/537.36 (KHTML, like Gecko; compatible; GPTBot/1.4; +https://openai.com/gptbot)"
74.7.242.58 - - [02/Jul/2026:19:19:45 -0400] "GET /wp-includes/js/dist/autop.js HTTP/1.1" 200 2773 "https://jarangomd.com/wp-includes/js/dist/" "Mozilla/5.0 AppleWebKit/537.36 (KHTML, like Gecko; compatible; GPTBot/1.4; +https://openai.com/gptbot)"
74.7.242.58 - - [02/Jul/2026:19:19:46 -0400] "GET /mac.php?pikachu=Ly9wcm9jLzQxMTMzODIvcm9vdC92YXIvbHZl HTTP/1.1" 200 3916 "https://jarangomd.com/mac.php?pikachu=Ly9wcm9jLzQxMTMzODIvcm9vdC92YXI" "Mozilla/5.0 AppleWebKit/537.36 (KHTML, like Gecko; compatible; GPTBot/1.4; +https://openai.com/gptbot)"
74.7.242.58 - - [02/Jul/2026:19:19:49 -0400] "GET /mac.php?pikachu=Ly92YXIvc29mdGFjdWxvdXMvcGllL3BocDU2 HTTP/1.1" 200 3737 "https://jarangomd.com/mac.php?pikachu=Ly92YXIvc29mdGFjdWxvdXMvcGll" "Mozilla/5.0 AppleWebKit/537.36 (KHTML, like Gecko; compatible; GPTBot/1.4; +https://openai.com/gptbot)"
74.7.242.58 - - [02/Jul/2026:19:19:50 -0400] "GET /mac.php?pikachu=Ly9saWI2NC9weXRob24zLjEyL2h0bWw HTTP/1.1" 200 3895 "https://jarangomd.com/mac.php?pikachu=Ly9saWI2NC9weXRob24zLjEy" "Mozilla/5.0 AppleWebKit/537.36 (KHTML, like Gecko; compatible; GPTBot/1.4; +https://openai.com/gptbot)"
74.7.242.58 - - [02/Jul/2026:19:19:51 -0400] "GET /mac.php?pikachu=Ly9vcHQvYWx0L3BocDgzL3Zhci93d3c HTTP/1.1" 200 3673 "https://jarangomd.com/mac.php?pikachu=Ly9vcHQvYWx0L3BocDgzL3Zhcg" "Mozilla/5.0 AppleWebKit/537.36 (KHTML, like Gecko; compatible; GPTBot/1.4; +https://openai.com/gptbot)"
74.7.242.58 - - [02/Jul/2026:19:19:51 -0400] "GET /mac.php?pikachu=Ly9vcHQvYWx0L3BocDgwL2V0Yy9ycG0 HTTP/1.1" 200 3749 "https://jarangomd.com/mac.php?pikachu=Ly9vcHQvYWx0L3BocDgwL2V0Yw" "Mozilla/5.0 AppleWebKit/537.36 (KHTML, like Gecko; compatible; GPTBot/1.4; +https://openai.com/gptbot)"
74.7.242.58 - - [02/Jul/2026:19:19:52 -0400] "GET /mac.php?pikachu=Ly9vcHQvYWx0L3BocDcyL2V0Yy9ycG0 HTTP/1.1" 200 3752 "https://jarangomd.com/mac.php?pikachu=Ly9vcHQvYWx0L3BocDcyL2V0Yw" "Mozilla/5.0 AppleWebKit/537.36 (KHTML, like Gecko; compatible; GPTBot/1.4; +https://openai.com/gptbot)"
195.229.76.26 - - [02/Jul/2026:19:19:52 -0400] "POST /xmlrpc.php HTTP/1.1" 200 403 "-" "Jetpack/12.1; WordPress/6.1; http://site12312113.com"
74.7.242.58 - - [02/Jul/2026:19:19:53 -0400] "GET /mac.php?pikachu=Ly9vcHQvYWx0L3BocDg1L3Vzci9iaW4 HTTP/1.1" 200 4153 "https://jarangomd.com/mac.php?pikachu=Ly9vcHQvYWx0L3BocDg1L3Vzcg" "Mozilla/5.0 AppleWebKit/537.36 (KHTML, like Gecko; compatible; GPTBot/1.4; +https://openai.com/gptbot)"
74.7.242.58 - - [02/Jul/2026:19:19:55 -0400] "GET /wp-includes/js/mediaelement/mejs-controls.svg HTTP/1.1" 200 1316 "https://jarangomd.com/wp-includes/js/mediaelement/" "Mozilla/5.0 AppleWebKit/537.36 (KHTML, like Gecko; compatible; GPTBot/1.4; +https://openai.com/gptbot)"
74.7.242.58 - - [02/Jul/2026:19:19:53 -0400] "GET /mac.php?pikachu=Ly92YXIvc29mdGFjdWxvdXMvb3Njb20 HTTP/1.1" 200 4678 "https://jarangomd.com/mac.php?pikachu=Ly92YXIvc29mdGFjdWxvdXM" "Mozilla/5.0 AppleWebKit/537.36 (KHTML, like Gecko; compatible; GPTBot/1.4; +https://openai.com/gptbot)"
74.7.242.58 - - [02/Jul/2026:19:19:54 -0400] "GET /wp-includes/js/imgareaselect/jquery.imgareaselect.js HTTP/1.1" 200 9114 "https://jarangomd.com/wp-includes/js/imgareaselect/" "Mozilla/5.0 AppleWebKit/537.36 (KHTML, like Gecko; compatible; GPTBot/1.4; +https://openai.com/gptbot)"
74.7.242.58 - - [02/Jul/2026:19:19:55 -0400] "GET /wp-includes/js/mediaelement/mejs-controls.png HTTP/1.1" 200 2883 "https://jarangomd.com/wp-includes/js/mediaelement/" "Mozilla/5.0 AppleWebKit/537.36 (KHTML, like Gecko; compatible; GPTBot/1.4; +https://openai.com/gptbot)"
74.7.242.58 - - [02/Jul/2026:19:19:56 -0400] "GET /wp-includes/js/mediaelement/mediaelement.js HTTP/1.1" 200 22907 "https://jarangomd.com/wp-includes/js/mediaelement/" "Mozilla/5.0 AppleWebKit/537.36 (KHTML, like Gecko; compatible; GPTBot/1.4; +https://openai.com/gptbot)"
74.7.242.58 - - [02/Jul/2026:19:19:56 -0400] "GET /wp-includes/js/mediaelement/mediaelement-and-player.min.js HTTP/1.1" 200 36433 "https://jarangomd.com/wp-includes/js/mediaelement/" "Mozilla/5.0 AppleWebKit/537.36 (KHTML, like Gecko; compatible; GPTBot/1.4; +https://openai.com/gptbot)"
74.7.242.58 - - [02/Jul/2026:19:19:58 -0400] "GET /wp-includes/js/imgareaselect/border-anim-v.gif HTTP/1.1" 200 178 "https://jarangomd.com/wp-includes/js/imgareaselect/" "Mozilla/5.0 AppleWebKit/537.36 (KHTML, like Gecko; compatible; GPTBot/1.4; +https://openai.com/gptbot)"
74.7.242.58 - - [02/Jul/2026:19:19:58 -0400] "GET /wp-includes/js/mediaelement/mediaelement-migrate.min.js HTTP/1.1" 200 479 "https://jarangomd.com/wp-includes/js/mediaelement/" "Mozilla/5.0 AppleWebKit/537.36 (KHTML, like Gecko; compatible; GPTBot/1.4; +https://openai.com/gptbot)"
74.7.242.58 - - [02/Jul/2026:19:19:59 -0400] "GET /wp-includes/js/imgareaselect/jquery.imgareaselect.min.js HTTP/1.1" 200 3588 "https://jarangomd.com/wp-includes/js/imgareaselect/" "Mozilla/5.0 AppleWebKit/537.36 (KHTML, like Gecko; compatible; GPTBot/1.4; +https://openai.com/gptbot)"
74.7.242.58 - - [02/Jul/2026:19:20:00 -0400] "GET /wp-includes/js/mediaelement/wp-mediaelement.js HTTP/1.1" 200 968 "https://jarangomd.com/wp-includes/js/mediaelement/" "Mozilla/5.0 AppleWebKit/537.36 (KHTML, like Gecko; compatible; GPTBot/1.4; +https://openai.com/gptbot)"
