66.249.73.165 - - [02/Jul/2026:13:58:41 -0400] "GET /prizes/277955719 HTTP/1.1" 200 20313 "-" "Mozilla/5.0 (Linux; Android 6.0.1; Nexus 5X Build/MMB29P) AppleWebKit/537.36 (KHTML, like Gecko) Chrome/150.0.7871.46 Mobile Safari/537.36 (compatible; GoogleOther)"
216.73.216.219 - - [02/Jul/2026:13:56:39 -0400] "GET /?l=10311221121960 HTTP/1.1" 403 0 "-" "Mozilla/5.0 AppleWebKit/537.36 (KHTML, like Gecko; compatible; ClaudeBot/1.0; +claudebot@anthropic.com)"
216.73.216.219 - - [02/Jul/2026:13:56:39 -0400] "GET /?l=12519753001960 HTTP/1.1" 403 0 "-" "Mozilla/5.0 AppleWebKit/537.36 (KHTML, like Gecko; compatible; ClaudeBot/1.0; +claudebot@anthropic.com)"
216.73.216.219 - - [02/Jul/2026:13:56:39 -0400] "GET /?l=3878070081960 HTTP/1.1" 403 0 "-" "Mozilla/5.0 AppleWebKit/537.36 (KHTML, like Gecko; compatible; ClaudeBot/1.0; +claudebot@anthropic.com)"
216.73.216.219 - - [02/Jul/2026:13:56:39 -0400] "GET /?l=7071718001960 HTTP/1.1" 403 0 "-" "Mozilla/5.0 AppleWebKit/537.36 (KHTML, like Gecko; compatible; ClaudeBot/1.0; +claudebot@anthropic.com)"
216.73.216.219 - - [02/Jul/2026:13:56:40 -0400] "GET /?l=11208023001960 HTTP/1.1" 403 0 "-" "Mozilla/5.0 AppleWebKit/537.36 (KHTML, like Gecko; compatible; ClaudeBot/1.0; +claudebot@anthropic.com)"
66.249.73.165 - - [02/Jul/2026:13:56:49 -0400] "GET /prizes/224184860 HTTP/1.1" 200 20300 "-" "Mozilla/5.0 (Linux; Android 6.0.1; Nexus 5X Build/MMB29P) AppleWebKit/537.36 (KHTML, like Gecko) Chrome/150.0.7871.46 Mobile Safari/537.36 (compatible; GoogleOther)"
66.249.73.165 - - [02/Jul/2026:13:57:03 -0400] "GET /prizes/286155153 HTTP/1.1" 200 20153 "-" "Mozilla/5.0 (Linux; Android 6.0.1; Nexus 5X Build/MMB29P) AppleWebKit/537.36 (KHTML, like Gecko) Chrome/150.0.7871.46 Mobile Safari/537.36 (compatible; GoogleOther)"
66.249.73.165 - - [02/Jul/2026:13:57:22 -0400] "GET /prizes/18734002 HTTP/1.1" 200 20145 "-" "Mozilla/5.0 (Linux; Android 6.0.1; Nexus 5X Build/MMB29P) AppleWebKit/537.36 (KHTML, like Gecko) Chrome/150.0.7871.46 Mobile Safari/537.36 (compatible; GoogleOther)"
66.249.73.165 - - [02/Jul/2026:13:57:37 -0400] "GET /prizes/259378244 HTTP/1.1" 200 24326 "-" "Mozilla/5.0 (Linux; Android 6.0.1; Nexus 5X Build/MMB29P) AppleWebKit/537.36 (KHTML, like Gecko) Chrome/150.0.7871.46 Mobile Safari/537.36 (compatible; Googlebot/2.1; +http://www.google.com/bot.html)"
66.249.73.165 - - [02/Jul/2026:13:57:42 -0400] "GET /prizes/181884426 HTTP/1.1" 200 19893 "-" "Mozilla/5.0 (Linux; Android 6.0.1; Nexus 5X Build/MMB29P) AppleWebKit/537.36 (KHTML, like Gecko) Chrome/150.0.7871.46 Mobile Safari/537.36 (compatible; GoogleOther)"
66.249.73.165 - - [02/Jul/2026:13:57:49 -0400] "GET /prizes/264266608 HTTP/1.1" 200 21432 "-" "Mozilla/5.0 (Linux; Android 6.0.1; Nexus 5X Build/MMB29P) AppleWebKit/537.36 (KHTML, like Gecko) Chrome/150.0.7871.46 Mobile Safari/537.36 (compatible; GoogleOther)"
66.249.73.166 - - [02/Jul/2026:13:58:12 -0400] "GET /prizes/303381375 HTTP/1.1" 200 20765 "-" "Mozilla/5.0 (Linux; Android 6.0.1; Nexus 5X Build/MMB29P) AppleWebKit/537.36 (KHTML, like Gecko) Chrome/150.0.7871.46 Mobile Safari/537.36 (compatible; GoogleOther)"
66.249.73.165 - - [02/Jul/2026:13:58:16 -0400] "GET /prizes/27906678 HTTP/1.1" 200 20408 "-" "Mozilla/5.0 (Linux; Android 6.0.1; Nexus 5X Build/MMB29P) AppleWebKit/537.36 (KHTML, like Gecko) Chrome/150.0.7871.46 Mobile Safari/537.36 (compatible; GoogleOther)"
66.249.73.165 - - [02/Jul/2026:13:58:25 -0400] "GET /prizes/181940224 HTTP/1.1" 200 20361 "-" "Mozilla/5.0 (Linux; Android 6.0.1; Nexus 5X Build/MMB29P) AppleWebKit/537.36 (KHTML, like Gecko) Chrome/150.0.7871.46 Mobile Safari/537.36 (compatible; GoogleOther)"
66.249.73.165 - - [02/Jul/2026:13:58:32 -0400] "GET /prizes/56820648 HTTP/1.1" 200 19633 "-" "Mozilla/5.0 (Linux; Android 6.0.1; Nexus 5X Build/MMB29P) AppleWebKit/537.36 (KHTML, like Gecko) Chrome/150.0.7871.46 Mobile Safari/537.36 (compatible; GoogleOther)"
66.249.73.167 - - [02/Jul/2026:13:59:21 -0400] "GET /prizes/48133406 HTTP/1.1" 200 20302 "-" "Mozilla/5.0 (Linux; Android 6.0.1; Nexus 5X Build/MMB29P) AppleWebKit/537.36 (KHTML, like Gecko) Chrome/150.0.7871.46 Mobile Safari/537.36 (compatible; GoogleOther)"
66.249.73.165 - - [02/Jul/2026:13:59:53 -0400] "GET /prizes/199125941 HTTP/1.1" 200 19755 "-" "Mozilla/5.0 (Linux; Android 6.0.1; Nexus 5X Build/MMB29P) AppleWebKit/537.36 (KHTML, like Gecko) Chrome/150.0.7871.46 Mobile Safari/537.36 (compatible; GoogleOther)"
66.249.73.165 - - [02/Jul/2026:13:59:42 -0400] "GET /prizes/65528587 HTTP/1.1" 200 20400 "-" "Mozilla/5.0 (Linux; Android 6.0.1; Nexus 5X Build/MMB29P) AppleWebKit/537.36 (KHTML, like Gecko) Chrome/150.0.7871.46 Mobile Safari/537.36 (compatible; GoogleOther)"
66.249.73.165 - - [02/Jul/2026:14:01:17 -0400] "GET /prizes/293171224 HTTP/1.1" 200 21432 "-" "Mozilla/5.0 (Linux; Android 6.0.1; Nexus 5X Build/MMB29P) AppleWebKit/537.36 (KHTML, like Gecko) Chrome/150.0.7871.46 Mobile Safari/537.36 (compatible; GoogleOther)"
66.249.73.166 - - [02/Jul/2026:14:01:23 -0400] "GET /prizes/270119173 HTTP/1.1" 200 19869 "-" "Mozilla/5.0 (Linux; Android 6.0.1; Nexus 5X Build/MMB29P) AppleWebKit/537.36 (KHTML, like Gecko) Chrome/150.0.7871.46 Mobile Safari/537.36 (compatible; GoogleOther)"
198.54.125.222 - - [02/Jul/2026:14:01:30 -0400] "POST /wp-cron.php?doing_wp_cron=1783015290.8647038936614990234375 HTTP/1.1" 403 1242 "https://mikeschmidcpa.com/wp-cron.php?doing_wp_cron=1783015290.8647038936614990234375" "WordPress/5.7.15; https://mikeschmidcpa.com"
189.84.177.100 - - [02/Jul/2026:14:01:28 -0400] "GET /2026/06/29/xon-bet-willkommensbonus-tipps-vorteile-und/ HTTP/1.1" 200 11158 "-" "Mozilla/5.0 (Windows NT 10.0; Win64; x64) AppleWebKit/537.36 (KHTML, like Gecko) Chrome/124.0.6367.82 Safari/537.36"
66.249.73.165 - - [02/Jul/2026:14:01:39 -0400] "GET /prizes/255418133 HTTP/1.1" 200 24237 "-" "Mozilla/5.0 (Linux; Android 6.0.1; Nexus 5X Build/MMB29P) AppleWebKit/537.36 (KHTML, like Gecko) Chrome/150.0.7871.46 Mobile Safari/537.36 (compatible; Googlebot/2.1; +http://www.google.com/bot.html)"
66.249.73.165 - - [02/Jul/2026:14:01:50 -0400] "GET /prizes/229813355 HTTP/1.1" 200 20120 "-" "Mozilla/5.0 (Linux; Android 6.0.1; Nexus 5X Build/MMB29P) AppleWebKit/537.36 (KHTML, like Gecko) Chrome/150.0.7871.46 Mobile Safari/537.36 (compatible; GoogleOther)"
66.249.73.165 - - [02/Jul/2026:14:01:52 -0400] "GET /prizes/304053456 HTTP/1.1" 200 19873 "-" "Mozilla/5.0 (Linux; Android 6.0.1; Nexus 5X Build/MMB29P) AppleWebKit/537.36 (KHTML, like Gecko) Chrome/150.0.7871.46 Mobile Safari/537.36 (compatible; GoogleOther)"
66.249.73.165 - - [02/Jul/2026:14:02:29 -0400] "GET /prizes/292741022 HTTP/1.1" 200 19840 "-" "Mozilla/5.0 (Linux; Android 6.0.1; Nexus 5X Build/MMB29P) AppleWebKit/537.36 (KHTML, like Gecko) Chrome/150.0.7871.46 Mobile Safari/537.36 (compatible; GoogleOther)"
66.249.73.165 - - [02/Jul/2026:14:02:42 -0400] "GET /prizes/288079133 HTTP/1.1" 200 20105 "-" "Mozilla/5.0 (Linux; Android 6.0.1; Nexus 5X Build/MMB29P) AppleWebKit/537.36 (KHTML, like Gecko) Chrome/150.0.7871.46 Mobile Safari/537.36 (compatible; GoogleOther)"
52.167.144.24 - - [02/Jul/2026:14:02:59 -0400] "GET /prizes/105530779 HTTP/1.1" 200 23348 "-" "Mozilla/5.0 AppleWebKit/537.36 (KHTML, like Gecko; compatible; bingbot/2.0; +http://www.bing.com/bingbot.htm) Chrome/116.0.1938.76 Safari/537.36"
66.249.73.165 - - [02/Jul/2026:14:03:21 -0400] "GET /prizes/239493204 HTTP/1.1" 200 24109 "-" "Mozilla/5.0 (Linux; Android 6.0.1; Nexus 5X Build/MMB29P) AppleWebKit/537.36 (KHTML, like Gecko) Chrome/150.0.7871.46 Mobile Safari/537.36 (compatible; Googlebot/2.1; +http://www.google.com/bot.html)"
66.249.73.166 - - [02/Jul/2026:14:05:05 -0400] "GET /prizes/222714729 HTTP/1.1" 200 21546 "-" "Mozilla/5.0 (Linux; Android 6.0.1; Nexus 5X Build/MMB29P) AppleWebKit/537.36 (KHTML, like Gecko) Chrome/150.0.7871.46 Mobile Safari/537.36 (compatible; GoogleOther)"
66.249.73.167 - - [02/Jul/2026:14:06:47 -0400] "GET /prizes/194785244 HTTP/1.1" 200 20852 "-" "Mozilla/5.0 (Linux; Android 6.0.1; Nexus 5X Build/MMB29P) AppleWebKit/537.36 (KHTML, like Gecko) Chrome/150.0.7871.46 Mobile Safari/537.36 (compatible; GoogleOther)"
66.249.73.167 - - [02/Jul/2026:14:06:49 -0400] "GET /prizes/257243335 HTTP/1.1" 200 21670 "-" "Mozilla/5.0 (Linux; Android 6.0.1; Nexus 5X Build/MMB29P) AppleWebKit/537.36 (KHTML, like Gecko) Chrome/150.0.7871.46 Mobile Safari/537.36 (compatible; GoogleOther)"
66.249.73.166 - - [02/Jul/2026:14:07:00 -0400] "GET /prizes/258813830 HTTP/1.1" 200 21286 "-" "Mozilla/5.0 (Linux; Android 6.0.1; Nexus 5X Build/MMB29P) AppleWebKit/537.36 (KHTML, like Gecko) Chrome/150.0.7871.46 Mobile Safari/537.36 (compatible; GoogleOther)"
66.249.73.165 - - [02/Jul/2026:14:08:55 -0400] "GET /prizes/306718709 HTTP/1.1" 200 20787 "-" "Mozilla/5.0 (Linux; Android 6.0.1; Nexus 5X Build/MMB29P) AppleWebKit/537.36 (KHTML, like Gecko) Chrome/150.0.7871.46 Mobile Safari/537.36 (compatible; GoogleOther)"
66.249.73.165 - - [02/Jul/2026:14:10:50 -0400] "GET /prizes/256202032 HTTP/1.1" 200 20300 "-" "Mozilla/5.0 (Linux; Android 6.0.1; Nexus 5X Build/MMB29P) AppleWebKit/537.36 (KHTML, like Gecko) Chrome/150.0.7871.46 Mobile Safari/537.36 (compatible; GoogleOther)"
66.249.73.166 - - [02/Jul/2026:14:12:46 -0400] "GET /prizes/282616688 HTTP/1.1" 200 20540 "-" "Mozilla/5.0 (Linux; Android 6.0.1; Nexus 5X Build/MMB29P) AppleWebKit/537.36 (KHTML, like Gecko) Chrome/150.0.7871.46 Mobile Safari/537.36 (compatible; GoogleOther)"
66.249.73.166 - - [02/Jul/2026:14:15:16 -0400] "GET /prizes/301427365 HTTP/1.1" 200 23326 "-" "Mozilla/5.0 (Linux; Android 6.0.1; Nexus 5X Build/MMB29P) AppleWebKit/537.36 (KHTML, like Gecko) Chrome/150.0.7871.46 Mobile Safari/537.36 (compatible; Googlebot/2.1; +http://www.google.com/bot.html)"
66.249.73.165 - - [02/Jul/2026:14:02:50 -0400] "GET /prizes/34369022 HTTP/1.1" 200 20650 "-" "Mozilla/5.0 (Linux; Android 6.0.1; Nexus 5X Build/MMB29P) AppleWebKit/537.36 (KHTML, like Gecko) Chrome/150.0.7871.46 Mobile Safari/537.36 (compatible; GoogleOther)"
66.249.73.167 - - [02/Jul/2026:14:03:10 -0400] "GET /prizes/212529072 HTTP/1.1" 200 20544 "-" "Mozilla/5.0 (Linux; Android 6.0.1; Nexus 5X Build/MMB29P) AppleWebKit/537.36 (KHTML, like Gecko) Chrome/150.0.7871.46 Mobile Safari/537.36 (compatible; GoogleOther)"
66.249.73.167 - - [02/Jul/2026:14:04:26 -0400] "GET /prizes/175790850 HTTP/1.1" 200 20035 "-" "Mozilla/5.0 (Linux; Android 6.0.1; Nexus 5X Build/MMB29P) AppleWebKit/537.36 (KHTML, like Gecko) Chrome/150.0.7871.46 Mobile Safari/537.36 (compatible; GoogleOther)"
66.249.73.165 - - [02/Jul/2026:14:05:04 -0400] "GET /prizes/237846072 HTTP/1.1" 200 20581 "-" "Mozilla/5.0 (Linux; Android 6.0.1; Nexus 5X Build/MMB29P) AppleWebKit/537.36 (KHTML, like Gecko) Chrome/150.0.7871.46 Mobile Safari/537.36 (compatible; GoogleOther)"
198.54.125.222 - - [02/Jul/2026:14:06:55 -0400] "POST /wp-cron.php?doing_wp_cron=1783015615.8738749027252197265625 HTTP/1.1" 403 1242 "https://mikeschmidcpa.com/wp-cron.php?doing_wp_cron=1783015615.8738749027252197265625" "WordPress/5.7.15; https://mikeschmidcpa.com"
43.153.87.54 - - [02/Jul/2026:14:06:53 -0400] "GET /contact/ HTTP/1.1" 200 8049 "-" "Mozilla/5.0 (iPhone; CPU iPhone OS 13_2_3 like Mac OS X) AppleWebKit/605.1.15 (KHTML, like Gecko) Version/13.0.3 Mobile/15E148 Safari/604.1"
66.249.73.166 - - [02/Jul/2026:14:11:28 -0400] "GET /prizes/21135860 HTTP/1.1" 200 24024 "-" "Mozilla/5.0 (Linux; Android 6.0.1; Nexus 5X Build/MMB29P) AppleWebKit/537.36 (KHTML, like Gecko) Chrome/150.0.7871.46 Mobile Safari/537.36 (compatible; Googlebot/2.1; +http://www.google.com/bot.html)"
66.249.73.167 - - [02/Jul/2026:14:12:14 -0400] "GET /prizes/291156345 HTTP/1.1" 200 20025 "-" "Mozilla/5.0 (Linux; Android 6.0.1; Nexus 5X Build/MMB29P) AppleWebKit/537.36 (KHTML, like Gecko) Chrome/150.0.7871.46 Mobile Safari/537.36 (compatible; GoogleOther)"
40.77.167.16 - - [02/Jul/2026:14:13:38 -0400] "GET /prizes/64375355 HTTP/1.1" 200 23353 "-" "Mozilla/5.0 AppleWebKit/537.36 (KHTML, like Gecko; compatible; bingbot/2.0; +http://www.bing.com/bingbot.htm) Chrome/116.0.1938.76 Safari/537.36"
66.249.73.167 - - [02/Jul/2026:14:14:41 -0400] "GET /prizes/286127143 HTTP/1.1" 200 20163 "-" "Mozilla/5.0 (Linux; Android 6.0.1; Nexus 5X Build/MMB29P) AppleWebKit/537.36 (KHTML, like Gecko) Chrome/150.0.7871.46 Mobile Safari/537.36 (compatible; GoogleOther)"
198.54.125.222 - - [02/Jul/2026:14:15:07 -0400] "POST /wp-cron.php?doing_wp_cron=1783016107.2000100612640380859375 HTTP/1.1" 403 1242 "https://mikeschmidcpa.com/wp-cron.php?doing_wp_cron=1783016107.2000100612640380859375" "WordPress/5.7.15; https://mikeschmidcpa.com"
43.134.100.175 - - [02/Jul/2026:14:15:05 -0400] "GET / HTTP/1.1" 200 11116 "http://mikeschmidcpa.com" "Mozilla/5.0 (iPhone; CPU iPhone OS 13_2_3 like Mac OS X) AppleWebKit/605.1.15 (KHTML, like Gecko) Version/13.0.3 Mobile/15E148 Safari/604.1"
43.153.86.78 - - [02/Jul/2026:14:16:01 -0400] "GET /wp-json/oembed/1.0/embed?url=https%3A%2F%2Fmikeschmidcpa.com%2Fservice%2Ftax-representation%2F&format=xml HTTP/1.1" 200 4430 "-" "Mozilla/5.0 (iPhone; CPU iPhone OS 13_2_3 like Mac OS X) AppleWebKit/605.1.15 (KHTML, like Gecko) Version/13.0.3 Mobile/15E148 Safari/604.1"
66.249.73.165 - - [02/Jul/2026:14:16:37 -0400] "GET /prizes/89386355 HTTP/1.1" 200 21227 "-" "Mozilla/5.0 (Linux; Android 6.0.1; Nexus 5X Build/MMB29P) AppleWebKit/537.36 (KHTML, like Gecko) Chrome/150.0.7871.46 Mobile Safari/537.36 (compatible; GoogleOther)"
52.167.144.19 - - [02/Jul/2026:14:16:44 -0400] "GET /prizes/120878820 HTTP/1.1" 200 23477 "-" "Mozilla/5.0 AppleWebKit/537.36 (KHTML, like Gecko; compatible; bingbot/2.0; +http://www.bing.com/bingbot.htm) Chrome/116.0.1938.76 Safari/537.36"
66.249.73.166 - - [02/Jul/2026:14:18:32 -0400] "GET /prizes/53264416 HTTP/1.1" 200 19726 "-" "Mozilla/5.0 (Linux; Android 6.0.1; Nexus 5X Build/MMB29P) AppleWebKit/537.36 (KHTML, like Gecko) Chrome/150.0.7871.46 Mobile Safari/537.36 (compatible; GoogleOther)"
66.249.73.165 - - [02/Jul/2026:14:22:23 -0400] "GET /prizes/91251618 HTTP/1.1" 200 20481 "-" "Mozilla/5.0 (Linux; Android 6.0.1; Nexus 5X Build/MMB29P) AppleWebKit/537.36 (KHTML, like Gecko) Chrome/150.0.7871.46 Mobile Safari/537.36 (compatible; GoogleOther)"
66.249.73.166 - - [02/Jul/2026:14:20:28 -0400] "GET /prizes/63214355 HTTP/1.1" 200 21383 "-" "Mozilla/5.0 (Linux; Android 6.0.1; Nexus 5X Build/MMB29P) AppleWebKit/537.36 (KHTML, like Gecko) Chrome/150.0.7871.46 Mobile Safari/537.36 (compatible; GoogleOther)"
198.54.125.222 - - [02/Jul/2026:14:24:08 -0400] "POST /wp-cron.php?doing_wp_cron=1783016648.1117119789123535156250 HTTP/1.1" 403 1242 "https://mikeschmidcpa.com/wp-cron.php?doing_wp_cron=1783016648.1117119789123535156250" "WordPress/5.7.15; https://mikeschmidcpa.com"
43.134.91.35 - - [02/Jul/2026:14:24:05 -0400] "GET /service/tax-representation/ HTTP/1.1" 200 8550 "-" "Mozilla/5.0 (iPhone; CPU iPhone OS 13_2_3 like Mac OS X) AppleWebKit/605.1.15 (KHTML, like Gecko) Version/13.0.3 Mobile/15E148 Safari/604.1"
66.249.73.165 - - [02/Jul/2026:14:25:31 -0400] "GET /prizes/218379759 HTTP/1.1" 200 23226 "-" "Mozilla/5.0 (Linux; Android 6.0.1; Nexus 5X Build/MMB29P) AppleWebKit/537.36 (KHTML, like Gecko) Chrome/150.0.7871.46 Mobile Safari/537.36 (compatible; Googlebot/2.1; +http://www.google.com/bot.html)"
198.54.125.222 - - [02/Jul/2026:14:29:49 -0400] "POST /wp-cron.php?doing_wp_cron=1783016989.4193689823150634765625 HTTP/1.1" 403 1242 "https://mikeschmidcpa.com/wp-cron.php?doing_wp_cron=1783016989.4193689823150634765625" "WordPress/5.7.15; https://mikeschmidcpa.com"
74.2.144.246 - - [02/Jul/2026:14:29:47 -0400] "GET / HTTP/1.1" 200 9732 "-" "Mozilla/5.0 (Macintosh; Intel Mac OS X 10_15_7) AppleWebKit/537.36 (KHTML, like Gecko) Chrome/146.0.0.0 Safari/537.36"
74.2.144.163 - - [02/Jul/2026:14:29:52 -0400] "GET /service/tax-return-prep/ HTTP/1.1" 200 7481 "-" "Mozilla/5.0 (Macintosh; Intel Mac OS X 10_15_7) AppleWebKit/537.36 (KHTML, like Gecko) Chrome/146.0.0.0 Safari/537.36"
194.231.192.120 - - [02/Jul/2026:14:29:52 -0400] "GET /service/tax-planning/ HTTP/1.1" 200 7406 "-" "Mozilla/5.0 (Macintosh; Intel Mac OS X 10_15_7) AppleWebKit/537.36 (KHTML, like Gecko) Chrome/146.0.0.0 Safari/537.36"
156.231.71.30 - - [02/Jul/2026:14:29:58 -0400] "GET /img/arrow-left.png HTTP/1.1" 404 6538 "-" "Mozilla/5.0 (compatible; crawler)"
66.249.73.166 - - [02/Jul/2026:14:32:02 -0400] "GET /prizes/285595810 HTTP/1.1" 200 19947 "-" "Mozilla/5.0 (Linux; Android 6.0.1; Nexus 5X Build/MMB29P) AppleWebKit/537.36 (KHTML, like Gecko) Chrome/150.0.7871.46 Mobile Safari/537.36 (compatible; GoogleOther)"
194.231.192.144 - - [02/Jul/2026:14:32:04 -0400] "GET /service/tax-representation HTTP/1.1" 301 0 "-" "Mozilla/5.0 (Macintosh; Intel Mac OS X 10_15_7) AppleWebKit/537.36 (KHTML, like Gecko) Chrome/146.0.0.0 Safari/537.36"
198.54.125.222 - - [02/Jul/2026:14:32:07 -0400] "POST /wp-cron.php?doing_wp_cron=1783017127.1074640750885009765625 HTTP/1.1" 403 1242 "https://mikeschmidcpa.com/wp-cron.php?doing_wp_cron=1783017127.1074640750885009765625" "WordPress/5.7.15; https://mikeschmidcpa.com"
194.231.192.144 - - [02/Jul/2026:14:32:06 -0400] "GET /service/tax-representation/ HTTP/1.1" 200 7505 "-" "Mozilla/5.0 (Macintosh; Intel Mac OS X 10_15_7) AppleWebKit/537.36 (KHTML, like Gecko) Chrome/146.0.0.0 Safari/537.36"
74.2.144.100 - - [02/Jul/2026:14:32:09 -0400] "GET /contact HTTP/1.1" 301 0 "-" "Mozilla/5.0 (Macintosh; Intel Mac OS X 10_15_7) AppleWebKit/537.36 (KHTML, like Gecko) Chrome/146.0.0.0 Safari/537.36"
74.2.144.100 - - [02/Jul/2026:14:32:11 -0400] "GET /contact/ HTTP/1.1" 200 7113 "-" "Mozilla/5.0 (Macintosh; Intel Mac OS X 10_15_7) AppleWebKit/537.36 (KHTML, like Gecko) Chrome/146.0.0.0 Safari/537.36"
74.2.144.224 - - [02/Jul/2026:14:32:13 -0400] "GET /2026/06/29/online-casino-ohne-lizenz-prufen-sicherheit HTTP/1.1" 301 0 "-" "Mozilla/5.0 (Macintosh; Intel Mac OS X 10_15_7) AppleWebKit/537.36 (KHTML, like Gecko) Chrome/146.0.0.0 Safari/537.36"
74.2.144.205 - - [02/Jul/2026:14:32:13 -0400] "GET /2017/11 HTTP/1.1" 301 0 "-" "Mozilla/5.0 (Macintosh; Intel Mac OS X 10_15_7) AppleWebKit/537.36 (KHTML, like Gecko) Chrome/146.0.0.0 Safari/537.36"
194.231.192.132 - - [02/Jul/2026:14:32:15 -0400] "GET /2026/07/01/choose-the-right-blackjack-online-casino-smart/ HTTP/1.1" 200 10382 "-" "Mozilla/5.0 (Macintosh; Intel Mac OS X 10_15_7) AppleWebKit/537.36 (KHTML, like Gecko) Chrome/146.0.0.0 Safari/537.36"
74.2.144.190 - - [02/Jul/2026:14:32:15 -0400] "GET /2026/07/01/how-to-choose-and-play-casino-slots-online-smart/ HTTP/1.1" 200 10471 "-" "Mozilla/5.0 (Macintosh; Intel Mac OS X 10_15_7) AppleWebKit/537.36 (KHTML, like Gecko) Chrome/146.0.0.0 Safari/537.36"
74.2.144.205 - - [02/Jul/2026:14:32:15 -0400] "GET /2017/11/ HTTP/1.1" 200 7477 "-" "Mozilla/5.0 (Macintosh; Intel Mac OS X 10_15_7) AppleWebKit/537.36 (KHTML, like Gecko) Chrome/146.0.0.0 Safari/537.36"
66.249.73.166 - - [02/Jul/2026:14:25:24 -0400] "GET /prizes/35922072 HTTP/1.1" 200 23574 "-" "Mozilla/5.0 (Linux; Android 6.0.1; Nexus 5X Build/MMB29P) AppleWebKit/537.36 (KHTML, like Gecko) Chrome/150.0.7871.46 Mobile Safari/537.36 (compatible; Googlebot/2.1; +http://www.google.com/bot.html)"
74.2.144.130 - - [02/Jul/2026:14:29:50 -0400] "GET /about-us HTTP/1.1" 301 0 "-" "Mozilla/5.0 (Macintosh; Intel Mac OS X 10_15_7) AppleWebKit/537.36 (KHTML, like Gecko) Chrome/146.0.0.0 Safari/537.36"
74.2.144.163 - - [02/Jul/2026:14:29:50 -0400] "GET /service/tax-return-prep HTTP/1.1" 301 0 "-" "Mozilla/5.0 (Macintosh; Intel Mac OS X 10_15_7) AppleWebKit/537.36 (KHTML, like Gecko) Chrome/146.0.0.0 Safari/537.36"
194.231.192.120 - - [02/Jul/2026:14:29:50 -0400] "GET /service/tax-planning HTTP/1.1" 301 0 "-" "Mozilla/5.0 (Macintosh; Intel Mac OS X 10_15_7) AppleWebKit/537.36 (KHTML, like Gecko) Chrome/146.0.0.0 Safari/537.36"
74.2.144.130 - - [02/Jul/2026:14:29:52 -0400] "GET /about-us/ HTTP/1.1" 200 7784 "-" "Mozilla/5.0 (Macintosh; Intel Mac OS X 10_15_7) AppleWebKit/537.36 (KHTML, like Gecko) Chrome/146.0.0.0 Safari/537.36"
198.54.125.222 - - [02/Jul/2026:14:32:06 -0400] "POST /wp-cron.php?doing_wp_cron=1783017126.2011580467224121093750 HTTP/1.1" 403 1242 "https://mikeschmidcpa.com/wp-cron.php?doing_wp_cron=1783017126.2011580467224121093750" "WordPress/5.7.15; https://mikeschmidcpa.com"
194.231.192.133 - - [02/Jul/2026:14:32:05 -0400] "GET /service/accounting HTTP/1.1" 301 0 "-" "Mozilla/5.0 (Macintosh; Intel Mac OS X 10_15_7) AppleWebKit/537.36 (KHTML, like Gecko) Chrome/146.0.0.0 Safari/537.36"
194.231.192.133 - - [02/Jul/2026:14:32:07 -0400] "GET /service/accounting/ HTTP/1.1" 200 7429 "-" "Mozilla/5.0 (Macintosh; Intel Mac OS X 10_15_7) AppleWebKit/537.36 (KHTML, like Gecko) Chrome/146.0.0.0 Safari/537.36"
74.2.144.20 - - [02/Jul/2026:14:32:09 -0400] "GET /calculators HTTP/1.1" 301 0 "-" "Mozilla/5.0 (Macintosh; Intel Mac OS X 10_15_7) AppleWebKit/537.36 (KHTML, like Gecko) Chrome/146.0.0.0 Safari/537.36"
74.2.144.20 - - [02/Jul/2026:14:32:11 -0400] "GET /calculators/ HTTP/1.1" 200 7740 "-" "Mozilla/5.0 (Macintosh; Intel Mac OS X 10_15_7) AppleWebKit/537.36 (KHTML, like Gecko) Chrome/146.0.0.0 Safari/537.36"
194.231.192.132 - - [02/Jul/2026:14:32:13 -0400] "GET /2026/07/01/choose-the-right-blackjack-online-casino-smart HTTP/1.1" 301 0 "-" "Mozilla/5.0 (Macintosh; Intel Mac OS X 10_15_7) AppleWebKit/537.36 (KHTML, like Gecko) Chrome/146.0.0.0 Safari/537.36"
74.2.144.190 - - [02/Jul/2026:14:32:13 -0400] "GET /2026/07/01/how-to-choose-and-play-casino-slots-online-smart HTTP/1.1" 301 0 "-" "Mozilla/5.0 (Macintosh; Intel Mac OS X 10_15_7) AppleWebKit/537.36 (KHTML, like Gecko) Chrome/146.0.0.0 Safari/537.36"
74.2.144.224 - - [02/Jul/2026:14:32:15 -0400] "GET /2026/06/29/online-casino-ohne-lizenz-prufen-sicherheit/ HTTP/1.1" 200 10060 "-" "Mozilla/5.0 (Macintosh; Intel Mac OS X 10_15_7) AppleWebKit/537.36 (KHTML, like Gecko) Chrome/146.0.0.0 Safari/537.36"
194.231.192.95 - - [02/Jul/2026:14:34:28 -0400] "GET /2020/06 HTTP/1.1" 301 0 "-" "Mozilla/5.0 (Macintosh; Intel Mac OS X 10_15_7) AppleWebKit/537.36 (KHTML, like Gecko) Chrome/146.0.0.0 Safari/537.36"
194.231.192.95 - - [02/Jul/2026:14:34:30 -0400] "GET /2020/06/ HTTP/1.1" 200 7134 "-" "Mozilla/5.0 (Macintosh; Intel Mac OS X 10_15_7) AppleWebKit/537.36 (KHTML, like Gecko) Chrome/146.0.0.0 Safari/537.36"
63.92.68.2 - - [02/Jul/2026:14:34:33 -0400] "GET /2026/06/29/paypal-casino-netent-guide-to-paypal-payments-and HTTP/1.1" 301 0 "-" "Mozilla/5.0 (Macintosh; Intel Mac OS X 10_15_7) AppleWebKit/537.36 (KHTML, like Gecko) Chrome/146.0.0.0 Safari/537.36"
63.92.68.2 - - [02/Jul/2026:14:34:34 -0400] "GET /2026/06/29/paypal-casino-netent-guide-to-paypal-payments-and/ HTTP/1.1" 200 12560 "-" "Mozilla/5.0 (Macintosh; Intel Mac OS X 10_15_7) AppleWebKit/537.36 (KHTML, like Gecko) Chrome/146.0.0.0 Safari/537.36"
194.231.192.92 - - [02/Jul/2026:14:36:47 -0400] "GET /2026/06 HTTP/1.1" 301 0 "-" "Mozilla/5.0 (Macintosh; Intel Mac OS X 10_15_7) AppleWebKit/537.36 (KHTML, like Gecko) Chrome/146.0.0.0 Safari/537.36"
63.92.68.55 - - [02/Jul/2026:14:36:52 -0400] "GET /2017/11/21/how-we-can-capture-the-market-sales-3 HTTP/1.1" 301 0 "-" "Mozilla/5.0 (Macintosh; Intel Mac OS X 10_15_7) AppleWebKit/537.36 (KHTML, like Gecko) Chrome/146.0.0.0 Safari/537.36"
63.92.68.55 - - [02/Jul/2026:14:36:54 -0400] "GET /2017/11/21/how-we-can-capture-the-market-sales-3/ HTTP/1.1" 200 7798 "-" "Mozilla/5.0 (Macintosh; Intel Mac OS X 10_15_7) AppleWebKit/537.36 (KHTML, like Gecko) Chrome/146.0.0.0 Safari/537.36"
74.2.144.21 - - [02/Jul/2026:14:36:57 -0400] "GET /our-company HTTP/1.1" 404 5742 "-" "Mozilla/5.0 (Macintosh; Intel Mac OS X 10_15_7) AppleWebKit/537.36 (KHTML, like Gecko) Chrome/146.0.0.0 Safari/537.36"
194.231.192.76 - - [02/Jul/2026:14:36:57 -0400] "GET /leadership HTTP/1.1" 404 5740 "-" "Mozilla/5.0 (Macintosh; Intel Mac OS X 10_15_7) AppleWebKit/537.36 (KHTML, like Gecko) Chrome/146.0.0.0 Safari/537.36"
194.231.192.96 - - [02/Jul/2026:14:39:12 -0400] "GET /about HTTP/1.1" 301 0 "-" "Mozilla/5.0 (Macintosh; Intel Mac OS X 10_15_7) AppleWebKit/537.36 (KHTML, like Gecko) Chrome/146.0.0.0 Safari/537.36"
198.54.125.222 - - [02/Jul/2026:14:39:14 -0400] "POST /wp-cron.php?doing_wp_cron=1783017554.6283850669860839843750 HTTP/1.1" 403 1242 "https://mikeschmidcpa.com/wp-cron.php?doing_wp_cron=1783017554.6283850669860839843750" "WordPress/5.7.15; https://mikeschmidcpa.com"
194.231.192.113 - - [02/Jul/2026:14:39:13 -0400] "GET /company HTTP/1.1" 301 0 "-" "Mozilla/5.0 (Macintosh; Intel Mac OS X 10_15_7) AppleWebKit/537.36 (KHTML, like Gecko) Chrome/146.0.0.0 Safari/537.36"
198.54.125.222 - - [02/Jul/2026:14:39:14 -0400] "POST /wp-cron.php?doing_wp_cron=1783017554.7566750049591064453125 HTTP/1.1" 403 1242 "https://mikeschmidcpa.com/wp-cron.php?doing_wp_cron=1783017554.7566750049591064453125" "WordPress/5.7.15; https://mikeschmidcpa.com"
194.231.192.139 - - [02/Jul/2026:14:39:12 -0400] "GET /who-we-are HTTP/1.1" 404 5742 "-" "Mozilla/5.0 (Macintosh; Intel Mac OS X 10_15_7) AppleWebKit/537.36 (KHTML, like Gecko) Chrome/146.0.0.0 Safari/537.36"
194.231.192.113 - - [02/Jul/2026:14:39:14 -0400] "GET /company-history-2/ HTTP/1.1" 200 6925 "-" "Mozilla/5.0 (Macintosh; Intel Mac OS X 10_15_7) AppleWebKit/537.36 (KHTML, like Gecko) Chrome/146.0.0.0 Safari/537.36"
74.2.144.169 - - [02/Jul/2026:14:39:16 -0400] "GET /company HTTP/1.1" 301 0 "-" "Mozilla/5.0 (Macintosh; Intel Mac OS X 10_15_7) AppleWebKit/537.36 (KHTML, like Gecko) Chrome/146.0.0.0 Safari/537.36"
194.231.192.149 - - [02/Jul/2026:14:39:16 -0400] "GET /investor-relations HTTP/1.1" 404 5742 "-" "Mozilla/5.0 (Macintosh; Intel Mac OS X 10_15_7) AppleWebKit/537.36 (KHTML, like Gecko) Chrome/146.0.0.0 Safari/537.36"
74.2.144.169 - - [02/Jul/2026:14:39:18 -0400] "GET /company-history-2/ HTTP/1.1" 200 6925 "-" "Mozilla/5.0 (Macintosh; Intel Mac OS X 10_15_7) AppleWebKit/537.36 (KHTML, like Gecko) Chrome/146.0.0.0 Safari/537.36"
198.54.125.222 - - [02/Jul/2026:14:34:30 -0400] "POST /wp-cron.php?doing_wp_cron=1783017270.3803329467773437500000 HTTP/1.1" 403 1242 "https://mikeschmidcpa.com/wp-cron.php?doing_wp_cron=1783017270.3803329467773437500000" "WordPress/5.7.15; https://mikeschmidcpa.com"
74.2.144.170 - - [02/Jul/2026:14:34:33 -0400] "GET /2026/07/01/practical-tips-for-online-casino-slots-uk-play HTTP/1.1" 301 0 "-" "Mozilla/5.0 (Macintosh; Intel Mac OS X 10_15_7) AppleWebKit/537.36 (KHTML, like Gecko) Chrome/146.0.0.0 Safari/537.36"
74.2.144.170 - - [02/Jul/2026:14:34:34 -0400] "GET /2026/07/01/practical-tips-for-online-casino-slots-uk-play/ HTTP/1.1" 200 10376 "-" "Mozilla/5.0 (Macintosh; Intel Mac OS X 10_15_7) AppleWebKit/537.36 (KHTML, like Gecko) Chrome/146.0.0.0 Safari/537.36"
43.134.38.171 - - [02/Jul/2026:14:34:43 -0400] "GET /service/tax-representation/ HTTP/1.1" 200 8550 "-" "Mozilla/5.0 (iPhone; CPU iPhone OS 13_2_3 like Mac OS X) AppleWebKit/605.1.15 (KHTML, like Gecko) Version/13.0.3 Mobile/15E148 Safari/604.1"
198.54.125.222 - - [02/Jul/2026:14:36:50 -0400] "POST /wp-cron.php?doing_wp_cron=1783017410.1697530746459960937500 HTTP/1.1" 403 1242 "https://mikeschmidcpa.com/wp-cron.php?doing_wp_cron=1783017410.1697530746459960937500" "WordPress/5.7.15; https://mikeschmidcpa.com"
194.231.192.92 - - [02/Jul/2026:14:36:50 -0400] "GET /2026/06/ HTTP/1.1" 200 9785 "-" "Mozilla/5.0 (Macintosh; Intel Mac OS X 10_15_7) AppleWebKit/537.36 (KHTML, like Gecko) Chrome/146.0.0.0 Safari/537.36"
63.92.68.191 - - [02/Jul/2026:14:36:57 -0400] "GET /products HTTP/1.1" 404 5740 "-" "Mozilla/5.0 (Macintosh; Intel Mac OS X 10_15_7) AppleWebKit/537.36 (KHTML, like Gecko) Chrome/146.0.0.0 Safari/537.36"
194.231.192.74 - - [02/Jul/2026:14:36:57 -0400] "GET /customers HTTP/1.1" 404 5740 "-" "Mozilla/5.0 (Macintosh; Intel Mac OS X 10_15_7) AppleWebKit/537.36 (KHTML, like Gecko) Chrome/146.0.0.0 Safari/537.36"
194.231.192.127 - - [02/Jul/2026:14:36:57 -0400] "GET /investors HTTP/1.1" 404 5741 "-" "Mozilla/5.0 (Macintosh; Intel Mac OS X 10_15_7) AppleWebKit/537.36 (KHTML, like Gecko) Chrome/146.0.0.0 Safari/537.36"
66.249.73.167 - - [02/Jul/2026:14:37:47 -0400] "GET /prizes/223572971 HTTP/1.1" 200 20142 "-" "Mozilla/5.0 (Linux; Android 6.0.1; Nexus 5X Build/MMB29P) AppleWebKit/537.36 (KHTML, like Gecko) Chrome/150.0.7871.46 Mobile Safari/537.36 (compatible; GoogleOther)"
198.54.125.222 - - [02/Jul/2026:14:39:14 -0400] "POST /wp-cron.php?doing_wp_cron=1783017554.5629239082336425781250 HTTP/1.1" 403 1242 "https://mikeschmidcpa.com/wp-cron.php?doing_wp_cron=1783017554.5629239082336425781250" "WordPress/5.7.15; https://mikeschmidcpa.com"
194.231.192.96 - - [02/Jul/2026:14:39:14 -0400] "GET /portfolio/about-the-project/ HTTP/1.1" 200 6601 "-" "Mozilla/5.0 (Macintosh; Intel Mac OS X 10_15_7) AppleWebKit/537.36 (KHTML, like Gecko) Chrome/146.0.0.0 Safari/537.36"
66.249.73.167 - - [02/Jul/2026:14:39:21 -0400] "GET /prizes/25200153 HTTP/1.1" 200 24070 "-" "Mozilla/5.0 (Linux; Android 6.0.1; Nexus 5X Build/MMB29P) AppleWebKit/537.36 (KHTML, like Gecko) Chrome/150.0.7871.46 Mobile Safari/537.36 (compatible; Googlebot/2.1; +http://www.google.com/bot.html)"
216.73.217.35 - - [02/Jul/2026:14:39:28 -0400] "GET /robots.txt HTTP/1.1" 200 66 "-" "Mozilla/5.0 AppleWebKit/537.36 (KHTML, like Gecko; compatible; ClaudeBot/1.0; +claudebot@anthropic.com)"
66.249.73.166 - - [02/Jul/2026:14:39:28 -0400] "GET /prizes/260965385 HTTP/1.1" 200 23248 "-" "Mozilla/5.0 (Linux; Android 6.0.1; Nexus 5X Build/MMB29P) AppleWebKit/537.36 (KHTML, like Gecko) Chrome/150.0.7871.46 Mobile Safari/537.36 (compatible; Googlebot/2.1; +http://www.google.com/bot.html)"
216.73.217.35 - - [02/Jul/2026:14:39:28 -0400] "GET /?l=12484640051960 HTTP/1.1" 403 0 "-" "Mozilla/5.0 AppleWebKit/537.36 (KHTML, like Gecko; compatible; ClaudeBot/1.0; +claudebot@anthropic.com)"
216.73.217.35 - - [02/Jul/2026:14:39:29 -0400] "GET /?l=5083277031960 HTTP/1.1" 403 0 "-" "Mozilla/5.0 AppleWebKit/537.36 (KHTML, like Gecko; compatible; ClaudeBot/1.0; +claudebot@anthropic.com)"
216.73.217.35 - - [02/Jul/2026:14:39:28 -0400] "GET /?l=4478095031960 HTTP/1.1" 403 0 "-" "Mozilla/5.0 AppleWebKit/537.36 (KHTML, like Gecko; compatible; ClaudeBot/1.0; +claudebot@anthropic.com)"
216.73.217.35 - - [02/Jul/2026:14:39:30 -0400] "GET /?l=9579561001960 HTTP/1.1" 403 0 "-" "Mozilla/5.0 AppleWebKit/537.36 (KHTML, like Gecko; compatible; ClaudeBot/1.0; +claudebot@anthropic.com)"
216.73.217.35 - - [02/Jul/2026:14:39:30 -0400] "GET /?l=587642001960 HTTP/1.1" 403 0 "-" "Mozilla/5.0 AppleWebKit/537.36 (KHTML, like Gecko; compatible; ClaudeBot/1.0; +claudebot@anthropic.com)"
216.73.217.35 - - [02/Jul/2026:14:39:31 -0400] "GET /?l=10387641001960 HTTP/1.1" 403 0 "-" "Mozilla/5.0 AppleWebKit/537.36 (KHTML, like Gecko; compatible; ClaudeBot/1.0; +claudebot@anthropic.com)"
216.73.217.35 - - [02/Jul/2026:14:39:31 -0400] "GET /?l=6357878021960 HTTP/1.1" 403 0 "-" "Mozilla/5.0 AppleWebKit/537.36 (KHTML, like Gecko; compatible; ClaudeBot/1.0; +claudebot@anthropic.com)"
216.73.217.35 - - [02/Jul/2026:14:39:32 -0400] "GET /?l=15768685091960 HTTP/1.1" 403 0 "-" "Mozilla/5.0 AppleWebKit/537.36 (KHTML, like Gecko; compatible; ClaudeBot/1.0; +claudebot@anthropic.com)"
216.73.217.35 - - [02/Jul/2026:14:39:33 -0400] "GET /?l=10703291001960 HTTP/1.1" 403 0 "-" "Mozilla/5.0 AppleWebKit/537.36 (KHTML, like Gecko; compatible; ClaudeBot/1.0; +claudebot@anthropic.com)"
216.73.217.35 - - [02/Jul/2026:14:39:33 -0400] "GET /?l=2467024101960 HTTP/1.1" 403 0 "-" "Mozilla/5.0 AppleWebKit/537.36 (KHTML, like Gecko; compatible; ClaudeBot/1.0; +claudebot@anthropic.com)"
216.73.217.35 - - [02/Jul/2026:14:39:34 -0400] "GET /?l=77859061960 HTTP/1.1" 403 0 "-" "Mozilla/5.0 AppleWebKit/537.36 (KHTML, like Gecko; compatible; ClaudeBot/1.0; +claudebot@anthropic.com)"
216.73.217.35 - - [02/Jul/2026:14:39:34 -0400] "GET /?l=4523904011960 HTTP/1.1" 403 0 "-" "Mozilla/5.0 AppleWebKit/537.36 (KHTML, like Gecko; compatible; ClaudeBot/1.0; +claudebot@anthropic.com)"
216.73.217.35 - - [02/Jul/2026:14:39:34 -0400] "GET /?l=4096572041960 HTTP/1.1" 403 0 "-" "Mozilla/5.0 AppleWebKit/537.36 (KHTML, like Gecko; compatible; ClaudeBot/1.0; +claudebot@anthropic.com)"
216.73.217.35 - - [02/Jul/2026:14:39:34 -0400] "GET /?l=10694518001960 HTTP/1.1" 403 0 "-" "Mozilla/5.0 AppleWebKit/537.36 (KHTML, like Gecko; compatible; ClaudeBot/1.0; +claudebot@anthropic.com)"
216.73.217.35 - - [02/Jul/2026:14:39:34 -0400] "GET /?l=8792868041960 HTTP/1.1" 403 0 "-" "Mozilla/5.0 AppleWebKit/537.36 (KHTML, like Gecko; compatible; ClaudeBot/1.0; +claudebot@anthropic.com)"
216.73.217.35 - - [02/Jul/2026:14:39:35 -0400] "GET /?l=7686792011960 HTTP/1.1" 403 0 "-" "Mozilla/5.0 AppleWebKit/537.36 (KHTML, like Gecko; compatible; ClaudeBot/1.0; +claudebot@anthropic.com)"
216.73.217.35 - - [02/Jul/2026:14:39:35 -0400] "GET /?l=4909445001960 HTTP/1.1" 403 0 "-" "Mozilla/5.0 AppleWebKit/537.36 (KHTML, like Gecko; compatible; ClaudeBot/1.0; +claudebot@anthropic.com)"
216.73.217.35 - - [02/Jul/2026:14:39:35 -0400] "GET /?l=343568021960 HTTP/1.1" 403 0 "-" "Mozilla/5.0 AppleWebKit/537.36 (KHTML, like Gecko; compatible; ClaudeBot/1.0; +claudebot@anthropic.com)"
216.73.217.35 - - [02/Jul/2026:14:39:35 -0400] "GET /?l=4124873021960 HTTP/1.1" 403 0 "-" "Mozilla/5.0 AppleWebKit/537.36 (KHTML, like Gecko; compatible; ClaudeBot/1.0; +claudebot@anthropic.com)"
216.73.217.35 - - [02/Jul/2026:14:39:35 -0400] "GET /?l=4884078041960 HTTP/1.1" 403 0 "-" "Mozilla/5.0 AppleWebKit/537.36 (KHTML, like Gecko; compatible; ClaudeBot/1.0; +claudebot@anthropic.com)"
216.73.217.35 - - [02/Jul/2026:14:39:36 -0400] "GET /?l=16008381001960 HTTP/1.1" 403 0 "-" "Mozilla/5.0 AppleWebKit/537.36 (KHTML, like Gecko; compatible; ClaudeBot/1.0; +claudebot@anthropic.com)"
216.73.217.35 - - [02/Jul/2026:14:39:36 -0400] "GET /?l=1527036081960 HTTP/1.1" 403 0 "-" "Mozilla/5.0 AppleWebKit/537.36 (KHTML, like Gecko; compatible; ClaudeBot/1.0; +claudebot@anthropic.com)"
216.73.217.35 - - [02/Jul/2026:14:39:29 -0400] "GET /?l=771006011960 HTTP/1.1" 403 0 "-" "Mozilla/5.0 AppleWebKit/537.36 (KHTML, like Gecko; compatible; ClaudeBot/1.0; +claudebot@anthropic.com)"
216.73.217.35 - - [02/Jul/2026:14:39:31 -0400] "GET /?l=11147018071960 HTTP/1.1" 403 0 "-" "Mozilla/5.0 AppleWebKit/537.36 (KHTML, like Gecko; compatible; ClaudeBot/1.0; +claudebot@anthropic.com)"
216.73.217.35 - - [02/Jul/2026:14:39:32 -0400] "GET /?l=9391362011960 HTTP/1.1" 403 0 "-" "Mozilla/5.0 AppleWebKit/537.36 (KHTML, like Gecko; compatible; ClaudeBot/1.0; +claudebot@anthropic.com)"
216.73.217.35 - - [02/Jul/2026:14:39:32 -0400] "GET /?l=7311113061960 HTTP/1.1" 403 0 "-" "Mozilla/5.0 AppleWebKit/537.36 (KHTML, like Gecko; compatible; ClaudeBot/1.0; +claudebot@anthropic.com)"
216.73.217.35 - - [02/Jul/2026:14:39:33 -0400] "GET /?l=7487016011960 HTTP/1.1" 403 0 "-" "Mozilla/5.0 AppleWebKit/537.36 (KHTML, like Gecko; compatible; ClaudeBot/1.0; +claudebot@anthropic.com)"
216.73.217.35 - - [02/Jul/2026:14:39:33 -0400] "GET /?l=7550004071960 HTTP/1.1" 403 0 "-" "Mozilla/5.0 AppleWebKit/537.36 (KHTML, like Gecko; compatible; ClaudeBot/1.0; +claudebot@anthropic.com)"
216.73.217.35 - - [02/Jul/2026:14:39:35 -0400] "GET /?l=4198501061960 HTTP/1.1" 403 0 "-" "Mozilla/5.0 AppleWebKit/537.36 (KHTML, like Gecko; compatible; ClaudeBot/1.0; +claudebot@anthropic.com)"
216.73.217.35 - - [02/Jul/2026:14:39:36 -0400] "GET /?l=4367388041960 HTTP/1.1" 403 0 "-" "Mozilla/5.0 AppleWebKit/537.36 (KHTML, like Gecko; compatible; ClaudeBot/1.0; +claudebot@anthropic.com)"
216.73.217.35 - - [02/Jul/2026:14:39:36 -0400] "GET /?l=5769012011960 HTTP/1.1" 403 0 "-" "Mozilla/5.0 AppleWebKit/537.36 (KHTML, like Gecko; compatible; ClaudeBot/1.0; +claudebot@anthropic.com)"
216.73.217.35 - - [02/Jul/2026:14:39:36 -0400] "GET /?l=736288041960 HTTP/1.1" 403 0 "-" "Mozilla/5.0 AppleWebKit/537.36 (KHTML, like Gecko; compatible; ClaudeBot/1.0; +claudebot@anthropic.com)"
216.73.217.35 - - [02/Jul/2026:14:39:37 -0400] "GET /?l=8501546011960 HTTP/1.1" 403 0 "-" "Mozilla/5.0 AppleWebKit/537.36 (KHTML, like Gecko; compatible; ClaudeBot/1.0; +claudebot@anthropic.com)"
216.73.217.35 - - [02/Jul/2026:14:39:37 -0400] "GET /?l=8556970021960 HTTP/1.1" 403 0 "-" "Mozilla/5.0 AppleWebKit/537.36 (KHTML, like Gecko; compatible; ClaudeBot/1.0; +claudebot@anthropic.com)"
216.73.217.35 - - [02/Jul/2026:14:39:37 -0400] "GET /?l=5483820041960 HTTP/1.1" 403 0 "-" "Mozilla/5.0 AppleWebKit/537.36 (KHTML, like Gecko; compatible; ClaudeBot/1.0; +claudebot@anthropic.com)"
216.73.217.35 - - [02/Jul/2026:14:39:37 -0400] "GET /?l=14808809031960 HTTP/1.1" 403 0 "-" "Mozilla/5.0 AppleWebKit/537.36 (KHTML, like Gecko; compatible; ClaudeBot/1.0; +claudebot@anthropic.com)"
216.73.217.35 - - [02/Jul/2026:14:39:37 -0400] "GET /?l=8553679001960 HTTP/1.1" 403 0 "-" "Mozilla/5.0 AppleWebKit/537.36 (KHTML, like Gecko; compatible; ClaudeBot/1.0; +claudebot@anthropic.com)"
216.73.217.35 - - [02/Jul/2026:14:39:37 -0400] "GET /?l=12944947101960 HTTP/1.1" 403 0 "-" "Mozilla/5.0 AppleWebKit/537.36 (KHTML, like Gecko; compatible; ClaudeBot/1.0; +claudebot@anthropic.com)"
216.73.217.35 - - [02/Jul/2026:14:39:38 -0400] "GET /?l=3898697051960 HTTP/1.1" 403 0 "-" "Mozilla/5.0 AppleWebKit/537.36 (KHTML, like Gecko; compatible; ClaudeBot/1.0; +claudebot@anthropic.com)"
216.73.217.35 - - [02/Jul/2026:14:39:38 -0400] "GET /?l=6323768091960 HTTP/1.1" 403 0 "-" "Mozilla/5.0 AppleWebKit/537.36 (KHTML, like Gecko; compatible; ClaudeBot/1.0; +claudebot@anthropic.com)"
216.73.217.35 - - [02/Jul/2026:14:39:38 -0400] "GET /?l=15212790021960 HTTP/1.1" 403 0 "-" "Mozilla/5.0 AppleWebKit/537.36 (KHTML, like Gecko; compatible; ClaudeBot/1.0; +claudebot@anthropic.com)"
216.73.217.35 - - [02/Jul/2026:14:39:38 -0400] "GET /?l=3536612021960 HTTP/1.1" 403 0 "-" "Mozilla/5.0 AppleWebKit/537.36 (KHTML, like Gecko; compatible; ClaudeBot/1.0; +claudebot@anthropic.com)"
216.73.217.35 - - [02/Jul/2026:14:39:36 -0400] "GET /?l=7790286001960 HTTP/1.1" 403 0 "-" "Mozilla/5.0 AppleWebKit/537.36 (KHTML, like Gecko; compatible; ClaudeBot/1.0; +claudebot@anthropic.com)"
216.73.217.35 - - [02/Jul/2026:14:39:37 -0400] "GET /?l=9852465071960 HTTP/1.1" 403 0 "-" "Mozilla/5.0 AppleWebKit/537.36 (KHTML, like Gecko; compatible; ClaudeBot/1.0; +claudebot@anthropic.com)"
216.73.217.35 - - [02/Jul/2026:14:39:37 -0400] "GET /?l=4097464011960 HTTP/1.1" 403 0 "-" "Mozilla/5.0 AppleWebKit/537.36 (KHTML, like Gecko; compatible; ClaudeBot/1.0; +claudebot@anthropic.com)"
216.73.217.35 - - [02/Jul/2026:14:39:38 -0400] "GET /?l=914719001960 HTTP/1.1" 403 0 "-" "Mozilla/5.0 AppleWebKit/537.36 (KHTML, like Gecko; compatible; ClaudeBot/1.0; +claudebot@anthropic.com)"
216.73.217.35 - - [02/Jul/2026:14:39:38 -0400] "GET /?l=3584822011960 HTTP/1.1" 403 0 "-" "Mozilla/5.0 AppleWebKit/537.36 (KHTML, like Gecko; compatible; ClaudeBot/1.0; +claudebot@anthropic.com)"
216.73.217.35 - - [02/Jul/2026:14:39:38 -0400] "GET /?l=12018041001960 HTTP/1.1" 403 0 "-" "Mozilla/5.0 AppleWebKit/537.36 (KHTML, like Gecko; compatible; ClaudeBot/1.0; +claudebot@anthropic.com)"
216.73.217.35 - - [02/Jul/2026:14:39:38 -0400] "GET /?l=1928441001960 HTTP/1.1" 403 0 "-" "Mozilla/5.0 AppleWebKit/537.36 (KHTML, like Gecko; compatible; ClaudeBot/1.0; +claudebot@anthropic.com)"
216.73.217.35 - - [02/Jul/2026:14:39:39 -0400] "GET /?l=8995124031960 HTTP/1.1" 403 0 "-" "Mozilla/5.0 AppleWebKit/537.36 (KHTML, like Gecko; compatible; ClaudeBot/1.0; +claudebot@anthropic.com)"
216.73.217.35 - - [02/Jul/2026:14:39:39 -0400] "GET /?l=9509899101960 HTTP/1.1" 403 0 "-" "Mozilla/5.0 AppleWebKit/537.36 (KHTML, like Gecko; compatible; ClaudeBot/1.0; +claudebot@anthropic.com)"
216.73.217.35 - - [02/Jul/2026:14:39:39 -0400] "GET /?l=8208713101960 HTTP/1.1" 403 0 "-" "Mozilla/5.0 AppleWebKit/537.36 (KHTML, like Gecko; compatible; ClaudeBot/1.0; +claudebot@anthropic.com)"
216.73.217.35 - - [02/Jul/2026:14:39:39 -0400] "GET /?l=7061821031960 HTTP/1.1" 403 0 "-" "Mozilla/5.0 AppleWebKit/537.36 (KHTML, like Gecko; compatible; ClaudeBot/1.0; +claudebot@anthropic.com)"
216.73.217.35 - - [02/Jul/2026:14:39:40 -0400] "GET /?l=282971011960 HTTP/1.1" 403 0 "-" "Mozilla/5.0 AppleWebKit/537.36 (KHTML, like Gecko; compatible; ClaudeBot/1.0; +claudebot@anthropic.com)"
216.73.217.35 - - [02/Jul/2026:14:39:40 -0400] "GET /?l=5576741001960 HTTP/1.1" 403 0 "-" "Mozilla/5.0 AppleWebKit/537.36 (KHTML, like Gecko; compatible; ClaudeBot/1.0; +claudebot@anthropic.com)"
216.73.217.35 - - [02/Jul/2026:14:39:40 -0400] "GET /?l=12372004031960 HTTP/1.1" 403 0 "-" "Mozilla/5.0 AppleWebKit/537.36 (KHTML, like Gecko; compatible; ClaudeBot/1.0; +claudebot@anthropic.com)"
216.73.217.35 - - [02/Jul/2026:14:39:40 -0400] "GET /?l=3668614071960 HTTP/1.1" 403 0 "-" "Mozilla/5.0 AppleWebKit/537.36 (KHTML, like Gecko; compatible; ClaudeBot/1.0; +claudebot@anthropic.com)"
66.249.73.165 - - [02/Jul/2026:14:39:42 -0400] "GET /prizes/73032012 HTTP/1.1" 200 21347 "-" "Mozilla/5.0 (Linux; Android 6.0.1; Nexus 5X Build/MMB29P) AppleWebKit/537.36 (KHTML, like Gecko) Chrome/150.0.7871.46 Mobile Safari/537.36 (compatible; GoogleOther)"
216.73.217.35 - - [02/Jul/2026:14:39:46 -0400] "GET /?l=4619203061960 HTTP/1.1" 403 0 "-" "Mozilla/5.0 AppleWebKit/537.36 (KHTML, like Gecko; compatible; ClaudeBot/1.0; +claudebot@anthropic.com)"
216.73.217.35 - - [02/Jul/2026:14:39:46 -0400] "GET /?l=6561626011960 HTTP/1.1" 403 0 "-" "Mozilla/5.0 AppleWebKit/537.36 (KHTML, like Gecko; compatible; ClaudeBot/1.0; +claudebot@anthropic.com)"
216.73.217.35 - - [02/Jul/2026:14:39:46 -0400] "GET /?l=11261760001960 HTTP/1.1" 403 0 "-" "Mozilla/5.0 AppleWebKit/537.36 (KHTML, like Gecko; compatible; ClaudeBot/1.0; +claudebot@anthropic.com)"
216.73.217.35 - - [02/Jul/2026:14:39:46 -0400] "GET /?l=2028458021960 HTTP/1.1" 403 0 "-" "Mozilla/5.0 AppleWebKit/537.36 (KHTML, like Gecko; compatible; ClaudeBot/1.0; +claudebot@anthropic.com)"
216.73.217.35 - - [02/Jul/2026:14:39:38 -0400] "GET /?l=2363129011960 HTTP/1.1" 403 0 "-" "Mozilla/5.0 AppleWebKit/537.36 (KHTML, like Gecko; compatible; ClaudeBot/1.0; +claudebot@anthropic.com)"
216.73.217.35 - - [02/Jul/2026:14:39:38 -0400] "GET /?l=5048341001960 HTTP/1.1" 403 0 "-" "Mozilla/5.0 AppleWebKit/537.36 (KHTML, like Gecko; compatible; ClaudeBot/1.0; +claudebot@anthropic.com)"
216.73.217.35 - - [02/Jul/2026:14:39:39 -0400] "GET /?l=16362829021960 HTTP/1.1" 403 0 "-" "Mozilla/5.0 AppleWebKit/537.36 (KHTML, like Gecko; compatible; ClaudeBot/1.0; +claudebot@anthropic.com)"
216.73.217.35 - - [02/Jul/2026:14:39:39 -0400] "GET /?l=7635722041960 HTTP/1.1" 403 0 "-" "Mozilla/5.0 AppleWebKit/537.36 (KHTML, like Gecko; compatible; ClaudeBot/1.0; +claudebot@anthropic.com)"
216.73.217.35 - - [02/Jul/2026:14:39:39 -0400] "GET /?l=6668820021960 HTTP/1.1" 403 0 "-" "Mozilla/5.0 AppleWebKit/537.36 (KHTML, like Gecko; compatible; ClaudeBot/1.0; +claudebot@anthropic.com)"
216.73.217.35 - - [02/Jul/2026:14:39:39 -0400] "GET /?l=121011960 HTTP/1.1" 403 0 "-" "Mozilla/5.0 AppleWebKit/537.36 (KHTML, like Gecko; compatible; ClaudeBot/1.0; +claudebot@anthropic.com)"
216.73.217.35 - - [02/Jul/2026:14:39:39 -0400] "GET /?l=2233200041960 HTTP/1.1" 403 0 "-" "Mozilla/5.0 AppleWebKit/537.36 (KHTML, like Gecko; compatible; ClaudeBot/1.0; +claudebot@anthropic.com)"
216.73.217.35 - - [02/Jul/2026:14:39:39 -0400] "GET /?l=10112910071960 HTTP/1.1" 403 0 "-" "Mozilla/5.0 AppleWebKit/537.36 (KHTML, like Gecko; compatible; ClaudeBot/1.0; +claudebot@anthropic.com)"
216.73.217.35 - - [02/Jul/2026:14:39:40 -0400] "GET /?l=13155920111960 HTTP/1.1" 403 0 "-" "Mozilla/5.0 AppleWebKit/537.36 (KHTML, like Gecko; compatible; ClaudeBot/1.0; +claudebot@anthropic.com)"
216.73.217.35 - - [02/Jul/2026:14:39:40 -0400] "GET /?l=3462741001960 HTTP/1.1" 403 0 "-" "Mozilla/5.0 AppleWebKit/537.36 (KHTML, like Gecko; compatible; ClaudeBot/1.0; +claudebot@anthropic.com)"
216.73.217.35 - - [02/Jul/2026:14:39:40 -0400] "GET /?l=9352397041960 HTTP/1.1" 403 0 "-" "Mozilla/5.0 AppleWebKit/537.36 (KHTML, like Gecko; compatible; ClaudeBot/1.0; +claudebot@anthropic.com)"
216.73.217.35 - - [02/Jul/2026:14:39:40 -0400] "GET /?l=6566820021960 HTTP/1.1" 403 0 "-" "Mozilla/5.0 AppleWebKit/537.36 (KHTML, like Gecko; compatible; ClaudeBot/1.0; +claudebot@anthropic.com)"
216.73.217.35 - - [02/Jul/2026:14:39:40 -0400] "GET /?l=4881981011960 HTTP/1.1" 403 0 "-" "Mozilla/5.0 AppleWebKit/537.36 (KHTML, like Gecko; compatible; ClaudeBot/1.0; +claudebot@anthropic.com)"
216.73.217.35 - - [02/Jul/2026:14:39:46 -0400] "GET /?l=8767078071960 HTTP/1.1" 403 0 "-" "Mozilla/5.0 AppleWebKit/537.36 (KHTML, like Gecko; compatible; ClaudeBot/1.0; +claudebot@anthropic.com)"
216.73.217.35 - - [02/Jul/2026:14:39:46 -0400] "GET /?l=11537698011960 HTTP/1.1" 403 0 "-" "Mozilla/5.0 AppleWebKit/537.36 (KHTML, like Gecko; compatible; ClaudeBot/1.0; +claudebot@anthropic.com)"
216.73.217.35 - - [02/Jul/2026:14:39:47 -0400] "GET /?l=1903187081960 HTTP/1.1" 403 0 "-" "Mozilla/5.0 AppleWebKit/537.36 (KHTML, like Gecko; compatible; ClaudeBot/1.0; +claudebot@anthropic.com)"
216.73.217.35 - - [02/Jul/2026:14:39:47 -0400] "GET /?l=309836031960 HTTP/1.1" 403 0 "-" "Mozilla/5.0 AppleWebKit/537.36 (KHTML, like Gecko; compatible; ClaudeBot/1.0; +claudebot@anthropic.com)"
216.73.217.35 - - [02/Jul/2026:14:39:47 -0400] "GET /?l=3476736041960 HTTP/1.1" 403 0 "-" "Mozilla/5.0 AppleWebKit/537.36 (KHTML, like Gecko; compatible; ClaudeBot/1.0; +claudebot@anthropic.com)"
216.73.217.35 - - [02/Jul/2026:14:39:48 -0400] "GET /?l=10056516021960 HTTP/1.1" 403 0 "-" "Mozilla/5.0 AppleWebKit/537.36 (KHTML, like Gecko; compatible; ClaudeBot/1.0; +claudebot@anthropic.com)"
216.73.217.35 - - [02/Jul/2026:14:39:48 -0400] "GET /?l=14139620031960 HTTP/1.1" 403 0 "-" "Mozilla/5.0 AppleWebKit/537.36 (KHTML, like Gecko; compatible; ClaudeBot/1.0; +claudebot@anthropic.com)"
216.73.217.35 - - [02/Jul/2026:14:39:46 -0400] "GET /?l=4870183131960 HTTP/1.1" 403 0 "-" "Mozilla/5.0 AppleWebKit/537.36 (KHTML, like Gecko; compatible; ClaudeBot/1.0; +claudebot@anthropic.com)"
216.73.217.35 - - [02/Jul/2026:14:39:46 -0400] "GET /?l=4772323071960 HTTP/1.1" 403 0 "-" "Mozilla/5.0 AppleWebKit/537.36 (KHTML, like Gecko; compatible; ClaudeBot/1.0; +claudebot@anthropic.com)"
216.73.217.35 - - [02/Jul/2026:14:39:46 -0400] "GET /?l=6180642061960 HTTP/1.1" 403 0 "-" "Mozilla/5.0 AppleWebKit/537.36 (KHTML, like Gecko; compatible; ClaudeBot/1.0; +claudebot@anthropic.com)"
216.73.217.35 - - [02/Jul/2026:14:39:46 -0400] "GET /?l=1428071041960 HTTP/1.1" 403 0 "-" "Mozilla/5.0 AppleWebKit/537.36 (KHTML, like Gecko; compatible; ClaudeBot/1.0; +claudebot@anthropic.com)"
216.73.217.35 - - [02/Jul/2026:14:39:46 -0400] "GET /?l=67081011960 HTTP/1.1" 403 0 "-" "Mozilla/5.0 AppleWebKit/537.36 (KHTML, like Gecko; compatible; ClaudeBot/1.0; +claudebot@anthropic.com)"
216.73.217.35 - - [02/Jul/2026:14:39:47 -0400] "GET /?l=4075462051960 HTTP/1.1" 403 0 "-" "Mozilla/5.0 AppleWebKit/537.36 (KHTML, like Gecko; compatible; ClaudeBot/1.0; +claudebot@anthropic.com)"
216.73.217.35 - - [02/Jul/2026:14:39:47 -0400] "GET /?l=7486866041960 HTTP/1.1" 403 0 "-" "Mozilla/5.0 AppleWebKit/537.36 (KHTML, like Gecko; compatible; ClaudeBot/1.0; +claudebot@anthropic.com)"
216.73.217.35 - - [02/Jul/2026:14:39:48 -0400] "GET /?l=562245121960 HTTP/1.1" 403 0 "-" "Mozilla/5.0 AppleWebKit/537.36 (KHTML, like Gecko; compatible; ClaudeBot/1.0; +claudebot@anthropic.com)"
216.73.217.35 - - [02/Jul/2026:14:39:49 -0400] "GET /?l=8577337061960 HTTP/1.1" 403 0 "-" "Mozilla/5.0 AppleWebKit/537.36 (KHTML, like Gecko; compatible; ClaudeBot/1.0; +claudebot@anthropic.com)"
216.73.217.35 - - [02/Jul/2026:14:39:49 -0400] "GET /?l=4565285011960 HTTP/1.1" 403 0 "-" "Mozilla/5.0 AppleWebKit/537.36 (KHTML, like Gecko; compatible; ClaudeBot/1.0; +claudebot@anthropic.com)"
216.73.217.35 - - [02/Jul/2026:14:39:50 -0400] "GET /?l=3544448041960 HTTP/1.1" 403 0 "-" "Mozilla/5.0 AppleWebKit/537.36 (KHTML, like Gecko; compatible; ClaudeBot/1.0; +claudebot@anthropic.com)"
216.73.217.35 - - [02/Jul/2026:14:39:50 -0400] "GET /?l=10063648001960 HTTP/1.1" 403 0 "-" "Mozilla/5.0 AppleWebKit/537.36 (KHTML, like Gecko; compatible; ClaudeBot/1.0; +claudebot@anthropic.com)"
216.73.217.35 - - [02/Jul/2026:14:39:50 -0400] "GET /?l=12908991041960 HTTP/1.1" 403 0 "-" "Mozilla/5.0 AppleWebKit/537.36 (KHTML, like Gecko; compatible; ClaudeBot/1.0; +claudebot@anthropic.com)"
216.73.217.35 - - [02/Jul/2026:14:39:50 -0400] "GET /?l=68281041960 HTTP/1.1" 403 0 "-" "Mozilla/5.0 AppleWebKit/537.36 (KHTML, like Gecko; compatible; ClaudeBot/1.0; +claudebot@anthropic.com)"
216.73.217.35 - - [02/Jul/2026:14:39:50 -0400] "GET /?l=7576080021960 HTTP/1.1" 403 0 "-" "Mozilla/5.0 AppleWebKit/537.36 (KHTML, like Gecko; compatible; ClaudeBot/1.0; +claudebot@anthropic.com)"
216.73.217.35 - - [02/Jul/2026:14:39:50 -0400] "GET /?l=2501072011960 HTTP/1.1" 403 0 "-" "Mozilla/5.0 AppleWebKit/537.36 (KHTML, like Gecko; compatible; ClaudeBot/1.0; +claudebot@anthropic.com)"
216.73.217.35 - - [02/Jul/2026:14:39:51 -0400] "GET /?l=6337091011960 HTTP/1.1" 403 0 "-" "Mozilla/5.0 AppleWebKit/537.36 (KHTML, like Gecko; compatible; ClaudeBot/1.0; +claudebot@anthropic.com)"
216.73.217.35 - - [02/Jul/2026:14:39:51 -0400] "GET /?l=5353762011960 HTTP/1.1" 403 0 "-" "Mozilla/5.0 AppleWebKit/537.36 (KHTML, like Gecko; compatible; ClaudeBot/1.0; +claudebot@anthropic.com)"
216.73.217.35 - - [02/Jul/2026:14:39:51 -0400] "GET /?l=8705320031960 HTTP/1.1" 403 0 "-" "Mozilla/5.0 AppleWebKit/537.36 (KHTML, like Gecko; compatible; ClaudeBot/1.0; +claudebot@anthropic.com)"
216.73.217.35 - - [02/Jul/2026:14:39:51 -0400] "GET /?l=4861084041960 HTTP/1.1" 403 0 "-" "Mozilla/5.0 AppleWebKit/537.36 (KHTML, like Gecko; compatible; ClaudeBot/1.0; +claudebot@anthropic.com)"
216.73.217.35 - - [02/Jul/2026:14:39:48 -0400] "GET /?l=2481756041960 HTTP/1.1" 403 0 "-" "Mozilla/5.0 AppleWebKit/537.36 (KHTML, like Gecko; compatible; ClaudeBot/1.0; +claudebot@anthropic.com)"
216.73.217.35 - - [02/Jul/2026:14:39:48 -0400] "GET /?l=14972962071960 HTTP/1.1" 403 0 "-" "Mozilla/5.0 AppleWebKit/537.36 (KHTML, like Gecko; compatible; ClaudeBot/1.0; +claudebot@anthropic.com)"
